Jan 27 20:57:49 devstack devstack@g-api.service[76112]: DEBUG glance.common.config [None req-0538ac0c-2783-41cf-abde-54a12f144a97 None None] barbican_service_user.cafile = None {{(pid=76112) log_opt_values /opt/stack/data/venv/lib/python3.10/site-packages/oslo_config/cfg.py:2824}}
Jan 27 20:57:49 devstack devstack@g-api.service[76112]: DEBUG glance.common.config [None req-0538ac0c-2783-41cf-abde-54a12f144a97 None None] barbican_service_user.certfile = None {{(pid=76112) log_opt_values /opt/stack/data/venv/lib/python3.10/site-packages/oslo_config/cfg.py:2824}}
Jan 27 20:57:49 devstack devstack@g-api.service[76112]: DEBUG glance.common.config [None req-0538ac0c-2783-41cf-abde-54a12f144a97 None None] barbican_service_user.collect_timing = False {{(pid=76112) log_opt_values /opt/stack/data/venv/lib/python3.10/site-packages/oslo_config/cfg.py:2824}}
Jan 27 20:57:49 devstack devstack@g-api.service[76112]: DEBUG glance.common.config [None req-0538ac0c-2783-41cf-abde-54a12f144a97 None None] barbican_service_user.insecure = False {{(pid=76112) log_opt_values /opt/stack/data/venv/lib/python3.10/site-packages/oslo_config/cfg.py:2824}}
Jan 27 20:57:49 devstack devstack@g-api.service[76112]: DEBUG glance.common.config [None req-0538ac0c-2783-41cf-abde-54a12f144a97 None None] barbican_service_user.keyfile = None {{(pid=76112) log_opt_values /opt/stack/data/venv/lib/python3.10/site-packages/oslo_config/cfg.py:2824}}
Jan 27 20:57:49 devstack devstack@g-api.service[76112]: DEBUG glance.common.config [None req-0538ac0c-2783-41cf-abde-54a12f144a97 None None] barbican_service_user.split_loggers = False {{(pid=76112) log_opt_values /opt/stack/data/venv/lib/python3.10/site-packages/oslo_config/cfg.py:2824}}
Jan 27 20:57:49 devstack devstack@g-api.service[76112]: DEBUG glance.common.config [None req-0538ac0c-2783-41cf-abde-54a12f144a97 None None] barbican_service_user.timeout = None {{(pid=76112) log_opt_values /opt/stack/data/venv/lib/python3.10/site-packages/oslo_config/cfg.py:2824}}
Jan 27 20:57:49 devstack devstack@g-api.service[76112]: DEBUG glance.common.config [None req-0538ac0c-2783-41cf-abde-54a12f144a97 None None] database.asyncio_connection = **** {{(pid=76112) log_opt_values /opt/stack/data/venv/lib/python3.10/site-packages/oslo_config/cfg.py:2824}}
Jan 27 20:57:49 devstack devstack@g-api.service[76112]: DEBUG glance.common.config [None req-0538ac0c-2783-41cf-abde-54a12f144a97 None None] database.asyncio_slave_connection = **** {{(pid=76112) log_opt_values /opt/stack/data/venv/lib/python3.10/site-packages/oslo_config/cfg.py:2824}}
Jan 27 20:57:49 devstack devstack@g-api.service[76112]: DEBUG glance.common.config [None req-0538ac0c-2783-41cf-abde-54a12f144a97 None None] database.backend = sqlalchemy {{(pid=76112) log_opt_values /opt/stack/data/venv/lib/python3.10/site-packages/oslo_config/cfg.py:2824}}
Jan 27 20:57:49 devstack devstack@g-api.service[76112]: DEBUG glance.common.config [None req-0538ac0c-2783-41cf-abde-54a12f144a97 None None] database.connection = **** {{(pid=76112) log_opt_values /opt/stack/data/venv/lib/python3.10/site-packages/oslo_config/cfg.py:2824}}
Jan 27 20:57:49 devstack devstack@g-api.service[76112]: DEBUG glance.common.config [None req-0538ac0c-2783-41cf-abde-54a12f144a97 None None] database.connection_debug = 0 {{(pid=76112) log_opt_values /opt/stack/data/venv/lib/python3.10/site-packages/oslo_config/cfg.py:2824}}
Jan 27 20:57:49 devstack devstack@g-api.service[76112]: DEBUG glance.common.config [None req-0538ac0c-2783-41cf-abde-54a12f144a97 None None] database.connection_parameters = {{(pid=76112) log_opt_values /opt/stack/data/venv/lib/python3.10/site-packages/oslo_config/cfg.py:2824}}
Jan 27 20:57:49 devstack devstack@g-api.service[76112]: DEBUG glance.common.config [None req-0538ac0c-2783-41cf-abde-54a12f144a97 None None] database.connection_recycle_time = 3600 {{(pid=76112) log_opt_values /opt/stack/data/venv/lib/python3.10/site-packages/oslo_config/cfg.py:2824}}
Jan 27 20:57:49 devstack devstack@g-api.service[76112]: DEBUG glance.common.config [None req-0538ac0c-2783-41cf-abde-54a12f144a97 None None] database.connection_trace = False {{(pid=76112) log_opt_values /opt/stack/data/venv/lib/python3.10/site-packages/oslo_config/cfg.py:2824}}
Jan 27 20:57:49 devstack devstack@g-api.service[76112]: DEBUG glance.common.config [None req-0538ac0c-2783-41cf-abde-54a12f144a97 None None] database.db_inc_retry_interval = True {{(pid=76112) log_opt_values /opt/stack/data/venv/lib/python3.10/site-packages/oslo_config/cfg.py:2824}}
Jan 27 20:57:49 devstack devstack@g-api.service[76112]: DEBUG glance.common.config [None req-0538ac0c-2783-41cf-abde-54a12f144a97 None None] database.db_max_retries = 20 {{(pid=76112) log_opt_values /opt/stack/data/venv/lib/python3.10/site-packages/oslo_config/cfg.py:2824}}
Jan 27 20:57:49 devstack devstack@g-api.service[76112]: DEBUG glance.common.config [None req-0538ac0c-2783-41cf-abde-54a12f144a97 None None] database.db_max_retry_interval = 10 {{(pid=76112) log_opt_values /opt/stack/data/venv/lib/python3.10/site-packages/oslo_config/cfg.py:2824}}
Jan 27 20:57:49 devstack devstack@g-api.service[76112]: DEBUG glance.common.config [None req-0538ac0c-2783-41cf-abde-54a12f144a97 None None] database.db_retry_interval = 1 {{(pid=76112) log_opt_values /opt/stack/data/venv/lib/python3.10/site-packages/oslo_config/cfg.py:2824}}
Jan 27 20:57:49 devstack devstack@g-api.service[76112]: DEBUG glance.common.config [None req-0538ac0c-2783-41cf-abde-54a12f144a97 None None] database.max_overflow = 50 {{(pid=76112) log_opt_values /opt/stack/data/venv/lib/python3.10/site-packages/oslo_config/cfg.py:2824}}
Jan 27 20:57:49 devstack devstack@g-api.service[76112]: DEBUG glance.common.config [None req-0538ac0c-2783-41cf-abde-54a12f144a97 None None] database.max_pool_size = 5 {{(pid=76112) log_opt_values /opt/stack/data/venv/lib/python3.10/site-packages/oslo_config/cfg.py:2824}}
Jan 27 20:57:49 devstack devstack@g-api.service[76112]: DEBUG glance.common.config [None req-0538ac0c-2783-41cf-abde-54a12f144a97 None None] database.max_retries = 10 {{(pid=76112) log_opt_values /opt/stack/data/venv/lib/python3.10/site-packages/oslo_config/cfg.py:2824}}
Jan 27 20:57:49 devstack devstack@g-api.service[76112]: DEBUG glance.common.config [None req-0538ac0c-2783-41cf-abde-54a12f144a97 None None] database.mysql_sql_mode = TRADITIONAL {{(pid=76112) log_opt_values /opt/stack/data/venv/lib/python3.10/site-packages/oslo_config/cfg.py:2824}}
Jan 27 20:57:49 devstack devstack@g-api.service[76112]: DEBUG glance.common.config [None req-0538ac0c-2783-41cf-abde-54a12f144a97 None None] database.mysql_wsrep_sync_wait = None {{(pid=76112) log_opt_values /opt/stack/data/venv/lib/python3.10/site-packages/oslo_config/cfg.py:2824}}
Jan 27 20:57:49 devstack devstack@g-api.service[76112]: DEBUG glance.common.config [None req-0538ac0c-2783-41cf-abde-54a12f144a97 None None] database.pool_timeout = None {{(pid=76112) log_opt_values /opt/stack/data/venv/lib/python3.10/site-packages/oslo_config/cfg.py:2824}}
Jan 27 20:57:49 devstack devstack@g-api.service[76112]: DEBUG glance.common.config [None req-0538ac0c-2783-41cf-abde-54a12f144a97 None None] database.retry_interval = 10 {{(pid=76112) log_opt_values /opt/stack/data/venv/lib/python3.10/site-packages/oslo_config/cfg.py:2824}}
Jan 27 20:57:49 devstack devstack@g-api.service[76112]: DEBUG glance.common.config [None req-0538ac0c-2783-41cf-abde-54a12f144a97 None None] database.slave_connection = **** {{(pid=76112) log_opt_values /opt/stack/data/venv/lib/python3.10/site-packages/oslo_config/cfg.py:2824}}
Jan 27 20:57:49 devstack devstack@g-api.service[76112]: DEBUG glance.common.config [None req-0538ac0c-2783-41cf-abde-54a12f144a97 None None] database.sqlite_synchronous = True {{(pid=76112) log_opt_values /opt/stack/data/venv/lib/python3.10/site-packages/oslo_config/cfg.py:2824}}
Jan 27 20:57:49 devstack devstack@g-api.service[76112]: DEBUG glance.common.config [None req-0538ac0c-2783-41cf-abde-54a12f144a97 None None] database.synchronous_reader = True {{(pid=76112) log_opt_values /opt/stack/data/venv/lib/python3.10/site-packages/oslo_config/cfg.py:2824}}
Jan 27 20:57:49 devstack devstack@g-api.service[76112]: DEBUG glance.common.config [None req-0538ac0c-2783-41cf-abde-54a12f144a97 None None] database.use_db_reconnect = False {{(pid=76112) log_opt_values /opt/stack/data/venv/lib/python3.10/site-packages/oslo_config/cfg.py:2824}}
Jan 27 20:57:49 devstack devstack@g-api.service[76112]: DEBUG glance.common.config [None req-0538ac0c-2783-41cf-abde-54a12f144a97 None None] healthcheck.allowed_source_ranges = [] {{(pid=76112) log_opt_values /opt/stack/data/venv/lib/python3.10/site-packages/oslo_config/cfg.py:2824}}
Jan 27 20:57:49 devstack devstack@g-api.service[76112]: DEBUG glance.common.config [None req-0538ac0c-2783-41cf-abde-54a12f144a97 None None] healthcheck.backends = ['disable_by_file'] {{(pid=76112) log_opt_values /opt/stack/data/venv/lib/python3.10/site-packages/oslo_config/cfg.py:2824}}
Jan 27 20:57:49 devstack devstack@g-api.service[76112]: DEBUG glance.common.config [None req-0538ac0c-2783-41cf-abde-54a12f144a97 None None] healthcheck.detailed = False {{(pid=76112) log_opt_values /opt/stack/data/venv/lib/python3.10/site-packages/oslo_config/cfg.py:2824}}
Jan 27 20:57:49 devstack devstack@g-api.service[76112]: DEBUG glance.common.config [None req-0538ac0c-2783-41cf-abde-54a12f144a97 None None] healthcheck.disable_by_file_path = None {{(pid=76112) log_opt_values /opt/stack/data/venv/lib/python3.10/site-packages/oslo_config/cfg.py:2824}}
Jan 27 20:57:49 devstack devstack@g-api.service[76112]: DEBUG glance.common.config [None req-0538ac0c-2783-41cf-abde-54a12f144a97 None None] healthcheck.ignore_proxied_requests = False {{(pid=76112) log_opt_values /opt/stack/data/venv/lib/python3.10/site-packages/oslo_config/cfg.py:2824}}
Jan 27 20:57:49 devstack devstack@g-api.service[76112]: DEBUG glance.common.config [None req-0538ac0c-2783-41cf-abde-54a12f144a97 None None] ******************************************************************************** {{(pid=76112) log_opt_values /opt/stack/data/venv/lib/python3.10/site-packages/oslo_config/cfg.py:2828}}
Jan 27 20:57:49 devstack devstack@g-api.service[76112]: WSGI app 0 (mountpoint='') ready in 4 seconds on interpreter 0x5654bd2476a0 pid: 76112 (default app)
Jan 27 20:57:51 devstack devstack@g-api.service[76111]: DEBUG glance.api.middleware.version_negotiation [None req-3d7b5d3a-5495-458b-b58e-9aa0bc465b6d None None] Determining version of request: GET / Accept: application/json {{(pid=76111) process_request /opt/stack/glance/glance/api/middleware/version_negotiation.py:44}}
Jan 27 20:57:51 devstack devstack@g-api.service[76111]: DEBUG glance.api.middleware.version_negotiation [None req-3d7b5d3a-5495-458b-b58e-9aa0bc465b6d None None] Using url versioning {{(pid=76111) process_request /opt/stack/glance/glance/api/middleware/version_negotiation.py:57}}
Jan 27 20:57:51 devstack devstack@g-api.service[76111]: DEBUG glance.api.middleware.version_negotiation [None req-3d7b5d3a-5495-458b-b58e-9aa0bc465b6d None None] Unknown version. Returning version choices. {{(pid=76111) process_request /opt/stack/glance/glance/api/middleware/version_negotiation.py:64}}
Jan 27 20:57:51 devstack devstack@g-api.service[76111]: [pid: 76111|app: 0|req: 2/2] 127.0.0.1 () {34 vars in 516 bytes} [Tue Jan 27 20:57:51 2026] GET / => generated 1446 bytes in 3 msecs (HTTP/1.1 300) 3 headers in 106 bytes (1 switches on core 0)
Jan 27 20:57:51 devstack devstack@g-api.service[76112]: DEBUG glance.api.middleware.version_negotiation [None req-0538ac0c-2783-41cf-abde-54a12f144a97 None None] Determining version of request: POST /v2/images Accept: */* {{(pid=76112) process_request /opt/stack/glance/glance/api/middleware/version_negotiation.py:44}}
Jan 27 20:57:51 devstack devstack@g-api.service[76112]: DEBUG glance.api.middleware.version_negotiation [None req-0538ac0c-2783-41cf-abde-54a12f144a97 None None] Using url versioning {{(pid=76112) process_request /opt/stack/glance/glance/api/middleware/version_negotiation.py:57}}
Jan 27 20:57:51 devstack devstack@g-api.service[76112]: DEBUG glance.api.middleware.version_negotiation [None req-0538ac0c-2783-41cf-abde-54a12f144a97 None None] Matched version: v2 {{(pid=76112) process_request /opt/stack/glance/glance/api/middleware/version_negotiation.py:69}}
Jan 27 20:57:51 devstack devstack@g-api.service[76112]: DEBUG glance.api.middleware.version_negotiation [None req-0538ac0c-2783-41cf-abde-54a12f144a97 None None] new path /v2/images {{(pid=76112) process_request /opt/stack/glance/glance/api/middleware/version_negotiation.py:70}}
Jan 27 20:57:52 devstack devstack@g-api.service[76112]: [pid: 76112|app: 0|req: 1/3] 127.0.0.1 () {40 vars in 779 bytes} [Tue Jan 27 20:57:51 2026] POST /v2/images => generated 807 bytes in 761 msecs (HTTP/1.1 201) 6 headers in 314 bytes (1 switches on core 0)
Jan 27 20:57:52 devstack devstack@g-api.service[76111]: DEBUG glance.api.middleware.version_negotiation [None req-3d7b5d3a-5495-458b-b58e-9aa0bc465b6d None None] Determining version of request: PUT /v2/images/9273d896-6189-49cb-a07c-8196c8a0956c/file Accept: {{(pid=76111) process_request /opt/stack/glance/glance/api/middleware/version_negotiation.py:44}}
Jan 27 20:57:52 devstack devstack@g-api.service[76111]: DEBUG glance.api.middleware.version_negotiation [None req-3d7b5d3a-5495-458b-b58e-9aa0bc465b6d None None] Using url versioning {{(pid=76111) process_request /opt/stack/glance/glance/api/middleware/version_negotiation.py:57}}
Jan 27 20:57:52 devstack devstack@g-api.service[76111]: DEBUG glance.api.middleware.version_negotiation [None req-3d7b5d3a-5495-458b-b58e-9aa0bc465b6d None None] Matched version: v2 {{(pid=76111) process_request /opt/stack/glance/glance/api/middleware/version_negotiation.py:69}}
Jan 27 20:57:52 devstack devstack@g-api.service[76111]: DEBUG glance.api.middleware.version_negotiation [None req-3d7b5d3a-5495-458b-b58e-9aa0bc465b6d None None] new path /v2/images/9273d896-6189-49cb-a07c-8196c8a0956c/file {{(pid=76111) process_request /opt/stack/glance/glance/api/middleware/version_negotiation.py:70}}
Jan 27 20:57:53 devstack devstack@g-api.service[76111]: INFO glance.api.v2.image_data [None req-4eb44683-8497-48fa-8522-1671d0b5f475 admin admin] Unable to create trust: no such option collect_timing in group [keystone_authtoken] Use the existing user token.
Jan 27 20:57:53 devstack devstack@g-api.service[76111]: DEBUG glance.location [None req-4eb44683-8497-48fa-8522-1671d0b5f475 admin admin] Enabling in-flight format inspection for qcow2 {{(pid=76111) set_data /opt/stack/glance/glance/location.py:616}}
Jan 27 20:57:53 devstack devstack@g-api.service[76111]: DEBUG oslo_utils.imageutils.format_inspector [None req-4eb44683-8497-48fa-8522-1671d0b5f475 admin admin] Format inspector for vmdk does not match, excluding from consideration (Signature KDMV not found: b'QFI\xfb') {{(pid=76111) _process_chunk /opt/stack/data/venv/lib/python3.10/site-packages/oslo_utils/imageutils/format_inspector.py:1537}}
Jan 27 20:57:53 devstack devstack@g-api.service[76111]: DEBUG oslo_utils.imageutils.format_inspector [None req-4eb44683-8497-48fa-8522-1671d0b5f475 admin admin] Format inspector for vhdx does not match, excluding from consideration (Region signature not found at 30000) {{(pid=76111) _process_chunk /opt/stack/data/venv/lib/python3.10/site-packages/oslo_utils/imageutils/format_inspector.py:1537}}
Jan 27 20:57:54 devstack devstack@g-api.service[76111]: DEBUG glance_store._drivers.filesystem [None req-4eb44683-8497-48fa-8522-1671d0b5f475 admin admin] Wrote 21692416 bytes to /opt/stack/data/glance/images/9273d896-6189-49cb-a07c-8196c8a0956c with checksum 87617e24a5e30cb3b87fda8c0764838f and multihash 9a9bce0083a00939ec17c11febbfc767aa211aaa54f51e75c5a8b271a9b5637c77205a518b7a2007cb391d23cceb01e0e4e8d64832317151bc85b734b92a7be0 {{(pid=76111) add /opt/stack/data/venv/lib/python3.10/site-packages/glance_store/_drivers/filesystem.py:794}}
Jan 27 20:57:54 devstack devstack@g-api.service[76111]: INFO glance.location [None req-4eb44683-8497-48fa-8522-1671d0b5f475 admin admin] Image format matched and virtual size computed: 117440512
Jan 27 20:57:54 devstack devstack@g-api.service[76111]: DEBUG glance_store.backend [None req-4eb44683-8497-48fa-8522-1671d0b5f475 admin admin] Skipping store.set_acls... not implemented. {{(pid=76111) set_acls /opt/stack/data/venv/lib/python3.10/site-packages/glance_store/backend.py:507}}
Jan 27 20:57:54 devstack devstack@g-api.service[76111]: [pid: 76111|app: 0|req: 3/4] 127.0.0.1 () {40 vars in 872 bytes} [Tue Jan 27 20:57:52 2026] PUT /v2/images/9273d896-6189-49cb-a07c-8196c8a0956c/file => generated 0 bytes in 1445 msecs (HTTP/1.1 204) 4 headers in 171 bytes (1 switches on core 0)
Jan 27 20:57:54 devstack devstack@g-api.service[76112]: DEBUG glance.api.middleware.version_negotiation [None req-f048098e-fe21-4417-b4ea-2e4ef3baa5bc admin admin] Determining version of request: GET /v2/images/9273d896-6189-49cb-a07c-8196c8a0956c Accept: */* {{(pid=76112) process_request /opt/stack/glance/glance/api/middleware/version_negotiation.py:44}}
Jan 27 20:57:54 devstack devstack@g-api.service[76112]: DEBUG glance.api.middleware.version_negotiation [None req-f048098e-fe21-4417-b4ea-2e4ef3baa5bc admin admin] Using url versioning {{(pid=76112) process_request /opt/stack/glance/glance/api/middleware/version_negotiation.py:57}}
Jan 27 20:57:54 devstack devstack@g-api.service[76112]: DEBUG glance.api.middleware.version_negotiation [None req-f048098e-fe21-4417-b4ea-2e4ef3baa5bc admin admin] Matched version: v2 {{(pid=76112) process_request /opt/stack/glance/glance/api/middleware/version_negotiation.py:69}}
Jan 27 20:57:54 devstack devstack@g-api.service[76112]: DEBUG glance.api.middleware.version_negotiation [None req-f048098e-fe21-4417-b4ea-2e4ef3baa5bc admin admin] new path /v2/images/9273d896-6189-49cb-a07c-8196c8a0956c {{(pid=76112) process_request /opt/stack/glance/glance/api/middleware/version_negotiation.py:70}}
Jan 27 20:57:54 devstack devstack@g-api.service[76112]: [pid: 76112|app: 0|req: 2/5] 127.0.0.1 () {36 vars in 799 bytes} [Tue Jan 27 20:57:54 2026] GET /v2/images/9273d896-6189-49cb-a07c-8196c8a0956c => generated 976 bytes in 16 msecs (HTTP/1.1 200) 4 headers in 157 bytes (1 switches on core 0)
Jan 27 20:58:04 devstack devstack@g-api.service[76111]: DEBUG dbcounter [-] [76111] Writing DB stats glance:INSERT=5,glance:SELECT=16,glance:UPDATE=2 {{(pid=76111) stat_writer /opt/stack/data/venv/lib/python3.10/site-packages/dbcounter.py:115}}
Jan 27 20:58:04 devstack devstack@g-api.service[76112]: DEBUG dbcounter [-] [76112] Writing DB stats glance:INSERT=9,glance:SELECT=6 {{(pid=76112) stat_writer /opt/stack/data/venv/lib/python3.10/site-packages/dbcounter.py:115}}
Jan 27 20:58:32 devstack devstack@g-api.service[76111]: DEBUG glance.api.middleware.version_negotiation [None req-4eb44683-8497-48fa-8522-1671d0b5f475 admin admin] Determining version of request: GET / Accept: application/json {{(pid=76111) process_request /opt/stack/glance/glance/api/middleware/version_negotiation.py:44}}
Jan 27 20:58:32 devstack devstack@g-api.service[76111]: DEBUG glance.api.middleware.version_negotiation [None req-4eb44683-8497-48fa-8522-1671d0b5f475 admin admin] Using url versioning {{(pid=76111) process_request /opt/stack/glance/glance/api/middleware/version_negotiation.py:57}}
Jan 27 20:58:32 devstack devstack@g-api.service[76111]: DEBUG glance.api.middleware.version_negotiation [None req-4eb44683-8497-48fa-8522-1671d0b5f475 admin admin] Unknown version. Returning version choices. {{(pid=76111) process_request /opt/stack/glance/glance/api/middleware/version_negotiation.py:64}}
Jan 27 20:58:32 devstack devstack@g-api.service[76111]: [pid: 76111|app: 0|req: 4/6] 127.0.0.1 () {34 vars in 513 bytes} [Tue Jan 27 20:58:32 2026] GET / => generated 1446 bytes in 3 msecs (HTTP/1.1 300) 3 headers in 106 bytes (1 switches on core 0)
Jan 27 20:58:32 devstack devstack@g-api.service[76112]: DEBUG glance.api.middleware.version_negotiation [None req-7ae4d2ae-6b2d-43f9-9929-893efe5263ec admin admin] Determining version of request: GET /v2/images Accept: application/json {{(pid=76112) process_request /opt/stack/glance/glance/api/middleware/version_negotiation.py:44}}
Jan 27 20:58:32 devstack devstack@g-api.service[76112]: DEBUG glance.api.middleware.version_negotiation [None req-7ae4d2ae-6b2d-43f9-9929-893efe5263ec admin admin] Using url versioning {{(pid=76112) process_request /opt/stack/glance/glance/api/middleware/version_negotiation.py:57}}
Jan 27 20:58:32 devstack devstack@g-api.service[76112]: DEBUG glance.api.middleware.version_negotiation [None req-7ae4d2ae-6b2d-43f9-9929-893efe5263ec admin admin] Matched version: v2 {{(pid=76112) process_request /opt/stack/glance/glance/api/middleware/version_negotiation.py:69}}
Jan 27 20:58:32 devstack devstack@g-api.service[76112]: DEBUG glance.api.middleware.version_negotiation [None req-7ae4d2ae-6b2d-43f9-9929-893efe5263ec admin admin] new path /v2/images {{(pid=76112) process_request /opt/stack/glance/glance/api/middleware/version_negotiation.py:70}}
Jan 27 20:58:32 devstack devstack@g-api.service[76112]: [pid: 76112|app: 0|req: 3/7] 127.0.0.1 () {36 vars in 735 bytes} [Tue Jan 27 20:58:32 2026] GET /v2/images => generated 1045 bytes in 70 msecs (HTTP/1.1 200) 4 headers in 158 bytes (1 switches on core 0)
Jan 27 20:58:38 devstack devstack@g-api.service[76111]: DEBUG glance.api.middleware.version_negotiation [None req-4eb44683-8497-48fa-8522-1671d0b5f475 admin admin] Determining version of request: GET / Accept: application/json {{(pid=76111) process_request /opt/stack/glance/glance/api/middleware/version_negotiation.py:44}}
Jan 27 20:58:38 devstack devstack@g-api.service[76111]: DEBUG glance.api.middleware.version_negotiation [None req-4eb44683-8497-48fa-8522-1671d0b5f475 admin admin] Using url versioning {{(pid=76111) process_request /opt/stack/glance/glance/api/middleware/version_negotiation.py:57}}
Jan 27 20:58:38 devstack devstack@g-api.service[76111]: DEBUG glance.api.middleware.version_negotiation [None req-4eb44683-8497-48fa-8522-1671d0b5f475 admin admin] Unknown version. Returning version choices. {{(pid=76111) process_request /opt/stack/glance/glance/api/middleware/version_negotiation.py:64}}
Jan 27 20:58:38 devstack devstack@g-api.service[76111]: [pid: 76111|app: 0|req: 5/8] 127.0.0.1 () {34 vars in 513 bytes} [Tue Jan 27 20:58:38 2026] GET / => generated 1446 bytes in 3 msecs (HTTP/1.1 300) 3 headers in 106 bytes (1 switches on core 0)
Jan 27 20:58:38 devstack devstack@g-api.service[76112]: DEBUG glance.api.middleware.version_negotiation [None req-d14b82ac-4536-4ab3-b826-a90a3e63572a admin admin] Determining version of request: GET /v2/images/9273d896-6189-49cb-a07c-8196c8a0956c Accept: */* {{(pid=76112) process_request /opt/stack/glance/glance/api/middleware/version_negotiation.py:44}}
Jan 27 20:58:38 devstack devstack@g-api.service[76112]: DEBUG glance.api.middleware.version_negotiation [None req-d14b82ac-4536-4ab3-b826-a90a3e63572a admin admin] Using url versioning {{(pid=76112) process_request /opt/stack/glance/glance/api/middleware/version_negotiation.py:57}}
Jan 27 20:58:38 devstack devstack@g-api.service[76112]: DEBUG glance.api.middleware.version_negotiation [None req-d14b82ac-4536-4ab3-b826-a90a3e63572a admin admin] Matched version: v2 {{(pid=76112) process_request /opt/stack/glance/glance/api/middleware/version_negotiation.py:69}}
Jan 27 20:58:38 devstack devstack@g-api.service[76112]: DEBUG glance.api.middleware.version_negotiation [None req-d14b82ac-4536-4ab3-b826-a90a3e63572a admin admin] new path /v2/images/9273d896-6189-49cb-a07c-8196c8a0956c {{(pid=76112) process_request /opt/stack/glance/glance/api/middleware/version_negotiation.py:70}}
Jan 27 20:58:38 devstack devstack@g-api.service[76112]: [pid: 76112|app: 0|req: 4/9] 127.0.0.1 () {36 vars in 796 bytes} [Tue Jan 27 20:58:38 2026] GET /v2/images/9273d896-6189-49cb-a07c-8196c8a0956c => generated 976 bytes in 43 msecs (HTTP/1.1 200) 4 headers in 157 bytes (1 switches on core 0)
Jan 27 20:58:41 devstack devstack@g-api.service[76111]: DEBUG glance.api.middleware.version_negotiation [None req-4eb44683-8497-48fa-8522-1671d0b5f475 admin admin] Determining version of request: GET / Accept: application/json {{(pid=76111) process_request /opt/stack/glance/glance/api/middleware/version_negotiation.py:44}}
Jan 27 20:58:41 devstack devstack@g-api.service[76111]: DEBUG glance.api.middleware.version_negotiation [None req-4eb44683-8497-48fa-8522-1671d0b5f475 admin admin] Using url versioning {{(pid=76111) process_request /opt/stack/glance/glance/api/middleware/version_negotiation.py:57}}
Jan 27 20:58:41 devstack devstack@g-api.service[76111]: DEBUG glance.api.middleware.version_negotiation [None req-4eb44683-8497-48fa-8522-1671d0b5f475 admin admin] Unknown version. Returning version choices. {{(pid=76111) process_request /opt/stack/glance/glance/api/middleware/version_negotiation.py:64}}
Jan 27 20:58:41 devstack devstack@g-api.service[76111]: [pid: 76111|app: 0|req: 6/10] 127.0.0.1 () {34 vars in 513 bytes} [Tue Jan 27 20:58:41 2026] GET / => generated 1446 bytes in 2 msecs (HTTP/1.1 300) 3 headers in 106 bytes (1 switches on core 0)
Jan 27 20:58:41 devstack devstack@g-api.service[76112]: DEBUG glance.api.middleware.version_negotiation [None req-b93eff51-06cc-46fe-986d-ec7e7e6333a1 admin admin] Determining version of request: GET /v2/images/9273d896-6189-49cb-a07c-8196c8a0956c Accept: */* {{(pid=76112) process_request /opt/stack/glance/glance/api/middleware/version_negotiation.py:44}}
Jan 27 20:58:41 devstack devstack@g-api.service[76112]: DEBUG glance.api.middleware.version_negotiation [None req-b93eff51-06cc-46fe-986d-ec7e7e6333a1 admin admin] Using url versioning {{(pid=76112) process_request /opt/stack/glance/glance/api/middleware/version_negotiation.py:57}}
Jan 27 20:58:41 devstack devstack@g-api.service[76112]: DEBUG glance.api.middleware.version_negotiation [None req-b93eff51-06cc-46fe-986d-ec7e7e6333a1 admin admin] Matched version: v2 {{(pid=76112) process_request /opt/stack/glance/glance/api/middleware/version_negotiation.py:69}}
Jan 27 20:58:41 devstack devstack@g-api.service[76112]: DEBUG glance.api.middleware.version_negotiation [None req-b93eff51-06cc-46fe-986d-ec7e7e6333a1 admin admin] new path /v2/images/9273d896-6189-49cb-a07c-8196c8a0956c {{(pid=76112) process_request /opt/stack/glance/glance/api/middleware/version_negotiation.py:70}}
Jan 27 20:58:41 devstack devstack@g-api.service[76112]: [pid: 76112|app: 0|req: 5/11] 127.0.0.1 () {36 vars in 796 bytes} [Tue Jan 27 20:58:41 2026] GET /v2/images/9273d896-6189-49cb-a07c-8196c8a0956c => generated 976 bytes in 42 msecs (HTTP/1.1 200) 4 headers in 157 bytes (1 switches on core 0)
Jan 27 20:58:51 devstack devstack@g-api.service[76112]: DEBUG dbcounter [-] [76112] Writing DB stats glance:SELECT=5 {{(pid=76112) stat_writer /opt/stack/data/venv/lib/python3.10/site-packages/dbcounter.py:115}}
Jan 27 20:59:59 devstack devstack@g-api.service[76111]: DEBUG glance.api.middleware.version_negotiation [None req-4eb44683-8497-48fa-8522-1671d0b5f475 admin admin] Determining version of request: GET / Accept: application/json {{(pid=76111) process_request /opt/stack/glance/glance/api/middleware/version_negotiation.py:44}}
Jan 27 20:59:59 devstack devstack@g-api.service[76111]: DEBUG glance.api.middleware.version_negotiation [None req-4eb44683-8497-48fa-8522-1671d0b5f475 admin admin] Using url versioning {{(pid=76111) process_request /opt/stack/glance/glance/api/middleware/version_negotiation.py:57}}
Jan 27 20:59:59 devstack devstack@g-api.service[76111]: DEBUG glance.api.middleware.version_negotiation [None req-4eb44683-8497-48fa-8522-1671d0b5f475 admin admin] Unknown version. Returning version choices. {{(pid=76111) process_request /opt/stack/glance/glance/api/middleware/version_negotiation.py:64}}
Jan 27 20:59:59 devstack devstack@g-api.service[76111]: [pid: 76111|app: 0|req: 7/12] 127.0.0.1 () {36 vars in 484 bytes} [Tue Jan 27 20:59:59 2026] GET / => generated 1446 bytes in 2 msecs (HTTP/1.1 300) 3 headers in 106 bytes (1 switches on core 0)
Jan 27 21:02:36 devstack devstack@g-api.service[76112]: DEBUG glance.api.middleware.version_negotiation [None req-d7b34aab-1ed5-41f6-9eb7-a3561e8dd81b admin admin] Determining version of request: GET /v2/images/9273d896-6189-49cb-a07c-8196c8a0956c Accept: application/json {{(pid=76112) process_request /opt/stack/glance/glance/api/middleware/version_negotiation.py:44}}
Jan 27 21:02:36 devstack devstack@g-api.service[76112]: DEBUG glance.api.middleware.version_negotiation [None req-d7b34aab-1ed5-41f6-9eb7-a3561e8dd81b admin admin] Using url versioning {{(pid=76112) process_request /opt/stack/glance/glance/api/middleware/version_negotiation.py:57}}
Jan 27 21:02:36 devstack devstack@g-api.service[76112]: DEBUG glance.api.middleware.version_negotiation [None req-d7b34aab-1ed5-41f6-9eb7-a3561e8dd81b admin admin] Matched version: v2 {{(pid=76112) process_request /opt/stack/glance/glance/api/middleware/version_negotiation.py:69}}
Jan 27 21:02:36 devstack devstack@g-api.service[76112]: DEBUG glance.api.middleware.version_negotiation [None req-d7b34aab-1ed5-41f6-9eb7-a3561e8dd81b admin admin] new path /v2/images/9273d896-6189-49cb-a07c-8196c8a0956c {{(pid=76112) process_request /opt/stack/glance/glance/api/middleware/version_negotiation.py:70}}
Jan 27 21:02:37 devstack devstack@g-api.service[76112]: [pid: 76112|app: 0|req: 6/13] 127.0.0.1 () {38 vars in 780 bytes} [Tue Jan 27 21:02:36 2026] GET /v2/images/9273d896-6189-49cb-a07c-8196c8a0956c => generated 976 bytes in 275 msecs (HTTP/1.1 200) 4 headers in 157 bytes (1 switches on core 0)
Jan 27 21:02:37 devstack devstack@g-api.service[76111]: DEBUG glance.api.middleware.version_negotiation [None req-4eb44683-8497-48fa-8522-1671d0b5f475 admin admin] Determining version of request: GET /v2/images/9273d896-6189-49cb-a07c-8196c8a0956c/file Accept: application/json {{(pid=76111) process_request /opt/stack/glance/glance/api/middleware/version_negotiation.py:44}}
Jan 27 21:02:37 devstack devstack@g-api.service[76111]: DEBUG glance.api.middleware.version_negotiation [None req-4eb44683-8497-48fa-8522-1671d0b5f475 admin admin] Using url versioning {{(pid=76111) process_request /opt/stack/glance/glance/api/middleware/version_negotiation.py:57}}
Jan 27 21:02:37 devstack devstack@g-api.service[76111]: DEBUG glance.api.middleware.version_negotiation [None req-4eb44683-8497-48fa-8522-1671d0b5f475 admin admin] Matched version: v2 {{(pid=76111) process_request /opt/stack/glance/glance/api/middleware/version_negotiation.py:69}}
Jan 27 21:02:37 devstack devstack@g-api.service[76111]: DEBUG glance.api.middleware.version_negotiation [None req-4eb44683-8497-48fa-8522-1671d0b5f475 admin admin] new path /v2/images/9273d896-6189-49cb-a07c-8196c8a0956c/file {{(pid=76111) process_request /opt/stack/glance/glance/api/middleware/version_negotiation.py:70}}
Jan 27 21:02:37 devstack devstack@g-api.service[76111]: DEBUG glance_store._drivers.filesystem [None req-bc128622-03a3-405a-9048-b1255e3d6c6b tempest-AttachSCSIVolumeTestJSON-402441465 tempest-AttachSCSIVolumeTestJSON-402441465-project-admin] Found image at /opt/stack/data/glance/images/9273d896-6189-49cb-a07c-8196c8a0956c. Returning in ChunkedFile. {{(pid=76111) get /opt/stack/data/venv/lib/python3.10/site-packages/glance_store/_drivers/filesystem.py:618}}
Jan 27 21:02:37 devstack devstack@g-api.service[76111]: DEBUG glance.image_cache [None req-bc128622-03a3-405a-9048-b1255e3d6c6b tempest-AttachSCSIVolumeTestJSON-402441465 tempest-AttachSCSIVolumeTestJSON-402441465-project-admin] Tee'ing image '9273d896-6189-49cb-a07c-8196c8a0956c' into cache {{(pid=76111) get_caching_iter /opt/stack/glance/glance/image_cache/__init__.py:350}}
Jan 27 21:02:37 devstack devstack@g-api.service[76112]: DEBUG glance.api.middleware.version_negotiation [None req-cad99313-fa7d-4ab0-a98d-6ac45932960c tempest-AttachSCSIVolumeTestJSON-402441465 tempest-AttachSCSIVolumeTestJSON-402441465-project-admin] Determining version of request: POST /v2/images Accept: application/json {{(pid=76112) process_request /opt/stack/glance/glance/api/middleware/version_negotiation.py:44}}
Jan 27 21:02:37 devstack devstack@g-api.service[76112]: DEBUG glance.api.middleware.version_negotiation [None req-cad99313-fa7d-4ab0-a98d-6ac45932960c tempest-AttachSCSIVolumeTestJSON-402441465 tempest-AttachSCSIVolumeTestJSON-402441465-project-admin] Using url versioning {{(pid=76112) process_request /opt/stack/glance/glance/api/middleware/version_negotiation.py:57}}
Jan 27 21:02:37 devstack devstack@g-api.service[76112]: DEBUG glance.api.middleware.version_negotiation [None req-cad99313-fa7d-4ab0-a98d-6ac45932960c tempest-AttachSCSIVolumeTestJSON-402441465 tempest-AttachSCSIVolumeTestJSON-402441465-project-admin] Matched version: v2 {{(pid=76112) process_request /opt/stack/glance/glance/api/middleware/version_negotiation.py:69}}
Jan 27 21:02:37 devstack devstack@g-api.service[76112]: DEBUG glance.api.middleware.version_negotiation [None req-cad99313-fa7d-4ab0-a98d-6ac45932960c tempest-AttachSCSIVolumeTestJSON-402441465 tempest-AttachSCSIVolumeTestJSON-402441465-project-admin] new path /v2/images {{(pid=76112) process_request /opt/stack/glance/glance/api/middleware/version_negotiation.py:70}}
Jan 27 21:02:37 devstack devstack@g-api.service[76112]: [pid: 76112|app: 0|req: 7/14] 127.0.0.1 () {40 vars in 728 bytes} [Tue Jan 27 21:02:37 2026] POST /v2/images => generated 690 bytes in 625 msecs (HTTP/1.1 201) 6 headers in 314 bytes (1 switches on core 0)
Jan 27 21:02:37 devstack devstack@g-api.service[76112]: DEBUG glance.api.middleware.version_negotiation [None req-e63c411b-2b90-4bf1-81af-e863034d1aa7 tempest-AttachSCSIVolumeTestJSON-402441465 tempest-AttachSCSIVolumeTestJSON-402441465-project-admin] Determining version of request: PUT /v2/images/8f2414f6-7929-4cc5-bf41-2cc2ee9759ab/file Accept: {{(pid=76112) process_request /opt/stack/glance/glance/api/middleware/version_negotiation.py:44}}
Jan 27 21:02:37 devstack devstack@g-api.service[76112]: DEBUG glance.api.middleware.version_negotiation [None req-e63c411b-2b90-4bf1-81af-e863034d1aa7 tempest-AttachSCSIVolumeTestJSON-402441465 tempest-AttachSCSIVolumeTestJSON-402441465-project-admin] Using url versioning {{(pid=76112) process_request /opt/stack/glance/glance/api/middleware/version_negotiation.py:57}}
Jan 27 21:02:37 devstack devstack@g-api.service[76112]: DEBUG glance.api.middleware.version_negotiation [None req-e63c411b-2b90-4bf1-81af-e863034d1aa7 tempest-AttachSCSIVolumeTestJSON-402441465 tempest-AttachSCSIVolumeTestJSON-402441465-project-admin] Matched version: v2 {{(pid=76112) process_request /opt/stack/glance/glance/api/middleware/version_negotiation.py:69}}
Jan 27 21:02:37 devstack devstack@g-api.service[76112]: DEBUG glance.api.middleware.version_negotiation [None req-e63c411b-2b90-4bf1-81af-e863034d1aa7 tempest-AttachSCSIVolumeTestJSON-402441465 tempest-AttachSCSIVolumeTestJSON-402441465-project-admin] new path /v2/images/8f2414f6-7929-4cc5-bf41-2cc2ee9759ab/file {{(pid=76112) process_request /opt/stack/glance/glance/api/middleware/version_negotiation.py:70}}
Jan 27 21:02:38 devstack devstack@g-api.service[76111]: DEBUG glance.image_cache.drivers.centralized_db [None req-bc128622-03a3-405a-9048-b1255e3d6c6b tempest-AttachSCSIVolumeTestJSON-402441465 tempest-AttachSCSIVolumeTestJSON-402441465-project-admin] Fetch finished, moving '/opt/stack/data/glance/cache/incomplete/9273d896-6189-49cb-a07c-8196c8a0956c' to '/opt/stack/data/glance/cache/9273d896-6189-49cb-a07c-8196c8a0956c' {{(pid=76111) commit /opt/stack/glance/glance/image_cache/drivers/centralized_db.py:235}}
Jan 27 21:02:38 devstack devstack@g-api.service[76111]: DEBUG glance.image_cache.drivers.centralized_db [None req-bc128622-03a3-405a-9048-b1255e3d6c6b tempest-AttachSCSIVolumeTestJSON-402441465 tempest-AttachSCSIVolumeTestJSON-402441465-project-admin] Image cached successfully. {{(pid=76111) commit /opt/stack/glance/glance/image_cache/drivers/centralized_db.py:250}}
Jan 27 21:02:38 devstack devstack@g-api.service[76111]: [pid: 76111|app: 0|req: 8/15] 127.0.0.1 () {38 vars in 790 bytes} [Tue Jan 27 21:02:37 2026] GET /v2/images/9273d896-6189-49cb-a07c-8196c8a0956c/file => generated 21692416 bytes in 796 msecs (HTTP/1.1 200) 4 headers in 191 bytes (335 switches on core 0)
Jan 27 21:02:38 devstack devstack@g-api.service[76112]: INFO glance.api.v2.image_data [None req-06ede461-55cb-49e9-8d9a-1a5b090f187c tempest-AttachSCSIVolumeTestJSON-402441465 tempest-AttachSCSIVolumeTestJSON-402441465-project-admin] Unable to create trust: no such option collect_timing in group [keystone_authtoken] Use the existing user token.
Jan 27 21:02:39 devstack devstack@g-api.service[76112]: DEBUG glance.location [None req-06ede461-55cb-49e9-8d9a-1a5b090f187c tempest-AttachSCSIVolumeTestJSON-402441465 tempest-AttachSCSIVolumeTestJSON-402441465-project-admin] Enabling in-flight format inspection for qcow2 {{(pid=76112) set_data /opt/stack/glance/glance/location.py:616}}
Jan 27 21:02:39 devstack devstack@g-api.service[76112]: DEBUG oslo_utils.imageutils.format_inspector [None req-06ede461-55cb-49e9-8d9a-1a5b090f187c tempest-AttachSCSIVolumeTestJSON-402441465 tempest-AttachSCSIVolumeTestJSON-402441465-project-admin] Format inspector for vmdk does not match, excluding from consideration (Signature KDMV not found: b'QFI\xfb') {{(pid=76112) _process_chunk /opt/stack/data/venv/lib/python3.10/site-packages/oslo_utils/imageutils/format_inspector.py:1537}}
Jan 27 21:02:39 devstack devstack@g-api.service[76112]: DEBUG oslo_utils.imageutils.format_inspector [None req-06ede461-55cb-49e9-8d9a-1a5b090f187c tempest-AttachSCSIVolumeTestJSON-402441465 tempest-AttachSCSIVolumeTestJSON-402441465-project-admin] Format inspector for vhdx does not match, excluding from consideration (Region signature not found at 30000) {{(pid=76112) _process_chunk /opt/stack/data/venv/lib/python3.10/site-packages/oslo_utils/imageutils/format_inspector.py:1537}}
Jan 27 21:02:39 devstack devstack@g-api.service[76112]: DEBUG glance_store._drivers.filesystem [None req-06ede461-55cb-49e9-8d9a-1a5b090f187c tempest-AttachSCSIVolumeTestJSON-402441465 tempest-AttachSCSIVolumeTestJSON-402441465-project-admin] Wrote 21692416 bytes to /opt/stack/data/glance/images/8f2414f6-7929-4cc5-bf41-2cc2ee9759ab with checksum 87617e24a5e30cb3b87fda8c0764838f and multihash 9a9bce0083a00939ec17c11febbfc767aa211aaa54f51e75c5a8b271a9b5637c77205a518b7a2007cb391d23cceb01e0e4e8d64832317151bc85b734b92a7be0 {{(pid=76112) add /opt/stack/data/venv/lib/python3.10/site-packages/glance_store/_drivers/filesystem.py:794}}
Jan 27 21:02:39 devstack devstack@g-api.service[76112]: INFO glance.location [None req-06ede461-55cb-49e9-8d9a-1a5b090f187c tempest-AttachSCSIVolumeTestJSON-402441465 tempest-AttachSCSIVolumeTestJSON-402441465-project-admin] Image format matched and virtual size computed: 117440512
Jan 27 21:02:39 devstack devstack@g-api.service[76112]: DEBUG glance_store.backend [None req-06ede461-55cb-49e9-8d9a-1a5b090f187c tempest-AttachSCSIVolumeTestJSON-402441465 tempest-AttachSCSIVolumeTestJSON-402441465-project-admin] Skipping store.set_acls... not implemented. {{(pid=76112) set_acls /opt/stack/data/venv/lib/python3.10/site-packages/glance_store/backend.py:507}}
Jan 27 21:02:39 devstack devstack@g-api.service[76112]: [pid: 76112|app: 0|req: 8/16] 127.0.0.1 () {38 vars in 800 bytes} [Tue Jan 27 21:02:37 2026] PUT /v2/images/8f2414f6-7929-4cc5-bf41-2cc2ee9759ab/file => generated 0 bytes in 1381 msecs (HTTP/1.1 204) 4 headers in 171 bytes (1 switches on core 0)
Jan 27 21:02:48 devstack devstack@g-api.service[76111]: DEBUG dbcounter [-] [76111] Writing DB stats glance:SELECT=5,glance:INSERT=1 {{(pid=76111) stat_writer /opt/stack/data/venv/lib/python3.10/site-packages/dbcounter.py:115}}
Jan 27 21:02:49 devstack devstack@g-api.service[76112]: DEBUG dbcounter [-] [76112] Writing DB stats glance:SELECT=22,glance:INSERT=5,glance:UPDATE=2 {{(pid=76112) stat_writer /opt/stack/data/venv/lib/python3.10/site-packages/dbcounter.py:115}}
Jan 27 21:02:50 devstack devstack@g-api.service[76111]: DEBUG glance.api.middleware.version_negotiation [None req-bc128622-03a3-405a-9048-b1255e3d6c6b tempest-AttachSCSIVolumeTestJSON-402441465 tempest-AttachSCSIVolumeTestJSON-402441465-project-admin] Determining version of request: GET / Accept: application/json {{(pid=76111) process_request /opt/stack/glance/glance/api/middleware/version_negotiation.py:44}}
Jan 27 21:02:50 devstack devstack@g-api.service[76111]: DEBUG glance.api.middleware.version_negotiation [None req-bc128622-03a3-405a-9048-b1255e3d6c6b tempest-AttachSCSIVolumeTestJSON-402441465 tempest-AttachSCSIVolumeTestJSON-402441465-project-admin] Using url versioning {{(pid=76111) process_request /opt/stack/glance/glance/api/middleware/version_negotiation.py:57}}
Jan 27 21:02:50 devstack devstack@g-api.service[76111]: DEBUG glance.api.middleware.version_negotiation [None req-bc128622-03a3-405a-9048-b1255e3d6c6b tempest-AttachSCSIVolumeTestJSON-402441465 tempest-AttachSCSIVolumeTestJSON-402441465-project-admin] Unknown version. Returning version choices. {{(pid=76111) process_request /opt/stack/glance/glance/api/middleware/version_negotiation.py:64}}
Jan 27 21:02:50 devstack devstack@g-api.service[76111]: [pid: 76111|app: 0|req: 9/17] 127.0.0.1 () {34 vars in 500 bytes} [Tue Jan 27 21:02:50 2026] GET / => generated 1446 bytes in 3 msecs (HTTP/1.1 300) 3 headers in 106 bytes (1 switches on core 0)
Jan 27 21:02:50 devstack devstack@g-api.service[76112]: DEBUG glance.api.middleware.version_negotiation [None req-06ede461-55cb-49e9-8d9a-1a5b090f187c tempest-AttachSCSIVolumeTestJSON-402441465 tempest-AttachSCSIVolumeTestJSON-402441465-project-admin] Determining version of request: GET /v2/images/9273d896-6189-49cb-a07c-8196c8a0956c Accept: */* {{(pid=76112) process_request /opt/stack/glance/glance/api/middleware/version_negotiation.py:44}}
Jan 27 21:02:50 devstack devstack@g-api.service[76112]: DEBUG glance.api.middleware.version_negotiation [None req-06ede461-55cb-49e9-8d9a-1a5b090f187c tempest-AttachSCSIVolumeTestJSON-402441465 tempest-AttachSCSIVolumeTestJSON-402441465-project-admin] Using url versioning {{(pid=76112) process_request /opt/stack/glance/glance/api/middleware/version_negotiation.py:57}}
Jan 27 21:02:50 devstack devstack@g-api.service[76112]: DEBUG glance.api.middleware.version_negotiation [None req-06ede461-55cb-49e9-8d9a-1a5b090f187c tempest-AttachSCSIVolumeTestJSON-402441465 tempest-AttachSCSIVolumeTestJSON-402441465-project-admin] Matched version: v2 {{(pid=76112) process_request /opt/stack/glance/glance/api/middleware/version_negotiation.py:69}}
Jan 27 21:02:50 devstack devstack@g-api.service[76112]: DEBUG glance.api.middleware.version_negotiation [None req-06ede461-55cb-49e9-8d9a-1a5b090f187c tempest-AttachSCSIVolumeTestJSON-402441465 tempest-AttachSCSIVolumeTestJSON-402441465-project-admin] new path /v2/images/9273d896-6189-49cb-a07c-8196c8a0956c {{(pid=76112) process_request /opt/stack/glance/glance/api/middleware/version_negotiation.py:70}}
Jan 27 21:02:50 devstack devstack@g-api.service[76112]: WARNING keystonemiddleware.auth_token [None req-06ede461-55cb-49e9-8d9a-1a5b090f187c tempest-AttachSCSIVolumeTestJSON-402441465 tempest-AttachSCSIVolumeTestJSON-402441465-project-admin] A valid token was submitted as a service token, but it was not a valid service token. This is incorrect but backwards compatible behaviour. This will be removed in future releases.
Jan 27 21:02:50 devstack devstack@g-api.service[76112]: [pid: 76112|app: 0|req: 9/18] 127.0.0.1 () {42 vars in 1055 bytes} [Tue Jan 27 21:02:50 2026] GET /v2/images/9273d896-6189-49cb-a07c-8196c8a0956c => generated 976 bytes in 117 msecs (HTTP/1.1 200) 4 headers in 157 bytes (1 switches on core 0)
Jan 27 21:02:50 devstack devstack@g-api.service[76111]: DEBUG glance.api.middleware.version_negotiation [None req-bc128622-03a3-405a-9048-b1255e3d6c6b tempest-AttachSCSIVolumeTestJSON-402441465 tempest-AttachSCSIVolumeTestJSON-402441465-project-admin] Determining version of request: GET /v2/schemas/image Accept: */* {{(pid=76111) process_request /opt/stack/glance/glance/api/middleware/version_negotiation.py:44}}
Jan 27 21:02:50 devstack devstack@g-api.service[76111]: DEBUG glance.api.middleware.version_negotiation [None req-bc128622-03a3-405a-9048-b1255e3d6c6b tempest-AttachSCSIVolumeTestJSON-402441465 tempest-AttachSCSIVolumeTestJSON-402441465-project-admin] Using url versioning {{(pid=76111) process_request /opt/stack/glance/glance/api/middleware/version_negotiation.py:57}}
Jan 27 21:02:50 devstack devstack@g-api.service[76111]: DEBUG glance.api.middleware.version_negotiation [None req-bc128622-03a3-405a-9048-b1255e3d6c6b tempest-AttachSCSIVolumeTestJSON-402441465 tempest-AttachSCSIVolumeTestJSON-402441465-project-admin] Matched version: v2 {{(pid=76111) process_request /opt/stack/glance/glance/api/middleware/version_negotiation.py:69}}
Jan 27 21:02:50 devstack devstack@g-api.service[76111]: DEBUG glance.api.middleware.version_negotiation [None req-bc128622-03a3-405a-9048-b1255e3d6c6b tempest-AttachSCSIVolumeTestJSON-402441465 tempest-AttachSCSIVolumeTestJSON-402441465-project-admin] new path /v2/schemas/image {{(pid=76111) process_request /opt/stack/glance/glance/api/middleware/version_negotiation.py:70}}
Jan 27 21:02:50 devstack devstack@g-api.service[76111]: WARNING keystonemiddleware.auth_token [None req-bc128622-03a3-405a-9048-b1255e3d6c6b tempest-AttachSCSIVolumeTestJSON-402441465 tempest-AttachSCSIVolumeTestJSON-402441465-project-admin] A valid token was submitted as a service token, but it was not a valid service token. This is incorrect but backwards compatible behaviour. This will be removed in future releases.
Jan 27 21:02:50 devstack devstack@g-api.service[76111]: [pid: 76111|app: 0|req: 10/19] 127.0.0.1 () {42 vars in 995 bytes} [Tue Jan 27 21:02:50 2026] GET /v2/schemas/image => generated 6083 bytes in 7 msecs (HTTP/1.1 200) 4 headers in 158 bytes (1 switches on core 0)
Jan 27 21:02:53 devstack devstack@g-api.service[76112]: DEBUG glance.api.middleware.version_negotiation [None req-4fc79bca-885f-4901-8c87-ad04bea15c5e tempest-VolumesAdminNegativeTest-568823048 tempest-VolumesAdminNegativeTest-568823048-project-member] Determining version of request: GET / Accept: application/json {{(pid=76112) process_request /opt/stack/glance/glance/api/middleware/version_negotiation.py:44}}
Jan 27 21:02:53 devstack devstack@g-api.service[76112]: DEBUG glance.api.middleware.version_negotiation [None req-4fc79bca-885f-4901-8c87-ad04bea15c5e tempest-VolumesAdminNegativeTest-568823048 tempest-VolumesAdminNegativeTest-568823048-project-member] Using url versioning {{(pid=76112) process_request /opt/stack/glance/glance/api/middleware/version_negotiation.py:57}}
Jan 27 21:02:53 devstack devstack@g-api.service[76112]: DEBUG glance.api.middleware.version_negotiation [None req-4fc79bca-885f-4901-8c87-ad04bea15c5e tempest-VolumesAdminNegativeTest-568823048 tempest-VolumesAdminNegativeTest-568823048-project-member] Unknown version. Returning version choices. {{(pid=76112) process_request /opt/stack/glance/glance/api/middleware/version_negotiation.py:64}}
Jan 27 21:02:53 devstack devstack@g-api.service[76112]: [pid: 76112|app: 0|req: 10/20] 127.0.0.1 () {34 vars in 500 bytes} [Tue Jan 27 21:02:53 2026] GET / => generated 1446 bytes in 3 msecs (HTTP/1.1 300) 3 headers in 106 bytes (1 switches on core 0)
Jan 27 21:02:53 devstack devstack@g-api.service[76111]: DEBUG glance.api.middleware.version_negotiation [None req-4fc79bca-885f-4901-8c87-ad04bea15c5e tempest-VolumesAdminNegativeTest-568823048 tempest-VolumesAdminNegativeTest-568823048-project-member] Determining version of request: GET /v2/images/8f2414f6-7929-4cc5-bf41-2cc2ee9759ab Accept: */* {{(pid=76111) process_request /opt/stack/glance/glance/api/middleware/version_negotiation.py:44}}
Jan 27 21:02:53 devstack devstack@g-api.service[76111]: DEBUG glance.api.middleware.version_negotiation [None req-4fc79bca-885f-4901-8c87-ad04bea15c5e tempest-VolumesAdminNegativeTest-568823048 tempest-VolumesAdminNegativeTest-568823048-project-member] Using url versioning {{(pid=76111) process_request /opt/stack/glance/glance/api/middleware/version_negotiation.py:57}}
Jan 27 21:02:53 devstack devstack@g-api.service[76111]: DEBUG glance.api.middleware.version_negotiation [None req-4fc79bca-885f-4901-8c87-ad04bea15c5e tempest-VolumesAdminNegativeTest-568823048 tempest-VolumesAdminNegativeTest-568823048-project-member] Matched version: v2 {{(pid=76111) process_request /opt/stack/glance/glance/api/middleware/version_negotiation.py:69}}
Jan 27 21:02:53 devstack devstack@g-api.service[76111]: DEBUG glance.api.middleware.version_negotiation [None req-4fc79bca-885f-4901-8c87-ad04bea15c5e tempest-VolumesAdminNegativeTest-568823048 tempest-VolumesAdminNegativeTest-568823048-project-member] new path /v2/images/8f2414f6-7929-4cc5-bf41-2cc2ee9759ab {{(pid=76111) process_request /opt/stack/glance/glance/api/middleware/version_negotiation.py:70}}
Jan 27 21:02:54 devstack devstack@g-api.service[76111]: [pid: 76111|app: 0|req: 11/21] 127.0.0.1 () {42 vars in 1055 bytes} [Tue Jan 27 21:02:53 2026] GET /v2/images/8f2414f6-7929-4cc5-bf41-2cc2ee9759ab => generated 859 bytes in 163 msecs (HTTP/1.1 200) 4 headers in 157 bytes (1 switches on core 0)
Jan 27 21:02:54 devstack devstack@g-api.service[76112]: DEBUG glance.api.middleware.version_negotiation [None req-4fc79bca-885f-4901-8c87-ad04bea15c5e tempest-VolumesAdminNegativeTest-568823048 tempest-VolumesAdminNegativeTest-568823048-project-member] Determining version of request: GET /v2/schemas/image Accept: */* {{(pid=76112) process_request /opt/stack/glance/glance/api/middleware/version_negotiation.py:44}}
