Aug 31 14:00:15 devstack cinder-volume[86033]: DEBUG cinder.volume.manager [None req-60b9df33-c19b-4a5c-8cfa-06146784a1f5 tempest-GroupSnapshotsTest-1347529806 None] Task 'cinder.volume.flows.manager.create_volume.OnFailureRescheduleTask;volume:create' (91494b07-0c70-4614-864a-d648e30a71dc) transitioned into state 'RUNNING' from state 'PENDING' {{(pid=86033) _task_receiver /opt/stack/data/venv/lib/python3.12/site-packages/taskflow/listeners/logging.py:242}}
Aug 31 14:00:15 devstack cinder-volume[86033]: DEBUG cinder.volume.manager [None req-60b9df33-c19b-4a5c-8cfa-06146784a1f5 tempest-GroupSnapshotsTest-1347529806 None] Task 'cinder.volume.flows.manager.create_volume.OnFailureRescheduleTask;volume:create' (91494b07-0c70-4614-864a-d648e30a71dc) transitioned into state 'SUCCESS' from state 'RUNNING' with result 'None' {{(pid=86033) _task_receiver /opt/stack/data/venv/lib/python3.12/site-packages/taskflow/listeners/logging.py:218}}
Aug 31 14:00:15 devstack cinder-volume[86033]: DEBUG cinder.volume.manager [None req-60b9df33-c19b-4a5c-8cfa-06146784a1f5 tempest-GroupSnapshotsTest-1347529806 None] Task 'cinder.volume.flows.manager.create_volume.ExtractVolumeSpecTask;volume:create' (0ff99145-4f56-4252-9c3d-7f5c766a75a5) transitioned into state 'RUNNING' from state 'PENDING' {{(pid=86033) _task_receiver /opt/stack/data/venv/lib/python3.12/site-packages/taskflow/listeners/logging.py:242}}
Aug 31 14:00:15 devstack cinder-volume[86033]: DEBUG cinder.volume.manager [None req-60b9df33-c19b-4a5c-8cfa-06146784a1f5 tempest-GroupSnapshotsTest-1347529806 None] Task 'cinder.volume.flows.manager.create_volume.ExtractVolumeSpecTask;volume:create' (0ff99145-4f56-4252-9c3d-7f5c766a75a5) transitioned into state 'SUCCESS' from state 'RUNNING' with result '{'status': 'creating', 'type': 'raw', 'volume_id': 'f45a8770-8b47-41b3-bad5-8a8340e5c0ba', 'volume_name': 'volume-f45a8770-8b47-41b3-bad5-8a8340e5c0ba', 'volume_size': 1}' {{(pid=86033) _task_receiver /opt/stack/data/venv/lib/python3.12/site-packages/taskflow/listeners/logging.py:218}}
Aug 31 14:00:15 devstack cinder-volume[86033]: DEBUG cinder.volume.manager [None req-60b9df33-c19b-4a5c-8cfa-06146784a1f5 tempest-GroupSnapshotsTest-1347529806 None] Task 'cinder.volume.flows.manager.create_volume.NotifyVolumeActionTask;volume:create, create.start' (9aafcac9-3c3d-4b51-a690-3cc85bb28af7) transitioned into state 'RUNNING' from state 'PENDING' {{(pid=86033) _task_receiver /opt/stack/data/venv/lib/python3.12/site-packages/taskflow/listeners/logging.py:242}}
Aug 31 14:00:15 devstack cinder-volume[86033]: DEBUG cinder.volume.manager [None req-60b9df33-c19b-4a5c-8cfa-06146784a1f5 tempest-GroupSnapshotsTest-1347529806 None] Task 'cinder.volume.flows.manager.create_volume.NotifyVolumeActionTask;volume:create, create.start' (9aafcac9-3c3d-4b51-a690-3cc85bb28af7) transitioned into state 'SUCCESS' from state 'RUNNING' with result 'None' {{(pid=86033) _task_receiver /opt/stack/data/venv/lib/python3.12/site-packages/taskflow/listeners/logging.py:218}}
Aug 31 14:00:15 devstack cinder-volume[86033]: DEBUG cinder.volume.manager [None req-60b9df33-c19b-4a5c-8cfa-06146784a1f5 tempest-GroupSnapshotsTest-1347529806 None] Task 'cinder.volume.flows.manager.create_volume.CreateVolumeFromSpecTask;volume:create' (51ab5c05-c45f-4de6-b5a3-f5f8742e5046) transitioned into state 'RUNNING' from state 'PENDING' {{(pid=86033) _task_receiver /opt/stack/data/venv/lib/python3.12/site-packages/taskflow/listeners/logging.py:242}}
Aug 31 14:00:15 devstack cinder-volume[86033]: INFO cinder.volume.flows.manager.create_volume [None req-60b9df33-c19b-4a5c-8cfa-06146784a1f5 tempest-GroupSnapshotsTest-1347529806 None] Volume f45a8770-8b47-41b3-bad5-8a8340e5c0ba: being created as raw with specification: {'status': 'creating', 'volume_name': 'volume-f45a8770-8b47-41b3-bad5-8a8340e5c0ba', 'volume_size': 1}
Aug 31 14:00:15 devstack cinder-volume[86033]: DEBUG oslo_concurrency.lockutils [None req-60b9df33-c19b-4a5c-8cfa-06146784a1f5 tempest-GroupSnapshotsTest-1347529806 None] Acquiring lock "quobyte" by "cinder.volume.drivers.quobyte.QuobyteDriver.create_volume" {{(pid=86033) inner /opt/stack/data/venv/lib/python3.12/site-packages/oslo_concurrency/lockutils.py:512}}
Aug 31 14:00:15 devstack cinder-volume[86033]: DEBUG oslo_concurrency.lockutils [None req-60b9df33-c19b-4a5c-8cfa-06146784a1f5 tempest-GroupSnapshotsTest-1347529806 None] Lock "quobyte" acquired by "cinder.volume.drivers.quobyte.QuobyteDriver.create_volume" :: waited 0.001s {{(pid=86033) inner /opt/stack/data/venv/lib/python3.12/site-packages/oslo_concurrency/lockutils.py:525}}
Aug 31 14:00:15 devstack cinder-volume[86033]: DEBUG cinder.volume.drivers.quobyte [None req-60b9df33-c19b-4a5c-8cfa-06146784a1f5 tempest-GroupSnapshotsTest-1347529806 None] ==> create_volume: call "{'self': , 'volume': Volume(_name_id=None,admin_metadata=,attach_status='detached',availability_zone='nova',bootable=False,cluster=,cluster_name=None,consistencygroup=,consistencygroup_id=b601975f-4632-4b75-8f9a-fb1b826ff1b3,created_at=2026-08-31T12:00:15Z,deleted=False,deleted_at=None,display_description=None,display_name='tempest-volume-1745718586',ec2_id=None,encryption_key_id=None,glance_metadata=,group=,group_id=b601975f-4632-4b75-8f9a-fb1b826ff1b3,host='devstack@QuobyteHD#QuobyteHD',id=f45a8770-8b47-41b3-bad5-8a8340e5c0ba,launched_at=None,metadata={},migration_status=None,multiattach=False,previous_status=None,project_id='2b392e0525da47a0a3c021c3189c122e',provider_auth=None,provider_geometry=None,provider_id=None,provider_location=None,replication_driver_data=None,replication_extended_status=None,replication_status=None,scheduled_at=2026-08-31T12:00:15Z,service_uuid=None,shared_targets=True,size=1,snapshot_id=None,snapshots=,source_volid=None,status='creating',terminated_at=None,updated_at=2026-08-31T12:00:15Z,use_quota=True,user_id='8796a2d20db64a319255bccf530387c3',volume_attachment=VolumeAttachmentList,volume_type=VolumeType(78f697e5-8245-41a7-bea5-31e610797aa3),volume_type_id=78f697e5-8245-41a7-bea5-31e610797aa3)}" {{(pid=86033) trace_logging_wrapper /opt/stack/cinder/cinder/volume/volume_utils.py:1497}}
Aug 31 14:00:15 devstack cinder-volume[86033]: DEBUG cinder.volume.drivers.remotefs [None req-60b9df33-c19b-4a5c-8cfa-06146784a1f5 tempest-GroupSnapshotsTest-1347529806 None] Creating volume f45a8770-8b47-41b3-bad5-8a8340e5c0ba {{(pid=86033) create_volume /opt/stack/cinder/cinder/volume/drivers/remotefs.py:292}}
Aug 31 14:00:15 devstack cinder-volume[86033]: DEBUG oslo_concurrency.lockutils [None req-60b9df33-c19b-4a5c-8cfa-06146784a1f5 tempest-GroupSnapshotsTest-1347529806 None] Acquiring lock "quobyte_ensure" by "cinder.volume.drivers.quobyte.QuobyteDriver._ensure_shares_mounted" {{(pid=86033) inner /opt/stack/data/venv/lib/python3.12/site-packages/oslo_concurrency/lockutils.py:512}}
Aug 31 14:00:15 devstack cinder-volume[86033]: DEBUG oslo_concurrency.lockutils [None req-60b9df33-c19b-4a5c-8cfa-06146784a1f5 tempest-GroupSnapshotsTest-1347529806 None] Lock "quobyte_ensure" acquired by "cinder.volume.drivers.quobyte.QuobyteDriver._ensure_shares_mounted" :: waited 0.000s {{(pid=86033) inner /opt/stack/data/venv/lib/python3.12/site-packages/oslo_concurrency/lockutils.py:525}}
Aug 31 14:00:15 devstack cinder-volume[86033]: DEBUG cinder.volume.drivers.quobyte [None req-60b9df33-c19b-4a5c-8cfa-06146784a1f5 tempest-GroupSnapshotsTest-1347529806 None] Quobyte Volume URL set to: {'osci02.corp.quobyte.com/cinder-vol-24ab25d3-bd03-443e-ae90-be6789d9c7a7': None} {{(pid=86033) _load_shares_config /opt/stack/cinder/cinder/volume/drivers/quobyte.py:662}}
Aug 31 14:00:15 devstack cinder-volume[86033]: DEBUG cinder.volume.drivers.quobyte [None req-60b9df33-c19b-4a5c-8cfa-06146784a1f5 tempest-GroupSnapshotsTest-1347529806 None] Available shares ['osci02.corp.quobyte.com/cinder-vol-24ab25d3-bd03-443e-ae90-be6789d9c7a7'] {{(pid=86033) _ensure_shares_mounted /opt/stack/cinder/cinder/volume/drivers/quobyte.py:692}}
Aug 31 14:00:15 devstack cinder-volume[86033]: DEBUG oslo_concurrency.lockutils [None req-60b9df33-c19b-4a5c-8cfa-06146784a1f5 tempest-GroupSnapshotsTest-1347529806 None] Lock "quobyte_ensure" "released" by "cinder.volume.drivers.quobyte.QuobyteDriver._ensure_shares_mounted" :: held 0.015s {{(pid=86033) inner /opt/stack/data/venv/lib/python3.12/site-packages/oslo_concurrency/lockutils.py:544}}
Aug 31 14:00:15 devstack cinder-volume[86033]: DEBUG cinder.volume.drivers.quobyte [None req-60b9df33-c19b-4a5c-8cfa-06146784a1f5 tempest-GroupSnapshotsTest-1347529806 None] Selected osci02.corp.quobyte.com/cinder-vol-24ab25d3-bd03-443e-ae90-be6789d9c7a7 as target Quobyte volume. {{(pid=86033) _find_share /opt/stack/cinder/cinder/volume/drivers/quobyte.py:713}}
Aug 31 14:00:15 devstack cinder-volume[86033]: INFO cinder.volume.drivers.remotefs [None req-60b9df33-c19b-4a5c-8cfa-06146784a1f5 tempest-GroupSnapshotsTest-1347529806 None] casted to osci02.corp.quobyte.com/cinder-vol-24ab25d3-bd03-443e-ae90-be6789d9c7a7
Aug 31 14:00:15 devstack cinder-volume[86033]: DEBUG oslo_concurrency.processutils [None req-60b9df33-c19b-4a5c-8cfa-06146784a1f5 tempest-GroupSnapshotsTest-1347529806 None] Running cmd (subprocess): sudo cinder-rootwrap /etc/cinder/rootwrap.conf qemu-img create -f qcow2 -o preallocation=metadata /opt/stack/data/cinder/mnt/a5a55479c283a285771fd2ff6a669068/volume-f45a8770-8b47-41b3-bad5-8a8340e5c0ba 1073741824 {{(pid=86033) execute /opt/stack/data/venv/lib/python3.12/site-packages/oslo_concurrency/processutils.py:440}}
Aug 31 14:00:15 devstack sudo[89470]: quobyte : PWD=/ ; USER=root ; COMMAND=/opt/stack/data/venv/bin/cinder-rootwrap /etc/cinder/rootwrap.conf qemu-img create -f qcow2 -o preallocation=metadata /opt/stack/data/cinder/mnt/a5a55479c283a285771fd2ff6a669068/volume-f45a8770-8b47-41b3-bad5-8a8340e5c0ba 1073741824
Aug 31 14:00:15 devstack sudo[89470]: pam_unix(sudo:session): session opened for user root(uid=0) by (uid=1000)
Aug 31 14:00:16 devstack sudo[89470]: pam_unix(sudo:session): session closed for user root
Aug 31 14:00:16 devstack cinder-volume[86033]: DEBUG oslo_concurrency.processutils [None req-60b9df33-c19b-4a5c-8cfa-06146784a1f5 tempest-GroupSnapshotsTest-1347529806 None] CMD "sudo cinder-rootwrap /etc/cinder/rootwrap.conf qemu-img create -f qcow2 -o preallocation=metadata /opt/stack/data/cinder/mnt/a5a55479c283a285771fd2ff6a669068/volume-f45a8770-8b47-41b3-bad5-8a8340e5c0ba 1073741824" returned: 0 in 0.953s {{(pid=86033) execute /opt/stack/data/venv/lib/python3.12/site-packages/oslo_concurrency/processutils.py:468}}
Aug 31 14:00:16 devstack cinder-volume[86033]: DEBUG oslo_concurrency.processutils [None req-60b9df33-c19b-4a5c-8cfa-06146784a1f5 tempest-GroupSnapshotsTest-1347529806 None] Running cmd (subprocess): sudo cinder-rootwrap /etc/cinder/rootwrap.conf chmod ugo+rw /opt/stack/data/cinder/mnt/a5a55479c283a285771fd2ff6a669068/volume-f45a8770-8b47-41b3-bad5-8a8340e5c0ba {{(pid=86033) execute /opt/stack/data/venv/lib/python3.12/site-packages/oslo_concurrency/processutils.py:440}}
Aug 31 14:00:16 devstack sudo[89586]: quobyte : PWD=/ ; USER=root ; COMMAND=/opt/stack/data/venv/bin/cinder-rootwrap /etc/cinder/rootwrap.conf chmod ugo+rw /opt/stack/data/cinder/mnt/a5a55479c283a285771fd2ff6a669068/volume-f45a8770-8b47-41b3-bad5-8a8340e5c0ba
Aug 31 14:00:16 devstack sudo[89586]: pam_unix(sudo:session): session opened for user root(uid=0) by (uid=1000)
Aug 31 14:00:17 devstack cinder-volume[86033]: DEBUG oslo_concurrency.processutils [None req-60b9df33-c19b-4a5c-8cfa-06146784a1f5 tempest-GroupSnapshotsTest-1347529806 None] CMD "sudo cinder-rootwrap /etc/cinder/rootwrap.conf chmod ugo+rw /opt/stack/data/cinder/mnt/a5a55479c283a285771fd2ff6a669068/volume-f45a8770-8b47-41b3-bad5-8a8340e5c0ba" returned: 0 in 0.362s {{(pid=86033) execute /opt/stack/data/venv/lib/python3.12/site-packages/oslo_concurrency/processutils.py:468}}
Aug 31 14:00:17 devstack cinder-volume[86033]: DEBUG cinder.volume.drivers.quobyte [None req-60b9df33-c19b-4a5c-8cfa-06146784a1f5 tempest-GroupSnapshotsTest-1347529806 None] <== create_volume: return (1433ms) {'provider_location': 'osci02.corp.quobyte.com/cinder-vol-24ab25d3-bd03-443e-ae90-be6789d9c7a7'} {{(pid=86033) trace_logging_wrapper /opt/stack/cinder/cinder/volume/volume_utils.py:1522}}
Aug 31 14:00:17 devstack cinder-volume[86033]: DEBUG oslo_concurrency.lockutils [None req-60b9df33-c19b-4a5c-8cfa-06146784a1f5 tempest-GroupSnapshotsTest-1347529806 None] Lock "quobyte" "released" by "cinder.volume.drivers.quobyte.QuobyteDriver.create_volume" :: held 1.440s {{(pid=86033) inner /opt/stack/data/venv/lib/python3.12/site-packages/oslo_concurrency/lockutils.py:544}}
Aug 31 14:00:17 devstack sudo[89586]: pam_unix(sudo:session): session closed for user root
Aug 31 14:00:17 devstack cinder-volume[86033]: DEBUG cinder.volume.manager [None req-60b9df33-c19b-4a5c-8cfa-06146784a1f5 tempest-GroupSnapshotsTest-1347529806 None] Task 'cinder.volume.flows.manager.create_volume.CreateVolumeFromSpecTask;volume:create' (51ab5c05-c45f-4de6-b5a3-f5f8742e5046) transitioned into state 'SUCCESS' from state 'RUNNING' with result '{'status': 'creating', 'volume_name': 'volume-f45a8770-8b47-41b3-bad5-8a8340e5c0ba', 'volume_size': 1}' {{(pid=86033) _task_receiver /opt/stack/data/venv/lib/python3.12/site-packages/taskflow/listeners/logging.py:218}}
Aug 31 14:00:17 devstack cinder-volume[86033]: DEBUG cinder.volume.manager [None req-60b9df33-c19b-4a5c-8cfa-06146784a1f5 tempest-GroupSnapshotsTest-1347529806 None] Task 'cinder.volume.flows.manager.create_volume.CreateVolumeOnFinishTask;volume:create, create.end' (93090da2-19ea-498a-9f68-89a7beda452c) transitioned into state 'RUNNING' from state 'PENDING' {{(pid=86033) _task_receiver /opt/stack/data/venv/lib/python3.12/site-packages/taskflow/listeners/logging.py:242}}
Aug 31 14:00:17 devstack cinder-volume[86033]: INFO cinder.volume.flows.manager.create_volume [None req-60b9df33-c19b-4a5c-8cfa-06146784a1f5 tempest-GroupSnapshotsTest-1347529806 None] Volume volume-f45a8770-8b47-41b3-bad5-8a8340e5c0ba (f45a8770-8b47-41b3-bad5-8a8340e5c0ba): created successfully
Aug 31 14:00:17 devstack cinder-volume[86033]: DEBUG cinder.volume.manager [None req-60b9df33-c19b-4a5c-8cfa-06146784a1f5 tempest-GroupSnapshotsTest-1347529806 None] Task 'cinder.volume.flows.manager.create_volume.CreateVolumeOnFinishTask;volume:create, create.end' (93090da2-19ea-498a-9f68-89a7beda452c) transitioned into state 'SUCCESS' from state 'RUNNING' with result 'None' {{(pid=86033) _task_receiver /opt/stack/data/venv/lib/python3.12/site-packages/taskflow/listeners/logging.py:218}}
Aug 31 14:00:17 devstack cinder-volume[86033]: DEBUG cinder.volume.manager [None req-60b9df33-c19b-4a5c-8cfa-06146784a1f5 tempest-GroupSnapshotsTest-1347529806 None] Flow 'volume_create_manager' (a73bdf56-59f9-45e9-b9fc-d0e174afddb9) transitioned into state 'SUCCESS' from state 'RUNNING' {{(pid=86033) _flow_receiver /opt/stack/data/venv/lib/python3.12/site-packages/taskflow/listeners/logging.py:160}}
Aug 31 14:00:17 devstack cinder-volume[86033]: INFO cinder.volume.manager [None req-60b9df33-c19b-4a5c-8cfa-06146784a1f5 tempest-GroupSnapshotsTest-1347529806 None] Created volume successfully.
Aug 31 14:00:19 devstack cinder-volume[86033]: INFO cinder.volume.manager [None req-25a3a277-a65c-404d-b98e-b2056414733f tempest-GroupSnapshotsTest-1347529806 None] GroupSnapshot a3588ffb-8c12-40a1-b110-ac99ba2feb4c: creating.
Aug 31 14:00:19 devstack cinder-volume[86033]: DEBUG cinder.volume.manager [None req-25a3a277-a65c-404d-b98e-b2056414733f tempest-GroupSnapshotsTest-1347529806 None] Group snapshot a3588ffb-8c12-40a1-b110-ac99ba2feb4c: creating. {{(pid=86033) create_group_snapshot /opt/stack/cinder/cinder/volume/manager.py:4175}}
Aug 31 14:00:19 devstack cinder-volume[86033]: DEBUG oslo_concurrency.lockutils [None req-25a3a277-a65c-404d-b98e-b2056414733f tempest-GroupSnapshotsTest-1347529806 None] Acquiring lock "quobyte" by "cinder.volume.drivers.quobyte.QuobyteDriver.create_snapshot" {{(pid=86033) inner /opt/stack/data/venv/lib/python3.12/site-packages/oslo_concurrency/lockutils.py:512}}
Aug 31 14:00:19 devstack cinder-volume[86033]: DEBUG oslo_concurrency.lockutils [None req-25a3a277-a65c-404d-b98e-b2056414733f tempest-GroupSnapshotsTest-1347529806 None] Lock "quobyte" acquired by "cinder.volume.drivers.quobyte.QuobyteDriver.create_snapshot" :: waited 0.005s {{(pid=86033) inner /opt/stack/data/venv/lib/python3.12/site-packages/oslo_concurrency/lockutils.py:525}}
Aug 31 14:00:19 devstack cinder-volume[86033]: DEBUG cinder.volume.drivers.remotefs [None req-25a3a277-a65c-404d-b98e-b2056414733f tempest-GroupSnapshotsTest-1347529806 None] Creating offline snapshot c714997b-f841-462e-8b10-f13fb0536d3e of volume f45a8770-8b47-41b3-bad5-8a8340e5c0ba {{(pid=86033) _create_snapshot /opt/stack/cinder/cinder/volume/drivers/remotefs.py:1816}}
Aug 31 14:00:19 devstack cinder-volume[86033]: DEBUG oslo.privsep.daemon [-] privsep: reply[fb385a2e-4e5e-49ce-b826-52235f1b1de3]: (4, 'qcow2') {{(pid=87605) _call_back /opt/stack/data/venv/lib/python3.12/site-packages/oslo_privsep/daemon.py:580}}
Aug 31 14:00:19 devstack cinder-volume[86033]: DEBUG oslo_concurrency.processutils [None req-25a3a277-a65c-404d-b98e-b2056414733f tempest-GroupSnapshotsTest-1347529806 None] Running cmd (subprocess): /opt/stack/data/venv/bin/python3.12 -m oslo_concurrency.prlimit --as=1073741824 --cpu=60 -- sudo cinder-rootwrap /etc/cinder/rootwrap.conf env LC_ALL=C qemu-img info -f qcow2 --output=json --force-share /opt/stack/data/cinder/mnt/a5a55479c283a285771fd2ff6a669068/volume-f45a8770-8b47-41b3-bad5-8a8340e5c0ba {{(pid=86033) execute /opt/stack/data/venv/lib/python3.12/site-packages/oslo_concurrency/processutils.py:440}}
Aug 31 14:00:19 devstack sudo[89963]: quobyte : PWD=/ ; USER=root ; COMMAND=/opt/stack/data/venv/bin/cinder-rootwrap /etc/cinder/rootwrap.conf env LC_ALL=C qemu-img info -f qcow2 --output=json --force-share /opt/stack/data/cinder/mnt/a5a55479c283a285771fd2ff6a669068/volume-f45a8770-8b47-41b3-bad5-8a8340e5c0ba
Aug 31 14:00:19 devstack sudo[89963]: pam_unix(sudo:session): session opened for user root(uid=0) by (uid=1000)
Aug 31 14:00:20 devstack sudo[89963]: pam_unix(sudo:session): session closed for user root
Aug 31 14:00:20 devstack cinder-volume[86033]: DEBUG oslo_concurrency.processutils [None req-25a3a277-a65c-404d-b98e-b2056414733f tempest-GroupSnapshotsTest-1347529806 None] CMD "/opt/stack/data/venv/bin/python3.12 -m oslo_concurrency.prlimit --as=1073741824 --cpu=60 -- sudo cinder-rootwrap /etc/cinder/rootwrap.conf env LC_ALL=C qemu-img info -f qcow2 --output=json --force-share /opt/stack/data/cinder/mnt/a5a55479c283a285771fd2ff6a669068/volume-f45a8770-8b47-41b3-bad5-8a8340e5c0ba" returned: 0 in 0.798s {{(pid=86033) execute /opt/stack/data/venv/lib/python3.12/site-packages/oslo_concurrency/processutils.py:468}}
Aug 31 14:00:20 devstack cinder-volume[86033]: DEBUG oslo_concurrency.processutils [None req-25a3a277-a65c-404d-b98e-b2056414733f tempest-GroupSnapshotsTest-1347529806 None] Running cmd (subprocess): sudo cinder-rootwrap /etc/cinder/rootwrap.conf qemu-img create -f qcow2 -o backing_file=/opt/stack/data/cinder/mnt/a5a55479c283a285771fd2ff6a669068/volume-f45a8770-8b47-41b3-bad5-8a8340e5c0ba,backing_fmt=qcow2 /opt/stack/data/cinder/mnt/a5a55479c283a285771fd2ff6a669068/volume-f45a8770-8b47-41b3-bad5-8a8340e5c0ba.c714997b-f841-462e-8b10-f13fb0536d3e 1G {{(pid=86033) execute /opt/stack/data/venv/lib/python3.12/site-packages/oslo_concurrency/processutils.py:440}}
Aug 31 14:00:20 devstack sudo[89989]: quobyte : PWD=/ ; USER=root ; COMMAND=/opt/stack/data/venv/bin/cinder-rootwrap /etc/cinder/rootwrap.conf qemu-img create -f qcow2 -o backing_file=/opt/stack/data/cinder/mnt/a5a55479c283a285771fd2ff6a669068/volume-f45a8770-8b47-41b3-bad5-8a8340e5c0ba,backing_fmt=qcow2 /opt/stack/data/cinder/mnt/a5a55479c283a285771fd2ff6a669068/volume-f45a8770-8b47-41b3-bad5-8a8340e5c0ba.c714997b-f841-462e-8b10-f13fb0536d3e 1G
Aug 31 14:00:20 devstack sudo[89989]: pam_unix(sudo:session): session opened for user root(uid=0) by (uid=1000)
Aug 31 14:00:21 devstack sudo[89989]: pam_unix(sudo:session): session closed for user root
Aug 31 14:00:21 devstack cinder-volume[86033]: DEBUG oslo_concurrency.processutils [None req-25a3a277-a65c-404d-b98e-b2056414733f tempest-GroupSnapshotsTest-1347529806 None] CMD "sudo cinder-rootwrap /etc/cinder/rootwrap.conf qemu-img create -f qcow2 -o backing_file=/opt/stack/data/cinder/mnt/a5a55479c283a285771fd2ff6a669068/volume-f45a8770-8b47-41b3-bad5-8a8340e5c0ba,backing_fmt=qcow2 /opt/stack/data/cinder/mnt/a5a55479c283a285771fd2ff6a669068/volume-f45a8770-8b47-41b3-bad5-8a8340e5c0ba.c714997b-f841-462e-8b10-f13fb0536d3e 1G" returned: 0 in 1.293s {{(pid=86033) execute /opt/stack/data/venv/lib/python3.12/site-packages/oslo_concurrency/processutils.py:468}}
Aug 31 14:00:21 devstack cinder-volume[86033]: DEBUG oslo_concurrency.processutils [None req-25a3a277-a65c-404d-b98e-b2056414733f tempest-GroupSnapshotsTest-1347529806 None] Running cmd (subprocess): sudo cinder-rootwrap /etc/cinder/rootwrap.conf qemu-img rebase -u -b volume-f45a8770-8b47-41b3-bad5-8a8340e5c0ba -F qcow2 /opt/stack/data/cinder/mnt/a5a55479c283a285771fd2ff6a669068/volume-f45a8770-8b47-41b3-bad5-8a8340e5c0ba.c714997b-f841-462e-8b10-f13fb0536d3e {{(pid=86033) execute /opt/stack/data/venv/lib/python3.12/site-packages/oslo_concurrency/processutils.py:440}}
Aug 31 14:00:21 devstack sudo[90031]: quobyte : PWD=/ ; USER=root ; COMMAND=/opt/stack/data/venv/bin/cinder-rootwrap /etc/cinder/rootwrap.conf qemu-img rebase -u -b volume-f45a8770-8b47-41b3-bad5-8a8340e5c0ba -F qcow2 /opt/stack/data/cinder/mnt/a5a55479c283a285771fd2ff6a669068/volume-f45a8770-8b47-41b3-bad5-8a8340e5c0ba.c714997b-f841-462e-8b10-f13fb0536d3e
Aug 31 14:00:21 devstack sudo[90031]: pam_unix(sudo:session): session opened for user root(uid=0) by (uid=1000)
Aug 31 14:00:22 devstack sudo[90031]: pam_unix(sudo:session): session closed for user root
Aug 31 14:00:22 devstack cinder-volume[86033]: DEBUG oslo_concurrency.processutils [None req-25a3a277-a65c-404d-b98e-b2056414733f tempest-GroupSnapshotsTest-1347529806 None] CMD "sudo cinder-rootwrap /etc/cinder/rootwrap.conf qemu-img rebase -u -b volume-f45a8770-8b47-41b3-bad5-8a8340e5c0ba -F qcow2 /opt/stack/data/cinder/mnt/a5a55479c283a285771fd2ff6a669068/volume-f45a8770-8b47-41b3-bad5-8a8340e5c0ba.c714997b-f841-462e-8b10-f13fb0536d3e" returned: 0 in 0.603s {{(pid=86033) execute /opt/stack/data/venv/lib/python3.12/site-packages/oslo_concurrency/processutils.py:468}}
Aug 31 14:00:22 devstack cinder-volume[86033]: WARNING cinder.volume.drivers.remotefs [None req-25a3a277-a65c-404d-b98e-b2056414733f tempest-GroupSnapshotsTest-1347529806 None] /opt/stack/data/cinder/mnt/a5a55479c283a285771fd2ff6a669068/volume-f45a8770-8b47-41b3-bad5-8a8340e5c0ba.c714997b-f841-462e-8b10-f13fb0536d3e is being set with open permissions: ugo+rw: NotImplementedError
Aug 31 14:00:22 devstack cinder-volume[86033]: DEBUG oslo_concurrency.processutils [None req-25a3a277-a65c-404d-b98e-b2056414733f tempest-GroupSnapshotsTest-1347529806 None] Running cmd (subprocess): sudo cinder-rootwrap /etc/cinder/rootwrap.conf chmod ugo+rw /opt/stack/data/cinder/mnt/a5a55479c283a285771fd2ff6a669068/volume-f45a8770-8b47-41b3-bad5-8a8340e5c0ba.c714997b-f841-462e-8b10-f13fb0536d3e {{(pid=86033) execute /opt/stack/data/venv/lib/python3.12/site-packages/oslo_concurrency/processutils.py:440}}
Aug 31 14:00:22 devstack sudo[90047]: quobyte : PWD=/ ; USER=root ; COMMAND=/opt/stack/data/venv/bin/cinder-rootwrap /etc/cinder/rootwrap.conf chmod ugo+rw /opt/stack/data/cinder/mnt/a5a55479c283a285771fd2ff6a669068/volume-f45a8770-8b47-41b3-bad5-8a8340e5c0ba.c714997b-f841-462e-8b10-f13fb0536d3e
Aug 31 14:00:22 devstack sudo[90047]: pam_unix(sudo:session): session opened for user root(uid=0) by (uid=1000)
Aug 31 14:00:22 devstack sudo[90047]: pam_unix(sudo:session): session closed for user root
Aug 31 14:00:22 devstack cinder-volume[86033]: DEBUG oslo_concurrency.processutils [None req-25a3a277-a65c-404d-b98e-b2056414733f tempest-GroupSnapshotsTest-1347529806 None] CMD "sudo cinder-rootwrap /etc/cinder/rootwrap.conf chmod ugo+rw /opt/stack/data/cinder/mnt/a5a55479c283a285771fd2ff6a669068/volume-f45a8770-8b47-41b3-bad5-8a8340e5c0ba.c714997b-f841-462e-8b10-f13fb0536d3e" returned: 0 in 0.355s {{(pid=86033) execute /opt/stack/data/venv/lib/python3.12/site-packages/oslo_concurrency/processutils.py:468}}
Aug 31 14:00:22 devstack cinder-volume[86033]: DEBUG oslo_concurrency.processutils [None req-25a3a277-a65c-404d-b98e-b2056414733f tempest-GroupSnapshotsTest-1347529806 None] Running cmd (subprocess): sudo cinder-rootwrap /etc/cinder/rootwrap.conf truncate -s0 /opt/stack/data/cinder/mnt/a5a55479c283a285771fd2ff6a669068/volume-f45a8770-8b47-41b3-bad5-8a8340e5c0ba.info {{(pid=86033) execute /opt/stack/data/venv/lib/python3.12/site-packages/oslo_concurrency/processutils.py:440}}
Aug 31 14:00:22 devstack sudo[90050]: quobyte : PWD=/ ; USER=root ; COMMAND=/opt/stack/data/venv/bin/cinder-rootwrap /etc/cinder/rootwrap.conf truncate -s0 /opt/stack/data/cinder/mnt/a5a55479c283a285771fd2ff6a669068/volume-f45a8770-8b47-41b3-bad5-8a8340e5c0ba.info
Aug 31 14:00:22 devstack sudo[90050]: pam_unix(sudo:session): session opened for user root(uid=0) by (uid=1000)
Aug 31 14:00:23 devstack sudo[90050]: pam_unix(sudo:session): session closed for user root
Aug 31 14:00:23 devstack cinder-volume[86033]: DEBUG oslo_concurrency.processutils [None req-25a3a277-a65c-404d-b98e-b2056414733f tempest-GroupSnapshotsTest-1347529806 None] CMD "sudo cinder-rootwrap /etc/cinder/rootwrap.conf truncate -s0 /opt/stack/data/cinder/mnt/a5a55479c283a285771fd2ff6a669068/volume-f45a8770-8b47-41b3-bad5-8a8340e5c0ba.info" returned: 0 in 0.402s {{(pid=86033) execute /opt/stack/data/venv/lib/python3.12/site-packages/oslo_concurrency/processutils.py:468}}
Aug 31 14:00:23 devstack cinder-volume[86033]: WARNING cinder.volume.drivers.remotefs [None req-25a3a277-a65c-404d-b98e-b2056414733f tempest-GroupSnapshotsTest-1347529806 None] /opt/stack/data/cinder/mnt/a5a55479c283a285771fd2ff6a669068/volume-f45a8770-8b47-41b3-bad5-8a8340e5c0ba.info is being set with open permissions: ugo+rw: NotImplementedError
Aug 31 14:00:23 devstack cinder-volume[86033]: DEBUG oslo_concurrency.processutils [None req-25a3a277-a65c-404d-b98e-b2056414733f tempest-GroupSnapshotsTest-1347529806 None] Running cmd (subprocess): sudo cinder-rootwrap /etc/cinder/rootwrap.conf chmod ugo+rw /opt/stack/data/cinder/mnt/a5a55479c283a285771fd2ff6a669068/volume-f45a8770-8b47-41b3-bad5-8a8340e5c0ba.info {{(pid=86033) execute /opt/stack/data/venv/lib/python3.12/site-packages/oslo_concurrency/processutils.py:440}}
Aug 31 14:00:23 devstack sudo[90055]: quobyte : PWD=/ ; USER=root ; COMMAND=/opt/stack/data/venv/bin/cinder-rootwrap /etc/cinder/rootwrap.conf chmod ugo+rw /opt/stack/data/cinder/mnt/a5a55479c283a285771fd2ff6a669068/volume-f45a8770-8b47-41b3-bad5-8a8340e5c0ba.info
Aug 31 14:00:23 devstack sudo[90055]: pam_unix(sudo:session): session opened for user root(uid=0) by (uid=1000)
Aug 31 14:00:23 devstack sudo[90055]: pam_unix(sudo:session): session closed for user root
Aug 31 14:00:23 devstack cinder-volume[86033]: DEBUG oslo_concurrency.processutils [None req-25a3a277-a65c-404d-b98e-b2056414733f tempest-GroupSnapshotsTest-1347529806 None] CMD "sudo cinder-rootwrap /etc/cinder/rootwrap.conf chmod ugo+rw /opt/stack/data/cinder/mnt/a5a55479c283a285771fd2ff6a669068/volume-f45a8770-8b47-41b3-bad5-8a8340e5c0ba.info" returned: 0 in 0.514s {{(pid=86033) execute /opt/stack/data/venv/lib/python3.12/site-packages/oslo_concurrency/processutils.py:468}}
Aug 31 14:00:23 devstack cinder-volume[86033]: DEBUG oslo_concurrency.lockutils [None req-25a3a277-a65c-404d-b98e-b2056414733f tempest-GroupSnapshotsTest-1347529806 None] Lock "quobyte" "released" by "cinder.volume.drivers.quobyte.QuobyteDriver.create_snapshot" :: held 4.217s {{(pid=86033) inner /opt/stack/data/venv/lib/python3.12/site-packages/oslo_concurrency/lockutils.py:544}}
Aug 31 14:00:23 devstack cinder-volume[86033]: INFO cinder.volume.manager [None req-25a3a277-a65c-404d-b98e-b2056414733f tempest-GroupSnapshotsTest-1347529806 None] group_snapshot a3588ffb-8c12-40a1-b110-ac99ba2feb4c: created successfully
Aug 31 14:00:23 devstack cinder-volume[86033]: DEBUG cinder.coordination [None req-7ac7cc21-32f0-46b4-a968-c83e3af94354 tempest-ServerRescueNegativeTestJSON-1225851446 None] Acquiring lock "cinder-325ff2ed-29e8-403f-9152-64f9588159a4-delete_volume" by "delete_volume" {{(pid=86033) __acquire /opt/stack/cinder/cinder/coordination.py:138}}
Aug 31 14:00:24 devstack cinder-volume[86033]: DEBUG cinder.coordination [None req-7ac7cc21-32f0-46b4-a968-c83e3af94354 tempest-ServerRescueNegativeTestJSON-1225851446 None] Lock "cinder-325ff2ed-29e8-403f-9152-64f9588159a4-delete_volume" acquired by "delete_volume" :: waited 0.058s {{(pid=86033) __acquire /opt/stack/cinder/cinder/coordination.py:141}}
Aug 31 14:00:24 devstack cinder-volume[86033]: DEBUG cinder.coordination [None req-7ac7cc21-32f0-46b4-a968-c83e3af94354 tempest-ServerRescueNegativeTestJSON-1225851446 None] Acquiring lock "cinder-quobyte-325ff2ed-29e8-403f-9152-64f9588159a4" by "delete_volume" {{(pid=86033) __acquire /opt/stack/cinder/cinder/coordination.py:138}}
Aug 31 14:00:24 devstack cinder-volume[86033]: DEBUG cinder.coordination [None req-7ac7cc21-32f0-46b4-a968-c83e3af94354 tempest-ServerRescueNegativeTestJSON-1225851446 None] Lock "cinder-quobyte-325ff2ed-29e8-403f-9152-64f9588159a4" acquired by "delete_volume" :: waited 0.043s {{(pid=86033) __acquire /opt/stack/cinder/cinder/coordination.py:141}}
Aug 31 14:00:24 devstack cinder-volume[86033]: DEBUG oslo.privsep.daemon [-] privsep: reply[100aa7e5-2466-4b00-9f7a-cb2c6fc57347]: (4, 'qcow2') {{(pid=87605) _call_back /opt/stack/data/venv/lib/python3.12/site-packages/oslo_privsep/daemon.py:580}}
Aug 31 14:00:24 devstack cinder-volume[86033]: DEBUG oslo_concurrency.processutils [None req-7ac7cc21-32f0-46b4-a968-c83e3af94354 tempest-ServerRescueNegativeTestJSON-1225851446 None] Running cmd (subprocess): /opt/stack/data/venv/bin/python3.12 -m oslo_concurrency.prlimit --as=1073741824 --cpu=60 -- sudo cinder-rootwrap /etc/cinder/rootwrap.conf env LC_ALL=C qemu-img info -f qcow2 --output=json --force-share /opt/stack/data/cinder/mnt/a5a55479c283a285771fd2ff6a669068/volume-325ff2ed-29e8-403f-9152-64f9588159a4 {{(pid=86033) execute /opt/stack/data/venv/lib/python3.12/site-packages/oslo_concurrency/processutils.py:440}}
Aug 31 14:00:24 devstack cinder-volume[86033]: INFO cinder.volume.manager [None req-137474ad-cdb3-4a77-8dc4-a5b7471d9779 tempest-GroupSnapshotsTest-1347529806 None] group_snapshot a3588ffb-8c12-40a1-b110-ac99ba2feb4c: deleting
Aug 31 14:00:24 devstack cinder-volume[86033]: DEBUG cinder.volume.manager [None req-137474ad-cdb3-4a77-8dc4-a5b7471d9779 tempest-GroupSnapshotsTest-1347529806 None] group_snapshot a3588ffb-8c12-40a1-b110-ac99ba2feb4c: deleting {{(pid=86033) delete_group_snapshot /opt/stack/cinder/cinder/volume/manager.py:4350}}
Aug 31 14:00:24 devstack cinder-volume[86033]: DEBUG cinder.coordination [None req-137474ad-cdb3-4a77-8dc4-a5b7471d9779 tempest-GroupSnapshotsTest-1347529806 None] Acquiring lock "cinder-quobyte-f45a8770-8b47-41b3-bad5-8a8340e5c0ba" by "delete_snapshot" {{(pid=86033) __acquire /opt/stack/cinder/cinder/coordination.py:138}}
Aug 31 14:00:24 devstack cinder-volume[86033]: DEBUG cinder.coordination [None req-137474ad-cdb3-4a77-8dc4-a5b7471d9779 tempest-GroupSnapshotsTest-1347529806 None] Lock "cinder-quobyte-f45a8770-8b47-41b3-bad5-8a8340e5c0ba" acquired by "delete_snapshot" :: waited 0.042s {{(pid=86033) __acquire /opt/stack/cinder/cinder/coordination.py:141}}
Aug 31 14:00:24 devstack cinder-volume[86033]: DEBUG cinder.coordination [None req-137474ad-cdb3-4a77-8dc4-a5b7471d9779 tempest-GroupSnapshotsTest-1347529806 None] Acquiring lock "cinder-quobyte-c714997b-f841-462e-8b10-f13fb0536d3e" by "_delete_snapshot" {{(pid=86033) __acquire /opt/stack/cinder/cinder/coordination.py:138}}
Aug 31 14:00:24 devstack cinder-volume[86033]: DEBUG cinder.coordination [None req-137474ad-cdb3-4a77-8dc4-a5b7471d9779 tempest-GroupSnapshotsTest-1347529806 None] Lock "cinder-quobyte-c714997b-f841-462e-8b10-f13fb0536d3e" acquired by "_delete_snapshot" :: waited 0.043s {{(pid=86033) __acquire /opt/stack/cinder/cinder/coordination.py:141}}
Aug 31 14:00:24 devstack cinder-volume[86033]: DEBUG cinder.volume.drivers.remotefs [None req-137474ad-cdb3-4a77-8dc4-a5b7471d9779 tempest-GroupSnapshotsTest-1347529806 None] Deleting offline snapshot c714997b-f841-462e-8b10-f13fb0536d3e of volume f45a8770-8b47-41b3-bad5-8a8340e5c0ba {{(pid=86033) _delete_snapshot /opt/stack/cinder/cinder/volume/drivers/remotefs.py:1288}}
Aug 31 14:00:24 devstack sudo[90066]: quobyte : PWD=/ ; USER=root ; COMMAND=/opt/stack/data/venv/bin/cinder-rootwrap /etc/cinder/rootwrap.conf env LC_ALL=C qemu-img info -f qcow2 --output=json --force-share /opt/stack/data/cinder/mnt/a5a55479c283a285771fd2ff6a669068/volume-325ff2ed-29e8-403f-9152-64f9588159a4
Aug 31 14:00:24 devstack sudo[90066]: pam_unix(sudo:session): session opened for user root(uid=0) by (uid=1000)
Aug 31 14:00:24 devstack cinder-volume[86033]: DEBUG cinder.volume.drivers.remotefs [None req-137474ad-cdb3-4a77-8dc4-a5b7471d9779 tempest-GroupSnapshotsTest-1347529806 None] snapshot_file for this snap is: volume-f45a8770-8b47-41b3-bad5-8a8340e5c0ba.c714997b-f841-462e-8b10-f13fb0536d3e {{(pid=86033) _delete_snapshot /opt/stack/cinder/cinder/volume/drivers/remotefs.py:1317}}
Aug 31 14:00:24 devstack cinder-volume[86033]: DEBUG oslo.privsep.daemon [-] privsep: reply[977da4ee-7fa3-40b7-af38-3acd7f7928f0]: (4, 'qcow2') {{(pid=87605) _call_back /opt/stack/data/venv/lib/python3.12/site-packages/oslo_privsep/daemon.py:580}}
Aug 31 14:00:24 devstack cinder-volume[86033]: DEBUG oslo_concurrency.processutils [None req-137474ad-cdb3-4a77-8dc4-a5b7471d9779 tempest-GroupSnapshotsTest-1347529806 None] Running cmd (subprocess): /opt/stack/data/venv/bin/python3.12 -m oslo_concurrency.prlimit --as=1073741824 --cpu=60 -- sudo cinder-rootwrap /etc/cinder/rootwrap.conf env LC_ALL=C qemu-img info -f qcow2 --output=json --force-share /opt/stack/data/cinder/mnt/a5a55479c283a285771fd2ff6a669068/volume-f45a8770-8b47-41b3-bad5-8a8340e5c0ba.c714997b-f841-462e-8b10-f13fb0536d3e {{(pid=86033) execute /opt/stack/data/venv/lib/python3.12/site-packages/oslo_concurrency/processutils.py:440}}
Aug 31 14:00:24 devstack sudo[90068]: quobyte : PWD=/ ; USER=root ; COMMAND=/opt/stack/data/venv/bin/cinder-rootwrap /etc/cinder/rootwrap.conf env LC_ALL=C qemu-img info -f qcow2 --output=json --force-share /opt/stack/data/cinder/mnt/a5a55479c283a285771fd2ff6a669068/volume-f45a8770-8b47-41b3-bad5-8a8340e5c0ba.c714997b-f841-462e-8b10-f13fb0536d3e
Aug 31 14:00:24 devstack sudo[90068]: pam_unix(sudo:session): session opened for user root(uid=0) by (uid=1000)
Aug 31 14:00:24 devstack sudo[90066]: pam_unix(sudo:session): session closed for user root
Aug 31 14:00:24 devstack cinder-volume[86033]: DEBUG oslo_concurrency.processutils [None req-7ac7cc21-32f0-46b4-a968-c83e3af94354 tempest-ServerRescueNegativeTestJSON-1225851446 None] CMD "/opt/stack/data/venv/bin/python3.12 -m oslo_concurrency.prlimit --as=1073741824 --cpu=60 -- sudo cinder-rootwrap /etc/cinder/rootwrap.conf env LC_ALL=C qemu-img info -f qcow2 --output=json --force-share /opt/stack/data/cinder/mnt/a5a55479c283a285771fd2ff6a669068/volume-325ff2ed-29e8-403f-9152-64f9588159a4" returned: 0 in 0.750s {{(pid=86033) execute /opt/stack/data/venv/lib/python3.12/site-packages/oslo_concurrency/processutils.py:468}}
Aug 31 14:00:25 devstack cinder-volume[86033]: DEBUG oslo_concurrency.processutils [None req-7ac7cc21-32f0-46b4-a968-c83e3af94354 tempest-ServerRescueNegativeTestJSON-1225851446 None] Running cmd (subprocess): sudo cinder-rootwrap /etc/cinder/rootwrap.conf rm -f /opt/stack/data/cinder/mnt/a5a55479c283a285771fd2ff6a669068/volume-325ff2ed-29e8-403f-9152-64f9588159a4 {{(pid=86033) execute /opt/stack/data/venv/lib/python3.12/site-packages/oslo_concurrency/processutils.py:440}}
Aug 31 14:00:25 devstack sudo[90073]: quobyte : PWD=/ ; USER=root ; COMMAND=/opt/stack/data/venv/bin/cinder-rootwrap /etc/cinder/rootwrap.conf rm -f /opt/stack/data/cinder/mnt/a5a55479c283a285771fd2ff6a669068/volume-325ff2ed-29e8-403f-9152-64f9588159a4
Aug 31 14:00:25 devstack sudo[90073]: pam_unix(sudo:session): session opened for user root(uid=0) by (uid=1000)
Aug 31 14:00:25 devstack sudo[90068]: pam_unix(sudo:session): session closed for user root
Aug 31 14:00:25 devstack cinder-volume[86033]: DEBUG oslo_concurrency.processutils [None req-137474ad-cdb3-4a77-8dc4-a5b7471d9779 tempest-GroupSnapshotsTest-1347529806 None] CMD "/opt/stack/data/venv/bin/python3.12 -m oslo_concurrency.prlimit --as=1073741824 --cpu=60 -- sudo cinder-rootwrap /etc/cinder/rootwrap.conf env LC_ALL=C qemu-img info -f qcow2 --output=json --force-share /opt/stack/data/cinder/mnt/a5a55479c283a285771fd2ff6a669068/volume-f45a8770-8b47-41b3-bad5-8a8340e5c0ba.c714997b-f841-462e-8b10-f13fb0536d3e" returned: 0 in 0.733s {{(pid=86033) execute /opt/stack/data/venv/lib/python3.12/site-packages/oslo_concurrency/processutils.py:468}}
Aug 31 14:00:25 devstack cinder-volume[86033]: DEBUG cinder.volume.drivers.remotefs [None req-137474ad-cdb3-4a77-8dc4-a5b7471d9779 tempest-GroupSnapshotsTest-1347529806 None] Fetching qemu-img info with special backing_file_template: (/opt/stack/data/cinder/mnt/[0-9a-f]+/)?(volume-f45a8770-8b47-41b3-bad5-8a8340e5c0ba(.(tmp-snap-)?[0-9a-f-]+)?|volume_from_snapshot_cache/(tmp-snap-)?[0-9a-f-]+(.(child-|parent-)[0-9a-f-]+)?)$ {{(pid=86033) _qemu_img_info_base /opt/stack/cinder/cinder/volume/drivers/remotefs.py:896}}
Aug 31 14:00:25 devstack cinder-volume[86033]: DEBUG oslo.privsep.daemon [-] privsep: reply[c048e538-b296-4323-95f9-86d9f533b854]: (4, 'qcow2') {{(pid=87605) _call_back /opt/stack/data/venv/lib/python3.12/site-packages/oslo_privsep/daemon.py:580}}
Aug 31 14:00:25 devstack cinder-volume[86033]: DEBUG oslo_concurrency.processutils [None req-137474ad-cdb3-4a77-8dc4-a5b7471d9779 tempest-GroupSnapshotsTest-1347529806 None] Running cmd (subprocess): /opt/stack/data/venv/bin/python3.12 -m oslo_concurrency.prlimit --as=1073741824 --cpu=60 -- sudo cinder-rootwrap /etc/cinder/rootwrap.conf env LC_ALL=C qemu-img info -f qcow2 --output=json --force-share /opt/stack/data/cinder/mnt/a5a55479c283a285771fd2ff6a669068/volume-f45a8770-8b47-41b3-bad5-8a8340e5c0ba {{(pid=86033) execute /opt/stack/data/venv/lib/python3.12/site-packages/oslo_concurrency/processutils.py:440}}
Aug 31 14:00:25 devstack sudo[90073]: pam_unix(sudo:session): session closed for user root
Aug 31 14:00:25 devstack cinder-volume[86033]: DEBUG oslo_concurrency.processutils [None req-7ac7cc21-32f0-46b4-a968-c83e3af94354 tempest-ServerRescueNegativeTestJSON-1225851446 None] CMD "sudo cinder-rootwrap /etc/cinder/rootwrap.conf rm -f /opt/stack/data/cinder/mnt/a5a55479c283a285771fd2ff6a669068/volume-325ff2ed-29e8-403f-9152-64f9588159a4" returned: 0 in 0.445s {{(pid=86033) execute /opt/stack/data/venv/lib/python3.12/site-packages/oslo_concurrency/processutils.py:468}}
Aug 31 14:00:25 devstack cinder-volume[86033]: DEBUG cinder.coordination [None req-7ac7cc21-32f0-46b4-a968-c83e3af94354 tempest-ServerRescueNegativeTestJSON-1225851446 None] Lock "cinder-quobyte-325ff2ed-29e8-403f-9152-64f9588159a4" released by "delete_volume" :: held 1.299s {{(pid=86033) __release /opt/stack/cinder/cinder/coordination.py:152}}
Aug 31 14:00:25 devstack cinder-volume[86033]: DEBUG cinder.quota [None req-7ac7cc21-32f0-46b4-a968-c83e3af94354 tempest-ServerRescueNegativeTestJSON-1225851446 None] Created reservations ['a47f99cc-f046-41b7-979a-1e8da4eb473b', '7b06cdd5-8aee-4b75-b70c-99e247cfea0d', '6fc539e5-d437-4446-991a-dd8b3665e94d', '94359f07-2252-42f8-9df9-ea3b5c2075d3'] {{(pid=86033) reserve /opt/stack/cinder/cinder/quota.py:752}}
Aug 31 14:00:25 devstack sudo[90079]: quobyte : PWD=/ ; USER=root ; COMMAND=/opt/stack/data/venv/bin/cinder-rootwrap /etc/cinder/rootwrap.conf env LC_ALL=C qemu-img info -f qcow2 --output=json --force-share /opt/stack/data/cinder/mnt/a5a55479c283a285771fd2ff6a669068/volume-f45a8770-8b47-41b3-bad5-8a8340e5c0ba
Aug 31 14:00:25 devstack sudo[90079]: pam_unix(sudo:session): session opened for user root(uid=0) by (uid=1000)
Aug 31 14:00:25 devstack cinder-volume[86033]: DEBUG oslo_concurrency.lockutils [None req-7ac7cc21-32f0-46b4-a968-c83e3af94354 tempest-ServerRescueNegativeTestJSON-1225851446 None] Acquiring lock "quobyte_ensure" by "cinder.volume.drivers.quobyte.QuobyteDriver._ensure_shares_mounted" {{(pid=86033) inner /opt/stack/data/venv/lib/python3.12/site-packages/oslo_concurrency/lockutils.py:512}}
Aug 31 14:00:25 devstack cinder-volume[86033]: DEBUG oslo_concurrency.lockutils [None req-7ac7cc21-32f0-46b4-a968-c83e3af94354 tempest-ServerRescueNegativeTestJSON-1225851446 None] Lock "quobyte_ensure" acquired by "cinder.volume.drivers.quobyte.QuobyteDriver._ensure_shares_mounted" :: waited 0.002s {{(pid=86033) inner /opt/stack/data/venv/lib/python3.12/site-packages/oslo_concurrency/lockutils.py:525}}
Aug 31 14:00:25 devstack cinder-volume[86033]: DEBUG cinder.volume.drivers.quobyte [None req-7ac7cc21-32f0-46b4-a968-c83e3af94354 tempest-ServerRescueNegativeTestJSON-1225851446 None] Quobyte Volume URL set to: {'osci02.corp.quobyte.com/cinder-vol-24ab25d3-bd03-443e-ae90-be6789d9c7a7': None} {{(pid=86033) _load_shares_config /opt/stack/cinder/cinder/volume/drivers/quobyte.py:662}}
Aug 31 14:00:25 devstack cinder-volume[86033]: DEBUG cinder.volume.drivers.quobyte [None req-7ac7cc21-32f0-46b4-a968-c83e3af94354 tempest-ServerRescueNegativeTestJSON-1225851446 None] Available shares ['osci02.corp.quobyte.com/cinder-vol-24ab25d3-bd03-443e-ae90-be6789d9c7a7'] {{(pid=86033) _ensure_shares_mounted /opt/stack/cinder/cinder/volume/drivers/quobyte.py:692}}
Aug 31 14:00:25 devstack cinder-volume[86033]: DEBUG oslo_concurrency.lockutils [None req-7ac7cc21-32f0-46b4-a968-c83e3af94354 tempest-ServerRescueNegativeTestJSON-1225851446 None] Lock "quobyte_ensure" "released" by "cinder.volume.drivers.quobyte.QuobyteDriver._ensure_shares_mounted" :: held 0.013s {{(pid=86033) inner /opt/stack/data/venv/lib/python3.12/site-packages/oslo_concurrency/lockutils.py:544}}
Aug 31 14:00:25 devstack cinder-volume[86033]: DEBUG oslo_concurrency.processutils [None req-7ac7cc21-32f0-46b4-a968-c83e3af94354 tempest-ServerRescueNegativeTestJSON-1225851446 None] Running cmd (subprocess): sudo cinder-rootwrap /etc/cinder/rootwrap.conf df --portability --block-size 1 /opt/stack/data/cinder/mnt/a5a55479c283a285771fd2ff6a669068 {{(pid=86033) execute /opt/stack/data/venv/lib/python3.12/site-packages/oslo_concurrency/processutils.py:440}}
Aug 31 14:00:25 devstack sudo[90081]: quobyte : PWD=/ ; USER=root ; COMMAND=/opt/stack/data/venv/bin/cinder-rootwrap /etc/cinder/rootwrap.conf df --portability --block-size 1 /opt/stack/data/cinder/mnt/a5a55479c283a285771fd2ff6a669068
Aug 31 14:00:25 devstack sudo[90081]: pam_unix(sudo:session): session opened for user root(uid=0) by (uid=1000)
Aug 31 14:00:26 devstack sudo[90081]: pam_unix(sudo:session): session closed for user root
Aug 31 14:00:26 devstack cinder-volume[86033]: DEBUG oslo_concurrency.processutils [None req-7ac7cc21-32f0-46b4-a968-c83e3af94354 tempest-ServerRescueNegativeTestJSON-1225851446 None] CMD "sudo cinder-rootwrap /etc/cinder/rootwrap.conf df --portability --block-size 1 /opt/stack/data/cinder/mnt/a5a55479c283a285771fd2ff6a669068" returned: 0 in 0.383s {{(pid=86033) execute /opt/stack/data/venv/lib/python3.12/site-packages/oslo_concurrency/processutils.py:468}}
Aug 31 14:00:26 devstack cinder-volume[86033]: DEBUG cinder.manager [None req-7ac7cc21-32f0-46b4-a968-c83e3af94354 tempest-ServerRescueNegativeTestJSON-1225851446 None] Notifying Schedulers of capabilities ... {{(pid=86033) _publish_service_capabilities /opt/stack/cinder/cinder/manager.py:219}}
Aug 31 14:00:26 devstack cinder-volume[86033]: INFO cinder.volume.manager [None req-7ac7cc21-32f0-46b4-a968-c83e3af94354 tempest-ServerRescueNegativeTestJSON-1225851446 None] Deleted volume successfully.
Aug 31 14:00:26 devstack cinder-volume[86033]: DEBUG dbcounter [-] [86033] Writing DB stats cinder:SELECT=101,cinder:UPDATE=103,cinder:INSERT=21,cinder:DELETE=4 {{(pid=86033) stat_writer /opt/stack/data/venv/lib/python3.12/site-packages/dbcounter.py:115}}
Aug 31 14:00:26 devstack cinder-volume[86033]: DEBUG cinder.coordination [None req-7ac7cc21-32f0-46b4-a968-c83e3af94354 tempest-ServerRescueNegativeTestJSON-1225851446 None] Lock "cinder-325ff2ed-29e8-403f-9152-64f9588159a4-delete_volume" released by "delete_volume" :: held 2.082s {{(pid=86033) __release /opt/stack/cinder/cinder/coordination.py:152}}
Aug 31 14:00:26 devstack sudo[90079]: pam_unix(sudo:session): session closed for user root
Aug 31 14:00:26 devstack cinder-volume[86033]: DEBUG oslo_concurrency.processutils [None req-137474ad-cdb3-4a77-8dc4-a5b7471d9779 tempest-GroupSnapshotsTest-1347529806 None] CMD "/opt/stack/data/venv/bin/python3.12 -m oslo_concurrency.prlimit --as=1073741824 --cpu=60 -- sudo cinder-rootwrap /etc/cinder/rootwrap.conf env LC_ALL=C qemu-img info -f qcow2 --output=json --force-share /opt/stack/data/cinder/mnt/a5a55479c283a285771fd2ff6a669068/volume-f45a8770-8b47-41b3-bad5-8a8340e5c0ba" returned: 0 in 0.751s {{(pid=86033) execute /opt/stack/data/venv/lib/python3.12/site-packages/oslo_concurrency/processutils.py:468}}
Aug 31 14:00:26 devstack cinder-volume[86033]: DEBUG oslo_concurrency.processutils [None req-137474ad-cdb3-4a77-8dc4-a5b7471d9779 tempest-GroupSnapshotsTest-1347529806 None] Running cmd (subprocess): sudo cinder-rootwrap /etc/cinder/rootwrap.conf qemu-img commit -d /opt/stack/data/cinder/mnt/a5a55479c283a285771fd2ff6a669068/volume-f45a8770-8b47-41b3-bad5-8a8340e5c0ba.c714997b-f841-462e-8b10-f13fb0536d3e {{(pid=86033) execute /opt/stack/data/venv/lib/python3.12/site-packages/oslo_concurrency/processutils.py:440}}
Aug 31 14:00:26 devstack sudo[90089]: quobyte : PWD=/ ; USER=root ; COMMAND=/opt/stack/data/venv/bin/cinder-rootwrap /etc/cinder/rootwrap.conf qemu-img commit -d /opt/stack/data/cinder/mnt/a5a55479c283a285771fd2ff6a669068/volume-f45a8770-8b47-41b3-bad5-8a8340e5c0ba.c714997b-f841-462e-8b10-f13fb0536d3e
Aug 31 14:00:26 devstack sudo[90089]: pam_unix(sudo:session): session opened for user root(uid=0) by (uid=1000)
Aug 31 14:00:27 devstack sudo[90089]: pam_unix(sudo:session): session closed for user root
Aug 31 14:00:27 devstack cinder-volume[86033]: DEBUG oslo_concurrency.processutils [None req-137474ad-cdb3-4a77-8dc4-a5b7471d9779 tempest-GroupSnapshotsTest-1347529806 None] CMD "sudo cinder-rootwrap /etc/cinder/rootwrap.conf qemu-img commit -d /opt/stack/data/cinder/mnt/a5a55479c283a285771fd2ff6a669068/volume-f45a8770-8b47-41b3-bad5-8a8340e5c0ba.c714997b-f841-462e-8b10-f13fb0536d3e" returned: 0 in 0.859s {{(pid=86033) execute /opt/stack/data/venv/lib/python3.12/site-packages/oslo_concurrency/processutils.py:468}}
Aug 31 14:00:27 devstack cinder-volume[86033]: DEBUG oslo_concurrency.processutils [None req-137474ad-cdb3-4a77-8dc4-a5b7471d9779 tempest-GroupSnapshotsTest-1347529806 None] Running cmd (subprocess): sudo cinder-rootwrap /etc/cinder/rootwrap.conf rm -f /opt/stack/data/cinder/mnt/a5a55479c283a285771fd2ff6a669068/volume-f45a8770-8b47-41b3-bad5-8a8340e5c0ba.c714997b-f841-462e-8b10-f13fb0536d3e {{(pid=86033) execute /opt/stack/data/venv/lib/python3.12/site-packages/oslo_concurrency/processutils.py:440}}
Aug 31 14:00:27 devstack sudo[90103]: quobyte : PWD=/ ; USER=root ; COMMAND=/opt/stack/data/venv/bin/cinder-rootwrap /etc/cinder/rootwrap.conf rm -f /opt/stack/data/cinder/mnt/a5a55479c283a285771fd2ff6a669068/volume-f45a8770-8b47-41b3-bad5-8a8340e5c0ba.c714997b-f841-462e-8b10-f13fb0536d3e
Aug 31 14:00:27 devstack sudo[90103]: pam_unix(sudo:session): session opened for user root(uid=0) by (uid=1000)
Aug 31 14:00:27 devstack sudo[90103]: pam_unix(sudo:session): session closed for user root
Aug 31 14:00:27 devstack cinder-volume[86033]: DEBUG oslo_concurrency.processutils [None req-137474ad-cdb3-4a77-8dc4-a5b7471d9779 tempest-GroupSnapshotsTest-1347529806 None] CMD "sudo cinder-rootwrap /etc/cinder/rootwrap.conf rm -f /opt/stack/data/cinder/mnt/a5a55479c283a285771fd2ff6a669068/volume-f45a8770-8b47-41b3-bad5-8a8340e5c0ba.c714997b-f841-462e-8b10-f13fb0536d3e" returned: 0 in 0.566s {{(pid=86033) execute /opt/stack/data/venv/lib/python3.12/site-packages/oslo_concurrency/processutils.py:468}}
Aug 31 14:00:27 devstack cinder-volume[86033]: DEBUG cinder.coordination [None req-137474ad-cdb3-4a77-8dc4-a5b7471d9779 tempest-GroupSnapshotsTest-1347529806 None] Lock "cinder-quobyte-c714997b-f841-462e-8b10-f13fb0536d3e" released by "_delete_snapshot" :: held 3.150s {{(pid=86033) __release /opt/stack/cinder/cinder/coordination.py:152}}
Aug 31 14:00:27 devstack cinder-volume[86033]: DEBUG cinder.coordination [None req-137474ad-cdb3-4a77-8dc4-a5b7471d9779 tempest-GroupSnapshotsTest-1347529806 None] Lock "cinder-quobyte-f45a8770-8b47-41b3-bad5-8a8340e5c0ba" released by "delete_snapshot" :: held 3.214s {{(pid=86033) __release /opt/stack/cinder/cinder/coordination.py:152}}
Aug 31 14:00:27 devstack cinder-volume[86033]: DEBUG dbcounter [-] [86033] Writing DB stats cinder:UPDATE=104,cinder:SELECT=116,cinder:INSERT=26,cinder:DELETE=3 {{(pid=86033) stat_writer /opt/stack/data/venv/lib/python3.12/site-packages/dbcounter.py:115}}
Aug 31 14:00:27 devstack cinder-volume[86033]: WARNING cinder.quota [None req-137474ad-cdb3-4a77-8dc4-a5b7471d9779 tempest-GroupSnapshotsTest-1347529806 None] Deprecated: Default quota for resource: gigabytes_tempest-GroupSnapshotsTest-volume-type-1078055140 is set by the default quota flag: quota_gigabytes_tempest-GroupSnapshotsTest-volume-type-1078055140, it is now deprecated. Please use the default quota class for default quota.
