Aug 31 13:52:40 devstack devstack@g-api.service[75527]: DEBUG glance.api.middleware.version_negotiation [None req-d464d55e-9b7b-4c59-bb8b-d7e9c261ed00 None None] Unknown version. Returning version choices. {{(pid=75527) process_request /opt/stack/glance/glance/api/middleware/version_negotiation.py:64}}
Aug 31 13:52:40 devstack devstack@g-api.service[75526]: DEBUG glance.common.config [None req-9768e242-59cc-4e9d-9b6f-8f7f2c3eb98f None None] barbican.retry_delay = 1 {{(pid=75526) log_opt_values /opt/stack/data/venv/lib/python3.12/site-packages/oslo_config/cfg.py:3560}}
Aug 31 13:52:40 devstack devstack@g-api.service[75526]: DEBUG glance.common.config [None req-9768e242-59cc-4e9d-9b6f-8f7f2c3eb98f None None] barbican.send_service_user_token = False {{(pid=75526) log_opt_values /opt/stack/data/venv/lib/python3.12/site-packages/oslo_config/cfg.py:3560}}
Aug 31 13:52:40 devstack devstack@g-api.service[75526]: DEBUG glance.common.config [None req-9768e242-59cc-4e9d-9b6f-8f7f2c3eb98f None None] barbican.split_loggers = False {{(pid=75526) log_opt_values /opt/stack/data/venv/lib/python3.12/site-packages/oslo_config/cfg.py:3560}}
Aug 31 13:52:40 devstack devstack@g-api.service[75526]: DEBUG glance.common.config [None req-9768e242-59cc-4e9d-9b6f-8f7f2c3eb98f None None] barbican.timeout = None {{(pid=75526) log_opt_values /opt/stack/data/venv/lib/python3.12/site-packages/oslo_config/cfg.py:3560}}
Aug 31 13:52:40 devstack devstack@g-api.service[75527]: [pid: 75527|app: 0|req: 1/1] 127.0.0.1 () {32 vars in 401 bytes} [Mon Aug 31 13:52:40 2026] GET / => generated 1571 bytes in 3 msecs (HTTP/1.1 300) 3 headers in 106 bytes (1 switches on core 0)
Aug 31 13:52:40 devstack devstack@g-api.service[75526]: DEBUG glance.common.config [None req-9768e242-59cc-4e9d-9b6f-8f7f2c3eb98f None None] barbican.verify_ssl = True {{(pid=75526) log_opt_values /opt/stack/data/venv/lib/python3.12/site-packages/oslo_config/cfg.py:3560}}
Aug 31 13:52:40 devstack devstack@g-api.service[75526]: DEBUG glance.common.config [None req-9768e242-59cc-4e9d-9b6f-8f7f2c3eb98f None None] barbican.verify_ssl_path = None {{(pid=75526) log_opt_values /opt/stack/data/venv/lib/python3.12/site-packages/oslo_config/cfg.py:3560}}
Aug 31 13:52:40 devstack devstack@g-api.service[75526]: DEBUG glance.common.config [None req-9768e242-59cc-4e9d-9b6f-8f7f2c3eb98f None None] barbican_service_user.auth_section = None {{(pid=75526) log_opt_values /opt/stack/data/venv/lib/python3.12/site-packages/oslo_config/cfg.py:3560}}
Aug 31 13:52:40 devstack devstack@g-api.service[75526]: DEBUG glance.common.config [None req-9768e242-59cc-4e9d-9b6f-8f7f2c3eb98f None None] barbican_service_user.auth_type = None {{(pid=75526) log_opt_values /opt/stack/data/venv/lib/python3.12/site-packages/oslo_config/cfg.py:3560}}
Aug 31 13:52:40 devstack devstack@g-api.service[75526]: DEBUG glance.common.config [None req-9768e242-59cc-4e9d-9b6f-8f7f2c3eb98f None None] barbican_service_user.cafile = None {{(pid=75526) log_opt_values /opt/stack/data/venv/lib/python3.12/site-packages/oslo_config/cfg.py:3560}}
Aug 31 13:52:40 devstack devstack@g-api.service[75526]: DEBUG glance.common.config [None req-9768e242-59cc-4e9d-9b6f-8f7f2c3eb98f None None] barbican_service_user.certfile = None {{(pid=75526) log_opt_values /opt/stack/data/venv/lib/python3.12/site-packages/oslo_config/cfg.py:3560}}
Aug 31 13:52:40 devstack devstack@g-api.service[75526]: DEBUG glance.common.config [None req-9768e242-59cc-4e9d-9b6f-8f7f2c3eb98f None None] barbican_service_user.collect_timing = False {{(pid=75526) log_opt_values /opt/stack/data/venv/lib/python3.12/site-packages/oslo_config/cfg.py:3560}}
Aug 31 13:52:40 devstack devstack@g-api.service[75526]: DEBUG glance.common.config [None req-9768e242-59cc-4e9d-9b6f-8f7f2c3eb98f None None] barbican_service_user.insecure = False {{(pid=75526) log_opt_values /opt/stack/data/venv/lib/python3.12/site-packages/oslo_config/cfg.py:3560}}
Aug 31 13:52:40 devstack devstack@g-api.service[75526]: DEBUG glance.common.config [None req-9768e242-59cc-4e9d-9b6f-8f7f2c3eb98f None None] barbican_service_user.keyfile = None {{(pid=75526) log_opt_values /opt/stack/data/venv/lib/python3.12/site-packages/oslo_config/cfg.py:3560}}
Aug 31 13:52:40 devstack devstack@g-api.service[75526]: DEBUG glance.common.config [None req-9768e242-59cc-4e9d-9b6f-8f7f2c3eb98f None None] barbican_service_user.split_loggers = False {{(pid=75526) log_opt_values /opt/stack/data/venv/lib/python3.12/site-packages/oslo_config/cfg.py:3560}}
Aug 31 13:52:40 devstack devstack@g-api.service[75526]: DEBUG glance.common.config [None req-9768e242-59cc-4e9d-9b6f-8f7f2c3eb98f None None] barbican_service_user.timeout = None {{(pid=75526) log_opt_values /opt/stack/data/venv/lib/python3.12/site-packages/oslo_config/cfg.py:3560}}
Aug 31 13:52:40 devstack devstack@g-api.service[75526]: DEBUG glance.common.config [None req-9768e242-59cc-4e9d-9b6f-8f7f2c3eb98f None None] database.asyncio_connection = **** {{(pid=75526) log_opt_values /opt/stack/data/venv/lib/python3.12/site-packages/oslo_config/cfg.py:3560}}
Aug 31 13:52:40 devstack devstack@g-api.service[75526]: DEBUG glance.common.config [None req-9768e242-59cc-4e9d-9b6f-8f7f2c3eb98f None None] database.asyncio_slave_connection = **** {{(pid=75526) log_opt_values /opt/stack/data/venv/lib/python3.12/site-packages/oslo_config/cfg.py:3560}}
Aug 31 13:52:40 devstack devstack@g-api.service[75526]: DEBUG glance.common.config [None req-9768e242-59cc-4e9d-9b6f-8f7f2c3eb98f None None] database.backend = sqlalchemy {{(pid=75526) log_opt_values /opt/stack/data/venv/lib/python3.12/site-packages/oslo_config/cfg.py:3560}}
Aug 31 13:52:40 devstack devstack@g-api.service[75526]: DEBUG glance.common.config [None req-9768e242-59cc-4e9d-9b6f-8f7f2c3eb98f None None] database.connection = **** {{(pid=75526) log_opt_values /opt/stack/data/venv/lib/python3.12/site-packages/oslo_config/cfg.py:3560}}
Aug 31 13:52:40 devstack devstack@g-api.service[75526]: DEBUG glance.common.config [None req-9768e242-59cc-4e9d-9b6f-8f7f2c3eb98f None None] database.connection_debug = 0 {{(pid=75526) log_opt_values /opt/stack/data/venv/lib/python3.12/site-packages/oslo_config/cfg.py:3560}}
Aug 31 13:52:40 devstack devstack@g-api.service[75526]: DEBUG glance.common.config [None req-9768e242-59cc-4e9d-9b6f-8f7f2c3eb98f None None] database.connection_parameters = {{(pid=75526) log_opt_values /opt/stack/data/venv/lib/python3.12/site-packages/oslo_config/cfg.py:3560}}
Aug 31 13:52:40 devstack devstack@g-api.service[75526]: DEBUG glance.common.config [None req-9768e242-59cc-4e9d-9b6f-8f7f2c3eb98f None None] database.connection_recycle_time = 3600 {{(pid=75526) log_opt_values /opt/stack/data/venv/lib/python3.12/site-packages/oslo_config/cfg.py:3560}}
Aug 31 13:52:40 devstack devstack@g-api.service[75526]: DEBUG glance.common.config [None req-9768e242-59cc-4e9d-9b6f-8f7f2c3eb98f None None] database.connection_trace = False {{(pid=75526) log_opt_values /opt/stack/data/venv/lib/python3.12/site-packages/oslo_config/cfg.py:3560}}
Aug 31 13:52:40 devstack devstack@g-api.service[75526]: DEBUG glance.common.config [None req-9768e242-59cc-4e9d-9b6f-8f7f2c3eb98f None None] database.db_inc_retry_interval = True {{(pid=75526) log_opt_values /opt/stack/data/venv/lib/python3.12/site-packages/oslo_config/cfg.py:3560}}
Aug 31 13:52:40 devstack devstack@g-api.service[75526]: DEBUG glance.common.config [None req-9768e242-59cc-4e9d-9b6f-8f7f2c3eb98f None None] database.db_max_retries = 20 {{(pid=75526) log_opt_values /opt/stack/data/venv/lib/python3.12/site-packages/oslo_config/cfg.py:3560}}
Aug 31 13:52:40 devstack devstack@g-api.service[75526]: DEBUG glance.common.config [None req-9768e242-59cc-4e9d-9b6f-8f7f2c3eb98f None None] database.db_max_retry_interval = 10 {{(pid=75526) log_opt_values /opt/stack/data/venv/lib/python3.12/site-packages/oslo_config/cfg.py:3560}}
Aug 31 13:52:40 devstack devstack@g-api.service[75526]: DEBUG glance.common.config [None req-9768e242-59cc-4e9d-9b6f-8f7f2c3eb98f None None] database.db_retry_interval = 1 {{(pid=75526) log_opt_values /opt/stack/data/venv/lib/python3.12/site-packages/oslo_config/cfg.py:3560}}
Aug 31 13:52:40 devstack devstack@g-api.service[75526]: DEBUG glance.common.config [None req-9768e242-59cc-4e9d-9b6f-8f7f2c3eb98f None None] database.max_overflow = 50 {{(pid=75526) log_opt_values /opt/stack/data/venv/lib/python3.12/site-packages/oslo_config/cfg.py:3560}}
Aug 31 13:52:40 devstack devstack@g-api.service[75526]: DEBUG glance.common.config [None req-9768e242-59cc-4e9d-9b6f-8f7f2c3eb98f None None] database.max_pool_size = 5 {{(pid=75526) log_opt_values /opt/stack/data/venv/lib/python3.12/site-packages/oslo_config/cfg.py:3560}}
Aug 31 13:52:40 devstack devstack@g-api.service[75526]: DEBUG glance.common.config [None req-9768e242-59cc-4e9d-9b6f-8f7f2c3eb98f None None] database.max_retries = 10 {{(pid=75526) log_opt_values /opt/stack/data/venv/lib/python3.12/site-packages/oslo_config/cfg.py:3560}}
Aug 31 13:52:40 devstack devstack@g-api.service[75526]: DEBUG glance.common.config [None req-9768e242-59cc-4e9d-9b6f-8f7f2c3eb98f None None] database.mysql_sql_mode = TRADITIONAL {{(pid=75526) log_opt_values /opt/stack/data/venv/lib/python3.12/site-packages/oslo_config/cfg.py:3560}}
Aug 31 13:52:40 devstack devstack@g-api.service[75526]: DEBUG glance.common.config [None req-9768e242-59cc-4e9d-9b6f-8f7f2c3eb98f None None] database.mysql_wsrep_sync_wait = None {{(pid=75526) log_opt_values /opt/stack/data/venv/lib/python3.12/site-packages/oslo_config/cfg.py:3560}}
Aug 31 13:52:40 devstack devstack@g-api.service[75526]: DEBUG glance.common.config [None req-9768e242-59cc-4e9d-9b6f-8f7f2c3eb98f None None] database.pool_timeout = None {{(pid=75526) log_opt_values /opt/stack/data/venv/lib/python3.12/site-packages/oslo_config/cfg.py:3560}}
Aug 31 13:52:40 devstack devstack@g-api.service[75526]: DEBUG glance.common.config [None req-9768e242-59cc-4e9d-9b6f-8f7f2c3eb98f None None] database.retry_interval = 10 {{(pid=75526) log_opt_values /opt/stack/data/venv/lib/python3.12/site-packages/oslo_config/cfg.py:3560}}
Aug 31 13:52:40 devstack devstack@g-api.service[75526]: DEBUG glance.common.config [None req-9768e242-59cc-4e9d-9b6f-8f7f2c3eb98f None None] database.slave_connection = **** {{(pid=75526) log_opt_values /opt/stack/data/venv/lib/python3.12/site-packages/oslo_config/cfg.py:3560}}
Aug 31 13:52:40 devstack devstack@g-api.service[75526]: DEBUG glance.common.config [None req-9768e242-59cc-4e9d-9b6f-8f7f2c3eb98f None None] database.sqlite_synchronous = True {{(pid=75526) log_opt_values /opt/stack/data/venv/lib/python3.12/site-packages/oslo_config/cfg.py:3560}}
Aug 31 13:52:40 devstack devstack@g-api.service[75526]: DEBUG glance.common.config [None req-9768e242-59cc-4e9d-9b6f-8f7f2c3eb98f None None] database.synchronous_reader = True {{(pid=75526) log_opt_values /opt/stack/data/venv/lib/python3.12/site-packages/oslo_config/cfg.py:3560}}
Aug 31 13:52:40 devstack devstack@g-api.service[75526]: DEBUG glance.common.config [None req-9768e242-59cc-4e9d-9b6f-8f7f2c3eb98f None None] database.use_db_reconnect = False {{(pid=75526) log_opt_values /opt/stack/data/venv/lib/python3.12/site-packages/oslo_config/cfg.py:3560}}
Aug 31 13:52:40 devstack devstack@g-api.service[75526]: DEBUG glance.common.config [None req-9768e242-59cc-4e9d-9b6f-8f7f2c3eb98f None None] healthcheck.allowed_source_ranges = [] {{(pid=75526) log_opt_values /opt/stack/data/venv/lib/python3.12/site-packages/oslo_config/cfg.py:3560}}
Aug 31 13:52:40 devstack devstack@g-api.service[75526]: DEBUG glance.common.config [None req-9768e242-59cc-4e9d-9b6f-8f7f2c3eb98f None None] healthcheck.backends = ['disable_by_file'] {{(pid=75526) log_opt_values /opt/stack/data/venv/lib/python3.12/site-packages/oslo_config/cfg.py:3560}}
Aug 31 13:52:40 devstack devstack@g-api.service[75526]: DEBUG glance.common.config [None req-9768e242-59cc-4e9d-9b6f-8f7f2c3eb98f None None] healthcheck.detailed = False {{(pid=75526) log_opt_values /opt/stack/data/venv/lib/python3.12/site-packages/oslo_config/cfg.py:3560}}
Aug 31 13:52:40 devstack devstack@g-api.service[75526]: DEBUG glance.common.config [None req-9768e242-59cc-4e9d-9b6f-8f7f2c3eb98f None None] healthcheck.disable_by_file_path = None {{(pid=75526) log_opt_values /opt/stack/data/venv/lib/python3.12/site-packages/oslo_config/cfg.py:3560}}
Aug 31 13:52:40 devstack devstack@g-api.service[75526]: DEBUG glance.common.config [None req-9768e242-59cc-4e9d-9b6f-8f7f2c3eb98f None None] healthcheck.ignore_proxied_requests = False {{(pid=75526) log_opt_values /opt/stack/data/venv/lib/python3.12/site-packages/oslo_config/cfg.py:3560}}
Aug 31 13:52:40 devstack devstack@g-api.service[75526]: DEBUG glance.common.config [None req-9768e242-59cc-4e9d-9b6f-8f7f2c3eb98f None None] ******************************************************************************** {{(pid=75526) log_opt_values /opt/stack/data/venv/lib/python3.12/site-packages/oslo_config/cfg.py:3567}}
Aug 31 13:52:40 devstack devstack@g-api.service[75526]: WSGI app 0 (mountpoint='') ready in 6 seconds on interpreter 0x76177eea4668 pid: 75526 (default app)
Aug 31 13:52:44 devstack devstack@g-api.service[75527]: DEBUG glance.api.middleware.version_negotiation [None req-d464d55e-9b7b-4c59-bb8b-d7e9c261ed00 None None] Determining version of request: GET / Accept: application/json {{(pid=75527) process_request /opt/stack/glance/glance/api/middleware/version_negotiation.py:44}}
Aug 31 13:52:44 devstack devstack@g-api.service[75527]: DEBUG glance.api.middleware.version_negotiation [None req-d464d55e-9b7b-4c59-bb8b-d7e9c261ed00 None None] Using url versioning {{(pid=75527) process_request /opt/stack/glance/glance/api/middleware/version_negotiation.py:57}}
Aug 31 13:52:44 devstack devstack@g-api.service[75527]: DEBUG glance.api.middleware.version_negotiation [None req-d464d55e-9b7b-4c59-bb8b-d7e9c261ed00 None None] Unknown version. Returning version choices. {{(pid=75527) process_request /opt/stack/glance/glance/api/middleware/version_negotiation.py:64}}
Aug 31 13:52:44 devstack devstack@g-api.service[75527]: [pid: 75527|app: 0|req: 2/2] 127.0.0.1 () {34 vars in 519 bytes} [Mon Aug 31 13:52:44 2026] GET / => generated 1571 bytes in 4 msecs (HTTP/1.1 300) 3 headers in 106 bytes (1 switches on core 0)
Aug 31 13:52:44 devstack devstack@g-api.service[75526]: DEBUG glance.api.middleware.version_negotiation [None req-9768e242-59cc-4e9d-9b6f-8f7f2c3eb98f None None] Determining version of request: POST /v2/images Accept: */* {{(pid=75526) process_request /opt/stack/glance/glance/api/middleware/version_negotiation.py:44}}
Aug 31 13:52:44 devstack devstack@g-api.service[75526]: DEBUG glance.api.middleware.version_negotiation [None req-9768e242-59cc-4e9d-9b6f-8f7f2c3eb98f None None] Using url versioning {{(pid=75526) process_request /opt/stack/glance/glance/api/middleware/version_negotiation.py:57}}
Aug 31 13:52:44 devstack devstack@g-api.service[75526]: DEBUG glance.api.middleware.version_negotiation [None req-9768e242-59cc-4e9d-9b6f-8f7f2c3eb98f None None] Matched version: v2 {{(pid=75526) process_request /opt/stack/glance/glance/api/middleware/version_negotiation.py:69}}
Aug 31 13:52:44 devstack devstack@g-api.service[75526]: DEBUG glance.api.middleware.version_negotiation [None req-9768e242-59cc-4e9d-9b6f-8f7f2c3eb98f None None] new path /v2/images {{(pid=75526) process_request /opt/stack/glance/glance/api/middleware/version_negotiation.py:70}}
Aug 31 13:52:45 devstack devstack@g-api.service[75526]: [pid: 75526|app: 0|req: 1/3] 127.0.0.1 () {40 vars in 782 bytes} [Mon Aug 31 13:52:44 2026] POST /v2/images => generated 807 bytes in 1135 msecs (HTTP/1.1 201) 6 headers in 314 bytes (1 switches on core 0)
Aug 31 13:52:45 devstack devstack@g-api.service[75527]: DEBUG glance.api.middleware.version_negotiation [None req-d464d55e-9b7b-4c59-bb8b-d7e9c261ed00 None None] Determining version of request: PUT /v2/images/9fc434a5-12f4-407d-8216-78a76fd07e0f/file Accept: {{(pid=75527) process_request /opt/stack/glance/glance/api/middleware/version_negotiation.py:44}}
Aug 31 13:52:45 devstack devstack@g-api.service[75527]: DEBUG glance.api.middleware.version_negotiation [None req-d464d55e-9b7b-4c59-bb8b-d7e9c261ed00 None None] Using url versioning {{(pid=75527) process_request /opt/stack/glance/glance/api/middleware/version_negotiation.py:57}}
Aug 31 13:52:45 devstack devstack@g-api.service[75527]: DEBUG glance.api.middleware.version_negotiation [None req-d464d55e-9b7b-4c59-bb8b-d7e9c261ed00 None None] Matched version: v2 {{(pid=75527) process_request /opt/stack/glance/glance/api/middleware/version_negotiation.py:69}}
Aug 31 13:52:45 devstack devstack@g-api.service[75527]: DEBUG glance.api.middleware.version_negotiation [None req-d464d55e-9b7b-4c59-bb8b-d7e9c261ed00 None None] new path /v2/images/9fc434a5-12f4-407d-8216-78a76fd07e0f/file {{(pid=75527) process_request /opt/stack/glance/glance/api/middleware/version_negotiation.py:70}}
Aug 31 13:52:46 devstack devstack@g-api.service[75527]: INFO glance.api.v2.image_data [None req-f041edd3-e332-4a40-99c0-b948f3cbaa5e admin admin] Unable to create trust: no such option collect_timing in group [keystone_authtoken] Use the existing user token.
Aug 31 13:52:46 devstack devstack@g-api.service[75527]: DEBUG glance.location [None req-f041edd3-e332-4a40-99c0-b948f3cbaa5e admin admin] Enabling in-flight format inspection for qcow2 {{(pid=75527) set_data /opt/stack/glance/glance/location.py:596}}
Aug 31 13:52:46 devstack devstack@g-api.service[75527]: DEBUG oslo_utils.imageutils.format_inspector [None req-f041edd3-e332-4a40-99c0-b948f3cbaa5e admin admin] Format inspector for vmdk does not match, excluding from consideration (Signature KDMV not found: b'QFI\xfb') {{(pid=75527) _process_chunk /opt/stack/data/venv/lib/python3.12/site-packages/oslo_utils/imageutils/format_inspector.py:1758}}
Aug 31 13:52:46 devstack devstack@g-api.service[75527]: DEBUG oslo_utils.imageutils.format_inspector [None req-f041edd3-e332-4a40-99c0-b948f3cbaa5e admin admin] Format inspector for vhdx does not match, excluding from consideration (Region signature not found at 30000) {{(pid=75527) _process_chunk /opt/stack/data/venv/lib/python3.12/site-packages/oslo_utils/imageutils/format_inspector.py:1758}}
Aug 31 13:52:46 devstack devstack@g-api.service[75527]: DEBUG glance_store._drivers.filesystem [None req-f041edd3-e332-4a40-99c0-b948f3cbaa5e admin admin] Wrote 21692416 bytes to /opt/stack/data/glance/images/9fc434a5-12f4-407d-8216-78a76fd07e0f with checksum 87617e24a5e30cb3b87fda8c0764838f and multihash 9a9bce0083a00939ec17c11febbfc767aa211aaa54f51e75c5a8b271a9b5637c77205a518b7a2007cb391d23cceb01e0e4e8d64832317151bc85b734b92a7be0 {{(pid=75527) add /opt/stack/data/venv/lib/python3.12/site-packages/glance_store/_drivers/filesystem.py:899}}
Aug 31 13:52:46 devstack devstack@g-api.service[75527]: INFO glance.location [None req-f041edd3-e332-4a40-99c0-b948f3cbaa5e admin admin] Image format matched and virtual size computed: 117440512
Aug 31 13:52:47 devstack devstack@g-api.service[75527]: DEBUG glance_store.backend [None req-f041edd3-e332-4a40-99c0-b948f3cbaa5e admin admin] Skipping store.set_acls... not implemented. {{(pid=75527) set_acls /opt/stack/data/venv/lib/python3.12/site-packages/glance_store/backend.py:507}}
Aug 31 13:52:47 devstack devstack@g-api.service[75527]: [pid: 75527|app: 0|req: 3/4] 127.0.0.1 () {42 vars in 914 bytes} [Mon Aug 31 13:52:45 2026] PUT /v2/images/9fc434a5-12f4-407d-8216-78a76fd07e0f/file => generated 0 bytes in 1622 msecs (HTTP/1.1 204) 4 headers in 171 bytes (1 switches on core 0)
Aug 31 13:52:47 devstack devstack@g-api.service[75526]: DEBUG glance.api.middleware.version_negotiation [None req-1e9774a6-bddb-4470-8093-1d7679c6aa0b admin admin] Determining version of request: GET /v2/images/9fc434a5-12f4-407d-8216-78a76fd07e0f Accept: */* {{(pid=75526) process_request /opt/stack/glance/glance/api/middleware/version_negotiation.py:44}}
Aug 31 13:52:47 devstack devstack@g-api.service[75526]: DEBUG glance.api.middleware.version_negotiation [None req-1e9774a6-bddb-4470-8093-1d7679c6aa0b admin admin] Using url versioning {{(pid=75526) process_request /opt/stack/glance/glance/api/middleware/version_negotiation.py:57}}
Aug 31 13:52:47 devstack devstack@g-api.service[75526]: DEBUG glance.api.middleware.version_negotiation [None req-1e9774a6-bddb-4470-8093-1d7679c6aa0b admin admin] Matched version: v2 {{(pid=75526) process_request /opt/stack/glance/glance/api/middleware/version_negotiation.py:69}}
Aug 31 13:52:47 devstack devstack@g-api.service[75526]: DEBUG glance.api.middleware.version_negotiation [None req-1e9774a6-bddb-4470-8093-1d7679c6aa0b admin admin] new path /v2/images/9fc434a5-12f4-407d-8216-78a76fd07e0f {{(pid=75526) process_request /opt/stack/glance/glance/api/middleware/version_negotiation.py:70}}
Aug 31 13:52:47 devstack devstack@g-api.service[75526]: [pid: 75526|app: 0|req: 2/5] 127.0.0.1 () {36 vars in 802 bytes} [Mon Aug 31 13:52:47 2026] GET /v2/images/9fc434a5-12f4-407d-8216-78a76fd07e0f => generated 976 bytes in 23 msecs (HTTP/1.1 200) 4 headers in 157 bytes (1 switches on core 0)
Aug 31 13:52:57 devstack devstack@g-api.service[75527]: DEBUG dbcounter [-] [75527] Writing DB stats glance:INSERT=5,glance:SELECT=16,glance:UPDATE=2 {{(pid=75527) stat_writer /opt/stack/data/venv/lib/python3.12/site-packages/dbcounter.py:115}}
Aug 31 13:52:57 devstack devstack@g-api.service[75526]: DEBUG dbcounter [-] [75526] Writing DB stats glance:INSERT=9,glance:SELECT=6 {{(pid=75526) stat_writer /opt/stack/data/venv/lib/python3.12/site-packages/dbcounter.py:115}}
Aug 31 13:53:28 devstack devstack@g-api.service[75527]: DEBUG glance.api.middleware.version_negotiation [None req-f041edd3-e332-4a40-99c0-b948f3cbaa5e admin admin] Determining version of request: GET / Accept: application/json {{(pid=75527) process_request /opt/stack/glance/glance/api/middleware/version_negotiation.py:44}}
Aug 31 13:53:28 devstack devstack@g-api.service[75527]: DEBUG glance.api.middleware.version_negotiation [None req-f041edd3-e332-4a40-99c0-b948f3cbaa5e admin admin] Using url versioning {{(pid=75527) process_request /opt/stack/glance/glance/api/middleware/version_negotiation.py:57}}
Aug 31 13:53:28 devstack devstack@g-api.service[75527]: DEBUG glance.api.middleware.version_negotiation [None req-f041edd3-e332-4a40-99c0-b948f3cbaa5e admin admin] Unknown version. Returning version choices. {{(pid=75527) process_request /opt/stack/glance/glance/api/middleware/version_negotiation.py:64}}
Aug 31 13:53:28 devstack devstack@g-api.service[75527]: [pid: 75527|app: 0|req: 4/6] 127.0.0.1 () {34 vars in 519 bytes} [Mon Aug 31 13:53:28 2026] GET / => generated 1571 bytes in 2 msecs (HTTP/1.1 300) 3 headers in 106 bytes (1 switches on core 0)
Aug 31 13:53:28 devstack devstack@g-api.service[75526]: DEBUG glance.api.middleware.version_negotiation [None req-ff9b547b-9ee3-408b-92f4-93f71714c180 admin admin] Determining version of request: GET /v2/images Accept: application/json {{(pid=75526) process_request /opt/stack/glance/glance/api/middleware/version_negotiation.py:44}}
Aug 31 13:53:28 devstack devstack@g-api.service[75526]: DEBUG glance.api.middleware.version_negotiation [None req-ff9b547b-9ee3-408b-92f4-93f71714c180 admin admin] Using url versioning {{(pid=75526) process_request /opt/stack/glance/glance/api/middleware/version_negotiation.py:57}}
Aug 31 13:53:28 devstack devstack@g-api.service[75526]: DEBUG glance.api.middleware.version_negotiation [None req-ff9b547b-9ee3-408b-92f4-93f71714c180 admin admin] Matched version: v2 {{(pid=75526) process_request /opt/stack/glance/glance/api/middleware/version_negotiation.py:69}}
Aug 31 13:53:28 devstack devstack@g-api.service[75526]: DEBUG glance.api.middleware.version_negotiation [None req-ff9b547b-9ee3-408b-92f4-93f71714c180 admin admin] new path /v2/images {{(pid=75526) process_request /opt/stack/glance/glance/api/middleware/version_negotiation.py:70}}
Aug 31 13:53:28 devstack devstack@g-api.service[75526]: [pid: 75526|app: 0|req: 3/7] 127.0.0.1 () {36 vars in 741 bytes} [Mon Aug 31 13:53:28 2026] GET /v2/images => generated 1045 bytes in 87 msecs (HTTP/1.1 200) 4 headers in 158 bytes (1 switches on core 0)
Aug 31 13:53:37 devstack devstack@g-api.service[75527]: DEBUG glance.api.middleware.version_negotiation [None req-f041edd3-e332-4a40-99c0-b948f3cbaa5e admin admin] Determining version of request: GET / Accept: application/json {{(pid=75527) process_request /opt/stack/glance/glance/api/middleware/version_negotiation.py:44}}
Aug 31 13:53:37 devstack devstack@g-api.service[75527]: DEBUG glance.api.middleware.version_negotiation [None req-f041edd3-e332-4a40-99c0-b948f3cbaa5e admin admin] Using url versioning {{(pid=75527) process_request /opt/stack/glance/glance/api/middleware/version_negotiation.py:57}}
Aug 31 13:53:37 devstack devstack@g-api.service[75527]: DEBUG glance.api.middleware.version_negotiation [None req-f041edd3-e332-4a40-99c0-b948f3cbaa5e admin admin] Unknown version. Returning version choices. {{(pid=75527) process_request /opt/stack/glance/glance/api/middleware/version_negotiation.py:64}}
Aug 31 13:53:37 devstack devstack@g-api.service[75527]: [pid: 75527|app: 0|req: 5/8] 127.0.0.1 () {34 vars in 519 bytes} [Mon Aug 31 13:53:37 2026] GET / => generated 1571 bytes in 2 msecs (HTTP/1.1 300) 3 headers in 106 bytes (1 switches on core 0)
Aug 31 13:53:37 devstack devstack@g-api.service[75526]: DEBUG glance.api.middleware.version_negotiation [None req-ed3a2c96-39bf-48d9-ac2c-0eebb07df9c2 admin admin] Determining version of request: GET /v2/images/9fc434a5-12f4-407d-8216-78a76fd07e0f Accept: */* {{(pid=75526) process_request /opt/stack/glance/glance/api/middleware/version_negotiation.py:44}}
Aug 31 13:53:37 devstack devstack@g-api.service[75526]: DEBUG glance.api.middleware.version_negotiation [None req-ed3a2c96-39bf-48d9-ac2c-0eebb07df9c2 admin admin] Using url versioning {{(pid=75526) process_request /opt/stack/glance/glance/api/middleware/version_negotiation.py:57}}
Aug 31 13:53:37 devstack devstack@g-api.service[75526]: DEBUG glance.api.middleware.version_negotiation [None req-ed3a2c96-39bf-48d9-ac2c-0eebb07df9c2 admin admin] Matched version: v2 {{(pid=75526) process_request /opt/stack/glance/glance/api/middleware/version_negotiation.py:69}}
Aug 31 13:53:37 devstack devstack@g-api.service[75526]: DEBUG glance.api.middleware.version_negotiation [None req-ed3a2c96-39bf-48d9-ac2c-0eebb07df9c2 admin admin] new path /v2/images/9fc434a5-12f4-407d-8216-78a76fd07e0f {{(pid=75526) process_request /opt/stack/glance/glance/api/middleware/version_negotiation.py:70}}
Aug 31 13:53:37 devstack devstack@g-api.service[75526]: [pid: 75526|app: 0|req: 4/9] 127.0.0.1 () {36 vars in 802 bytes} [Mon Aug 31 13:53:37 2026] GET /v2/images/9fc434a5-12f4-407d-8216-78a76fd07e0f => generated 976 bytes in 71 msecs (HTTP/1.1 200) 4 headers in 157 bytes (1 switches on core 0)
Aug 31 13:53:43 devstack devstack@g-api.service[75527]: DEBUG glance.api.middleware.version_negotiation [None req-f041edd3-e332-4a40-99c0-b948f3cbaa5e admin admin] Determining version of request: GET / Accept: application/json {{(pid=75527) process_request /opt/stack/glance/glance/api/middleware/version_negotiation.py:44}}
Aug 31 13:53:43 devstack devstack@g-api.service[75527]: DEBUG glance.api.middleware.version_negotiation [None req-f041edd3-e332-4a40-99c0-b948f3cbaa5e admin admin] Using url versioning {{(pid=75527) process_request /opt/stack/glance/glance/api/middleware/version_negotiation.py:57}}
Aug 31 13:53:43 devstack devstack@g-api.service[75527]: DEBUG glance.api.middleware.version_negotiation [None req-f041edd3-e332-4a40-99c0-b948f3cbaa5e admin admin] Unknown version. Returning version choices. {{(pid=75527) process_request /opt/stack/glance/glance/api/middleware/version_negotiation.py:64}}
Aug 31 13:53:43 devstack devstack@g-api.service[75527]: [pid: 75527|app: 0|req: 6/10] 127.0.0.1 () {34 vars in 519 bytes} [Mon Aug 31 13:53:43 2026] GET / => generated 1571 bytes in 2 msecs (HTTP/1.1 300) 3 headers in 106 bytes (1 switches on core 0)
Aug 31 13:53:43 devstack devstack@g-api.service[75526]: DEBUG glance.api.middleware.version_negotiation [None req-afbc0988-8d2a-44f4-8ff5-6b1f7540526b admin admin] Determining version of request: GET /v2/images/9fc434a5-12f4-407d-8216-78a76fd07e0f Accept: */* {{(pid=75526) process_request /opt/stack/glance/glance/api/middleware/version_negotiation.py:44}}
Aug 31 13:53:43 devstack devstack@g-api.service[75526]: DEBUG glance.api.middleware.version_negotiation [None req-afbc0988-8d2a-44f4-8ff5-6b1f7540526b admin admin] Using url versioning {{(pid=75526) process_request /opt/stack/glance/glance/api/middleware/version_negotiation.py:57}}
Aug 31 13:53:43 devstack devstack@g-api.service[75526]: DEBUG glance.api.middleware.version_negotiation [None req-afbc0988-8d2a-44f4-8ff5-6b1f7540526b admin admin] Matched version: v2 {{(pid=75526) process_request /opt/stack/glance/glance/api/middleware/version_negotiation.py:69}}
Aug 31 13:53:43 devstack devstack@g-api.service[75526]: DEBUG glance.api.middleware.version_negotiation [None req-afbc0988-8d2a-44f4-8ff5-6b1f7540526b admin admin] new path /v2/images/9fc434a5-12f4-407d-8216-78a76fd07e0f {{(pid=75526) process_request /opt/stack/glance/glance/api/middleware/version_negotiation.py:70}}
Aug 31 13:53:43 devstack devstack@g-api.service[75526]: [pid: 75526|app: 0|req: 5/11] 127.0.0.1 () {36 vars in 802 bytes} [Mon Aug 31 13:53:43 2026] GET /v2/images/9fc434a5-12f4-407d-8216-78a76fd07e0f => generated 976 bytes in 70 msecs (HTTP/1.1 200) 4 headers in 157 bytes (1 switches on core 0)
Aug 31 13:53:53 devstack devstack@g-api.service[75526]: DEBUG dbcounter [-] [75526] Writing DB stats glance:SELECT=5 {{(pid=75526) stat_writer /opt/stack/data/venv/lib/python3.12/site-packages/dbcounter.py:115}}
Aug 31 13:54:56 devstack devstack@g-api.service[75527]: DEBUG glance.api.middleware.version_negotiation [None req-f041edd3-e332-4a40-99c0-b948f3cbaa5e admin admin] Determining version of request: GET / Accept: application/json {{(pid=75527) process_request /opt/stack/glance/glance/api/middleware/version_negotiation.py:44}}
Aug 31 13:54:56 devstack devstack@g-api.service[75527]: DEBUG glance.api.middleware.version_negotiation [None req-f041edd3-e332-4a40-99c0-b948f3cbaa5e admin admin] Using url versioning {{(pid=75527) process_request /opt/stack/glance/glance/api/middleware/version_negotiation.py:57}}
Aug 31 13:54:56 devstack devstack@g-api.service[75527]: DEBUG glance.api.middleware.version_negotiation [None req-f041edd3-e332-4a40-99c0-b948f3cbaa5e admin admin] Unknown version. Returning version choices. {{(pid=75527) process_request /opt/stack/glance/glance/api/middleware/version_negotiation.py:64}}
Aug 31 13:54:56 devstack devstack@g-api.service[75527]: [pid: 75527|app: 0|req: 7/12] 127.0.0.1 () {36 vars in 488 bytes} [Mon Aug 31 13:54:56 2026] GET / => generated 1571 bytes in 2 msecs (HTTP/1.1 300) 3 headers in 106 bytes (1 switches on core 0)
Aug 31 13:57:49 devstack devstack@g-api.service[75526]: DEBUG glance.api.middleware.version_negotiation [None req-c92e58ac-d71a-45cd-9b1c-2f053c43deb5 admin admin] Determining version of request: GET / Accept: application/json {{(pid=75526) process_request /opt/stack/glance/glance/api/middleware/version_negotiation.py:44}}
Aug 31 13:57:49 devstack devstack@g-api.service[75526]: DEBUG glance.api.middleware.version_negotiation [None req-c92e58ac-d71a-45cd-9b1c-2f053c43deb5 admin admin] Using url versioning {{(pid=75526) process_request /opt/stack/glance/glance/api/middleware/version_negotiation.py:57}}
Aug 31 13:57:49 devstack devstack@g-api.service[75526]: DEBUG glance.api.middleware.version_negotiation [None req-c92e58ac-d71a-45cd-9b1c-2f053c43deb5 admin admin] Unknown version. Returning version choices. {{(pid=75526) process_request /opt/stack/glance/glance/api/middleware/version_negotiation.py:64}}
Aug 31 13:57:49 devstack devstack@g-api.service[75526]: [pid: 75526|app: 0|req: 6/13] 127.0.0.1 () {34 vars in 505 bytes} [Mon Aug 31 13:57:49 2026] GET / => generated 1571 bytes in 6 msecs (HTTP/1.1 300) 3 headers in 106 bytes (1 switches on core 0)
Aug 31 13:57:49 devstack devstack@g-api.service[75527]: DEBUG glance.api.middleware.version_negotiation [None req-f041edd3-e332-4a40-99c0-b948f3cbaa5e admin admin] Determining version of request: GET /v2/images/9fc434a5-12f4-407d-8216-78a76fd07e0f Accept: */* {{(pid=75527) process_request /opt/stack/glance/glance/api/middleware/version_negotiation.py:44}}
Aug 31 13:57:49 devstack devstack@g-api.service[75527]: DEBUG glance.api.middleware.version_negotiation [None req-f041edd3-e332-4a40-99c0-b948f3cbaa5e admin admin] Using url versioning {{(pid=75527) process_request /opt/stack/glance/glance/api/middleware/version_negotiation.py:57}}
Aug 31 13:57:49 devstack devstack@g-api.service[75527]: DEBUG glance.api.middleware.version_negotiation [None req-f041edd3-e332-4a40-99c0-b948f3cbaa5e admin admin] Matched version: v2 {{(pid=75527) process_request /opt/stack/glance/glance/api/middleware/version_negotiation.py:69}}
Aug 31 13:57:49 devstack devstack@g-api.service[75527]: DEBUG glance.api.middleware.version_negotiation [None req-f041edd3-e332-4a40-99c0-b948f3cbaa5e admin admin] new path /v2/images/9fc434a5-12f4-407d-8216-78a76fd07e0f {{(pid=75527) process_request /opt/stack/glance/glance/api/middleware/version_negotiation.py:70}}
Aug 31 13:57:49 devstack devstack@g-api.service[75527]: [pid: 75527|app: 0|req: 8/14] 127.0.0.1 () {42 vars in 1061 bytes} [Mon Aug 31 13:57:49 2026] GET /v2/images/9fc434a5-12f4-407d-8216-78a76fd07e0f => generated 976 bytes in 336 msecs (HTTP/1.1 200) 4 headers in 157 bytes (1 switches on core 0)
Aug 31 13:57:49 devstack devstack@g-api.service[75526]: DEBUG glance.api.middleware.version_negotiation [None req-c92e58ac-d71a-45cd-9b1c-2f053c43deb5 admin admin] Determining version of request: GET /v2/schemas/image Accept: */* {{(pid=75526) process_request /opt/stack/glance/glance/api/middleware/version_negotiation.py:44}}
Aug 31 13:57:49 devstack devstack@g-api.service[75526]: DEBUG glance.api.middleware.version_negotiation [None req-c92e58ac-d71a-45cd-9b1c-2f053c43deb5 admin admin] Using url versioning {{(pid=75526) process_request /opt/stack/glance/glance/api/middleware/version_negotiation.py:57}}
Aug 31 13:57:49 devstack devstack@g-api.service[75526]: DEBUG glance.api.middleware.version_negotiation [None req-c92e58ac-d71a-45cd-9b1c-2f053c43deb5 admin admin] Matched version: v2 {{(pid=75526) process_request /opt/stack/glance/glance/api/middleware/version_negotiation.py:69}}
Aug 31 13:57:49 devstack devstack@g-api.service[75526]: DEBUG glance.api.middleware.version_negotiation [None req-c92e58ac-d71a-45cd-9b1c-2f053c43deb5 admin admin] new path /v2/schemas/image {{(pid=75526) process_request /opt/stack/glance/glance/api/middleware/version_negotiation.py:70}}
Aug 31 13:57:49 devstack devstack@g-api.service[75526]: [pid: 75526|app: 0|req: 7/15] 127.0.0.1 () {42 vars in 1001 bytes} [Mon Aug 31 13:57:49 2026] GET /v2/schemas/image => generated 6083 bytes in 12 msecs (HTTP/1.1 200) 4 headers in 158 bytes (1 switches on core 0)
Aug 31 13:57:59 devstack devstack@g-api.service[75527]: DEBUG dbcounter [-] [75527] Writing DB stats glance:SELECT=2 {{(pid=75527) stat_writer /opt/stack/data/venv/lib/python3.12/site-packages/dbcounter.py:115}}
Aug 31 13:58:09 devstack devstack@g-api.service[75527]: DEBUG glance.api.middleware.version_negotiation [None req-febe52f9-a005-444a-8ad3-0a7c1253bfc7 tempest-DeleteServersTestJSON-144518754 tempest-DeleteServersTestJSON-144518754-project-member] Determining version of request: GET /v2/images/9fc434a5-12f4-407d-8216-78a76fd07e0f Accept: */* {{(pid=75527) process_request /opt/stack/glance/glance/api/middleware/version_negotiation.py:44}}
Aug 31 13:58:09 devstack devstack@g-api.service[75527]: DEBUG glance.api.middleware.version_negotiation [None req-febe52f9-a005-444a-8ad3-0a7c1253bfc7 tempest-DeleteServersTestJSON-144518754 tempest-DeleteServersTestJSON-144518754-project-member] Using url versioning {{(pid=75527) process_request /opt/stack/glance/glance/api/middleware/version_negotiation.py:57}}
Aug 31 13:58:09 devstack devstack@g-api.service[75527]: DEBUG glance.api.middleware.version_negotiation [None req-febe52f9-a005-444a-8ad3-0a7c1253bfc7 tempest-DeleteServersTestJSON-144518754 tempest-DeleteServersTestJSON-144518754-project-member] Matched version: v2 {{(pid=75527) process_request /opt/stack/glance/glance/api/middleware/version_negotiation.py:69}}
Aug 31 13:58:09 devstack devstack@g-api.service[75527]: DEBUG glance.api.middleware.version_negotiation [None req-febe52f9-a005-444a-8ad3-0a7c1253bfc7 tempest-DeleteServersTestJSON-144518754 tempest-DeleteServersTestJSON-144518754-project-member] new path /v2/images/9fc434a5-12f4-407d-8216-78a76fd07e0f {{(pid=75527) process_request /opt/stack/glance/glance/api/middleware/version_negotiation.py:70}}
Aug 31 13:58:10 devstack devstack@g-api.service[75527]: [pid: 75527|app: 0|req: 9/16] 127.0.0.1 () {42 vars in 1061 bytes} [Mon Aug 31 13:58:09 2026] GET /v2/images/9fc434a5-12f4-407d-8216-78a76fd07e0f => generated 976 bytes in 231 msecs (HTTP/1.1 200) 4 headers in 157 bytes (1 switches on core 0)
Aug 31 13:58:10 devstack devstack@g-api.service[75526]: DEBUG glance.api.middleware.version_negotiation [None req-febe52f9-a005-444a-8ad3-0a7c1253bfc7 tempest-DeleteServersTestJSON-144518754 tempest-DeleteServersTestJSON-144518754-project-member] Determining version of request: GET /v2/images/9fc434a5-12f4-407d-8216-78a76fd07e0f/file Accept: */* {{(pid=75526) process_request /opt/stack/glance/glance/api/middleware/version_negotiation.py:44}}
Aug 31 13:58:10 devstack devstack@g-api.service[75526]: DEBUG glance.api.middleware.version_negotiation [None req-febe52f9-a005-444a-8ad3-0a7c1253bfc7 tempest-DeleteServersTestJSON-144518754 tempest-DeleteServersTestJSON-144518754-project-member] Using url versioning {{(pid=75526) process_request /opt/stack/glance/glance/api/middleware/version_negotiation.py:57}}
Aug 31 13:58:10 devstack devstack@g-api.service[75526]: DEBUG glance.api.middleware.version_negotiation [None req-febe52f9-a005-444a-8ad3-0a7c1253bfc7 tempest-DeleteServersTestJSON-144518754 tempest-DeleteServersTestJSON-144518754-project-member] Matched version: v2 {{(pid=75526) process_request /opt/stack/glance/glance/api/middleware/version_negotiation.py:69}}
Aug 31 13:58:10 devstack devstack@g-api.service[75526]: DEBUG glance.api.middleware.version_negotiation [None req-febe52f9-a005-444a-8ad3-0a7c1253bfc7 tempest-DeleteServersTestJSON-144518754 tempest-DeleteServersTestJSON-144518754-project-member] new path /v2/images/9fc434a5-12f4-407d-8216-78a76fd07e0f/file {{(pid=75526) process_request /opt/stack/glance/glance/api/middleware/version_negotiation.py:70}}
Aug 31 13:58:10 devstack devstack@g-api.service[75526]: DEBUG glance_store._drivers.filesystem [None req-febe52f9-a005-444a-8ad3-0a7c1253bfc7 tempest-DeleteServersTestJSON-144518754 tempest-DeleteServersTestJSON-144518754-project-member] Found image at /opt/stack/data/glance/images/9fc434a5-12f4-407d-8216-78a76fd07e0f. Returning in ChunkedFile. {{(pid=75526) get /opt/stack/data/venv/lib/python3.12/site-packages/glance_store/_drivers/filesystem.py:724}}
Aug 31 13:58:10 devstack devstack@g-api.service[75526]: DEBUG glance.image_cache [None req-febe52f9-a005-444a-8ad3-0a7c1253bfc7 tempest-DeleteServersTestJSON-144518754 tempest-DeleteServersTestJSON-144518754-project-member] Tee'ing image '9fc434a5-12f4-407d-8216-78a76fd07e0f' into cache {{(pid=75526) get_caching_iter /opt/stack/glance/glance/image_cache/__init__.py:356}}
Aug 31 13:58:10 devstack devstack@g-api.service[75526]: DEBUG glance.image_cache.drivers.centralized_db [None req-febe52f9-a005-444a-8ad3-0a7c1253bfc7 tempest-DeleteServersTestJSON-144518754 tempest-DeleteServersTestJSON-144518754-project-member] Fetch finished, moving '/opt/stack/data/glance/cache/incomplete/9fc434a5-12f4-407d-8216-78a76fd07e0f' to '/opt/stack/data/glance/cache/9fc434a5-12f4-407d-8216-78a76fd07e0f' {{(pid=75526) commit /opt/stack/glance/glance/image_cache/drivers/centralized_db.py:243}}
Aug 31 13:58:10 devstack devstack@g-api.service[75526]: DEBUG glance.image_cache.drivers.centralized_db [None req-febe52f9-a005-444a-8ad3-0a7c1253bfc7 tempest-DeleteServersTestJSON-144518754 tempest-DeleteServersTestJSON-144518754-project-member] Image cached successfully. {{(pid=75526) commit /opt/stack/glance/glance/image_cache/drivers/centralized_db.py:258}}
Aug 31 13:58:10 devstack devstack@g-api.service[75526]: [pid: 75526|app: 0|req: 8/17] 127.0.0.1 () {42 vars in 1071 bytes} [Mon Aug 31 13:58:10 2026] GET /v2/images/9fc434a5-12f4-407d-8216-78a76fd07e0f/file => generated 21692416 bytes in 537 msecs (HTTP/1.1 200) 4 headers in 191 bytes (336 switches on core 0)
Aug 31 13:58:10 devstack devstack@g-api.service[75527]: DEBUG glance.api.middleware.version_negotiation [None req-febe52f9-a005-444a-8ad3-0a7c1253bfc7 tempest-DeleteServersTestJSON-144518754 tempest-DeleteServersTestJSON-144518754-project-member] Determining version of request: GET /v2/images/9fc434a5-12f4-407d-8216-78a76fd07e0f Accept: */* {{(pid=75527) process_request /opt/stack/glance/glance/api/middleware/version_negotiation.py:44}}
Aug 31 13:58:10 devstack devstack@g-api.service[75527]: DEBUG glance.api.middleware.version_negotiation [None req-febe52f9-a005-444a-8ad3-0a7c1253bfc7 tempest-DeleteServersTestJSON-144518754 tempest-DeleteServersTestJSON-144518754-project-member] Using url versioning {{(pid=75527) process_request /opt/stack/glance/glance/api/middleware/version_negotiation.py:57}}
Aug 31 13:58:10 devstack devstack@g-api.service[75527]: DEBUG glance.api.middleware.version_negotiation [None req-febe52f9-a005-444a-8ad3-0a7c1253bfc7 tempest-DeleteServersTestJSON-144518754 tempest-DeleteServersTestJSON-144518754-project-member] Matched version: v2 {{(pid=75527) process_request /opt/stack/glance/glance/api/middleware/version_negotiation.py:69}}
Aug 31 13:58:10 devstack devstack@g-api.service[75527]: DEBUG glance.api.middleware.version_negotiation [None req-febe52f9-a005-444a-8ad3-0a7c1253bfc7 tempest-DeleteServersTestJSON-144518754 tempest-DeleteServersTestJSON-144518754-project-member] new path /v2/images/9fc434a5-12f4-407d-8216-78a76fd07e0f {{(pid=75527) process_request /opt/stack/glance/glance/api/middleware/version_negotiation.py:70}}
Aug 31 13:58:10 devstack devstack@g-api.service[75527]: [pid: 75527|app: 0|req: 10/18] 127.0.0.1 () {42 vars in 1061 bytes} [Mon Aug 31 13:58:10 2026] GET /v2/images/9fc434a5-12f4-407d-8216-78a76fd07e0f => generated 976 bytes in 25 msecs (HTTP/1.1 200) 4 headers in 157 bytes (1 switches on core 0)
Aug 31 13:58:10 devstack devstack@g-api.service[75526]: DEBUG glance.api.middleware.version_negotiation [None req-febe52f9-a005-444a-8ad3-0a7c1253bfc7 tempest-DeleteServersTestJSON-144518754 tempest-DeleteServersTestJSON-144518754-project-member] Determining version of request: GET /v2/schemas/image Accept: */* {{(pid=75526) process_request /opt/stack/glance/glance/api/middleware/version_negotiation.py:44}}
Aug 31 13:58:10 devstack devstack@g-api.service[75526]: DEBUG glance.api.middleware.version_negotiation [None req-febe52f9-a005-444a-8ad3-0a7c1253bfc7 tempest-DeleteServersTestJSON-144518754 tempest-DeleteServersTestJSON-144518754-project-member] Using url versioning {{(pid=75526) process_request /opt/stack/glance/glance/api/middleware/version_negotiation.py:57}}
Aug 31 13:58:10 devstack devstack@g-api.service[75526]: DEBUG glance.api.middleware.version_negotiation [None req-febe52f9-a005-444a-8ad3-0a7c1253bfc7 tempest-DeleteServersTestJSON-144518754 tempest-DeleteServersTestJSON-144518754-project-member] Matched version: v2 {{(pid=75526) process_request /opt/stack/glance/glance/api/middleware/version_negotiation.py:69}}
Aug 31 13:58:10 devstack devstack@g-api.service[75526]: DEBUG glance.api.middleware.version_negotiation [None req-febe52f9-a005-444a-8ad3-0a7c1253bfc7 tempest-DeleteServersTestJSON-144518754 tempest-DeleteServersTestJSON-144518754-project-member] new path /v2/schemas/image {{(pid=75526) process_request /opt/stack/glance/glance/api/middleware/version_negotiation.py:70}}
Aug 31 13:58:10 devstack devstack@g-api.service[75526]: [pid: 75526|app: 0|req: 9/19] 127.0.0.1 () {42 vars in 1001 bytes} [Mon Aug 31 13:58:10 2026] GET /v2/schemas/image => generated 6083 bytes in 14 msecs (HTTP/1.1 200) 4 headers in 158 bytes (1 switches on core 0)
Aug 31 13:58:16 devstack devstack@g-api.service[75527]: DEBUG glance.api.middleware.version_negotiation [None req-febe52f9-a005-444a-8ad3-0a7c1253bfc7 tempest-DeleteServersTestJSON-144518754 tempest-DeleteServersTestJSON-144518754-project-member] Determining version of request: GET /v2/images/9fc434a5-12f4-407d-8216-78a76fd07e0f Accept: */* {{(pid=75527) process_request /opt/stack/glance/glance/api/middleware/version_negotiation.py:44}}
Aug 31 13:58:16 devstack devstack@g-api.service[75527]: DEBUG glance.api.middleware.version_negotiation [None req-febe52f9-a005-444a-8ad3-0a7c1253bfc7 tempest-DeleteServersTestJSON-144518754 tempest-DeleteServersTestJSON-144518754-project-member] Using url versioning {{(pid=75527) process_request /opt/stack/glance/glance/api/middleware/version_negotiation.py:57}}
Aug 31 13:58:16 devstack devstack@g-api.service[75527]: DEBUG glance.api.middleware.version_negotiation [None req-febe52f9-a005-444a-8ad3-0a7c1253bfc7 tempest-DeleteServersTestJSON-144518754 tempest-DeleteServersTestJSON-144518754-project-member] Matched version: v2 {{(pid=75527) process_request /opt/stack/glance/glance/api/middleware/version_negotiation.py:69}}
Aug 31 13:58:16 devstack devstack@g-api.service[75527]: DEBUG glance.api.middleware.version_negotiation [None req-febe52f9-a005-444a-8ad3-0a7c1253bfc7 tempest-DeleteServersTestJSON-144518754 tempest-DeleteServersTestJSON-144518754-project-member] new path /v2/images/9fc434a5-12f4-407d-8216-78a76fd07e0f {{(pid=75527) process_request /opt/stack/glance/glance/api/middleware/version_negotiation.py:70}}
Aug 31 13:58:16 devstack devstack@g-api.service[75527]: [pid: 75527|app: 0|req: 11/20] 127.0.0.1 () {42 vars in 1061 bytes} [Mon Aug 31 13:58:16 2026] GET /v2/images/9fc434a5-12f4-407d-8216-78a76fd07e0f => generated 976 bytes in 35 msecs (HTTP/1.1 200) 4 headers in 157 bytes (1 switches on core 0)
Aug 31 13:58:16 devstack devstack@g-api.service[75526]: DEBUG glance.api.middleware.version_negotiation [None req-febe52f9-a005-444a-8ad3-0a7c1253bfc7 tempest-DeleteServersTestJSON-144518754 tempest-DeleteServersTestJSON-144518754-project-member] Determining version of request: GET /v2/schemas/image Accept: */* {{(pid=75526) process_request /opt/stack/glance/glance/api/middleware/version_negotiation.py:44}}
Aug 31 13:58:16 devstack devstack@g-api.service[75526]: DEBUG glance.api.middleware.version_negotiation [None req-febe52f9-a005-444a-8ad3-0a7c1253bfc7 tempest-DeleteServersTestJSON-144518754 tempest-DeleteServersTestJSON-144518754-project-member] Using url versioning {{(pid=75526) process_request /opt/stack/glance/glance/api/middleware/version_negotiation.py:57}}
Aug 31 13:58:16 devstack devstack@g-api.service[75526]: DEBUG glance.api.middleware.version_negotiation [None req-febe52f9-a005-444a-8ad3-0a7c1253bfc7 tempest-DeleteServersTestJSON-144518754 tempest-DeleteServersTestJSON-144518754-project-member] Matched version: v2 {{(pid=75526) process_request /opt/stack/glance/glance/api/middleware/version_negotiation.py:69}}
Aug 31 13:58:16 devstack devstack@g-api.service[75526]: DEBUG glance.api.middleware.version_negotiation [None req-febe52f9-a005-444a-8ad3-0a7c1253bfc7 tempest-DeleteServersTestJSON-144518754 tempest-DeleteServersTestJSON-144518754-project-member] new path /v2/schemas/image {{(pid=75526) process_request /opt/stack/glance/glance/api/middleware/version_negotiation.py:70}}
Aug 31 13:58:16 devstack devstack@g-api.service[75526]: [pid: 75526|app: 0|req: 10/21] 127.0.0.1 () {42 vars in 1001 bytes} [Mon Aug 31 13:58:16 2026] GET /v2/schemas/image => generated 6083 bytes in 7 msecs (HTTP/1.1 200) 4 headers in 158 bytes (1 switches on core 0)
Aug 31 13:58:20 devstack devstack@g-api.service[75526]: DEBUG dbcounter [-] [75526] Writing DB stats glance:SELECT=5,glance:INSERT=1 {{(pid=75526) stat_writer /opt/stack/data/venv/lib/python3.12/site-packages/dbcounter.py:115}}
Aug 31 13:58:23 devstack devstack@g-api.service[75527]: DEBUG glance.api.middleware.version_negotiation [None req-cdfe195e-310e-493e-854c-510530e25403 tempest-VolumesAdminNegativeTest-374986780 tempest-VolumesAdminNegativeTest-374986780-project-member] Determining version of request: GET / Accept: application/json {{(pid=75527) process_request /opt/stack/glance/glance/api/middleware/version_negotiation.py:44}}
Aug 31 13:58:23 devstack devstack@g-api.service[75527]: DEBUG glance.api.middleware.version_negotiation [None req-cdfe195e-310e-493e-854c-510530e25403 tempest-VolumesAdminNegativeTest-374986780 tempest-VolumesAdminNegativeTest-374986780-project-member] Using url versioning {{(pid=75527) process_request /opt/stack/glance/glance/api/middleware/version_negotiation.py:57}}
Aug 31 13:58:23 devstack devstack@g-api.service[75527]: DEBUG glance.api.middleware.version_negotiation [None req-cdfe195e-310e-493e-854c-510530e25403 tempest-VolumesAdminNegativeTest-374986780 tempest-VolumesAdminNegativeTest-374986780-project-member] Unknown version. Returning version choices. {{(pid=75527) process_request /opt/stack/glance/glance/api/middleware/version_negotiation.py:64}}
Aug 31 13:58:23 devstack devstack@g-api.service[75527]: [pid: 75527|app: 0|req: 12/22] 127.0.0.1 () {34 vars in 505 bytes} [Mon Aug 31 13:58:23 2026] GET / => generated 1571 bytes in 7 msecs (HTTP/1.1 300) 3 headers in 106 bytes (1 switches on core 0)
