Jul 22 03:08:24 devstack devstack@g-api.service[77421]: DEBUG glance.common.config [None req-8c43ecdd-0d06-441f-8d66-8d9aaeaaad7c None None] barbican_service_user.timeout = None {{(pid=77421) log_opt_values /opt/stack/data/venv/lib/python3.12/site-packages/oslo_config/cfg.py:3253}}
Jul 22 03:08:24 devstack devstack@g-api.service[77421]: DEBUG glance.common.config [None req-8c43ecdd-0d06-441f-8d66-8d9aaeaaad7c None None] database.asyncio_connection = **** {{(pid=77421) log_opt_values /opt/stack/data/venv/lib/python3.12/site-packages/oslo_config/cfg.py:3253}}
Jul 22 03:08:24 devstack devstack@g-api.service[77421]: DEBUG glance.common.config [None req-8c43ecdd-0d06-441f-8d66-8d9aaeaaad7c None None] database.asyncio_slave_connection = **** {{(pid=77421) log_opt_values /opt/stack/data/venv/lib/python3.12/site-packages/oslo_config/cfg.py:3253}}
Jul 22 03:08:24 devstack devstack@g-api.service[77421]: DEBUG glance.common.config [None req-8c43ecdd-0d06-441f-8d66-8d9aaeaaad7c None None] database.backend = sqlalchemy {{(pid=77421) log_opt_values /opt/stack/data/venv/lib/python3.12/site-packages/oslo_config/cfg.py:3253}}
Jul 22 03:08:24 devstack devstack@g-api.service[77421]: DEBUG glance.common.config [None req-8c43ecdd-0d06-441f-8d66-8d9aaeaaad7c None None] database.connection = **** {{(pid=77421) log_opt_values /opt/stack/data/venv/lib/python3.12/site-packages/oslo_config/cfg.py:3253}}
Jul 22 03:08:24 devstack devstack@g-api.service[77421]: DEBUG glance.common.config [None req-8c43ecdd-0d06-441f-8d66-8d9aaeaaad7c None None] database.connection_debug = 0 {{(pid=77421) log_opt_values /opt/stack/data/venv/lib/python3.12/site-packages/oslo_config/cfg.py:3253}}
Jul 22 03:08:24 devstack devstack@g-api.service[77421]: DEBUG glance.common.config [None req-8c43ecdd-0d06-441f-8d66-8d9aaeaaad7c None None] database.connection_parameters = {{(pid=77421) log_opt_values /opt/stack/data/venv/lib/python3.12/site-packages/oslo_config/cfg.py:3253}}
Jul 22 03:08:24 devstack devstack@g-api.service[77421]: DEBUG glance.common.config [None req-8c43ecdd-0d06-441f-8d66-8d9aaeaaad7c None None] database.connection_recycle_time = 3600 {{(pid=77421) log_opt_values /opt/stack/data/venv/lib/python3.12/site-packages/oslo_config/cfg.py:3253}}
Jul 22 03:08:24 devstack devstack@g-api.service[77421]: DEBUG glance.common.config [None req-8c43ecdd-0d06-441f-8d66-8d9aaeaaad7c None None] database.connection_trace = False {{(pid=77421) log_opt_values /opt/stack/data/venv/lib/python3.12/site-packages/oslo_config/cfg.py:3253}}
Jul 22 03:08:24 devstack devstack@g-api.service[77421]: DEBUG glance.common.config [None req-8c43ecdd-0d06-441f-8d66-8d9aaeaaad7c None None] database.db_inc_retry_interval = True {{(pid=77421) log_opt_values /opt/stack/data/venv/lib/python3.12/site-packages/oslo_config/cfg.py:3253}}
Jul 22 03:08:24 devstack devstack@g-api.service[77421]: DEBUG glance.common.config [None req-8c43ecdd-0d06-441f-8d66-8d9aaeaaad7c None None] database.db_max_retries = 20 {{(pid=77421) log_opt_values /opt/stack/data/venv/lib/python3.12/site-packages/oslo_config/cfg.py:3253}}
Jul 22 03:08:24 devstack devstack@g-api.service[77421]: DEBUG glance.common.config [None req-8c43ecdd-0d06-441f-8d66-8d9aaeaaad7c None None] database.db_max_retry_interval = 10 {{(pid=77421) log_opt_values /opt/stack/data/venv/lib/python3.12/site-packages/oslo_config/cfg.py:3253}}
Jul 22 03:08:24 devstack devstack@g-api.service[77421]: DEBUG glance.common.config [None req-8c43ecdd-0d06-441f-8d66-8d9aaeaaad7c None None] database.db_retry_interval = 1 {{(pid=77421) log_opt_values /opt/stack/data/venv/lib/python3.12/site-packages/oslo_config/cfg.py:3253}}
Jul 22 03:08:24 devstack devstack@g-api.service[77421]: DEBUG glance.common.config [None req-8c43ecdd-0d06-441f-8d66-8d9aaeaaad7c None None] database.max_overflow = 50 {{(pid=77421) log_opt_values /opt/stack/data/venv/lib/python3.12/site-packages/oslo_config/cfg.py:3253}}
Jul 22 03:08:24 devstack devstack@g-api.service[77421]: DEBUG glance.common.config [None req-8c43ecdd-0d06-441f-8d66-8d9aaeaaad7c None None] database.max_pool_size = 5 {{(pid=77421) log_opt_values /opt/stack/data/venv/lib/python3.12/site-packages/oslo_config/cfg.py:3253}}
Jul 22 03:08:24 devstack devstack@g-api.service[77421]: DEBUG glance.common.config [None req-8c43ecdd-0d06-441f-8d66-8d9aaeaaad7c None None] database.max_retries = 10 {{(pid=77421) log_opt_values /opt/stack/data/venv/lib/python3.12/site-packages/oslo_config/cfg.py:3253}}
Jul 22 03:08:24 devstack devstack@g-api.service[77421]: DEBUG glance.common.config [None req-8c43ecdd-0d06-441f-8d66-8d9aaeaaad7c None None] database.mysql_sql_mode = TRADITIONAL {{(pid=77421) log_opt_values /opt/stack/data/venv/lib/python3.12/site-packages/oslo_config/cfg.py:3253}}
Jul 22 03:08:24 devstack devstack@g-api.service[77421]: DEBUG glance.common.config [None req-8c43ecdd-0d06-441f-8d66-8d9aaeaaad7c None None] database.mysql_wsrep_sync_wait = None {{(pid=77421) log_opt_values /opt/stack/data/venv/lib/python3.12/site-packages/oslo_config/cfg.py:3253}}
Jul 22 03:08:24 devstack devstack@g-api.service[77421]: DEBUG glance.common.config [None req-8c43ecdd-0d06-441f-8d66-8d9aaeaaad7c None None] database.pool_timeout = None {{(pid=77421) log_opt_values /opt/stack/data/venv/lib/python3.12/site-packages/oslo_config/cfg.py:3253}}
Jul 22 03:08:24 devstack devstack@g-api.service[77421]: DEBUG glance.common.config [None req-8c43ecdd-0d06-441f-8d66-8d9aaeaaad7c None None] database.retry_interval = 10 {{(pid=77421) log_opt_values /opt/stack/data/venv/lib/python3.12/site-packages/oslo_config/cfg.py:3253}}
Jul 22 03:08:24 devstack devstack@g-api.service[77421]: DEBUG glance.common.config [None req-8c43ecdd-0d06-441f-8d66-8d9aaeaaad7c None None] database.slave_connection = **** {{(pid=77421) log_opt_values /opt/stack/data/venv/lib/python3.12/site-packages/oslo_config/cfg.py:3253}}
Jul 22 03:08:24 devstack devstack@g-api.service[77421]: DEBUG glance.common.config [None req-8c43ecdd-0d06-441f-8d66-8d9aaeaaad7c None None] database.sqlite_synchronous = True {{(pid=77421) log_opt_values /opt/stack/data/venv/lib/python3.12/site-packages/oslo_config/cfg.py:3253}}
Jul 22 03:08:24 devstack devstack@g-api.service[77421]: DEBUG glance.common.config [None req-8c43ecdd-0d06-441f-8d66-8d9aaeaaad7c None None] database.synchronous_reader = True {{(pid=77421) log_opt_values /opt/stack/data/venv/lib/python3.12/site-packages/oslo_config/cfg.py:3253}}
Jul 22 03:08:24 devstack devstack@g-api.service[77421]: DEBUG glance.common.config [None req-8c43ecdd-0d06-441f-8d66-8d9aaeaaad7c None None] database.use_db_reconnect = False {{(pid=77421) log_opt_values /opt/stack/data/venv/lib/python3.12/site-packages/oslo_config/cfg.py:3253}}
Jul 22 03:08:24 devstack devstack@g-api.service[77421]: DEBUG glance.common.config [None req-8c43ecdd-0d06-441f-8d66-8d9aaeaaad7c None None] healthcheck.allowed_source_ranges = [] {{(pid=77421) log_opt_values /opt/stack/data/venv/lib/python3.12/site-packages/oslo_config/cfg.py:3253}}
Jul 22 03:08:24 devstack devstack@g-api.service[77421]: DEBUG glance.common.config [None req-8c43ecdd-0d06-441f-8d66-8d9aaeaaad7c None None] healthcheck.backends = ['disable_by_file'] {{(pid=77421) log_opt_values /opt/stack/data/venv/lib/python3.12/site-packages/oslo_config/cfg.py:3253}}
Jul 22 03:08:24 devstack devstack@g-api.service[77421]: DEBUG glance.common.config [None req-8c43ecdd-0d06-441f-8d66-8d9aaeaaad7c None None] healthcheck.detailed = False {{(pid=77421) log_opt_values /opt/stack/data/venv/lib/python3.12/site-packages/oslo_config/cfg.py:3253}}
Jul 22 03:08:24 devstack devstack@g-api.service[77421]: DEBUG glance.common.config [None req-8c43ecdd-0d06-441f-8d66-8d9aaeaaad7c None None] healthcheck.disable_by_file_path = None {{(pid=77421) log_opt_values /opt/stack/data/venv/lib/python3.12/site-packages/oslo_config/cfg.py:3253}}
Jul 22 03:08:24 devstack devstack@g-api.service[77421]: DEBUG glance.common.config [None req-8c43ecdd-0d06-441f-8d66-8d9aaeaaad7c None None] healthcheck.ignore_proxied_requests = False {{(pid=77421) log_opt_values /opt/stack/data/venv/lib/python3.12/site-packages/oslo_config/cfg.py:3253}}
Jul 22 03:08:24 devstack devstack@g-api.service[77421]: DEBUG glance.common.config [None req-8c43ecdd-0d06-441f-8d66-8d9aaeaaad7c None None] ******************************************************************************** {{(pid=77421) log_opt_values /opt/stack/data/venv/lib/python3.12/site-packages/oslo_config/cfg.py:3260}}
Jul 22 03:08:24 devstack devstack@g-api.service[77421]: WSGI app 0 (mountpoint='') ready in 5 seconds on interpreter 0x7885de2a4668 pid: 77421 (default app)
Jul 22 03:08:28 devstack devstack@g-api.service[77422]: DEBUG glance.api.middleware.version_negotiation [None req-fd4e8443-4f43-4ead-8c69-096293b06128 None None] Determining version of request: GET / Accept: application/json {{(pid=77422) process_request /opt/stack/glance/glance/api/middleware/version_negotiation.py:44}}
Jul 22 03:08:28 devstack devstack@g-api.service[77422]: DEBUG glance.api.middleware.version_negotiation [None req-fd4e8443-4f43-4ead-8c69-096293b06128 None None] Using url versioning {{(pid=77422) process_request /opt/stack/glance/glance/api/middleware/version_negotiation.py:57}}
Jul 22 03:08:28 devstack devstack@g-api.service[77422]: DEBUG glance.api.middleware.version_negotiation [None req-fd4e8443-4f43-4ead-8c69-096293b06128 None None] Unknown version. Returning version choices. {{(pid=77422) process_request /opt/stack/glance/glance/api/middleware/version_negotiation.py:64}}
Jul 22 03:08:28 devstack devstack@g-api.service[77422]: [pid: 77422|app: 0|req: 2/2] 127.0.0.1 () {34 vars in 519 bytes} [Wed Jul 22 03:08:28 2026] GET / => generated 1571 bytes in 4 msecs (HTTP/1.1 300) 3 headers in 106 bytes (1 switches on core 0)
Jul 22 03:08:28 devstack devstack@g-api.service[77421]: DEBUG glance.api.middleware.version_negotiation [None req-8c43ecdd-0d06-441f-8d66-8d9aaeaaad7c None None] Determining version of request: POST /v2/images Accept: */* {{(pid=77421) process_request /opt/stack/glance/glance/api/middleware/version_negotiation.py:44}}
Jul 22 03:08:28 devstack devstack@g-api.service[77421]: DEBUG glance.api.middleware.version_negotiation [None req-8c43ecdd-0d06-441f-8d66-8d9aaeaaad7c None None] Using url versioning {{(pid=77421) process_request /opt/stack/glance/glance/api/middleware/version_negotiation.py:57}}
Jul 22 03:08:28 devstack devstack@g-api.service[77421]: DEBUG glance.api.middleware.version_negotiation [None req-8c43ecdd-0d06-441f-8d66-8d9aaeaaad7c None None] Matched version: v2 {{(pid=77421) process_request /opt/stack/glance/glance/api/middleware/version_negotiation.py:69}}
Jul 22 03:08:28 devstack devstack@g-api.service[77421]: DEBUG glance.api.middleware.version_negotiation [None req-8c43ecdd-0d06-441f-8d66-8d9aaeaaad7c None None] new path /v2/images {{(pid=77421) process_request /opt/stack/glance/glance/api/middleware/version_negotiation.py:70}}
Jul 22 03:08:29 devstack devstack@g-api.service[77421]: [pid: 77421|app: 0|req: 1/3] 127.0.0.1 () {40 vars in 782 bytes} [Wed Jul 22 03:08:28 2026] POST /v2/images => generated 807 bytes in 1164 msecs (HTTP/1.1 201) 6 headers in 314 bytes (1 switches on core 0)
Jul 22 03:08:29 devstack devstack@g-api.service[77422]: DEBUG glance.api.middleware.version_negotiation [None req-fd4e8443-4f43-4ead-8c69-096293b06128 None None] Determining version of request: PUT /v2/images/a3efde48-babd-4b04-b205-71cd843dec16/file Accept: {{(pid=77422) process_request /opt/stack/glance/glance/api/middleware/version_negotiation.py:44}}
Jul 22 03:08:29 devstack devstack@g-api.service[77422]: DEBUG glance.api.middleware.version_negotiation [None req-fd4e8443-4f43-4ead-8c69-096293b06128 None None] Using url versioning {{(pid=77422) process_request /opt/stack/glance/glance/api/middleware/version_negotiation.py:57}}
Jul 22 03:08:29 devstack devstack@g-api.service[77422]: DEBUG glance.api.middleware.version_negotiation [None req-fd4e8443-4f43-4ead-8c69-096293b06128 None None] Matched version: v2 {{(pid=77422) process_request /opt/stack/glance/glance/api/middleware/version_negotiation.py:69}}
Jul 22 03:08:29 devstack devstack@g-api.service[77422]: DEBUG glance.api.middleware.version_negotiation [None req-fd4e8443-4f43-4ead-8c69-096293b06128 None None] new path /v2/images/a3efde48-babd-4b04-b205-71cd843dec16/file {{(pid=77422) process_request /opt/stack/glance/glance/api/middleware/version_negotiation.py:70}}
Jul 22 03:08:30 devstack devstack@g-api.service[77422]: INFO glance.api.v2.image_data [None req-8bcf69d7-6340-4d45-ac5f-aed0a2b8f7bf admin admin] Unable to create trust: no such option collect_timing in group [keystone_authtoken] Use the existing user token.
Jul 22 03:08:31 devstack devstack@g-api.service[77422]: DEBUG glance.location [None req-8bcf69d7-6340-4d45-ac5f-aed0a2b8f7bf admin admin] Enabling in-flight format inspection for qcow2 {{(pid=77422) set_data /opt/stack/glance/glance/location.py:596}}
Jul 22 03:08:31 devstack devstack@g-api.service[77422]: DEBUG oslo_utils.imageutils.format_inspector [None req-8bcf69d7-6340-4d45-ac5f-aed0a2b8f7bf admin admin] Format inspector for vmdk does not match, excluding from consideration (Signature KDMV not found: b'QFI\xfb') {{(pid=77422) _process_chunk /opt/stack/data/venv/lib/python3.12/site-packages/oslo_utils/imageutils/format_inspector.py:1758}}
Jul 22 03:08:31 devstack devstack@g-api.service[77422]: DEBUG oslo_utils.imageutils.format_inspector [None req-8bcf69d7-6340-4d45-ac5f-aed0a2b8f7bf admin admin] Format inspector for vhdx does not match, excluding from consideration (Region signature not found at 30000) {{(pid=77422) _process_chunk /opt/stack/data/venv/lib/python3.12/site-packages/oslo_utils/imageutils/format_inspector.py:1758}}
Jul 22 03:08:31 devstack devstack@g-api.service[77422]: DEBUG glance_store._drivers.filesystem [None req-8bcf69d7-6340-4d45-ac5f-aed0a2b8f7bf admin admin] Wrote 21692416 bytes to /opt/stack/data/glance/images/a3efde48-babd-4b04-b205-71cd843dec16 with checksum 87617e24a5e30cb3b87fda8c0764838f and multihash 9a9bce0083a00939ec17c11febbfc767aa211aaa54f51e75c5a8b271a9b5637c77205a518b7a2007cb391d23cceb01e0e4e8d64832317151bc85b734b92a7be0 {{(pid=77422) add /opt/stack/data/venv/lib/python3.12/site-packages/glance_store/_drivers/filesystem.py:899}}
Jul 22 03:08:31 devstack devstack@g-api.service[77422]: INFO glance.location [None req-8bcf69d7-6340-4d45-ac5f-aed0a2b8f7bf admin admin] Image format matched and virtual size computed: 117440512
Jul 22 03:08:31 devstack devstack@g-api.service[77422]: DEBUG glance_store.backend [None req-8bcf69d7-6340-4d45-ac5f-aed0a2b8f7bf admin admin] Skipping store.set_acls... not implemented. {{(pid=77422) set_acls /opt/stack/data/venv/lib/python3.12/site-packages/glance_store/backend.py:507}}
Jul 22 03:08:31 devstack devstack@g-api.service[77422]: [pid: 77422|app: 0|req: 3/4] 127.0.0.1 () {40 vars in 875 bytes} [Wed Jul 22 03:08:29 2026] PUT /v2/images/a3efde48-babd-4b04-b205-71cd843dec16/file => generated 0 bytes in 1642 msecs (HTTP/1.1 204) 4 headers in 171 bytes (1 switches on core 0)
Jul 22 03:08:31 devstack devstack@g-api.service[77421]: DEBUG glance.api.middleware.version_negotiation [None req-e763cc7c-f978-4e87-a6db-539e69893548 admin admin] Determining version of request: GET /v2/images/a3efde48-babd-4b04-b205-71cd843dec16 Accept: */* {{(pid=77421) process_request /opt/stack/glance/glance/api/middleware/version_negotiation.py:44}}
Jul 22 03:08:31 devstack devstack@g-api.service[77421]: DEBUG glance.api.middleware.version_negotiation [None req-e763cc7c-f978-4e87-a6db-539e69893548 admin admin] Using url versioning {{(pid=77421) process_request /opt/stack/glance/glance/api/middleware/version_negotiation.py:57}}
Jul 22 03:08:31 devstack devstack@g-api.service[77421]: DEBUG glance.api.middleware.version_negotiation [None req-e763cc7c-f978-4e87-a6db-539e69893548 admin admin] Matched version: v2 {{(pid=77421) process_request /opt/stack/glance/glance/api/middleware/version_negotiation.py:69}}
Jul 22 03:08:31 devstack devstack@g-api.service[77421]: DEBUG glance.api.middleware.version_negotiation [None req-e763cc7c-f978-4e87-a6db-539e69893548 admin admin] new path /v2/images/a3efde48-babd-4b04-b205-71cd843dec16 {{(pid=77421) process_request /opt/stack/glance/glance/api/middleware/version_negotiation.py:70}}
Jul 22 03:08:31 devstack devstack@g-api.service[77421]: [pid: 77421|app: 0|req: 2/5] 127.0.0.1 () {36 vars in 802 bytes} [Wed Jul 22 03:08:31 2026] GET /v2/images/a3efde48-babd-4b04-b205-71cd843dec16 => generated 976 bytes in 20 msecs (HTTP/1.1 200) 4 headers in 157 bytes (1 switches on core 0)
Jul 22 03:08:41 devstack devstack@g-api.service[77422]: DEBUG dbcounter [-] [77422] Writing DB stats glance:INSERT=5,glance:SELECT=16,glance:UPDATE=2 {{(pid=77422) stat_writer /opt/stack/data/venv/lib/python3.12/site-packages/dbcounter.py:115}}
Jul 22 03:08:41 devstack devstack@g-api.service[77421]: DEBUG dbcounter [-] [77421] Writing DB stats glance:INSERT=9,glance:SELECT=6 {{(pid=77421) stat_writer /opt/stack/data/venv/lib/python3.12/site-packages/dbcounter.py:115}}
Jul 22 03:09:15 devstack devstack@g-api.service[77422]: DEBUG glance.api.middleware.version_negotiation [None req-8bcf69d7-6340-4d45-ac5f-aed0a2b8f7bf admin admin] Determining version of request: GET / Accept: application/json {{(pid=77422) process_request /opt/stack/glance/glance/api/middleware/version_negotiation.py:44}}
Jul 22 03:09:15 devstack devstack@g-api.service[77422]: DEBUG glance.api.middleware.version_negotiation [None req-8bcf69d7-6340-4d45-ac5f-aed0a2b8f7bf admin admin] Using url versioning {{(pid=77422) process_request /opt/stack/glance/glance/api/middleware/version_negotiation.py:57}}
Jul 22 03:09:15 devstack devstack@g-api.service[77422]: DEBUG glance.api.middleware.version_negotiation [None req-8bcf69d7-6340-4d45-ac5f-aed0a2b8f7bf admin admin] Unknown version. Returning version choices. {{(pid=77422) process_request /opt/stack/glance/glance/api/middleware/version_negotiation.py:64}}
Jul 22 03:09:15 devstack devstack@g-api.service[77422]: [pid: 77422|app: 0|req: 4/6] 127.0.0.1 () {34 vars in 519 bytes} [Wed Jul 22 03:09:15 2026] GET / => generated 1571 bytes in 2 msecs (HTTP/1.1 300) 3 headers in 106 bytes (1 switches on core 0)
Jul 22 03:09:15 devstack devstack@g-api.service[77421]: DEBUG glance.api.middleware.version_negotiation [None req-3b7e2919-bf58-4dd7-8e1b-82d6b316eb8d admin admin] Determining version of request: GET /v2/images Accept: application/json {{(pid=77421) process_request /opt/stack/glance/glance/api/middleware/version_negotiation.py:44}}
Jul 22 03:09:15 devstack devstack@g-api.service[77421]: DEBUG glance.api.middleware.version_negotiation [None req-3b7e2919-bf58-4dd7-8e1b-82d6b316eb8d admin admin] Using url versioning {{(pid=77421) process_request /opt/stack/glance/glance/api/middleware/version_negotiation.py:57}}
Jul 22 03:09:15 devstack devstack@g-api.service[77421]: DEBUG glance.api.middleware.version_negotiation [None req-3b7e2919-bf58-4dd7-8e1b-82d6b316eb8d admin admin] Matched version: v2 {{(pid=77421) process_request /opt/stack/glance/glance/api/middleware/version_negotiation.py:69}}
Jul 22 03:09:15 devstack devstack@g-api.service[77421]: DEBUG glance.api.middleware.version_negotiation [None req-3b7e2919-bf58-4dd7-8e1b-82d6b316eb8d admin admin] new path /v2/images {{(pid=77421) process_request /opt/stack/glance/glance/api/middleware/version_negotiation.py:70}}
Jul 22 03:09:15 devstack devstack@g-api.service[77421]: [pid: 77421|app: 0|req: 3/7] 127.0.0.1 () {36 vars in 741 bytes} [Wed Jul 22 03:09:15 2026] GET /v2/images => generated 1045 bytes in 88 msecs (HTTP/1.1 200) 4 headers in 158 bytes (1 switches on core 0)
Jul 22 03:09:25 devstack devstack@g-api.service[77422]: DEBUG glance.api.middleware.version_negotiation [None req-8bcf69d7-6340-4d45-ac5f-aed0a2b8f7bf admin admin] Determining version of request: GET / Accept: application/json {{(pid=77422) process_request /opt/stack/glance/glance/api/middleware/version_negotiation.py:44}}
Jul 22 03:09:25 devstack devstack@g-api.service[77422]: DEBUG glance.api.middleware.version_negotiation [None req-8bcf69d7-6340-4d45-ac5f-aed0a2b8f7bf admin admin] Using url versioning {{(pid=77422) process_request /opt/stack/glance/glance/api/middleware/version_negotiation.py:57}}
Jul 22 03:09:25 devstack devstack@g-api.service[77422]: DEBUG glance.api.middleware.version_negotiation [None req-8bcf69d7-6340-4d45-ac5f-aed0a2b8f7bf admin admin] Unknown version. Returning version choices. {{(pid=77422) process_request /opt/stack/glance/glance/api/middleware/version_negotiation.py:64}}
Jul 22 03:09:25 devstack devstack@g-api.service[77422]: [pid: 77422|app: 0|req: 5/8] 127.0.0.1 () {34 vars in 519 bytes} [Wed Jul 22 03:09:25 2026] GET / => generated 1571 bytes in 2 msecs (HTTP/1.1 300) 3 headers in 106 bytes (1 switches on core 0)
Jul 22 03:09:25 devstack devstack@g-api.service[77421]: DEBUG glance.api.middleware.version_negotiation [None req-c4947b9e-cbc9-4c28-b998-cd2a3894f8ae admin admin] Determining version of request: GET /v2/images/a3efde48-babd-4b04-b205-71cd843dec16 Accept: */* {{(pid=77421) process_request /opt/stack/glance/glance/api/middleware/version_negotiation.py:44}}
Jul 22 03:09:25 devstack devstack@g-api.service[77421]: DEBUG glance.api.middleware.version_negotiation [None req-c4947b9e-cbc9-4c28-b998-cd2a3894f8ae admin admin] Using url versioning {{(pid=77421) process_request /opt/stack/glance/glance/api/middleware/version_negotiation.py:57}}
Jul 22 03:09:25 devstack devstack@g-api.service[77421]: DEBUG glance.api.middleware.version_negotiation [None req-c4947b9e-cbc9-4c28-b998-cd2a3894f8ae admin admin] Matched version: v2 {{(pid=77421) process_request /opt/stack/glance/glance/api/middleware/version_negotiation.py:69}}
Jul 22 03:09:25 devstack devstack@g-api.service[77421]: DEBUG glance.api.middleware.version_negotiation [None req-c4947b9e-cbc9-4c28-b998-cd2a3894f8ae admin admin] new path /v2/images/a3efde48-babd-4b04-b205-71cd843dec16 {{(pid=77421) process_request /opt/stack/glance/glance/api/middleware/version_negotiation.py:70}}
Jul 22 03:09:25 devstack devstack@g-api.service[77421]: [pid: 77421|app: 0|req: 4/9] 127.0.0.1 () {36 vars in 802 bytes} [Wed Jul 22 03:09:25 2026] GET /v2/images/a3efde48-babd-4b04-b205-71cd843dec16 => generated 976 bytes in 70 msecs (HTTP/1.1 200) 4 headers in 157 bytes (1 switches on core 0)
Jul 22 03:09:32 devstack devstack@g-api.service[77422]: DEBUG glance.api.middleware.version_negotiation [None req-8bcf69d7-6340-4d45-ac5f-aed0a2b8f7bf admin admin] Determining version of request: GET / Accept: application/json {{(pid=77422) process_request /opt/stack/glance/glance/api/middleware/version_negotiation.py:44}}
Jul 22 03:09:32 devstack devstack@g-api.service[77422]: DEBUG glance.api.middleware.version_negotiation [None req-8bcf69d7-6340-4d45-ac5f-aed0a2b8f7bf admin admin] Using url versioning {{(pid=77422) process_request /opt/stack/glance/glance/api/middleware/version_negotiation.py:57}}
Jul 22 03:09:32 devstack devstack@g-api.service[77422]: DEBUG glance.api.middleware.version_negotiation [None req-8bcf69d7-6340-4d45-ac5f-aed0a2b8f7bf admin admin] Unknown version. Returning version choices. {{(pid=77422) process_request /opt/stack/glance/glance/api/middleware/version_negotiation.py:64}}
Jul 22 03:09:32 devstack devstack@g-api.service[77422]: [pid: 77422|app: 0|req: 6/10] 127.0.0.1 () {34 vars in 519 bytes} [Wed Jul 22 03:09:32 2026] GET / => generated 1571 bytes in 2 msecs (HTTP/1.1 300) 3 headers in 106 bytes (1 switches on core 0)
Jul 22 03:09:32 devstack devstack@g-api.service[77421]: DEBUG glance.api.middleware.version_negotiation [None req-12b5217f-0e3a-4200-863c-18b8776c1d10 admin admin] Determining version of request: GET /v2/images/a3efde48-babd-4b04-b205-71cd843dec16 Accept: */* {{(pid=77421) process_request /opt/stack/glance/glance/api/middleware/version_negotiation.py:44}}
Jul 22 03:09:32 devstack devstack@g-api.service[77421]: DEBUG glance.api.middleware.version_negotiation [None req-12b5217f-0e3a-4200-863c-18b8776c1d10 admin admin] Using url versioning {{(pid=77421) process_request /opt/stack/glance/glance/api/middleware/version_negotiation.py:57}}
Jul 22 03:09:32 devstack devstack@g-api.service[77421]: DEBUG glance.api.middleware.version_negotiation [None req-12b5217f-0e3a-4200-863c-18b8776c1d10 admin admin] Matched version: v2 {{(pid=77421) process_request /opt/stack/glance/glance/api/middleware/version_negotiation.py:69}}
Jul 22 03:09:32 devstack devstack@g-api.service[77421]: DEBUG glance.api.middleware.version_negotiation [None req-12b5217f-0e3a-4200-863c-18b8776c1d10 admin admin] new path /v2/images/a3efde48-babd-4b04-b205-71cd843dec16 {{(pid=77421) process_request /opt/stack/glance/glance/api/middleware/version_negotiation.py:70}}
Jul 22 03:09:32 devstack devstack@g-api.service[77421]: [pid: 77421|app: 0|req: 5/11] 127.0.0.1 () {36 vars in 802 bytes} [Wed Jul 22 03:09:32 2026] GET /v2/images/a3efde48-babd-4b04-b205-71cd843dec16 => generated 976 bytes in 71 msecs (HTTP/1.1 200) 4 headers in 157 bytes (1 switches on core 0)
Jul 22 03:09:42 devstack devstack@g-api.service[77421]: DEBUG dbcounter [-] [77421] Writing DB stats glance:SELECT=5 {{(pid=77421) stat_writer /opt/stack/data/venv/lib/python3.12/site-packages/dbcounter.py:115}}
Jul 22 03:10:47 devstack devstack@g-api.service[77422]: DEBUG glance.api.middleware.version_negotiation [None req-8bcf69d7-6340-4d45-ac5f-aed0a2b8f7bf admin admin] Determining version of request: GET / Accept: application/json {{(pid=77422) process_request /opt/stack/glance/glance/api/middleware/version_negotiation.py:44}}
Jul 22 03:10:47 devstack devstack@g-api.service[77422]: DEBUG glance.api.middleware.version_negotiation [None req-8bcf69d7-6340-4d45-ac5f-aed0a2b8f7bf admin admin] Using url versioning {{(pid=77422) process_request /opt/stack/glance/glance/api/middleware/version_negotiation.py:57}}
Jul 22 03:10:47 devstack devstack@g-api.service[77422]: DEBUG glance.api.middleware.version_negotiation [None req-8bcf69d7-6340-4d45-ac5f-aed0a2b8f7bf admin admin] Unknown version. Returning version choices. {{(pid=77422) process_request /opt/stack/glance/glance/api/middleware/version_negotiation.py:64}}
Jul 22 03:10:47 devstack devstack@g-api.service[77422]: [pid: 77422|app: 0|req: 7/12] 127.0.0.1 () {36 vars in 488 bytes} [Wed Jul 22 03:10:47 2026] GET / => generated 1571 bytes in 2 msecs (HTTP/1.1 300) 3 headers in 106 bytes (1 switches on core 0)
Jul 22 03:13:58 devstack devstack@g-api.service[77421]: DEBUG glance.api.middleware.version_negotiation [None req-27ecf0cf-b748-4130-95bc-48a4730e86c5 admin admin] Determining version of request: GET / Accept: application/json {{(pid=77421) process_request /opt/stack/glance/glance/api/middleware/version_negotiation.py:44}}
Jul 22 03:13:58 devstack devstack@g-api.service[77421]: DEBUG glance.api.middleware.version_negotiation [None req-27ecf0cf-b748-4130-95bc-48a4730e86c5 admin admin] Using url versioning {{(pid=77421) process_request /opt/stack/glance/glance/api/middleware/version_negotiation.py:57}}
Jul 22 03:13:58 devstack devstack@g-api.service[77421]: DEBUG glance.api.middleware.version_negotiation [None req-27ecf0cf-b748-4130-95bc-48a4730e86c5 admin admin] Unknown version. Returning version choices. {{(pid=77421) process_request /opt/stack/glance/glance/api/middleware/version_negotiation.py:64}}
Jul 22 03:13:58 devstack devstack@g-api.service[77421]: [pid: 77421|app: 0|req: 6/13] 127.0.0.1 () {34 vars in 505 bytes} [Wed Jul 22 03:13:58 2026] GET / => generated 1571 bytes in 3 msecs (HTTP/1.1 300) 3 headers in 106 bytes (1 switches on core 0)
Jul 22 03:13:58 devstack devstack@g-api.service[77422]: DEBUG glance.api.middleware.version_negotiation [None req-8bcf69d7-6340-4d45-ac5f-aed0a2b8f7bf admin admin] Determining version of request: GET /v2/images/a3efde48-babd-4b04-b205-71cd843dec16 Accept: */* {{(pid=77422) process_request /opt/stack/glance/glance/api/middleware/version_negotiation.py:44}}
Jul 22 03:13:58 devstack devstack@g-api.service[77422]: DEBUG glance.api.middleware.version_negotiation [None req-8bcf69d7-6340-4d45-ac5f-aed0a2b8f7bf admin admin] Using url versioning {{(pid=77422) process_request /opt/stack/glance/glance/api/middleware/version_negotiation.py:57}}
Jul 22 03:13:58 devstack devstack@g-api.service[77422]: DEBUG glance.api.middleware.version_negotiation [None req-8bcf69d7-6340-4d45-ac5f-aed0a2b8f7bf admin admin] Matched version: v2 {{(pid=77422) process_request /opt/stack/glance/glance/api/middleware/version_negotiation.py:69}}
Jul 22 03:13:58 devstack devstack@g-api.service[77422]: DEBUG glance.api.middleware.version_negotiation [None req-8bcf69d7-6340-4d45-ac5f-aed0a2b8f7bf admin admin] new path /v2/images/a3efde48-babd-4b04-b205-71cd843dec16 {{(pid=77422) process_request /opt/stack/glance/glance/api/middleware/version_negotiation.py:70}}
Jul 22 03:13:59 devstack devstack@g-api.service[77422]: [pid: 77422|app: 0|req: 8/14] 127.0.0.1 () {42 vars in 1061 bytes} [Wed Jul 22 03:13:58 2026] GET /v2/images/a3efde48-babd-4b04-b205-71cd843dec16 => generated 976 bytes in 515 msecs (HTTP/1.1 200) 4 headers in 157 bytes (1 switches on core 0)
Jul 22 03:13:59 devstack devstack@g-api.service[77421]: DEBUG glance.api.middleware.version_negotiation [None req-27ecf0cf-b748-4130-95bc-48a4730e86c5 admin admin] Determining version of request: GET /v2/schemas/image Accept: */* {{(pid=77421) process_request /opt/stack/glance/glance/api/middleware/version_negotiation.py:44}}
Jul 22 03:13:59 devstack devstack@g-api.service[77421]: DEBUG glance.api.middleware.version_negotiation [None req-27ecf0cf-b748-4130-95bc-48a4730e86c5 admin admin] Using url versioning {{(pid=77421) process_request /opt/stack/glance/glance/api/middleware/version_negotiation.py:57}}
Jul 22 03:13:59 devstack devstack@g-api.service[77421]: DEBUG glance.api.middleware.version_negotiation [None req-27ecf0cf-b748-4130-95bc-48a4730e86c5 admin admin] Matched version: v2 {{(pid=77421) process_request /opt/stack/glance/glance/api/middleware/version_negotiation.py:69}}
Jul 22 03:13:59 devstack devstack@g-api.service[77421]: DEBUG glance.api.middleware.version_negotiation [None req-27ecf0cf-b748-4130-95bc-48a4730e86c5 admin admin] new path /v2/schemas/image {{(pid=77421) process_request /opt/stack/glance/glance/api/middleware/version_negotiation.py:70}}
Jul 22 03:13:59 devstack devstack@g-api.service[77421]: [pid: 77421|app: 0|req: 7/15] 127.0.0.1 () {42 vars in 1001 bytes} [Wed Jul 22 03:13:59 2026] GET /v2/schemas/image => generated 6083 bytes in 15 msecs (HTTP/1.1 200) 4 headers in 158 bytes (1 switches on core 0)
Jul 22 03:14:09 devstack devstack@g-api.service[77422]: DEBUG dbcounter [-] [77422] Writing DB stats glance:SELECT=2 {{(pid=77422) stat_writer /opt/stack/data/venv/lib/python3.12/site-packages/dbcounter.py:115}}
Jul 22 03:14:14 devstack devstack@g-api.service[77422]: DEBUG glance.api.middleware.version_negotiation [None req-0ba74327-d06d-4f95-8258-1655723f84b9 tempest-AttachVolumeTestJSON-158955983 tempest-AttachVolumeTestJSON-158955983-project-member] Determining version of request: GET / Accept: application/json {{(pid=77422) process_request /opt/stack/glance/glance/api/middleware/version_negotiation.py:44}}
Jul 22 03:14:14 devstack devstack@g-api.service[77422]: DEBUG glance.api.middleware.version_negotiation [None req-0ba74327-d06d-4f95-8258-1655723f84b9 tempest-AttachVolumeTestJSON-158955983 tempest-AttachVolumeTestJSON-158955983-project-member] Using url versioning {{(pid=77422) process_request /opt/stack/glance/glance/api/middleware/version_negotiation.py:57}}
Jul 22 03:14:14 devstack devstack@g-api.service[77422]: DEBUG glance.api.middleware.version_negotiation [None req-0ba74327-d06d-4f95-8258-1655723f84b9 tempest-AttachVolumeTestJSON-158955983 tempest-AttachVolumeTestJSON-158955983-project-member] Unknown version. Returning version choices. {{(pid=77422) process_request /opt/stack/glance/glance/api/middleware/version_negotiation.py:64}}
Jul 22 03:14:15 devstack devstack@g-api.service[77422]: [pid: 77422|app: 0|req: 9/16] 127.0.0.1 () {34 vars in 505 bytes} [Wed Jul 22 03:14:14 2026] GET / => generated 1571 bytes in 2 msecs (HTTP/1.1 300) 3 headers in 106 bytes (1 switches on core 0)
Jul 22 03:14:15 devstack devstack@g-api.service[77421]: DEBUG glance.api.middleware.version_negotiation [None req-0ba74327-d06d-4f95-8258-1655723f84b9 tempest-AttachVolumeTestJSON-158955983 tempest-AttachVolumeTestJSON-158955983-project-member] Determining version of request: GET /v2/images/a3efde48-babd-4b04-b205-71cd843dec16 Accept: */* {{(pid=77421) process_request /opt/stack/glance/glance/api/middleware/version_negotiation.py:44}}
Jul 22 03:14:15 devstack devstack@g-api.service[77421]: DEBUG glance.api.middleware.version_negotiation [None req-0ba74327-d06d-4f95-8258-1655723f84b9 tempest-AttachVolumeTestJSON-158955983 tempest-AttachVolumeTestJSON-158955983-project-member] Using url versioning {{(pid=77421) process_request /opt/stack/glance/glance/api/middleware/version_negotiation.py:57}}
Jul 22 03:14:15 devstack devstack@g-api.service[77421]: DEBUG glance.api.middleware.version_negotiation [None req-0ba74327-d06d-4f95-8258-1655723f84b9 tempest-AttachVolumeTestJSON-158955983 tempest-AttachVolumeTestJSON-158955983-project-member] Matched version: v2 {{(pid=77421) process_request /opt/stack/glance/glance/api/middleware/version_negotiation.py:69}}
Jul 22 03:14:15 devstack devstack@g-api.service[77421]: DEBUG glance.api.middleware.version_negotiation [None req-0ba74327-d06d-4f95-8258-1655723f84b9 tempest-AttachVolumeTestJSON-158955983 tempest-AttachVolumeTestJSON-158955983-project-member] new path /v2/images/a3efde48-babd-4b04-b205-71cd843dec16 {{(pid=77421) process_request /opt/stack/glance/glance/api/middleware/version_negotiation.py:70}}
Jul 22 03:14:15 devstack devstack@g-api.service[77421]: [pid: 77421|app: 0|req: 8/17] 127.0.0.1 () {42 vars in 1061 bytes} [Wed Jul 22 03:14:15 2026] GET /v2/images/a3efde48-babd-4b04-b205-71cd843dec16 => generated 976 bytes in 306 msecs (HTTP/1.1 200) 4 headers in 157 bytes (1 switches on core 0)
Jul 22 03:14:15 devstack devstack@g-api.service[77422]: DEBUG glance.api.middleware.version_negotiation [None req-0ba74327-d06d-4f95-8258-1655723f84b9 tempest-AttachVolumeTestJSON-158955983 tempest-AttachVolumeTestJSON-158955983-project-member] Determining version of request: GET /v2/schemas/image Accept: */* {{(pid=77422) process_request /opt/stack/glance/glance/api/middleware/version_negotiation.py:44}}
Jul 22 03:14:15 devstack devstack@g-api.service[77422]: DEBUG glance.api.middleware.version_negotiation [None req-0ba74327-d06d-4f95-8258-1655723f84b9 tempest-AttachVolumeTestJSON-158955983 tempest-AttachVolumeTestJSON-158955983-project-member] Using url versioning {{(pid=77422) process_request /opt/stack/glance/glance/api/middleware/version_negotiation.py:57}}
Jul 22 03:14:15 devstack devstack@g-api.service[77422]: DEBUG glance.api.middleware.version_negotiation [None req-0ba74327-d06d-4f95-8258-1655723f84b9 tempest-AttachVolumeTestJSON-158955983 tempest-AttachVolumeTestJSON-158955983-project-member] Matched version: v2 {{(pid=77422) process_request /opt/stack/glance/glance/api/middleware/version_negotiation.py:69}}
Jul 22 03:14:15 devstack devstack@g-api.service[77422]: DEBUG glance.api.middleware.version_negotiation [None req-0ba74327-d06d-4f95-8258-1655723f84b9 tempest-AttachVolumeTestJSON-158955983 tempest-AttachVolumeTestJSON-158955983-project-member] new path /v2/schemas/image {{(pid=77422) process_request /opt/stack/glance/glance/api/middleware/version_negotiation.py:70}}
Jul 22 03:14:15 devstack devstack@g-api.service[77422]: [pid: 77422|app: 0|req: 10/18] 127.0.0.1 () {42 vars in 1001 bytes} [Wed Jul 22 03:14:15 2026] GET /v2/schemas/image => generated 6083 bytes in 8 msecs (HTTP/1.1 200) 4 headers in 158 bytes (1 switches on core 0)
Jul 22 03:14:19 devstack devstack@g-api.service[77421]: DEBUG glance.api.middleware.version_negotiation [None req-9eed2214-9a3c-4392-a142-395f68b64bf4 tempest-VolumesAdminNegativeTest-1213518815 tempest-VolumesAdminNegativeTest-1213518815-project-member] Determining version of request: GET /v2/images/a3efde48-babd-4b04-b205-71cd843dec16 Accept: */* {{(pid=77421) process_request /opt/stack/glance/glance/api/middleware/version_negotiation.py:44}}
Jul 22 03:14:19 devstack devstack@g-api.service[77421]: DEBUG glance.api.middleware.version_negotiation [None req-9eed2214-9a3c-4392-a142-395f68b64bf4 tempest-VolumesAdminNegativeTest-1213518815 tempest-VolumesAdminNegativeTest-1213518815-project-member] Using url versioning {{(pid=77421) process_request /opt/stack/glance/glance/api/middleware/version_negotiation.py:57}}
Jul 22 03:14:19 devstack devstack@g-api.service[77421]: DEBUG glance.api.middleware.version_negotiation [None req-9eed2214-9a3c-4392-a142-395f68b64bf4 tempest-VolumesAdminNegativeTest-1213518815 tempest-VolumesAdminNegativeTest-1213518815-project-member] Matched version: v2 {{(pid=77421) process_request /opt/stack/glance/glance/api/middleware/version_negotiation.py:69}}
Jul 22 03:14:19 devstack devstack@g-api.service[77421]: DEBUG glance.api.middleware.version_negotiation [None req-9eed2214-9a3c-4392-a142-395f68b64bf4 tempest-VolumesAdminNegativeTest-1213518815 tempest-VolumesAdminNegativeTest-1213518815-project-member] new path /v2/images/a3efde48-babd-4b04-b205-71cd843dec16 {{(pid=77421) process_request /opt/stack/glance/glance/api/middleware/version_negotiation.py:70}}
Jul 22 03:14:19 devstack devstack@g-api.service[77421]: [pid: 77421|app: 0|req: 9/19] 127.0.0.1 () {42 vars in 1061 bytes} [Wed Jul 22 03:14:19 2026] GET /v2/images/a3efde48-babd-4b04-b205-71cd843dec16 => generated 976 bytes in 29 msecs (HTTP/1.1 200) 4 headers in 157 bytes (1 switches on core 0)
Jul 22 03:14:19 devstack devstack@g-api.service[77422]: DEBUG glance.api.middleware.version_negotiation [None req-9eed2214-9a3c-4392-a142-395f68b64bf4 tempest-VolumesAdminNegativeTest-1213518815 tempest-VolumesAdminNegativeTest-1213518815-project-member] Determining version of request: GET /v2/images/a3efde48-babd-4b04-b205-71cd843dec16/file Accept: */* {{(pid=77422) process_request /opt/stack/glance/glance/api/middleware/version_negotiation.py:44}}
Jul 22 03:14:19 devstack devstack@g-api.service[77422]: DEBUG glance.api.middleware.version_negotiation [None req-9eed2214-9a3c-4392-a142-395f68b64bf4 tempest-VolumesAdminNegativeTest-1213518815 tempest-VolumesAdminNegativeTest-1213518815-project-member] Using url versioning {{(pid=77422) process_request /opt/stack/glance/glance/api/middleware/version_negotiation.py:57}}
Jul 22 03:14:19 devstack devstack@g-api.service[77422]: DEBUG glance.api.middleware.version_negotiation [None req-9eed2214-9a3c-4392-a142-395f68b64bf4 tempest-VolumesAdminNegativeTest-1213518815 tempest-VolumesAdminNegativeTest-1213518815-project-member] Matched version: v2 {{(pid=77422) process_request /opt/stack/glance/glance/api/middleware/version_negotiation.py:69}}
Jul 22 03:14:19 devstack devstack@g-api.service[77422]: DEBUG glance.api.middleware.version_negotiation [None req-9eed2214-9a3c-4392-a142-395f68b64bf4 tempest-VolumesAdminNegativeTest-1213518815 tempest-VolumesAdminNegativeTest-1213518815-project-member] new path /v2/images/a3efde48-babd-4b04-b205-71cd843dec16/file {{(pid=77422) process_request /opt/stack/glance/glance/api/middleware/version_negotiation.py:70}}
Jul 22 03:14:19 devstack devstack@g-api.service[77422]: DEBUG glance_store._drivers.filesystem [None req-0ba74327-d06d-4f95-8258-1655723f84b9 tempest-AttachVolumeTestJSON-158955983 tempest-AttachVolumeTestJSON-158955983-project-member] Found image at /opt/stack/data/glance/images/a3efde48-babd-4b04-b205-71cd843dec16. Returning in ChunkedFile. {{(pid=77422) get /opt/stack/data/venv/lib/python3.12/site-packages/glance_store/_drivers/filesystem.py:724}}
Jul 22 03:14:19 devstack devstack@g-api.service[77422]: DEBUG glance.image_cache [None req-0ba74327-d06d-4f95-8258-1655723f84b9 tempest-AttachVolumeTestJSON-158955983 tempest-AttachVolumeTestJSON-158955983-project-member] Tee'ing image 'a3efde48-babd-4b04-b205-71cd843dec16' into cache {{(pid=77422) get_caching_iter /opt/stack/glance/glance/image_cache/__init__.py:356}}
Jul 22 03:14:19 devstack devstack@g-api.service[77422]: DEBUG glance.image_cache.drivers.centralized_db [None req-0ba74327-d06d-4f95-8258-1655723f84b9 tempest-AttachVolumeTestJSON-158955983 tempest-AttachVolumeTestJSON-158955983-project-member] Fetch finished, moving '/opt/stack/data/glance/cache/incomplete/a3efde48-babd-4b04-b205-71cd843dec16' to '/opt/stack/data/glance/cache/a3efde48-babd-4b04-b205-71cd843dec16' {{(pid=77422) commit /opt/stack/glance/glance/image_cache/drivers/centralized_db.py:243}}
Jul 22 03:14:19 devstack devstack@g-api.service[77422]: DEBUG glance.image_cache.drivers.centralized_db [None req-0ba74327-d06d-4f95-8258-1655723f84b9 tempest-AttachVolumeTestJSON-158955983 tempest-AttachVolumeTestJSON-158955983-project-member] Image cached successfully. {{(pid=77422) commit /opt/stack/glance/glance/image_cache/drivers/centralized_db.py:258}}
Jul 22 03:14:19 devstack devstack@g-api.service[77422]: [pid: 77422|app: 0|req: 11/20] 127.0.0.1 () {42 vars in 1071 bytes} [Wed Jul 22 03:14:19 2026] GET /v2/images/a3efde48-babd-4b04-b205-71cd843dec16/file => generated 21692416 bytes in 445 msecs (HTTP/1.1 200) 4 headers in 191 bytes (335 switches on core 0)
Jul 22 03:14:19 devstack devstack@g-api.service[77421]: DEBUG glance.api.middleware.version_negotiation [None req-0ba74327-d06d-4f95-8258-1655723f84b9 tempest-AttachVolumeTestJSON-158955983 tempest-AttachVolumeTestJSON-158955983-project-member] Determining version of request: GET /v2/images/a3efde48-babd-4b04-b205-71cd843dec16 Accept: */* {{(pid=77421) process_request /opt/stack/glance/glance/api/middleware/version_negotiation.py:44}}
Jul 22 03:14:19 devstack devstack@g-api.service[77421]: DEBUG glance.api.middleware.version_negotiation [None req-0ba74327-d06d-4f95-8258-1655723f84b9 tempest-AttachVolumeTestJSON-158955983 tempest-AttachVolumeTestJSON-158955983-project-member] Using url versioning {{(pid=77421) process_request /opt/stack/glance/glance/api/middleware/version_negotiation.py:57}}
Jul 22 03:14:19 devstack devstack@g-api.service[77421]: DEBUG glance.api.middleware.version_negotiation [None req-0ba74327-d06d-4f95-8258-1655723f84b9 tempest-AttachVolumeTestJSON-158955983 tempest-AttachVolumeTestJSON-158955983-project-member] Matched version: v2 {{(pid=77421) process_request /opt/stack/glance/glance/api/middleware/version_negotiation.py:69}}
Jul 22 03:14:19 devstack devstack@g-api.service[77421]: DEBUG glance.api.middleware.version_negotiation [None req-0ba74327-d06d-4f95-8258-1655723f84b9 tempest-AttachVolumeTestJSON-158955983 tempest-AttachVolumeTestJSON-158955983-project-member] new path /v2/images/a3efde48-babd-4b04-b205-71cd843dec16 {{(pid=77421) process_request /opt/stack/glance/glance/api/middleware/version_negotiation.py:70}}
Jul 22 03:14:20 devstack devstack@g-api.service[77421]: [pid: 77421|app: 0|req: 10/21] 127.0.0.1 () {42 vars in 1061 bytes} [Wed Jul 22 03:14:19 2026] GET /v2/images/a3efde48-babd-4b04-b205-71cd843dec16 => generated 976 bytes in 27 msecs (HTTP/1.1 200) 4 headers in 157 bytes (1 switches on core 0)
Jul 22 03:14:20 devstack devstack@g-api.service[77422]: DEBUG glance.api.middleware.version_negotiation [None req-0ba74327-d06d-4f95-8258-1655723f84b9 tempest-AttachVolumeTestJSON-158955983 tempest-AttachVolumeTestJSON-158955983-project-member] Determining version of request: GET /v2/schemas/image Accept: */* {{(pid=77422) process_request /opt/stack/glance/glance/api/middleware/version_negotiation.py:44}}
Jul 22 03:14:20 devstack devstack@g-api.service[77422]: DEBUG glance.api.middleware.version_negotiation [None req-0ba74327-d06d-4f95-8258-1655723f84b9 tempest-AttachVolumeTestJSON-158955983 tempest-AttachVolumeTestJSON-158955983-project-member] Using url versioning {{(pid=77422) process_request /opt/stack/glance/glance/api/middleware/version_negotiation.py:57}}
Jul 22 03:14:20 devstack devstack@g-api.service[77422]: DEBUG glance.api.middleware.version_negotiation [None req-0ba74327-d06d-4f95-8258-1655723f84b9 tempest-AttachVolumeTestJSON-158955983 tempest-AttachVolumeTestJSON-158955983-project-member] Matched version: v2 {{(pid=77422) process_request /opt/stack/glance/glance/api/middleware/version_negotiation.py:69}}
Jul 22 03:14:20 devstack devstack@g-api.service[77422]: DEBUG glance.api.middleware.version_negotiation [None req-0ba74327-d06d-4f95-8258-1655723f84b9 tempest-AttachVolumeTestJSON-158955983 tempest-AttachVolumeTestJSON-158955983-project-member] new path /v2/schemas/image {{(pid=77422) process_request /opt/stack/glance/glance/api/middleware/version_negotiation.py:70}}
Jul 22 03:14:20 devstack devstack@g-api.service[77422]: [pid: 77422|app: 0|req: 12/22] 127.0.0.1 () {42 vars in 1001 bytes} [Wed Jul 22 03:14:20 2026] GET /v2/schemas/image => generated 6083 bytes in 9 msecs (HTTP/1.1 200) 4 headers in 158 bytes (1 switches on core 0)
Jul 22 03:14:29 devstack devstack@g-api.service[77422]: DEBUG dbcounter [-] [77422] Writing DB stats glance:SELECT=5,glance:INSERT=1 {{(pid=77422) stat_writer /opt/stack/data/venv/lib/python3.12/site-packages/dbcounter.py:115}}
Jul 22 03:14:30 devstack devstack@g-api.service[77421]: DEBUG dbcounter [-] [77421] Writing DB stats glance:SELECT=6 {{(pid=77421) stat_writer /opt/stack/data/venv/lib/python3.12/site-packages/dbcounter.py:115}}
Jul 22 03:14:30 devstack devstack@g-api.service[77421]: DEBUG glance.api.middleware.version_negotiation [None req-0ba74327-d06d-4f95-8258-1655723f84b9 tempest-AttachVolumeTestJSON-158955983 tempest-AttachVolumeTestJSON-158955983-project-member] Determining version of request: GET /v2/images/a3efde48-babd-4b04-b205-71cd843dec16 Accept: */* {{(pid=77421) process_request /opt/stack/glance/glance/api/middleware/version_negotiation.py:44}}
Jul 22 03:14:30 devstack devstack@g-api.service[77421]: DEBUG glance.api.middleware.version_negotiation [None req-0ba74327-d06d-4f95-8258-1655723f84b9 tempest-AttachVolumeTestJSON-158955983 tempest-AttachVolumeTestJSON-158955983-project-member] Using url versioning {{(pid=77421) process_request /opt/stack/glance/glance/api/middleware/version_negotiation.py:57}}
Jul 22 03:14:30 devstack devstack@g-api.service[77421]: DEBUG glance.api.middleware.version_negotiation [None req-0ba74327-d06d-4f95-8258-1655723f84b9 tempest-AttachVolumeTestJSON-158955983 tempest-AttachVolumeTestJSON-158955983-project-member] Matched version: v2 {{(pid=77421) process_request /opt/stack/glance/glance/api/middleware/version_negotiation.py:69}}
Jul 22 03:14:30 devstack devstack@g-api.service[77421]: DEBUG glance.api.middleware.version_negotiation [None req-0ba74327-d06d-4f95-8258-1655723f84b9 tempest-AttachVolumeTestJSON-158955983 tempest-AttachVolumeTestJSON-158955983-project-member] new path /v2/images/a3efde48-babd-4b04-b205-71cd843dec16 {{(pid=77421) process_request /opt/stack/glance/glance/api/middleware/version_negotiation.py:70}}
Jul 22 03:14:30 devstack devstack@g-api.service[77421]: [pid: 77421|app: 0|req: 11/23] 127.0.0.1 () {42 vars in 1061 bytes} [Wed Jul 22 03:14:30 2026] GET /v2/images/a3efde48-babd-4b04-b205-71cd843dec16 => generated 976 bytes in 25 msecs (HTTP/1.1 200) 4 headers in 157 bytes (1 switches on core 0)
Jul 22 03:14:30 devstack devstack@g-api.service[77422]: DEBUG glance.api.middleware.version_negotiation [None req-0ba74327-d06d-4f95-8258-1655723f84b9 tempest-AttachVolumeTestJSON-158955983 tempest-AttachVolumeTestJSON-158955983-project-member] Determining version of request: GET /v2/schemas/image Accept: */* {{(pid=77422) process_request /opt/stack/glance/glance/api/middleware/version_negotiation.py:44}}
Jul 22 03:14:30 devstack devstack@g-api.service[77422]: DEBUG glance.api.middleware.version_negotiation [None req-0ba74327-d06d-4f95-8258-1655723f84b9 tempest-AttachVolumeTestJSON-158955983 tempest-AttachVolumeTestJSON-158955983-project-member] Using url versioning {{(pid=77422) process_request /opt/stack/glance/glance/api/middleware/version_negotiation.py:57}}
Jul 22 03:14:30 devstack devstack@g-api.service[77422]: DEBUG glance.api.middleware.version_negotiation [None req-0ba74327-d06d-4f95-8258-1655723f84b9 tempest-AttachVolumeTestJSON-158955983 tempest-AttachVolumeTestJSON-158955983-project-member] Matched version: v2 {{(pid=77422) process_request /opt/stack/glance/glance/api/middleware/version_negotiation.py:69}}
Jul 22 03:14:30 devstack devstack@g-api.service[77422]: DEBUG glance.api.middleware.version_negotiation [None req-0ba74327-d06d-4f95-8258-1655723f84b9 tempest-AttachVolumeTestJSON-158955983 tempest-AttachVolumeTestJSON-158955983-project-member] new path /v2/schemas/image {{(pid=77422) process_request /opt/stack/glance/glance/api/middleware/version_negotiation.py:70}}
Jul 22 03:14:30 devstack devstack@g-api.service[77422]: [pid: 77422|app: 0|req: 13/24] 127.0.0.1 () {42 vars in 1001 bytes} [Wed Jul 22 03:14:30 2026] GET /v2/schemas/image => generated 6083 bytes in 6 msecs (HTTP/1.1 200) 4 headers in 158 bytes (1 switches on core 0)
Jul 22 03:14:40 devstack devstack@g-api.service[77421]: DEBUG dbcounter [-] [77421] Writing DB stats glance:SELECT=2 {{(pid=77421) stat_writer /opt/stack/data/venv/lib/python3.12/site-packages/dbcounter.py:115}}
Jul 22 03:15:06 devstack devstack@g-api.service[77421]: DEBUG glance.api.middleware.version_negotiation [None req-2dd6f0d3-f844-4c08-b0f3-a7828c3442a0 tempest-TaggedAttachmentsTest-601058941 tempest-TaggedAttachmentsTest-601058941-project-member] Determining version of request: GET /v2/images/a3efde48-babd-4b04-b205-71cd843dec16 Accept: */* {{(pid=77421) process_request /opt/stack/glance/glance/api/middleware/version_negotiation.py:44}}
