Jul 15 18:31:01 devstack cinder-volume[87217]: DEBUG cinder.volume.drivers.quobyte [req-0e74e537-6213-41eb-b502-0965900fdcae req-e9e5bc94-2a4e-4802-b923-f3bab4671c97 tempest-VolumesSnapshotsTestJSON-670218662 None] <== create_volume: return (1788ms) {'provider_location': 'osci02.corp.quobyte.com/cinder-vol-26273800-f5d9-4497-b7eb-590d4efdb60d'} {{(pid=87217) trace_logging_wrapper /opt/stack/cinder/cinder/volume/volume_utils.py:1522}}
Jul 15 18:31:01 devstack cinder-volume[87217]: DEBUG oslo_concurrency.lockutils [req-0e74e537-6213-41eb-b502-0965900fdcae req-e9e5bc94-2a4e-4802-b923-f3bab4671c97 tempest-VolumesSnapshotsTestJSON-670218662 None] Lock "quobyte" "released" by "cinder.volume.drivers.quobyte.QuobyteDriver.create_volume" :: held 1.797s {{(pid=87217) inner /opt/stack/data/venv/lib/python3.12/site-packages/oslo_concurrency/lockutils.py:543}}
Jul 15 18:31:02 devstack cinder-volume[87217]: DEBUG cinder.volume.manager [None req-eda8fd75-01b8-4e1f-92c6-1295348a2db3 tempest-DeleteServersTestJSON-1860447315 None] Task 'cinder.volume.flows.manager.create_volume.ExtractVolumeRefTask;volume:create' (c36c0fe4-59d4-4578-82ec-e02d46baec93) transitioned into state 'SUCCESS' from state 'RUNNING' with result 'Volume(_name_id=None,admin_metadata=,attach_status='detached',availability_zone='nova',bootable=False,cluster=,cluster_name=None,consistencygroup=,consistencygroup_id=None,created_at=2026-07-15T16:31:01Z,deleted=False,deleted_at=None,display_description=None,display_name='tempest-DeleteServersTestJSON-volume-914690854',ec2_id=None,encryption_key_id=None,glance_metadata=,group=,group_id=None,host='devstack@QuobyteHD#QuobyteHD',id=a220c43f-8356-4abe-bfb8-2aa98b8e9a05,launched_at=None,metadata={},migration_status=None,multiattach=False,previous_status=None,project_id='dcc1694f0369430f8b5e1ac08f6c409e',provider_auth=None,provider_geometry=None,provider_id=None,provider_location=None,replication_driver_data=None,replication_extended_status=None,replication_status=None,scheduled_at=2026-07-15T16:31:02Z,service_uuid=None,shared_targets=True,size=1,snapshot_id=None,snapshots=,source_volid=None,status='creating',terminated_at=None,updated_at=2026-07-15T16:31:02Z,use_quota=True,user_id='ee67905399284621967f4832c16d6fb2',volume_attachment=VolumeAttachmentList,volume_type=VolumeType(66d133b5-467e-43bc-8892-42e1ad77aa4c),volume_type_id=66d133b5-467e-43bc-8892-42e1ad77aa4c)' {{(pid=87217) _task_receiver /opt/stack/data/venv/lib/python3.12/site-packages/taskflow/listeners/logging.py:218}}
Jul 15 18:31:02 devstack cinder-volume[87217]: DEBUG cinder.volume.manager [None req-eda8fd75-01b8-4e1f-92c6-1295348a2db3 tempest-DeleteServersTestJSON-1860447315 None] Task 'cinder.volume.flows.manager.create_volume.OnFailureRescheduleTask;volume:create' (e2b31854-607f-4b1c-bff9-df503c7da727) transitioned into state 'RUNNING' from state 'PENDING' {{(pid=87217) _task_receiver /opt/stack/data/venv/lib/python3.12/site-packages/taskflow/listeners/logging.py:242}}
Jul 15 18:31:02 devstack cinder-volume[87217]: DEBUG cinder.volume.manager [None req-eda8fd75-01b8-4e1f-92c6-1295348a2db3 tempest-DeleteServersTestJSON-1860447315 None] Task 'cinder.volume.flows.manager.create_volume.OnFailureRescheduleTask;volume:create' (e2b31854-607f-4b1c-bff9-df503c7da727) transitioned into state 'SUCCESS' from state 'RUNNING' with result 'None' {{(pid=87217) _task_receiver /opt/stack/data/venv/lib/python3.12/site-packages/taskflow/listeners/logging.py:218}}
Jul 15 18:31:02 devstack cinder-volume[87217]: DEBUG cinder.volume.manager [None req-eda8fd75-01b8-4e1f-92c6-1295348a2db3 tempest-DeleteServersTestJSON-1860447315 None] Task 'cinder.volume.flows.manager.create_volume.ExtractVolumeSpecTask;volume:create' (90eadfb7-f771-4ab5-a6cc-97a04340ca47) transitioned into state 'RUNNING' from state 'PENDING' {{(pid=87217) _task_receiver /opt/stack/data/venv/lib/python3.12/site-packages/taskflow/listeners/logging.py:242}}
Jul 15 18:31:02 devstack cinder-volume[87217]: DEBUG cinder.volume.manager [None req-eda8fd75-01b8-4e1f-92c6-1295348a2db3 tempest-DeleteServersTestJSON-1860447315 None] Task 'cinder.volume.flows.manager.create_volume.ExtractVolumeSpecTask;volume:create' (90eadfb7-f771-4ab5-a6cc-97a04340ca47) transitioned into state 'SUCCESS' from state 'RUNNING' with result '{'status': 'creating', 'type': 'raw', 'volume_id': 'a220c43f-8356-4abe-bfb8-2aa98b8e9a05', 'volume_name': 'volume-a220c43f-8356-4abe-bfb8-2aa98b8e9a05', 'volume_size': 1}' {{(pid=87217) _task_receiver /opt/stack/data/venv/lib/python3.12/site-packages/taskflow/listeners/logging.py:218}}
Jul 15 18:31:02 devstack cinder-volume[87217]: DEBUG cinder.volume.manager [None req-eda8fd75-01b8-4e1f-92c6-1295348a2db3 tempest-DeleteServersTestJSON-1860447315 None] Task 'cinder.volume.flows.manager.create_volume.NotifyVolumeActionTask;volume:create, create.start' (3ee94d23-d389-41c5-813e-cb991a3bff3a) transitioned into state 'RUNNING' from state 'PENDING' {{(pid=87217) _task_receiver /opt/stack/data/venv/lib/python3.12/site-packages/taskflow/listeners/logging.py:242}}
Jul 15 18:31:02 devstack cinder-volume[87217]: DEBUG cinder.volume.manager [None req-eda8fd75-01b8-4e1f-92c6-1295348a2db3 tempest-DeleteServersTestJSON-1860447315 None] Task 'cinder.volume.flows.manager.create_volume.NotifyVolumeActionTask;volume:create, create.start' (3ee94d23-d389-41c5-813e-cb991a3bff3a) transitioned into state 'SUCCESS' from state 'RUNNING' with result 'None' {{(pid=87217) _task_receiver /opt/stack/data/venv/lib/python3.12/site-packages/taskflow/listeners/logging.py:218}}
Jul 15 18:31:02 devstack cinder-volume[87217]: DEBUG cinder.volume.manager [None req-eda8fd75-01b8-4e1f-92c6-1295348a2db3 tempest-DeleteServersTestJSON-1860447315 None] Task 'cinder.volume.flows.manager.create_volume.CreateVolumeFromSpecTask;volume:create' (727ddfbc-34a0-468f-810f-4af5f9c15f92) transitioned into state 'RUNNING' from state 'PENDING' {{(pid=87217) _task_receiver /opt/stack/data/venv/lib/python3.12/site-packages/taskflow/listeners/logging.py:242}}
Jul 15 18:31:02 devstack cinder-volume[87217]: INFO cinder.volume.flows.manager.create_volume [None req-eda8fd75-01b8-4e1f-92c6-1295348a2db3 tempest-DeleteServersTestJSON-1860447315 None] Volume a220c43f-8356-4abe-bfb8-2aa98b8e9a05: being created as raw with specification: {'status': 'creating', 'volume_name': 'volume-a220c43f-8356-4abe-bfb8-2aa98b8e9a05', 'volume_size': 1}
Jul 15 18:31:02 devstack cinder-volume[87217]: DEBUG oslo_concurrency.lockutils [None req-eda8fd75-01b8-4e1f-92c6-1295348a2db3 tempest-DeleteServersTestJSON-1860447315 None] Acquiring lock "quobyte" by "cinder.volume.drivers.quobyte.QuobyteDriver.create_volume" {{(pid=87217) inner /opt/stack/data/venv/lib/python3.12/site-packages/oslo_concurrency/lockutils.py:511}}
Jul 15 18:31:02 devstack cinder-volume[87217]: DEBUG oslo_concurrency.lockutils [None req-eda8fd75-01b8-4e1f-92c6-1295348a2db3 tempest-DeleteServersTestJSON-1860447315 None] Lock "quobyte" acquired by "cinder.volume.drivers.quobyte.QuobyteDriver.create_volume" :: waited 0.000s {{(pid=87217) inner /opt/stack/data/venv/lib/python3.12/site-packages/oslo_concurrency/lockutils.py:524}}
Jul 15 18:31:02 devstack cinder-volume[87217]: DEBUG cinder.volume.drivers.quobyte [None req-eda8fd75-01b8-4e1f-92c6-1295348a2db3 tempest-DeleteServersTestJSON-1860447315 None] ==> create_volume: call "{'self': , 'volume': Volume(_name_id=None,admin_metadata=,attach_status='detached',availability_zone='nova',bootable=False,cluster=,cluster_name=None,consistencygroup=,consistencygroup_id=None,created_at=2026-07-15T16:31:01Z,deleted=False,deleted_at=None,display_description=None,display_name='tempest-DeleteServersTestJSON-volume-914690854',ec2_id=None,encryption_key_id=None,glance_metadata=,group=,group_id=None,host='devstack@QuobyteHD#QuobyteHD',id=a220c43f-8356-4abe-bfb8-2aa98b8e9a05,launched_at=None,metadata={},migration_status=None,multiattach=False,previous_status=None,project_id='dcc1694f0369430f8b5e1ac08f6c409e',provider_auth=None,provider_geometry=None,provider_id=None,provider_location=None,replication_driver_data=None,replication_extended_status=None,replication_status=None,scheduled_at=2026-07-15T16:31:02Z,service_uuid=None,shared_targets=True,size=1,snapshot_id=None,snapshots=,source_volid=None,status='creating',terminated_at=None,updated_at=2026-07-15T16:31:02Z,use_quota=True,user_id='ee67905399284621967f4832c16d6fb2',volume_attachment=VolumeAttachmentList,volume_type=VolumeType(66d133b5-467e-43bc-8892-42e1ad77aa4c),volume_type_id=66d133b5-467e-43bc-8892-42e1ad77aa4c)}" {{(pid=87217) trace_logging_wrapper /opt/stack/cinder/cinder/volume/volume_utils.py:1497}}
Jul 15 18:31:02 devstack cinder-volume[87217]: DEBUG cinder.volume.drivers.remotefs [None req-eda8fd75-01b8-4e1f-92c6-1295348a2db3 tempest-DeleteServersTestJSON-1860447315 None] Creating volume a220c43f-8356-4abe-bfb8-2aa98b8e9a05 {{(pid=87217) create_volume /opt/stack/cinder/cinder/volume/drivers/remotefs.py:292}}
Jul 15 18:31:02 devstack cinder-volume[87217]: DEBUG oslo_concurrency.lockutils [None req-eda8fd75-01b8-4e1f-92c6-1295348a2db3 tempest-DeleteServersTestJSON-1860447315 None] Acquiring lock "quobyte_ensure" by "cinder.volume.drivers.quobyte.QuobyteDriver._ensure_shares_mounted" {{(pid=87217) inner /opt/stack/data/venv/lib/python3.12/site-packages/oslo_concurrency/lockutils.py:511}}
Jul 15 18:31:02 devstack cinder-volume[87217]: DEBUG oslo_concurrency.lockutils [None req-eda8fd75-01b8-4e1f-92c6-1295348a2db3 tempest-DeleteServersTestJSON-1860447315 None] Lock "quobyte_ensure" acquired by "cinder.volume.drivers.quobyte.QuobyteDriver._ensure_shares_mounted" :: waited 0.000s {{(pid=87217) inner /opt/stack/data/venv/lib/python3.12/site-packages/oslo_concurrency/lockutils.py:524}}
Jul 15 18:31:02 devstack cinder-volume[87217]: DEBUG cinder.volume.drivers.quobyte [None req-eda8fd75-01b8-4e1f-92c6-1295348a2db3 tempest-DeleteServersTestJSON-1860447315 None] Quobyte Volume URL set to: {'osci02.corp.quobyte.com/cinder-vol-26273800-f5d9-4497-b7eb-590d4efdb60d': None} {{(pid=87217) _load_shares_config /opt/stack/cinder/cinder/volume/drivers/quobyte.py:617}}
Jul 15 18:31:02 devstack cinder-volume[87217]: DEBUG cinder.volume.drivers.quobyte [None req-eda8fd75-01b8-4e1f-92c6-1295348a2db3 tempest-DeleteServersTestJSON-1860447315 None] Available shares ['osci02.corp.quobyte.com/cinder-vol-26273800-f5d9-4497-b7eb-590d4efdb60d'] {{(pid=87217) _ensure_shares_mounted /opt/stack/cinder/cinder/volume/drivers/quobyte.py:647}}
Jul 15 18:31:02 devstack cinder-volume[87217]: DEBUG oslo_concurrency.lockutils [None req-eda8fd75-01b8-4e1f-92c6-1295348a2db3 tempest-DeleteServersTestJSON-1860447315 None] Lock "quobyte_ensure" "released" by "cinder.volume.drivers.quobyte.QuobyteDriver._ensure_shares_mounted" :: held 0.019s {{(pid=87217) inner /opt/stack/data/venv/lib/python3.12/site-packages/oslo_concurrency/lockutils.py:543}}
Jul 15 18:31:02 devstack cinder-volume[87217]: DEBUG cinder.volume.drivers.quobyte [None req-eda8fd75-01b8-4e1f-92c6-1295348a2db3 tempest-DeleteServersTestJSON-1860447315 None] Selected osci02.corp.quobyte.com/cinder-vol-26273800-f5d9-4497-b7eb-590d4efdb60d as target Quobyte volume. {{(pid=87217) _find_share /opt/stack/cinder/cinder/volume/drivers/quobyte.py:668}}
Jul 15 18:31:02 devstack cinder-volume[87217]: INFO cinder.volume.drivers.remotefs [None req-eda8fd75-01b8-4e1f-92c6-1295348a2db3 tempest-DeleteServersTestJSON-1860447315 None] casted to osci02.corp.quobyte.com/cinder-vol-26273800-f5d9-4497-b7eb-590d4efdb60d
Jul 15 18:31:02 devstack cinder-volume[87217]: DEBUG oslo_concurrency.processutils [None req-eda8fd75-01b8-4e1f-92c6-1295348a2db3 tempest-DeleteServersTestJSON-1860447315 None] Running cmd (subprocess): sudo cinder-rootwrap /etc/cinder/rootwrap.conf qemu-img create -f qcow2 -o preallocation=metadata /opt/stack/data/cinder/mnt/2f9c3d7271ddb0a770fc112e314fa7e0/volume-a220c43f-8356-4abe-bfb8-2aa98b8e9a05 1073741824 {{(pid=87217) execute /opt/stack/data/venv/lib/python3.12/site-packages/oslo_concurrency/processutils.py:440}}
Jul 15 18:31:02 devstack cinder-volume[87217]: DEBUG cinder.volume.manager [req-0e74e537-6213-41eb-b502-0965900fdcae req-e9e5bc94-2a4e-4802-b923-f3bab4671c97 tempest-VolumesSnapshotsTestJSON-670218662 None] Task 'cinder.volume.flows.manager.create_volume.CreateVolumeFromSpecTask;volume:create' (f9bd464d-eff1-486e-90bc-ba32465d4ac9) transitioned into state 'SUCCESS' from state 'RUNNING' with result '{'status': 'creating', 'volume_name': 'volume-aa3a70d6-6174-45b7-ab32-7dd0bdd34532', 'volume_size': 1}' {{(pid=87217) _task_receiver /opt/stack/data/venv/lib/python3.12/site-packages/taskflow/listeners/logging.py:218}}
Jul 15 18:31:02 devstack cinder-volume[87217]: DEBUG cinder.volume.manager [req-0e74e537-6213-41eb-b502-0965900fdcae req-e9e5bc94-2a4e-4802-b923-f3bab4671c97 tempest-VolumesSnapshotsTestJSON-670218662 None] Task 'cinder.volume.flows.manager.create_volume.CreateVolumeOnFinishTask;volume:create, create.end' (d4e2f03d-6dd4-40a2-be80-2590d20f0397) transitioned into state 'RUNNING' from state 'PENDING' {{(pid=87217) _task_receiver /opt/stack/data/venv/lib/python3.12/site-packages/taskflow/listeners/logging.py:242}}
Jul 15 18:31:02 devstack sudo[89146]: quobyte : PWD=/ ; USER=root ; COMMAND=/opt/stack/data/venv/bin/cinder-rootwrap /etc/cinder/rootwrap.conf qemu-img create -f qcow2 -o preallocation=metadata /opt/stack/data/cinder/mnt/2f9c3d7271ddb0a770fc112e314fa7e0/volume-a220c43f-8356-4abe-bfb8-2aa98b8e9a05 1073741824
Jul 15 18:31:02 devstack sudo[89146]: pam_unix(sudo:session): session opened for user root(uid=0) by (uid=1000)
Jul 15 18:31:02 devstack cinder-volume[87217]: INFO cinder.volume.flows.manager.create_volume [req-0e74e537-6213-41eb-b502-0965900fdcae req-e9e5bc94-2a4e-4802-b923-f3bab4671c97 tempest-VolumesSnapshotsTestJSON-670218662 None] Volume volume-aa3a70d6-6174-45b7-ab32-7dd0bdd34532 (aa3a70d6-6174-45b7-ab32-7dd0bdd34532): created successfully
Jul 15 18:31:02 devstack cinder-volume[87217]: DEBUG cinder.volume.manager [req-0e74e537-6213-41eb-b502-0965900fdcae req-e9e5bc94-2a4e-4802-b923-f3bab4671c97 tempest-VolumesSnapshotsTestJSON-670218662 None] Task 'cinder.volume.flows.manager.create_volume.CreateVolumeOnFinishTask;volume:create, create.end' (d4e2f03d-6dd4-40a2-be80-2590d20f0397) transitioned into state 'SUCCESS' from state 'RUNNING' with result 'None' {{(pid=87217) _task_receiver /opt/stack/data/venv/lib/python3.12/site-packages/taskflow/listeners/logging.py:218}}
Jul 15 18:31:02 devstack cinder-volume[87217]: DEBUG cinder.volume.manager [req-0e74e537-6213-41eb-b502-0965900fdcae req-e9e5bc94-2a4e-4802-b923-f3bab4671c97 tempest-VolumesSnapshotsTestJSON-670218662 None] Flow 'volume_create_manager' (7ce4a67e-3ffb-4c71-ade1-ac2087ead6f4) transitioned into state 'SUCCESS' from state 'RUNNING' {{(pid=87217) _flow_receiver /opt/stack/data/venv/lib/python3.12/site-packages/taskflow/listeners/logging.py:160}}
Jul 15 18:31:02 devstack cinder-volume[87217]: INFO cinder.volume.manager [req-0e74e537-6213-41eb-b502-0965900fdcae req-e9e5bc94-2a4e-4802-b923-f3bab4671c97 tempest-VolumesSnapshotsTestJSON-670218662 None] Created volume successfully.
Jul 15 18:31:02 devstack sudo[89146]: pam_unix(sudo:session): session closed for user root
Jul 15 18:31:02 devstack cinder-volume[87217]: DEBUG oslo_concurrency.processutils [None req-eda8fd75-01b8-4e1f-92c6-1295348a2db3 tempest-DeleteServersTestJSON-1860447315 None] CMD "sudo cinder-rootwrap /etc/cinder/rootwrap.conf qemu-img create -f qcow2 -o preallocation=metadata /opt/stack/data/cinder/mnt/2f9c3d7271ddb0a770fc112e314fa7e0/volume-a220c43f-8356-4abe-bfb8-2aa98b8e9a05 1073741824" returned: 0 in 0.708s {{(pid=87217) execute /opt/stack/data/venv/lib/python3.12/site-packages/oslo_concurrency/processutils.py:468}}
Jul 15 18:31:02 devstack cinder-volume[87217]: DEBUG oslo_concurrency.processutils [None req-eda8fd75-01b8-4e1f-92c6-1295348a2db3 tempest-DeleteServersTestJSON-1860447315 None] Running cmd (subprocess): sudo cinder-rootwrap /etc/cinder/rootwrap.conf chmod ugo+rw /opt/stack/data/cinder/mnt/2f9c3d7271ddb0a770fc112e314fa7e0/volume-a220c43f-8356-4abe-bfb8-2aa98b8e9a05 {{(pid=87217) execute /opt/stack/data/venv/lib/python3.12/site-packages/oslo_concurrency/processutils.py:440}}
Jul 15 18:31:02 devstack sudo[89152]: quobyte : PWD=/ ; USER=root ; COMMAND=/opt/stack/data/venv/bin/cinder-rootwrap /etc/cinder/rootwrap.conf chmod ugo+rw /opt/stack/data/cinder/mnt/2f9c3d7271ddb0a770fc112e314fa7e0/volume-a220c43f-8356-4abe-bfb8-2aa98b8e9a05
Jul 15 18:31:02 devstack sudo[89152]: pam_unix(sudo:session): session opened for user root(uid=0) by (uid=1000)
Jul 15 18:31:03 devstack cinder-volume[87217]: DEBUG oslo_concurrency.lockutils [req-bbfb3889-3c4b-422a-a6ae-373a170f1373 req-18978eae-05e4-4202-b4fd-dc4e15caddca tempest-VolumesSnapshotsTestJSON-670218662 None] Acquiring lock "quobyte" by "cinder.volume.drivers.quobyte.QuobyteDriver.create_snapshot" {{(pid=87217) inner /opt/stack/data/venv/lib/python3.12/site-packages/oslo_concurrency/lockutils.py:511}}
Jul 15 18:31:03 devstack sudo[89152]: pam_unix(sudo:session): session closed for user root
Jul 15 18:31:03 devstack cinder-volume[87217]: DEBUG oslo_concurrency.processutils [None req-eda8fd75-01b8-4e1f-92c6-1295348a2db3 tempest-DeleteServersTestJSON-1860447315 None] CMD "sudo cinder-rootwrap /etc/cinder/rootwrap.conf chmod ugo+rw /opt/stack/data/cinder/mnt/2f9c3d7271ddb0a770fc112e314fa7e0/volume-a220c43f-8356-4abe-bfb8-2aa98b8e9a05" returned: 0 in 0.578s {{(pid=87217) execute /opt/stack/data/venv/lib/python3.12/site-packages/oslo_concurrency/processutils.py:468}}
Jul 15 18:31:03 devstack cinder-volume[87217]: DEBUG cinder.volume.drivers.quobyte [None req-eda8fd75-01b8-4e1f-92c6-1295348a2db3 tempest-DeleteServersTestJSON-1860447315 None] <== create_volume: return (1385ms) {'provider_location': 'osci02.corp.quobyte.com/cinder-vol-26273800-f5d9-4497-b7eb-590d4efdb60d'} {{(pid=87217) trace_logging_wrapper /opt/stack/cinder/cinder/volume/volume_utils.py:1522}}
Jul 15 18:31:03 devstack cinder-volume[87217]: DEBUG oslo_concurrency.lockutils [None req-eda8fd75-01b8-4e1f-92c6-1295348a2db3 tempest-DeleteServersTestJSON-1860447315 None] Lock "quobyte" "released" by "cinder.volume.drivers.quobyte.QuobyteDriver.create_volume" :: held 1.388s {{(pid=87217) inner /opt/stack/data/venv/lib/python3.12/site-packages/oslo_concurrency/lockutils.py:543}}
Jul 15 18:31:03 devstack cinder-volume[87217]: DEBUG oslo_concurrency.lockutils [req-bbfb3889-3c4b-422a-a6ae-373a170f1373 req-18978eae-05e4-4202-b4fd-dc4e15caddca tempest-VolumesSnapshotsTestJSON-670218662 None] Lock "quobyte" acquired by "cinder.volume.drivers.quobyte.QuobyteDriver.create_snapshot" :: waited 0.371s {{(pid=87217) inner /opt/stack/data/venv/lib/python3.12/site-packages/oslo_concurrency/lockutils.py:524}}
Jul 15 18:31:03 devstack cinder-volume[87217]: DEBUG cinder.volume.manager [None req-eda8fd75-01b8-4e1f-92c6-1295348a2db3 tempest-DeleteServersTestJSON-1860447315 None] Task 'cinder.volume.flows.manager.create_volume.CreateVolumeFromSpecTask;volume:create' (727ddfbc-34a0-468f-810f-4af5f9c15f92) transitioned into state 'SUCCESS' from state 'RUNNING' with result '{'status': 'creating', 'volume_name': 'volume-a220c43f-8356-4abe-bfb8-2aa98b8e9a05', 'volume_size': 1}' {{(pid=87217) _task_receiver /opt/stack/data/venv/lib/python3.12/site-packages/taskflow/listeners/logging.py:218}}
Jul 15 18:31:03 devstack cinder-volume[87217]: DEBUG cinder.volume.manager [None req-eda8fd75-01b8-4e1f-92c6-1295348a2db3 tempest-DeleteServersTestJSON-1860447315 None] Task 'cinder.volume.flows.manager.create_volume.CreateVolumeOnFinishTask;volume:create, create.end' (a51eb37e-ae3d-4f22-88b3-dcbd7c75319c) transitioned into state 'RUNNING' from state 'PENDING' {{(pid=87217) _task_receiver /opt/stack/data/venv/lib/python3.12/site-packages/taskflow/listeners/logging.py:242}}
Jul 15 18:31:03 devstack cinder-volume[87217]: INFO cinder.volume.flows.manager.create_volume [None req-eda8fd75-01b8-4e1f-92c6-1295348a2db3 tempest-DeleteServersTestJSON-1860447315 None] Volume volume-a220c43f-8356-4abe-bfb8-2aa98b8e9a05 (a220c43f-8356-4abe-bfb8-2aa98b8e9a05): created successfully
Jul 15 18:31:03 devstack cinder-volume[87217]: DEBUG cinder.volume.manager [None req-eda8fd75-01b8-4e1f-92c6-1295348a2db3 tempest-DeleteServersTestJSON-1860447315 None] Task 'cinder.volume.flows.manager.create_volume.CreateVolumeOnFinishTask;volume:create, create.end' (a51eb37e-ae3d-4f22-88b3-dcbd7c75319c) transitioned into state 'SUCCESS' from state 'RUNNING' with result 'None' {{(pid=87217) _task_receiver /opt/stack/data/venv/lib/python3.12/site-packages/taskflow/listeners/logging.py:218}}
Jul 15 18:31:03 devstack cinder-volume[87217]: DEBUG cinder.volume.manager [None req-eda8fd75-01b8-4e1f-92c6-1295348a2db3 tempest-DeleteServersTestJSON-1860447315 None] Flow 'volume_create_manager' (de974e7e-d536-4bc0-a9aa-127f527510d3) transitioned into state 'SUCCESS' from state 'RUNNING' {{(pid=87217) _flow_receiver /opt/stack/data/venv/lib/python3.12/site-packages/taskflow/listeners/logging.py:160}}
Jul 15 18:31:03 devstack cinder-volume[87217]: DEBUG cinder.volume.drivers.remotefs [req-bbfb3889-3c4b-422a-a6ae-373a170f1373 req-18978eae-05e4-4202-b4fd-dc4e15caddca tempest-VolumesSnapshotsTestJSON-670218662 None] Creating offline snapshot b55be46f-1a40-48f0-9e0b-ca2d51bb3160 of volume aa3a70d6-6174-45b7-ab32-7dd0bdd34532 {{(pid=87217) _create_snapshot /opt/stack/cinder/cinder/volume/drivers/remotefs.py:1816}}
Jul 15 18:31:03 devstack cinder-volume[87217]: INFO cinder.volume.manager [None req-eda8fd75-01b8-4e1f-92c6-1295348a2db3 tempest-DeleteServersTestJSON-1860447315 None] Created volume successfully.
Jul 15 18:31:03 devstack cinder-volume[87217]: DEBUG oslo.privsep.daemon [-] privsep: reply[d04b1945-ce51-46f5-bb3d-06c9cab4139c]: (4, 'qcow2') {{(pid=88632) _call_back /opt/stack/data/venv/lib/python3.12/site-packages/oslo_privsep/daemon.py:580}}
Jul 15 18:31:03 devstack cinder-volume[87217]: DEBUG oslo_concurrency.processutils [req-bbfb3889-3c4b-422a-a6ae-373a170f1373 req-18978eae-05e4-4202-b4fd-dc4e15caddca tempest-VolumesSnapshotsTestJSON-670218662 None] Running cmd (subprocess): /opt/stack/data/venv/bin/python3.12 -m oslo_concurrency.prlimit --as=1073741824 --cpu=60 -- sudo cinder-rootwrap /etc/cinder/rootwrap.conf env LC_ALL=C qemu-img info -f qcow2 --output=json --force-share /opt/stack/data/cinder/mnt/2f9c3d7271ddb0a770fc112e314fa7e0/volume-aa3a70d6-6174-45b7-ab32-7dd0bdd34532 {{(pid=87217) execute /opt/stack/data/venv/lib/python3.12/site-packages/oslo_concurrency/processutils.py:440}}
Jul 15 18:31:03 devstack sudo[89155]: quobyte : PWD=/ ; USER=root ; COMMAND=/opt/stack/data/venv/bin/cinder-rootwrap /etc/cinder/rootwrap.conf env LC_ALL=C qemu-img info -f qcow2 --output=json --force-share /opt/stack/data/cinder/mnt/2f9c3d7271ddb0a770fc112e314fa7e0/volume-aa3a70d6-6174-45b7-ab32-7dd0bdd34532
Jul 15 18:31:03 devstack sudo[89155]: pam_unix(sudo:session): session opened for user root(uid=0) by (uid=1000)
Jul 15 18:31:04 devstack sudo[89155]: pam_unix(sudo:session): session closed for user root
Jul 15 18:31:04 devstack cinder-volume[87217]: DEBUG oslo_concurrency.processutils [req-bbfb3889-3c4b-422a-a6ae-373a170f1373 req-18978eae-05e4-4202-b4fd-dc4e15caddca tempest-VolumesSnapshotsTestJSON-670218662 None] CMD "/opt/stack/data/venv/bin/python3.12 -m oslo_concurrency.prlimit --as=1073741824 --cpu=60 -- sudo cinder-rootwrap /etc/cinder/rootwrap.conf env LC_ALL=C qemu-img info -f qcow2 --output=json --force-share /opt/stack/data/cinder/mnt/2f9c3d7271ddb0a770fc112e314fa7e0/volume-aa3a70d6-6174-45b7-ab32-7dd0bdd34532" returned: 0 in 0.626s {{(pid=87217) execute /opt/stack/data/venv/lib/python3.12/site-packages/oslo_concurrency/processutils.py:468}}
Jul 15 18:31:04 devstack cinder-volume[87217]: DEBUG oslo_concurrency.processutils [req-bbfb3889-3c4b-422a-a6ae-373a170f1373 req-18978eae-05e4-4202-b4fd-dc4e15caddca tempest-VolumesSnapshotsTestJSON-670218662 None] Running cmd (subprocess): sudo cinder-rootwrap /etc/cinder/rootwrap.conf qemu-img create -f qcow2 -o backing_file=/opt/stack/data/cinder/mnt/2f9c3d7271ddb0a770fc112e314fa7e0/volume-aa3a70d6-6174-45b7-ab32-7dd0bdd34532,backing_fmt=qcow2 /opt/stack/data/cinder/mnt/2f9c3d7271ddb0a770fc112e314fa7e0/volume-aa3a70d6-6174-45b7-ab32-7dd0bdd34532.b55be46f-1a40-48f0-9e0b-ca2d51bb3160 1G {{(pid=87217) execute /opt/stack/data/venv/lib/python3.12/site-packages/oslo_concurrency/processutils.py:440}}
Jul 15 18:31:04 devstack sudo[89160]: quobyte : PWD=/ ; USER=root ; COMMAND=/opt/stack/data/venv/bin/cinder-rootwrap /etc/cinder/rootwrap.conf qemu-img create -f qcow2 -o backing_file=/opt/stack/data/cinder/mnt/2f9c3d7271ddb0a770fc112e314fa7e0/volume-aa3a70d6-6174-45b7-ab32-7dd0bdd34532,backing_fmt=qcow2 /opt/stack/data/cinder/mnt/2f9c3d7271ddb0a770fc112e314fa7e0/volume-aa3a70d6-6174-45b7-ab32-7dd0bdd34532.b55be46f-1a40-48f0-9e0b-ca2d51bb3160 1G
Jul 15 18:31:04 devstack sudo[89160]: pam_unix(sudo:session): session opened for user root(uid=0) by (uid=1000)
Jul 15 18:31:05 devstack sudo[89160]: pam_unix(sudo:session): session closed for user root
Jul 15 18:31:05 devstack cinder-volume[87217]: DEBUG oslo_concurrency.processutils [req-bbfb3889-3c4b-422a-a6ae-373a170f1373 req-18978eae-05e4-4202-b4fd-dc4e15caddca tempest-VolumesSnapshotsTestJSON-670218662 None] CMD "sudo cinder-rootwrap /etc/cinder/rootwrap.conf qemu-img create -f qcow2 -o backing_file=/opt/stack/data/cinder/mnt/2f9c3d7271ddb0a770fc112e314fa7e0/volume-aa3a70d6-6174-45b7-ab32-7dd0bdd34532,backing_fmt=qcow2 /opt/stack/data/cinder/mnt/2f9c3d7271ddb0a770fc112e314fa7e0/volume-aa3a70d6-6174-45b7-ab32-7dd0bdd34532.b55be46f-1a40-48f0-9e0b-ca2d51bb3160 1G" returned: 0 in 0.902s {{(pid=87217) execute /opt/stack/data/venv/lib/python3.12/site-packages/oslo_concurrency/processutils.py:468}}
Jul 15 18:31:05 devstack cinder-volume[87217]: DEBUG oslo_concurrency.processutils [req-bbfb3889-3c4b-422a-a6ae-373a170f1373 req-18978eae-05e4-4202-b4fd-dc4e15caddca tempest-VolumesSnapshotsTestJSON-670218662 None] Running cmd (subprocess): sudo cinder-rootwrap /etc/cinder/rootwrap.conf qemu-img rebase -u -b volume-aa3a70d6-6174-45b7-ab32-7dd0bdd34532 -F qcow2 /opt/stack/data/cinder/mnt/2f9c3d7271ddb0a770fc112e314fa7e0/volume-aa3a70d6-6174-45b7-ab32-7dd0bdd34532.b55be46f-1a40-48f0-9e0b-ca2d51bb3160 {{(pid=87217) execute /opt/stack/data/venv/lib/python3.12/site-packages/oslo_concurrency/processutils.py:440}}
Jul 15 18:31:05 devstack sudo[89174]: quobyte : PWD=/ ; USER=root ; COMMAND=/opt/stack/data/venv/bin/cinder-rootwrap /etc/cinder/rootwrap.conf qemu-img rebase -u -b volume-aa3a70d6-6174-45b7-ab32-7dd0bdd34532 -F qcow2 /opt/stack/data/cinder/mnt/2f9c3d7271ddb0a770fc112e314fa7e0/volume-aa3a70d6-6174-45b7-ab32-7dd0bdd34532.b55be46f-1a40-48f0-9e0b-ca2d51bb3160
Jul 15 18:31:05 devstack sudo[89174]: pam_unix(sudo:session): session opened for user root(uid=0) by (uid=1000)
Jul 15 18:31:05 devstack sudo[89174]: pam_unix(sudo:session): session closed for user root
Jul 15 18:31:05 devstack cinder-volume[87217]: DEBUG oslo_concurrency.processutils [req-bbfb3889-3c4b-422a-a6ae-373a170f1373 req-18978eae-05e4-4202-b4fd-dc4e15caddca tempest-VolumesSnapshotsTestJSON-670218662 None] CMD "sudo cinder-rootwrap /etc/cinder/rootwrap.conf qemu-img rebase -u -b volume-aa3a70d6-6174-45b7-ab32-7dd0bdd34532 -F qcow2 /opt/stack/data/cinder/mnt/2f9c3d7271ddb0a770fc112e314fa7e0/volume-aa3a70d6-6174-45b7-ab32-7dd0bdd34532.b55be46f-1a40-48f0-9e0b-ca2d51bb3160" returned: 0 in 0.538s {{(pid=87217) execute /opt/stack/data/venv/lib/python3.12/site-packages/oslo_concurrency/processutils.py:468}}
Jul 15 18:31:05 devstack cinder-volume[87217]: WARNING cinder.volume.drivers.remotefs [req-bbfb3889-3c4b-422a-a6ae-373a170f1373 req-18978eae-05e4-4202-b4fd-dc4e15caddca tempest-VolumesSnapshotsTestJSON-670218662 None] /opt/stack/data/cinder/mnt/2f9c3d7271ddb0a770fc112e314fa7e0/volume-aa3a70d6-6174-45b7-ab32-7dd0bdd34532.b55be46f-1a40-48f0-9e0b-ca2d51bb3160 is being set with open permissions: ugo+rw
Jul 15 18:31:05 devstack cinder-volume[87217]: DEBUG oslo_concurrency.processutils [req-bbfb3889-3c4b-422a-a6ae-373a170f1373 req-18978eae-05e4-4202-b4fd-dc4e15caddca tempest-VolumesSnapshotsTestJSON-670218662 None] Running cmd (subprocess): sudo cinder-rootwrap /etc/cinder/rootwrap.conf chmod ugo+rw /opt/stack/data/cinder/mnt/2f9c3d7271ddb0a770fc112e314fa7e0/volume-aa3a70d6-6174-45b7-ab32-7dd0bdd34532.b55be46f-1a40-48f0-9e0b-ca2d51bb3160 {{(pid=87217) execute /opt/stack/data/venv/lib/python3.12/site-packages/oslo_concurrency/processutils.py:440}}
Jul 15 18:31:05 devstack sudo[89179]: quobyte : PWD=/ ; USER=root ; COMMAND=/opt/stack/data/venv/bin/cinder-rootwrap /etc/cinder/rootwrap.conf chmod ugo+rw /opt/stack/data/cinder/mnt/2f9c3d7271ddb0a770fc112e314fa7e0/volume-aa3a70d6-6174-45b7-ab32-7dd0bdd34532.b55be46f-1a40-48f0-9e0b-ca2d51bb3160
Jul 15 18:31:05 devstack sudo[89179]: pam_unix(sudo:session): session opened for user root(uid=0) by (uid=1000)
Jul 15 18:31:06 devstack sudo[89179]: pam_unix(sudo:session): session closed for user root
Jul 15 18:31:06 devstack cinder-volume[87217]: DEBUG oslo_concurrency.processutils [req-bbfb3889-3c4b-422a-a6ae-373a170f1373 req-18978eae-05e4-4202-b4fd-dc4e15caddca tempest-VolumesSnapshotsTestJSON-670218662 None] CMD "sudo cinder-rootwrap /etc/cinder/rootwrap.conf chmod ugo+rw /opt/stack/data/cinder/mnt/2f9c3d7271ddb0a770fc112e314fa7e0/volume-aa3a70d6-6174-45b7-ab32-7dd0bdd34532.b55be46f-1a40-48f0-9e0b-ca2d51bb3160" returned: 0 in 0.700s {{(pid=87217) execute /opt/stack/data/venv/lib/python3.12/site-packages/oslo_concurrency/processutils.py:468}}
Jul 15 18:31:06 devstack cinder-volume[87217]: DEBUG oslo_concurrency.processutils [req-bbfb3889-3c4b-422a-a6ae-373a170f1373 req-18978eae-05e4-4202-b4fd-dc4e15caddca tempest-VolumesSnapshotsTestJSON-670218662 None] Running cmd (subprocess): sudo cinder-rootwrap /etc/cinder/rootwrap.conf truncate -s0 /opt/stack/data/cinder/mnt/2f9c3d7271ddb0a770fc112e314fa7e0/volume-aa3a70d6-6174-45b7-ab32-7dd0bdd34532.info {{(pid=87217) execute /opt/stack/data/venv/lib/python3.12/site-packages/oslo_concurrency/processutils.py:440}}
Jul 15 18:31:06 devstack sudo[89183]: quobyte : PWD=/ ; USER=root ; COMMAND=/opt/stack/data/venv/bin/cinder-rootwrap /etc/cinder/rootwrap.conf truncate -s0 /opt/stack/data/cinder/mnt/2f9c3d7271ddb0a770fc112e314fa7e0/volume-aa3a70d6-6174-45b7-ab32-7dd0bdd34532.info
Jul 15 18:31:06 devstack sudo[89183]: pam_unix(sudo:session): session opened for user root(uid=0) by (uid=1000)
Jul 15 18:31:07 devstack sudo[89183]: pam_unix(sudo:session): session closed for user root
Jul 15 18:31:07 devstack cinder-volume[87217]: DEBUG oslo_concurrency.processutils [req-bbfb3889-3c4b-422a-a6ae-373a170f1373 req-18978eae-05e4-4202-b4fd-dc4e15caddca tempest-VolumesSnapshotsTestJSON-670218662 None] CMD "sudo cinder-rootwrap /etc/cinder/rootwrap.conf truncate -s0 /opt/stack/data/cinder/mnt/2f9c3d7271ddb0a770fc112e314fa7e0/volume-aa3a70d6-6174-45b7-ab32-7dd0bdd34532.info" returned: 0 in 0.882s {{(pid=87217) execute /opt/stack/data/venv/lib/python3.12/site-packages/oslo_concurrency/processutils.py:468}}
Jul 15 18:31:07 devstack cinder-volume[87217]: WARNING cinder.volume.drivers.remotefs [req-bbfb3889-3c4b-422a-a6ae-373a170f1373 req-18978eae-05e4-4202-b4fd-dc4e15caddca tempest-VolumesSnapshotsTestJSON-670218662 None] /opt/stack/data/cinder/mnt/2f9c3d7271ddb0a770fc112e314fa7e0/volume-aa3a70d6-6174-45b7-ab32-7dd0bdd34532.info is being set with open permissions: ugo+rw
Jul 15 18:31:07 devstack cinder-volume[87217]: DEBUG oslo_concurrency.processutils [req-bbfb3889-3c4b-422a-a6ae-373a170f1373 req-18978eae-05e4-4202-b4fd-dc4e15caddca tempest-VolumesSnapshotsTestJSON-670218662 None] Running cmd (subprocess): sudo cinder-rootwrap /etc/cinder/rootwrap.conf chmod ugo+rw /opt/stack/data/cinder/mnt/2f9c3d7271ddb0a770fc112e314fa7e0/volume-aa3a70d6-6174-45b7-ab32-7dd0bdd34532.info {{(pid=87217) execute /opt/stack/data/venv/lib/python3.12/site-packages/oslo_concurrency/processutils.py:440}}
Jul 15 18:31:07 devstack sudo[89191]: quobyte : PWD=/ ; USER=root ; COMMAND=/opt/stack/data/venv/bin/cinder-rootwrap /etc/cinder/rootwrap.conf chmod ugo+rw /opt/stack/data/cinder/mnt/2f9c3d7271ddb0a770fc112e314fa7e0/volume-aa3a70d6-6174-45b7-ab32-7dd0bdd34532.info
Jul 15 18:31:07 devstack sudo[89191]: pam_unix(sudo:session): session opened for user root(uid=0) by (uid=1000)
Jul 15 18:31:08 devstack sudo[89191]: pam_unix(sudo:session): session closed for user root
Jul 15 18:31:08 devstack cinder-volume[87217]: DEBUG oslo_concurrency.processutils [req-bbfb3889-3c4b-422a-a6ae-373a170f1373 req-18978eae-05e4-4202-b4fd-dc4e15caddca tempest-VolumesSnapshotsTestJSON-670218662 None] CMD "sudo cinder-rootwrap /etc/cinder/rootwrap.conf chmod ugo+rw /opt/stack/data/cinder/mnt/2f9c3d7271ddb0a770fc112e314fa7e0/volume-aa3a70d6-6174-45b7-ab32-7dd0bdd34532.info" returned: 0 in 0.797s {{(pid=87217) execute /opt/stack/data/venv/lib/python3.12/site-packages/oslo_concurrency/processutils.py:468}}
Jul 15 18:31:08 devstack cinder-volume[87217]: DEBUG oslo_concurrency.lockutils [req-bbfb3889-3c4b-422a-a6ae-373a170f1373 req-18978eae-05e4-4202-b4fd-dc4e15caddca tempest-VolumesSnapshotsTestJSON-670218662 None] Lock "quobyte" "released" by "cinder.volume.drivers.quobyte.QuobyteDriver.create_snapshot" :: held 4.733s {{(pid=87217) inner /opt/stack/data/venv/lib/python3.12/site-packages/oslo_concurrency/lockutils.py:543}}
Jul 15 18:31:08 devstack cinder-volume[87217]: INFO cinder.volume.manager [req-bbfb3889-3c4b-422a-a6ae-373a170f1373 req-18978eae-05e4-4202-b4fd-dc4e15caddca tempest-VolumesSnapshotsTestJSON-670218662 None] Create snapshot completed successfully
Jul 15 18:31:09 devstack cinder-volume[87217]: DEBUG cinder.coordination [req-fca03b81-6bd8-435b-9938-62ce51638c44 req-665229dc-d391-4a94-abc5-3321512ce0d6 tempest-VolumesSnapshotsTestJSON-670218662 None] Acquiring lock "cinder-b55be46f-1a40-48f0-9e0b-ca2d51bb3160-delete_snapshot" by "delete_snapshot" {{(pid=87217) __acquire /opt/stack/cinder/cinder/coordination.py:138}}
Jul 15 18:31:09 devstack cinder-volume[87217]: DEBUG cinder.coordination [req-fca03b81-6bd8-435b-9938-62ce51638c44 req-665229dc-d391-4a94-abc5-3321512ce0d6 tempest-VolumesSnapshotsTestJSON-670218662 None] Lock "cinder-b55be46f-1a40-48f0-9e0b-ca2d51bb3160-delete_snapshot" acquired by "delete_snapshot" :: waited 0.057s {{(pid=87217) __acquire /opt/stack/cinder/cinder/coordination.py:141}}
Jul 15 18:31:09 devstack cinder-volume[87217]: DEBUG cinder.coordination [req-fca03b81-6bd8-435b-9938-62ce51638c44 req-665229dc-d391-4a94-abc5-3321512ce0d6 tempest-VolumesSnapshotsTestJSON-670218662 None] Acquiring lock "cinder-quobyte-aa3a70d6-6174-45b7-ab32-7dd0bdd34532" by "delete_snapshot" {{(pid=87217) __acquire /opt/stack/cinder/cinder/coordination.py:138}}
Jul 15 18:31:09 devstack cinder-volume[87217]: DEBUG cinder.coordination [req-fca03b81-6bd8-435b-9938-62ce51638c44 req-665229dc-d391-4a94-abc5-3321512ce0d6 tempest-VolumesSnapshotsTestJSON-670218662 None] Lock "cinder-quobyte-aa3a70d6-6174-45b7-ab32-7dd0bdd34532" acquired by "delete_snapshot" :: waited 0.045s {{(pid=87217) __acquire /opt/stack/cinder/cinder/coordination.py:141}}
Jul 15 18:31:09 devstack cinder-volume[87217]: DEBUG cinder.coordination [req-fca03b81-6bd8-435b-9938-62ce51638c44 req-665229dc-d391-4a94-abc5-3321512ce0d6 tempest-VolumesSnapshotsTestJSON-670218662 None] Acquiring lock "cinder-quobyte-b55be46f-1a40-48f0-9e0b-ca2d51bb3160" by "_delete_snapshot" {{(pid=87217) __acquire /opt/stack/cinder/cinder/coordination.py:138}}
Jul 15 18:31:09 devstack cinder-volume[87217]: DEBUG cinder.coordination [req-fca03b81-6bd8-435b-9938-62ce51638c44 req-665229dc-d391-4a94-abc5-3321512ce0d6 tempest-VolumesSnapshotsTestJSON-670218662 None] Lock "cinder-quobyte-b55be46f-1a40-48f0-9e0b-ca2d51bb3160" acquired by "_delete_snapshot" :: waited 0.051s {{(pid=87217) __acquire /opt/stack/cinder/cinder/coordination.py:141}}
Jul 15 18:31:09 devstack cinder-volume[87217]: DEBUG cinder.volume.drivers.remotefs [req-fca03b81-6bd8-435b-9938-62ce51638c44 req-665229dc-d391-4a94-abc5-3321512ce0d6 tempest-VolumesSnapshotsTestJSON-670218662 None] Deleting offline snapshot b55be46f-1a40-48f0-9e0b-ca2d51bb3160 of volume aa3a70d6-6174-45b7-ab32-7dd0bdd34532 {{(pid=87217) _delete_snapshot /opt/stack/cinder/cinder/volume/drivers/remotefs.py:1288}}
Jul 15 18:31:09 devstack cinder-volume[87217]: DEBUG cinder.volume.drivers.remotefs [req-fca03b81-6bd8-435b-9938-62ce51638c44 req-665229dc-d391-4a94-abc5-3321512ce0d6 tempest-VolumesSnapshotsTestJSON-670218662 None] snapshot_file for this snap is: volume-aa3a70d6-6174-45b7-ab32-7dd0bdd34532.b55be46f-1a40-48f0-9e0b-ca2d51bb3160 {{(pid=87217) _delete_snapshot /opt/stack/cinder/cinder/volume/drivers/remotefs.py:1317}}
Jul 15 18:31:09 devstack cinder-volume[87217]: DEBUG oslo.privsep.daemon [-] privsep: reply[fe3026df-6cd6-42be-ab00-bc49b272028c]: (4, 'qcow2') {{(pid=88632) _call_back /opt/stack/data/venv/lib/python3.12/site-packages/oslo_privsep/daemon.py:580}}
Jul 15 18:31:09 devstack cinder-volume[87217]: DEBUG oslo_concurrency.processutils [req-fca03b81-6bd8-435b-9938-62ce51638c44 req-665229dc-d391-4a94-abc5-3321512ce0d6 tempest-VolumesSnapshotsTestJSON-670218662 None] Running cmd (subprocess): /opt/stack/data/venv/bin/python3.12 -m oslo_concurrency.prlimit --as=1073741824 --cpu=60 -- sudo cinder-rootwrap /etc/cinder/rootwrap.conf env LC_ALL=C qemu-img info -f qcow2 --output=json --force-share /opt/stack/data/cinder/mnt/2f9c3d7271ddb0a770fc112e314fa7e0/volume-aa3a70d6-6174-45b7-ab32-7dd0bdd34532.b55be46f-1a40-48f0-9e0b-ca2d51bb3160 {{(pid=87217) execute /opt/stack/data/venv/lib/python3.12/site-packages/oslo_concurrency/processutils.py:440}}
Jul 15 18:31:10 devstack cinder-volume[87217]: WARNING py.warnings [req-c0dcec92-0c86-485f-a085-0124e2cf6840 req-557e2e1a-8c66-4084-8a01-2c6734a697d2 tempest-DeleteServersTestJSON-1860447315 None] /opt/stack/cinder/cinder/db/api.py:2468: SAWarning: SELECT statement has a cartesian product between FROM element(s) "volumes_1", "volume_attachment" and FROM element "volumes". Apply join condition(s) between each element to resolve.
Jul 15 18:31:10 devstack cinder-volume[87217]: .first()
Jul 15 18:31:10 devstack cinder-volume[87217]:
Jul 15 18:31:10 devstack sudo[89210]: quobyte : PWD=/ ; USER=root ; COMMAND=/opt/stack/data/venv/bin/cinder-rootwrap /etc/cinder/rootwrap.conf env LC_ALL=C qemu-img info -f qcow2 --output=json --force-share /opt/stack/data/cinder/mnt/2f9c3d7271ddb0a770fc112e314fa7e0/volume-aa3a70d6-6174-45b7-ab32-7dd0bdd34532.b55be46f-1a40-48f0-9e0b-ca2d51bb3160
Jul 15 18:31:10 devstack sudo[89210]: pam_unix(sudo:session): session opened for user root(uid=0) by (uid=1000)
Jul 15 18:31:10 devstack cinder-volume[87217]: DEBUG oslo_concurrency.lockutils [req-c0dcec92-0c86-485f-a085-0124e2cf6840 req-557e2e1a-8c66-4084-8a01-2c6734a697d2 tempest-DeleteServersTestJSON-1860447315 None] Acquiring lock "quobyte" by "cinder.volume.drivers.quobyte.QuobyteDriver.initialize_connection" {{(pid=87217) inner /opt/stack/data/venv/lib/python3.12/site-packages/oslo_concurrency/lockutils.py:511}}
Jul 15 18:31:10 devstack cinder-volume[87217]: DEBUG oslo_concurrency.lockutils [req-c0dcec92-0c86-485f-a085-0124e2cf6840 req-557e2e1a-8c66-4084-8a01-2c6734a697d2 tempest-DeleteServersTestJSON-1860447315 None] Lock "quobyte" acquired by "cinder.volume.drivers.quobyte.QuobyteDriver.initialize_connection" :: waited 0.001s {{(pid=87217) inner /opt/stack/data/venv/lib/python3.12/site-packages/oslo_concurrency/lockutils.py:524}}
Jul 15 18:31:10 devstack cinder-volume[87217]: DEBUG oslo.privsep.daemon [-] privsep: reply[f1677afa-9076-4671-83ab-c00080620257]: (4, 'qcow2') {{(pid=88632) _call_back /opt/stack/data/venv/lib/python3.12/site-packages/oslo_privsep/daemon.py:580}}
Jul 15 18:31:10 devstack cinder-volume[87217]: DEBUG oslo_concurrency.processutils [req-c0dcec92-0c86-485f-a085-0124e2cf6840 req-557e2e1a-8c66-4084-8a01-2c6734a697d2 tempest-DeleteServersTestJSON-1860447315 None] Running cmd (subprocess): /opt/stack/data/venv/bin/python3.12 -m oslo_concurrency.prlimit --as=1073741824 --cpu=60 -- sudo cinder-rootwrap /etc/cinder/rootwrap.conf env LC_ALL=C qemu-img info -f qcow2 --output=json --force-share /opt/stack/data/cinder/mnt/2f9c3d7271ddb0a770fc112e314fa7e0/volume-a220c43f-8356-4abe-bfb8-2aa98b8e9a05 {{(pid=87217) execute /opt/stack/data/venv/lib/python3.12/site-packages/oslo_concurrency/processutils.py:440}}
Jul 15 18:31:10 devstack sudo[89210]: pam_unix(sudo:session): session closed for user root
Jul 15 18:31:10 devstack cinder-volume[87217]: DEBUG oslo_concurrency.processutils [req-fca03b81-6bd8-435b-9938-62ce51638c44 req-665229dc-d391-4a94-abc5-3321512ce0d6 tempest-VolumesSnapshotsTestJSON-670218662 None] CMD "/opt/stack/data/venv/bin/python3.12 -m oslo_concurrency.prlimit --as=1073741824 --cpu=60 -- sudo cinder-rootwrap /etc/cinder/rootwrap.conf env LC_ALL=C qemu-img info -f qcow2 --output=json --force-share /opt/stack/data/cinder/mnt/2f9c3d7271ddb0a770fc112e314fa7e0/volume-aa3a70d6-6174-45b7-ab32-7dd0bdd34532.b55be46f-1a40-48f0-9e0b-ca2d51bb3160" returned: 0 in 0.496s {{(pid=87217) execute /opt/stack/data/venv/lib/python3.12/site-packages/oslo_concurrency/processutils.py:468}}
Jul 15 18:31:10 devstack cinder-volume[87217]: DEBUG cinder.volume.drivers.remotefs [req-fca03b81-6bd8-435b-9938-62ce51638c44 req-665229dc-d391-4a94-abc5-3321512ce0d6 tempest-VolumesSnapshotsTestJSON-670218662 None] Fetching qemu-img info with special backing_file_template: (/opt/stack/data/cinder/mnt/[0-9a-f]+/)?(volume-aa3a70d6-6174-45b7-ab32-7dd0bdd34532(.(tmp-snap-)?[0-9a-f-]+)?|volume_from_snapshot_cache/(tmp-snap-)?[0-9a-f-]+(.(child-|parent-)[0-9a-f-]+)?)$ {{(pid=87217) _qemu_img_info_base /opt/stack/cinder/cinder/volume/drivers/remotefs.py:896}}
Jul 15 18:31:10 devstack sudo[89213]: quobyte : PWD=/ ; USER=root ; COMMAND=/opt/stack/data/venv/bin/cinder-rootwrap /etc/cinder/rootwrap.conf env LC_ALL=C qemu-img info -f qcow2 --output=json --force-share /opt/stack/data/cinder/mnt/2f9c3d7271ddb0a770fc112e314fa7e0/volume-a220c43f-8356-4abe-bfb8-2aa98b8e9a05
Jul 15 18:31:10 devstack sudo[89213]: pam_unix(sudo:session): session opened for user root(uid=0) by (uid=1000)
Jul 15 18:31:10 devstack cinder-volume[87217]: DEBUG oslo.privsep.daemon [-] privsep: reply[3e43d5b0-5825-456b-bee5-4236fe0f9997]: (4, 'qcow2') {{(pid=88632) _call_back /opt/stack/data/venv/lib/python3.12/site-packages/oslo_privsep/daemon.py:580}}
Jul 15 18:31:10 devstack cinder-volume[87217]: DEBUG oslo_concurrency.processutils [req-fca03b81-6bd8-435b-9938-62ce51638c44 req-665229dc-d391-4a94-abc5-3321512ce0d6 tempest-VolumesSnapshotsTestJSON-670218662 None] Running cmd (subprocess): /opt/stack/data/venv/bin/python3.12 -m oslo_concurrency.prlimit --as=1073741824 --cpu=60 -- sudo cinder-rootwrap /etc/cinder/rootwrap.conf env LC_ALL=C qemu-img info -f qcow2 --output=json --force-share /opt/stack/data/cinder/mnt/2f9c3d7271ddb0a770fc112e314fa7e0/volume-aa3a70d6-6174-45b7-ab32-7dd0bdd34532 {{(pid=87217) execute /opt/stack/data/venv/lib/python3.12/site-packages/oslo_concurrency/processutils.py:440}}
Jul 15 18:31:10 devstack sudo[89218]: quobyte : PWD=/ ; USER=root ; COMMAND=/opt/stack/data/venv/bin/cinder-rootwrap /etc/cinder/rootwrap.conf env LC_ALL=C qemu-img info -f qcow2 --output=json --force-share /opt/stack/data/cinder/mnt/2f9c3d7271ddb0a770fc112e314fa7e0/volume-aa3a70d6-6174-45b7-ab32-7dd0bdd34532
Jul 15 18:31:10 devstack sudo[89218]: pam_unix(sudo:session): session opened for user root(uid=0) by (uid=1000)
Jul 15 18:31:10 devstack sudo[89213]: pam_unix(sudo:session): session closed for user root
Jul 15 18:31:10 devstack cinder-volume[87217]: DEBUG oslo_concurrency.processutils [req-c0dcec92-0c86-485f-a085-0124e2cf6840 req-557e2e1a-8c66-4084-8a01-2c6734a697d2 tempest-DeleteServersTestJSON-1860447315 None] CMD "/opt/stack/data/venv/bin/python3.12 -m oslo_concurrency.prlimit --as=1073741824 --cpu=60 -- sudo cinder-rootwrap /etc/cinder/rootwrap.conf env LC_ALL=C qemu-img info -f qcow2 --output=json --force-share /opt/stack/data/cinder/mnt/2f9c3d7271ddb0a770fc112e314fa7e0/volume-a220c43f-8356-4abe-bfb8-2aa98b8e9a05" returned: 0 in 0.650s {{(pid=87217) execute /opt/stack/data/venv/lib/python3.12/site-packages/oslo_concurrency/processutils.py:468}}
Jul 15 18:31:10 devstack cinder-volume[87217]: DEBUG oslo_concurrency.lockutils [req-c0dcec92-0c86-485f-a085-0124e2cf6840 req-557e2e1a-8c66-4084-8a01-2c6734a697d2 tempest-DeleteServersTestJSON-1860447315 None] Lock "quobyte" "released" by "cinder.volume.drivers.quobyte.QuobyteDriver.initialize_connection" :: held 0.696s {{(pid=87217) inner /opt/stack/data/venv/lib/python3.12/site-packages/oslo_concurrency/lockutils.py:543}}
Jul 15 18:31:10 devstack cinder-volume[87217]: DEBUG cinder.volume.manager [req-c0dcec92-0c86-485f-a085-0124e2cf6840 req-557e2e1a-8c66-4084-8a01-2c6734a697d2 tempest-DeleteServersTestJSON-1860447315 None] Connection info returned from driver {'export': 'osci02.corp.quobyte.com/cinder-vol-26273800-f5d9-4497-b7eb-590d4efdb60d', 'name': 'volume-a220c43f-8356-4abe-bfb8-2aa98b8e9a05', 'options': None, 'format': 'qcow2', 'qos_specs': None, 'access_mode': 'rw', 'encrypted': False, 'cacheable': False, 'driver_volume_type': 'quobyte', 'mount_point_base': '/opt/stack/data/cinder/mnt', 'attachment_id': '1f55f0ca-5a62-46d7-95fd-4409b64cd18b', 'enforce_multipath': True} {{(pid=87217) _connection_create /opt/stack/cinder/cinder/volume/manager.py:4924}}
Jul 15 18:31:11 devstack cinder-volume[87217]: INFO cinder.volume.manager [req-c0dcec92-0c86-485f-a085-0124e2cf6840 req-557e2e1a-8c66-4084-8a01-2c6734a697d2 tempest-DeleteServersTestJSON-1860447315 None] attachment_update completed successfully.
Jul 15 18:31:11 devstack sudo[89218]: pam_unix(sudo:session): session closed for user root
Jul 15 18:31:11 devstack cinder-volume[87217]: DEBUG oslo_concurrency.processutils [req-fca03b81-6bd8-435b-9938-62ce51638c44 req-665229dc-d391-4a94-abc5-3321512ce0d6 tempest-VolumesSnapshotsTestJSON-670218662 None] CMD "/opt/stack/data/venv/bin/python3.12 -m oslo_concurrency.prlimit --as=1073741824 --cpu=60 -- sudo cinder-rootwrap /etc/cinder/rootwrap.conf env LC_ALL=C qemu-img info -f qcow2 --output=json --force-share /opt/stack/data/cinder/mnt/2f9c3d7271ddb0a770fc112e314fa7e0/volume-aa3a70d6-6174-45b7-ab32-7dd0bdd34532" returned: 0 in 0.797s {{(pid=87217) execute /opt/stack/data/venv/lib/python3.12/site-packages/oslo_concurrency/processutils.py:468}}
Jul 15 18:31:11 devstack cinder-volume[87217]: DEBUG oslo_concurrency.processutils [req-fca03b81-6bd8-435b-9938-62ce51638c44 req-665229dc-d391-4a94-abc5-3321512ce0d6 tempest-VolumesSnapshotsTestJSON-670218662 None] Running cmd (subprocess): sudo cinder-rootwrap /etc/cinder/rootwrap.conf qemu-img commit -d /opt/stack/data/cinder/mnt/2f9c3d7271ddb0a770fc112e314fa7e0/volume-aa3a70d6-6174-45b7-ab32-7dd0bdd34532.b55be46f-1a40-48f0-9e0b-ca2d51bb3160 {{(pid=87217) execute /opt/stack/data/venv/lib/python3.12/site-packages/oslo_concurrency/processutils.py:440}}
Jul 15 18:31:11 devstack sudo[89227]: quobyte : PWD=/ ; USER=root ; COMMAND=/opt/stack/data/venv/bin/cinder-rootwrap /etc/cinder/rootwrap.conf qemu-img commit -d /opt/stack/data/cinder/mnt/2f9c3d7271ddb0a770fc112e314fa7e0/volume-aa3a70d6-6174-45b7-ab32-7dd0bdd34532.b55be46f-1a40-48f0-9e0b-ca2d51bb3160
Jul 15 18:31:11 devstack sudo[89227]: pam_unix(sudo:session): session opened for user root(uid=0) by (uid=1000)
Jul 15 18:31:11 devstack sudo[89227]: pam_unix(sudo:session): session closed for user root
Jul 15 18:31:11 devstack cinder-volume[87217]: DEBUG oslo_concurrency.processutils [req-fca03b81-6bd8-435b-9938-62ce51638c44 req-665229dc-d391-4a94-abc5-3321512ce0d6 tempest-VolumesSnapshotsTestJSON-670218662 None] CMD "sudo cinder-rootwrap /etc/cinder/rootwrap.conf qemu-img commit -d /opt/stack/data/cinder/mnt/2f9c3d7271ddb0a770fc112e314fa7e0/volume-aa3a70d6-6174-45b7-ab32-7dd0bdd34532.b55be46f-1a40-48f0-9e0b-ca2d51bb3160" returned: 0 in 0.642s {{(pid=87217) execute /opt/stack/data/venv/lib/python3.12/site-packages/oslo_concurrency/processutils.py:468}}
Jul 15 18:31:11 devstack cinder-volume[87217]: DEBUG oslo_concurrency.processutils [req-fca03b81-6bd8-435b-9938-62ce51638c44 req-665229dc-d391-4a94-abc5-3321512ce0d6 tempest-VolumesSnapshotsTestJSON-670218662 None] Running cmd (subprocess): sudo cinder-rootwrap /etc/cinder/rootwrap.conf rm -f /opt/stack/data/cinder/mnt/2f9c3d7271ddb0a770fc112e314fa7e0/volume-aa3a70d6-6174-45b7-ab32-7dd0bdd34532.b55be46f-1a40-48f0-9e0b-ca2d51bb3160 {{(pid=87217) execute /opt/stack/data/venv/lib/python3.12/site-packages/oslo_concurrency/processutils.py:440}}
Jul 15 18:31:11 devstack sudo[89297]: quobyte : PWD=/ ; USER=root ; COMMAND=/opt/stack/data/venv/bin/cinder-rootwrap /etc/cinder/rootwrap.conf rm -f /opt/stack/data/cinder/mnt/2f9c3d7271ddb0a770fc112e314fa7e0/volume-aa3a70d6-6174-45b7-ab32-7dd0bdd34532.b55be46f-1a40-48f0-9e0b-ca2d51bb3160
Jul 15 18:31:11 devstack sudo[89297]: pam_unix(sudo:session): session opened for user root(uid=0) by (uid=1000)
Jul 15 18:31:12 devstack sudo[89297]: pam_unix(sudo:session): session closed for user root
Jul 15 18:31:12 devstack cinder-volume[87217]: DEBUG oslo_concurrency.processutils [req-fca03b81-6bd8-435b-9938-62ce51638c44 req-665229dc-d391-4a94-abc5-3321512ce0d6 tempest-VolumesSnapshotsTestJSON-670218662 None] CMD "sudo cinder-rootwrap /etc/cinder/rootwrap.conf rm -f /opt/stack/data/cinder/mnt/2f9c3d7271ddb0a770fc112e314fa7e0/volume-aa3a70d6-6174-45b7-ab32-7dd0bdd34532.b55be46f-1a40-48f0-9e0b-ca2d51bb3160" returned: 0 in 0.426s {{(pid=87217) execute /opt/stack/data/venv/lib/python3.12/site-packages/oslo_concurrency/processutils.py:468}}
