Feb 11 22:49:06 devstack cinder-volume[78634]: DEBUG cinder.volume.manager [req-ff52582c-9ec6-471c-9260-3d5b792dce37 req-2aee4877-cc53-4345-88a1-5924c3e15b04 tempest-VolumesSnapshotsTestJSON-1769253454 None] Task 'cinder.volume.flows.manager.create_volume.CreateVolumeOnFinishTask;volume:create, create.end' (5d2ff29e-52be-48ec-a372-7abb3e03f963) transitioned into state 'RUNNING' from state 'PENDING' {{(pid=78634) _task_receiver /opt/stack/data/venv/lib/python3.10/site-packages/taskflow/listeners/logging.py:194}}
Feb 11 22:49:06 devstack sudo[80023]: quobyte : PWD=/ ; USER=root ; COMMAND=/opt/stack/data/venv/bin/cinder-rootwrap /etc/cinder/rootwrap.conf qemu-img create -f qcow2 -o preallocation=metadata /opt/stack/data/cinder/mnt/87e7f697d41b08ac2bc30d52427cb599/volume-e8559415-cb6a-48df-a317-e0433c11db57 1073741824
Feb 11 22:49:06 devstack sudo[80023]: pam_unix(sudo:session): session opened for user root(uid=0) by (uid=1000)
Feb 11 22:49:06 devstack cinder-volume[78634]: INFO cinder.volume.flows.manager.create_volume [req-ff52582c-9ec6-471c-9260-3d5b792dce37 req-2aee4877-cc53-4345-88a1-5924c3e15b04 tempest-VolumesSnapshotsTestJSON-1769253454 None] Volume volume-bd8a4492-defa-4e18-9380-cf5993c02c8e (bd8a4492-defa-4e18-9380-cf5993c02c8e): created successfully
Feb 11 22:49:06 devstack cinder-volume[78634]: DEBUG cinder.volume.manager [req-ff52582c-9ec6-471c-9260-3d5b792dce37 req-2aee4877-cc53-4345-88a1-5924c3e15b04 tempest-VolumesSnapshotsTestJSON-1769253454 None] Task 'cinder.volume.flows.manager.create_volume.CreateVolumeOnFinishTask;volume:create, create.end' (5d2ff29e-52be-48ec-a372-7abb3e03f963) transitioned into state 'SUCCESS' from state 'RUNNING' with result 'None' {{(pid=78634) _task_receiver /opt/stack/data/venv/lib/python3.10/site-packages/taskflow/listeners/logging.py:182}}
Feb 11 22:49:06 devstack cinder-volume[78634]: DEBUG cinder.volume.manager [req-ff52582c-9ec6-471c-9260-3d5b792dce37 req-2aee4877-cc53-4345-88a1-5924c3e15b04 tempest-VolumesSnapshotsTestJSON-1769253454 None] Flow 'volume_create_manager' (d9bb5a3f-7aef-4d1e-a35f-db9ae56dfa38) transitioned into state 'SUCCESS' from state 'RUNNING' {{(pid=78634) _flow_receiver /opt/stack/data/venv/lib/python3.10/site-packages/taskflow/listeners/logging.py:145}}
Feb 11 22:49:06 devstack cinder-volume[78634]: INFO cinder.volume.manager [req-ff52582c-9ec6-471c-9260-3d5b792dce37 req-2aee4877-cc53-4345-88a1-5924c3e15b04 tempest-VolumesSnapshotsTestJSON-1769253454 None] Created volume successfully.
Feb 11 22:49:07 devstack sudo[80023]: pam_unix(sudo:session): session closed for user root
Feb 11 22:49:07 devstack cinder-volume[78634]: DEBUG oslo_concurrency.processutils [None req-7a541bc2-3d55-4190-b3bc-9a501ebf8335 tempest-ServerRescueNegativeTestJSON-202257377 None] CMD "sudo cinder-rootwrap /etc/cinder/rootwrap.conf qemu-img create -f qcow2 -o preallocation=metadata /opt/stack/data/cinder/mnt/87e7f697d41b08ac2bc30d52427cb599/volume-e8559415-cb6a-48df-a317-e0433c11db57 1073741824" returned: 0 in 0.829s {{(pid=78634) execute /opt/stack/data/venv/lib/python3.10/site-packages/oslo_concurrency/processutils.py:396}}
Feb 11 22:49:07 devstack cinder-volume[78634]: DEBUG oslo_concurrency.processutils [None req-7a541bc2-3d55-4190-b3bc-9a501ebf8335 tempest-ServerRescueNegativeTestJSON-202257377 None] Running cmd (subprocess): sudo cinder-rootwrap /etc/cinder/rootwrap.conf chmod ugo+rw /opt/stack/data/cinder/mnt/87e7f697d41b08ac2bc30d52427cb599/volume-e8559415-cb6a-48df-a317-e0433c11db57 {{(pid=78634) execute /opt/stack/data/venv/lib/python3.10/site-packages/oslo_concurrency/processutils.py:368}}
Feb 11 22:49:07 devstack sudo[80030]: quobyte : PWD=/ ; USER=root ; COMMAND=/opt/stack/data/venv/bin/cinder-rootwrap /etc/cinder/rootwrap.conf chmod ugo+rw /opt/stack/data/cinder/mnt/87e7f697d41b08ac2bc30d52427cb599/volume-e8559415-cb6a-48df-a317-e0433c11db57
Feb 11 22:49:07 devstack sudo[80030]: pam_unix(sudo:session): session opened for user root(uid=0) by (uid=1000)
Feb 11 22:49:08 devstack cinder-volume[78634]: WARNING cinder.volume.volume_utils [req-b9c686f0-38f1-4ca7-8805-aabe50d59b39 req-3a29f1c4-1e2c-4f84-bde3-376338d59d64 tempest-VolumesSnapshotsTestJSON-1769253454 None] Volume driver (QuobyteDriver 1.1.14) is currently unsupported and may be removed in the next release of OpenStack. Use at your own risk.
Feb 11 22:49:08 devstack cinder-volume[78634]: DEBUG oslo_concurrency.lockutils [req-b9c686f0-38f1-4ca7-8805-aabe50d59b39 req-3a29f1c4-1e2c-4f84-bde3-376338d59d64 tempest-VolumesSnapshotsTestJSON-1769253454 None] Acquiring lock "quobyte" by "cinder.volume.drivers.quobyte.QuobyteDriver.create_snapshot" {{(pid=78634) inner /opt/stack/data/venv/lib/python3.10/site-packages/oslo_concurrency/lockutils.py:506}}
Feb 11 22:49:08 devstack sudo[80030]: pam_unix(sudo:session): session closed for user root
Feb 11 22:49:08 devstack cinder-volume[78634]: DEBUG oslo_concurrency.processutils [None req-7a541bc2-3d55-4190-b3bc-9a501ebf8335 tempest-ServerRescueNegativeTestJSON-202257377 None] CMD "sudo cinder-rootwrap /etc/cinder/rootwrap.conf chmod ugo+rw /opt/stack/data/cinder/mnt/87e7f697d41b08ac2bc30d52427cb599/volume-e8559415-cb6a-48df-a317-e0433c11db57" returned: 0 in 1.025s {{(pid=78634) execute /opt/stack/data/venv/lib/python3.10/site-packages/oslo_concurrency/processutils.py:396}}
Feb 11 22:49:08 devstack cinder-volume[78634]: DEBUG cinder.volume.drivers.quobyte [None req-7a541bc2-3d55-4190-b3bc-9a501ebf8335 tempest-ServerRescueNegativeTestJSON-202257377 None] <== create_volume: return (1916ms) {'provider_location': 'osci02.corp.quobyte.com/cinder-vol-e8a7ea0c-eca7-4699-959e-121bfe3b13f4'} {{(pid=78634) trace_logging_wrapper /opt/stack/cinder/cinder/volume/volume_utils.py:1523}}
Feb 11 22:49:08 devstack cinder-volume[78634]: DEBUG oslo_concurrency.lockutils [None req-7a541bc2-3d55-4190-b3bc-9a501ebf8335 tempest-ServerRescueNegativeTestJSON-202257377 None] Lock "quobyte" "released" by "cinder.volume.drivers.quobyte.QuobyteDriver.create_volume" :: held 1.922s {{(pid=78634) inner /opt/stack/data/venv/lib/python3.10/site-packages/oslo_concurrency/lockutils.py:538}}
Feb 11 22:49:08 devstack cinder-volume[78634]: DEBUG oslo_concurrency.lockutils [req-b9c686f0-38f1-4ca7-8805-aabe50d59b39 req-3a29f1c4-1e2c-4f84-bde3-376338d59d64 tempest-VolumesSnapshotsTestJSON-1769253454 None] Lock "quobyte" acquired by "cinder.volume.drivers.quobyte.QuobyteDriver.create_snapshot" :: waited 0.626s {{(pid=78634) inner /opt/stack/data/venv/lib/python3.10/site-packages/oslo_concurrency/lockutils.py:519}}
Feb 11 22:49:08 devstack cinder-volume[78634]: DEBUG cinder.volume.manager [None req-7a541bc2-3d55-4190-b3bc-9a501ebf8335 tempest-ServerRescueNegativeTestJSON-202257377 None] Task 'cinder.volume.flows.manager.create_volume.CreateVolumeFromSpecTask;volume:create' (c08a449b-8dbf-47ff-8665-da5de39ecc85) transitioned into state 'SUCCESS' from state 'RUNNING' with result '{'status': 'creating', 'volume_name': 'volume-e8559415-cb6a-48df-a317-e0433c11db57', 'volume_size': 1}' {{(pid=78634) _task_receiver /opt/stack/data/venv/lib/python3.10/site-packages/taskflow/listeners/logging.py:182}}
Feb 11 22:49:08 devstack cinder-volume[78634]: DEBUG cinder.volume.manager [None req-7a541bc2-3d55-4190-b3bc-9a501ebf8335 tempest-ServerRescueNegativeTestJSON-202257377 None] Task 'cinder.volume.flows.manager.create_volume.CreateVolumeOnFinishTask;volume:create, create.end' (592e152c-c2b0-49ec-990a-26063d631f96) transitioned into state 'RUNNING' from state 'PENDING' {{(pid=78634) _task_receiver /opt/stack/data/venv/lib/python3.10/site-packages/taskflow/listeners/logging.py:194}}
Feb 11 22:49:08 devstack cinder-volume[78634]: DEBUG cinder.volume.drivers.remotefs [req-b9c686f0-38f1-4ca7-8805-aabe50d59b39 req-3a29f1c4-1e2c-4f84-bde3-376338d59d64 tempest-VolumesSnapshotsTestJSON-1769253454 None] Creating offline snapshot e691014c-09fc-47d5-86d2-7267ef863214 of volume bd8a4492-defa-4e18-9380-cf5993c02c8e {{(pid=78634) _create_snapshot /opt/stack/cinder/cinder/volume/drivers/remotefs.py:1817}}
Feb 11 22:49:08 devstack cinder-volume[78634]: INFO cinder.volume.flows.manager.create_volume [None req-7a541bc2-3d55-4190-b3bc-9a501ebf8335 tempest-ServerRescueNegativeTestJSON-202257377 None] Volume volume-e8559415-cb6a-48df-a317-e0433c11db57 (e8559415-cb6a-48df-a317-e0433c11db57): created successfully
Feb 11 22:49:08 devstack cinder-volume[78634]: DEBUG cinder.volume.manager [None req-7a541bc2-3d55-4190-b3bc-9a501ebf8335 tempest-ServerRescueNegativeTestJSON-202257377 None] Task 'cinder.volume.flows.manager.create_volume.CreateVolumeOnFinishTask;volume:create, create.end' (592e152c-c2b0-49ec-990a-26063d631f96) transitioned into state 'SUCCESS' from state 'RUNNING' with result 'None' {{(pid=78634) _task_receiver /opt/stack/data/venv/lib/python3.10/site-packages/taskflow/listeners/logging.py:182}}
Feb 11 22:49:08 devstack cinder-volume[78634]: DEBUG cinder.volume.manager [None req-7a541bc2-3d55-4190-b3bc-9a501ebf8335 tempest-ServerRescueNegativeTestJSON-202257377 None] Flow 'volume_create_manager' (8a93bdfd-f331-41bd-88ec-4922e655830a) transitioned into state 'SUCCESS' from state 'RUNNING' {{(pid=78634) _flow_receiver /opt/stack/data/venv/lib/python3.10/site-packages/taskflow/listeners/logging.py:145}}
Feb 11 22:49:08 devstack cinder-volume[78634]: DEBUG oslo.privsep.daemon [-] privsep: reply[4483fb74-a19e-4cef-8071-f076eeb3f4a9]: (4, 'qcow2') {{(pid=79561) _call_back /opt/stack/data/venv/lib/python3.10/site-packages/oslo_privsep/daemon.py:515}}
Feb 11 22:49:08 devstack cinder-volume[78634]: DEBUG oslo_concurrency.processutils [req-b9c686f0-38f1-4ca7-8805-aabe50d59b39 req-3a29f1c4-1e2c-4f84-bde3-376338d59d64 tempest-VolumesSnapshotsTestJSON-1769253454 None] Running cmd (subprocess): /opt/stack/data/venv/bin/python3.10 -m oslo_concurrency.prlimit --as=1073741824 --cpu=60 -- sudo cinder-rootwrap /etc/cinder/rootwrap.conf env LC_ALL=C qemu-img info -f qcow2 --output=json --force-share /opt/stack/data/cinder/mnt/87e7f697d41b08ac2bc30d52427cb599/volume-bd8a4492-defa-4e18-9380-cf5993c02c8e {{(pid=78634) execute /opt/stack/data/venv/lib/python3.10/site-packages/oslo_concurrency/processutils.py:368}}
Feb 11 22:49:08 devstack cinder-volume[78634]: INFO cinder.volume.manager [None req-7a541bc2-3d55-4190-b3bc-9a501ebf8335 tempest-ServerRescueNegativeTestJSON-202257377 None] Created volume successfully.
Feb 11 22:49:08 devstack sudo[80034]: quobyte : PWD=/ ; USER=root ; COMMAND=/opt/stack/data/venv/bin/cinder-rootwrap /etc/cinder/rootwrap.conf env LC_ALL=C qemu-img info -f qcow2 --output=json --force-share /opt/stack/data/cinder/mnt/87e7f697d41b08ac2bc30d52427cb599/volume-bd8a4492-defa-4e18-9380-cf5993c02c8e
Feb 11 22:49:08 devstack sudo[80034]: pam_unix(sudo:session): session opened for user root(uid=0) by (uid=1000)
Feb 11 22:49:09 devstack sudo[80034]: pam_unix(sudo:session): session closed for user root
Feb 11 22:49:09 devstack cinder-volume[78634]: DEBUG oslo_concurrency.processutils [req-b9c686f0-38f1-4ca7-8805-aabe50d59b39 req-3a29f1c4-1e2c-4f84-bde3-376338d59d64 tempest-VolumesSnapshotsTestJSON-1769253454 None] CMD "/opt/stack/data/venv/bin/python3.10 -m oslo_concurrency.prlimit --as=1073741824 --cpu=60 -- sudo cinder-rootwrap /etc/cinder/rootwrap.conf env LC_ALL=C qemu-img info -f qcow2 --output=json --force-share /opt/stack/data/cinder/mnt/87e7f697d41b08ac2bc30d52427cb599/volume-bd8a4492-defa-4e18-9380-cf5993c02c8e" returned: 0 in 0.542s {{(pid=78634) execute /opt/stack/data/venv/lib/python3.10/site-packages/oslo_concurrency/processutils.py:396}}
Feb 11 22:49:09 devstack cinder-volume[78634]: DEBUG oslo_concurrency.processutils [req-b9c686f0-38f1-4ca7-8805-aabe50d59b39 req-3a29f1c4-1e2c-4f84-bde3-376338d59d64 tempest-VolumesSnapshotsTestJSON-1769253454 None] Running cmd (subprocess): sudo cinder-rootwrap /etc/cinder/rootwrap.conf qemu-img create -f qcow2 -o backing_file=/opt/stack/data/cinder/mnt/87e7f697d41b08ac2bc30d52427cb599/volume-bd8a4492-defa-4e18-9380-cf5993c02c8e,backing_fmt=qcow2 /opt/stack/data/cinder/mnt/87e7f697d41b08ac2bc30d52427cb599/volume-bd8a4492-defa-4e18-9380-cf5993c02c8e.e691014c-09fc-47d5-86d2-7267ef863214 1G {{(pid=78634) execute /opt/stack/data/venv/lib/python3.10/site-packages/oslo_concurrency/processutils.py:368}}
Feb 11 22:49:09 devstack sudo[80039]: quobyte : PWD=/ ; USER=root ; COMMAND=/opt/stack/data/venv/bin/cinder-rootwrap /etc/cinder/rootwrap.conf qemu-img create -f qcow2 -o backing_file=/opt/stack/data/cinder/mnt/87e7f697d41b08ac2bc30d52427cb599/volume-bd8a4492-defa-4e18-9380-cf5993c02c8e,backing_fmt=qcow2 /opt/stack/data/cinder/mnt/87e7f697d41b08ac2bc30d52427cb599/volume-bd8a4492-defa-4e18-9380-cf5993c02c8e.e691014c-09fc-47d5-86d2-7267ef863214 1G
Feb 11 22:49:09 devstack sudo[80039]: pam_unix(sudo:session): session opened for user root(uid=0) by (uid=1000)
Feb 11 22:49:10 devstack sudo[80039]: pam_unix(sudo:session): session closed for user root
Feb 11 22:49:10 devstack cinder-volume[78634]: DEBUG oslo_concurrency.processutils [req-b9c686f0-38f1-4ca7-8805-aabe50d59b39 req-3a29f1c4-1e2c-4f84-bde3-376338d59d64 tempest-VolumesSnapshotsTestJSON-1769253454 None] CMD "sudo cinder-rootwrap /etc/cinder/rootwrap.conf qemu-img create -f qcow2 -o backing_file=/opt/stack/data/cinder/mnt/87e7f697d41b08ac2bc30d52427cb599/volume-bd8a4492-defa-4e18-9380-cf5993c02c8e,backing_fmt=qcow2 /opt/stack/data/cinder/mnt/87e7f697d41b08ac2bc30d52427cb599/volume-bd8a4492-defa-4e18-9380-cf5993c02c8e.e691014c-09fc-47d5-86d2-7267ef863214 1G" returned: 0 in 1.089s {{(pid=78634) execute /opt/stack/data/venv/lib/python3.10/site-packages/oslo_concurrency/processutils.py:396}}
Feb 11 22:49:10 devstack cinder-volume[78634]: DEBUG oslo_concurrency.processutils [req-b9c686f0-38f1-4ca7-8805-aabe50d59b39 req-3a29f1c4-1e2c-4f84-bde3-376338d59d64 tempest-VolumesSnapshotsTestJSON-1769253454 None] Running cmd (subprocess): sudo cinder-rootwrap /etc/cinder/rootwrap.conf qemu-img rebase -u -b volume-bd8a4492-defa-4e18-9380-cf5993c02c8e -F qcow2 /opt/stack/data/cinder/mnt/87e7f697d41b08ac2bc30d52427cb599/volume-bd8a4492-defa-4e18-9380-cf5993c02c8e.e691014c-09fc-47d5-86d2-7267ef863214 {{(pid=78634) execute /opt/stack/data/venv/lib/python3.10/site-packages/oslo_concurrency/processutils.py:368}}
Feb 11 22:49:10 devstack sudo[80045]: quobyte : PWD=/ ; USER=root ; COMMAND=/opt/stack/data/venv/bin/cinder-rootwrap /etc/cinder/rootwrap.conf qemu-img rebase -u -b volume-bd8a4492-defa-4e18-9380-cf5993c02c8e -F qcow2 /opt/stack/data/cinder/mnt/87e7f697d41b08ac2bc30d52427cb599/volume-bd8a4492-defa-4e18-9380-cf5993c02c8e.e691014c-09fc-47d5-86d2-7267ef863214
Feb 11 22:49:10 devstack sudo[80045]: pam_unix(sudo:session): session opened for user root(uid=0) by (uid=1000)
Feb 11 22:49:10 devstack sudo[80045]: pam_unix(sudo:session): session closed for user root
Feb 11 22:49:10 devstack cinder-volume[78634]: DEBUG oslo_concurrency.processutils [req-b9c686f0-38f1-4ca7-8805-aabe50d59b39 req-3a29f1c4-1e2c-4f84-bde3-376338d59d64 tempest-VolumesSnapshotsTestJSON-1769253454 None] CMD "sudo cinder-rootwrap /etc/cinder/rootwrap.conf qemu-img rebase -u -b volume-bd8a4492-defa-4e18-9380-cf5993c02c8e -F qcow2 /opt/stack/data/cinder/mnt/87e7f697d41b08ac2bc30d52427cb599/volume-bd8a4492-defa-4e18-9380-cf5993c02c8e.e691014c-09fc-47d5-86d2-7267ef863214" returned: 0 in 0.574s {{(pid=78634) execute /opt/stack/data/venv/lib/python3.10/site-packages/oslo_concurrency/processutils.py:396}}
Feb 11 22:49:10 devstack cinder-volume[78634]: WARNING cinder.volume.drivers.remotefs [req-b9c686f0-38f1-4ca7-8805-aabe50d59b39 req-3a29f1c4-1e2c-4f84-bde3-376338d59d64 tempest-VolumesSnapshotsTestJSON-1769253454 None] /opt/stack/data/cinder/mnt/87e7f697d41b08ac2bc30d52427cb599/volume-bd8a4492-defa-4e18-9380-cf5993c02c8e.e691014c-09fc-47d5-86d2-7267ef863214 is being set with open permissions: ugo+rw
Feb 11 22:49:10 devstack cinder-volume[78634]: DEBUG oslo_concurrency.processutils [req-b9c686f0-38f1-4ca7-8805-aabe50d59b39 req-3a29f1c4-1e2c-4f84-bde3-376338d59d64 tempest-VolumesSnapshotsTestJSON-1769253454 None] Running cmd (subprocess): sudo cinder-rootwrap /etc/cinder/rootwrap.conf chmod ugo+rw /opt/stack/data/cinder/mnt/87e7f697d41b08ac2bc30d52427cb599/volume-bd8a4492-defa-4e18-9380-cf5993c02c8e.e691014c-09fc-47d5-86d2-7267ef863214 {{(pid=78634) execute /opt/stack/data/venv/lib/python3.10/site-packages/oslo_concurrency/processutils.py:368}}
Feb 11 22:49:11 devstack sudo[80057]: quobyte : PWD=/ ; USER=root ; COMMAND=/opt/stack/data/venv/bin/cinder-rootwrap /etc/cinder/rootwrap.conf chmod ugo+rw /opt/stack/data/cinder/mnt/87e7f697d41b08ac2bc30d52427cb599/volume-bd8a4492-defa-4e18-9380-cf5993c02c8e.e691014c-09fc-47d5-86d2-7267ef863214
Feb 11 22:49:11 devstack sudo[80057]: pam_unix(sudo:session): session opened for user root(uid=0) by (uid=1000)
Feb 11 22:49:11 devstack sudo[80057]: pam_unix(sudo:session): session closed for user root
Feb 11 22:49:11 devstack cinder-volume[78634]: DEBUG oslo_concurrency.processutils [req-b9c686f0-38f1-4ca7-8805-aabe50d59b39 req-3a29f1c4-1e2c-4f84-bde3-376338d59d64 tempest-VolumesSnapshotsTestJSON-1769253454 None] CMD "sudo cinder-rootwrap /etc/cinder/rootwrap.conf chmod ugo+rw /opt/stack/data/cinder/mnt/87e7f697d41b08ac2bc30d52427cb599/volume-bd8a4492-defa-4e18-9380-cf5993c02c8e.e691014c-09fc-47d5-86d2-7267ef863214" returned: 0 in 0.665s {{(pid=78634) execute /opt/stack/data/venv/lib/python3.10/site-packages/oslo_concurrency/processutils.py:396}}
Feb 11 22:49:11 devstack cinder-volume[78634]: DEBUG oslo_concurrency.processutils [req-b9c686f0-38f1-4ca7-8805-aabe50d59b39 req-3a29f1c4-1e2c-4f84-bde3-376338d59d64 tempest-VolumesSnapshotsTestJSON-1769253454 None] Running cmd (subprocess): sudo cinder-rootwrap /etc/cinder/rootwrap.conf truncate -s0 /opt/stack/data/cinder/mnt/87e7f697d41b08ac2bc30d52427cb599/volume-bd8a4492-defa-4e18-9380-cf5993c02c8e.info {{(pid=78634) execute /opt/stack/data/venv/lib/python3.10/site-packages/oslo_concurrency/processutils.py:368}}
Feb 11 22:49:11 devstack sudo[80081]: quobyte : PWD=/ ; USER=root ; COMMAND=/opt/stack/data/venv/bin/cinder-rootwrap /etc/cinder/rootwrap.conf truncate -s0 /opt/stack/data/cinder/mnt/87e7f697d41b08ac2bc30d52427cb599/volume-bd8a4492-defa-4e18-9380-cf5993c02c8e.info
Feb 11 22:49:11 devstack sudo[80081]: pam_unix(sudo:session): session opened for user root(uid=0) by (uid=1000)
Feb 11 22:49:12 devstack sudo[80081]: pam_unix(sudo:session): session closed for user root
Feb 11 22:49:12 devstack cinder-volume[78634]: DEBUG oslo_concurrency.processutils [req-b9c686f0-38f1-4ca7-8805-aabe50d59b39 req-3a29f1c4-1e2c-4f84-bde3-376338d59d64 tempest-VolumesSnapshotsTestJSON-1769253454 None] CMD "sudo cinder-rootwrap /etc/cinder/rootwrap.conf truncate -s0 /opt/stack/data/cinder/mnt/87e7f697d41b08ac2bc30d52427cb599/volume-bd8a4492-defa-4e18-9380-cf5993c02c8e.info" returned: 0 in 0.599s {{(pid=78634) execute /opt/stack/data/venv/lib/python3.10/site-packages/oslo_concurrency/processutils.py:396}}
Feb 11 22:49:12 devstack cinder-volume[78634]: WARNING cinder.volume.drivers.remotefs [req-b9c686f0-38f1-4ca7-8805-aabe50d59b39 req-3a29f1c4-1e2c-4f84-bde3-376338d59d64 tempest-VolumesSnapshotsTestJSON-1769253454 None] /opt/stack/data/cinder/mnt/87e7f697d41b08ac2bc30d52427cb599/volume-bd8a4492-defa-4e18-9380-cf5993c02c8e.info is being set with open permissions: ugo+rw
Feb 11 22:49:12 devstack cinder-volume[78634]: DEBUG oslo_concurrency.processutils [req-b9c686f0-38f1-4ca7-8805-aabe50d59b39 req-3a29f1c4-1e2c-4f84-bde3-376338d59d64 tempest-VolumesSnapshotsTestJSON-1769253454 None] Running cmd (subprocess): sudo cinder-rootwrap /etc/cinder/rootwrap.conf chmod ugo+rw /opt/stack/data/cinder/mnt/87e7f697d41b08ac2bc30d52427cb599/volume-bd8a4492-defa-4e18-9380-cf5993c02c8e.info {{(pid=78634) execute /opt/stack/data/venv/lib/python3.10/site-packages/oslo_concurrency/processutils.py:368}}
Feb 11 22:49:12 devstack sudo[80110]: quobyte : PWD=/ ; USER=root ; COMMAND=/opt/stack/data/venv/bin/cinder-rootwrap /etc/cinder/rootwrap.conf chmod ugo+rw /opt/stack/data/cinder/mnt/87e7f697d41b08ac2bc30d52427cb599/volume-bd8a4492-defa-4e18-9380-cf5993c02c8e.info
Feb 11 22:49:12 devstack sudo[80110]: pam_unix(sudo:session): session opened for user root(uid=0) by (uid=1000)
Feb 11 22:49:12 devstack sudo[80110]: pam_unix(sudo:session): session closed for user root
Feb 11 22:49:12 devstack cinder-volume[78634]: DEBUG oslo_concurrency.processutils [req-b9c686f0-38f1-4ca7-8805-aabe50d59b39 req-3a29f1c4-1e2c-4f84-bde3-376338d59d64 tempest-VolumesSnapshotsTestJSON-1769253454 None] CMD "sudo cinder-rootwrap /etc/cinder/rootwrap.conf chmod ugo+rw /opt/stack/data/cinder/mnt/87e7f697d41b08ac2bc30d52427cb599/volume-bd8a4492-defa-4e18-9380-cf5993c02c8e.info" returned: 0 in 0.466s {{(pid=78634) execute /opt/stack/data/venv/lib/python3.10/site-packages/oslo_concurrency/processutils.py:396}}
Feb 11 22:49:12 devstack cinder-volume[78634]: DEBUG oslo_concurrency.lockutils [req-b9c686f0-38f1-4ca7-8805-aabe50d59b39 req-3a29f1c4-1e2c-4f84-bde3-376338d59d64 tempest-VolumesSnapshotsTestJSON-1769253454 None] Lock "quobyte" "released" by "cinder.volume.drivers.quobyte.QuobyteDriver.create_snapshot" :: held 4.038s {{(pid=78634) inner /opt/stack/data/venv/lib/python3.10/site-packages/oslo_concurrency/lockutils.py:538}}
Feb 11 22:49:12 devstack cinder-volume[78634]: INFO cinder.volume.manager [req-b9c686f0-38f1-4ca7-8805-aabe50d59b39 req-3a29f1c4-1e2c-4f84-bde3-376338d59d64 tempest-VolumesSnapshotsTestJSON-1769253454 None] Create snapshot completed successfully
Feb 11 22:49:13 devstack cinder-volume[78634]: DEBUG cinder.coordination [req-60ebcba0-f205-4648-957d-89ca859d1df3 req-d8a76c1f-dc7d-44d3-84bf-c0405e55bf45 tempest-VolumesSnapshotsTestJSON-1769253454 None] Acquiring lock "cinder-e691014c-09fc-47d5-86d2-7267ef863214-delete_snapshot" by "delete_snapshot" {{(pid=78634) __acquire /opt/stack/cinder/cinder/coordination.py:143}}
Feb 11 22:49:13 devstack cinder-volume[78634]: DEBUG cinder.coordination [req-60ebcba0-f205-4648-957d-89ca859d1df3 req-d8a76c1f-dc7d-44d3-84bf-c0405e55bf45 tempest-VolumesSnapshotsTestJSON-1769253454 None] Lock "cinder-e691014c-09fc-47d5-86d2-7267ef863214-delete_snapshot" acquired by "delete_snapshot" :: waited 0.011s {{(pid=78634) __acquire /opt/stack/cinder/cinder/coordination.py:146}}
Feb 11 22:49:13 devstack cinder-volume[78634]: WARNING cinder.volume.volume_utils [req-60ebcba0-f205-4648-957d-89ca859d1df3 req-d8a76c1f-dc7d-44d3-84bf-c0405e55bf45 tempest-VolumesSnapshotsTestJSON-1769253454 None] Volume driver (QuobyteDriver 1.1.14) is currently unsupported and may be removed in the next release of OpenStack. Use at your own risk.
Feb 11 22:49:13 devstack cinder-volume[78634]: DEBUG cinder.coordination [req-60ebcba0-f205-4648-957d-89ca859d1df3 req-d8a76c1f-dc7d-44d3-84bf-c0405e55bf45 tempest-VolumesSnapshotsTestJSON-1769253454 None] Acquiring lock "cinder-quobyte-bd8a4492-defa-4e18-9380-cf5993c02c8e" by "delete_snapshot" {{(pid=78634) __acquire /opt/stack/cinder/cinder/coordination.py:143}}
Feb 11 22:49:13 devstack cinder-volume[78634]: DEBUG cinder.coordination [req-60ebcba0-f205-4648-957d-89ca859d1df3 req-d8a76c1f-dc7d-44d3-84bf-c0405e55bf45 tempest-VolumesSnapshotsTestJSON-1769253454 None] Lock "cinder-quobyte-bd8a4492-defa-4e18-9380-cf5993c02c8e" acquired by "delete_snapshot" :: waited 0.020s {{(pid=78634) __acquire /opt/stack/cinder/cinder/coordination.py:146}}
Feb 11 22:49:13 devstack cinder-volume[78634]: DEBUG cinder.coordination [req-60ebcba0-f205-4648-957d-89ca859d1df3 req-d8a76c1f-dc7d-44d3-84bf-c0405e55bf45 tempest-VolumesSnapshotsTestJSON-1769253454 None] Acquiring lock "cinder-quobyte-e691014c-09fc-47d5-86d2-7267ef863214" by "_delete_snapshot" {{(pid=78634) __acquire /opt/stack/cinder/cinder/coordination.py:143}}
Feb 11 22:49:13 devstack cinder-volume[78634]: DEBUG cinder.coordination [req-60ebcba0-f205-4648-957d-89ca859d1df3 req-d8a76c1f-dc7d-44d3-84bf-c0405e55bf45 tempest-VolumesSnapshotsTestJSON-1769253454 None] Lock "cinder-quobyte-e691014c-09fc-47d5-86d2-7267ef863214" acquired by "_delete_snapshot" :: waited 0.021s {{(pid=78634) __acquire /opt/stack/cinder/cinder/coordination.py:146}}
Feb 11 22:49:13 devstack cinder-volume[78634]: DEBUG cinder.volume.drivers.remotefs [req-60ebcba0-f205-4648-957d-89ca859d1df3 req-d8a76c1f-dc7d-44d3-84bf-c0405e55bf45 tempest-VolumesSnapshotsTestJSON-1769253454 None] Deleting offline snapshot e691014c-09fc-47d5-86d2-7267ef863214 of volume bd8a4492-defa-4e18-9380-cf5993c02c8e {{(pid=78634) _delete_snapshot /opt/stack/cinder/cinder/volume/drivers/remotefs.py:1290}}
Feb 11 22:49:13 devstack cinder-volume[78634]: DEBUG cinder.volume.drivers.remotefs [req-60ebcba0-f205-4648-957d-89ca859d1df3 req-d8a76c1f-dc7d-44d3-84bf-c0405e55bf45 tempest-VolumesSnapshotsTestJSON-1769253454 None] snapshot_file for this snap is: volume-bd8a4492-defa-4e18-9380-cf5993c02c8e.e691014c-09fc-47d5-86d2-7267ef863214 {{(pid=78634) _delete_snapshot /opt/stack/cinder/cinder/volume/drivers/remotefs.py:1319}}
Feb 11 22:49:13 devstack cinder-volume[78634]: DEBUG oslo.privsep.daemon [-] privsep: reply[5ba971ad-7f98-4711-a094-00128011014a]: (4, 'qcow2') {{(pid=79561) _call_back /opt/stack/data/venv/lib/python3.10/site-packages/oslo_privsep/daemon.py:515}}
Feb 11 22:49:13 devstack cinder-volume[78634]: DEBUG oslo_concurrency.processutils [req-60ebcba0-f205-4648-957d-89ca859d1df3 req-d8a76c1f-dc7d-44d3-84bf-c0405e55bf45 tempest-VolumesSnapshotsTestJSON-1769253454 None] Running cmd (subprocess): /opt/stack/data/venv/bin/python3.10 -m oslo_concurrency.prlimit --as=1073741824 --cpu=60 -- sudo cinder-rootwrap /etc/cinder/rootwrap.conf env LC_ALL=C qemu-img info -f qcow2 --output=json --force-share /opt/stack/data/cinder/mnt/87e7f697d41b08ac2bc30d52427cb599/volume-bd8a4492-defa-4e18-9380-cf5993c02c8e.e691014c-09fc-47d5-86d2-7267ef863214 {{(pid=78634) execute /opt/stack/data/venv/lib/python3.10/site-packages/oslo_concurrency/processutils.py:368}}
Feb 11 22:49:13 devstack sudo[80114]: quobyte : PWD=/ ; USER=root ; COMMAND=/opt/stack/data/venv/bin/cinder-rootwrap /etc/cinder/rootwrap.conf env LC_ALL=C qemu-img info -f qcow2 --output=json --force-share /opt/stack/data/cinder/mnt/87e7f697d41b08ac2bc30d52427cb599/volume-bd8a4492-defa-4e18-9380-cf5993c02c8e.e691014c-09fc-47d5-86d2-7267ef863214
Feb 11 22:49:13 devstack sudo[80114]: pam_unix(sudo:session): session opened for user root(uid=0) by (uid=1000)
Feb 11 22:49:13 devstack sudo[80114]: pam_unix(sudo:session): session closed for user root
Feb 11 22:49:13 devstack cinder-volume[78634]: DEBUG oslo_concurrency.processutils [req-60ebcba0-f205-4648-957d-89ca859d1df3 req-d8a76c1f-dc7d-44d3-84bf-c0405e55bf45 tempest-VolumesSnapshotsTestJSON-1769253454 None] CMD "/opt/stack/data/venv/bin/python3.10 -m oslo_concurrency.prlimit --as=1073741824 --cpu=60 -- sudo cinder-rootwrap /etc/cinder/rootwrap.conf env LC_ALL=C qemu-img info -f qcow2 --output=json --force-share /opt/stack/data/cinder/mnt/87e7f697d41b08ac2bc30d52427cb599/volume-bd8a4492-defa-4e18-9380-cf5993c02c8e.e691014c-09fc-47d5-86d2-7267ef863214" returned: 0 in 0.555s {{(pid=78634) execute /opt/stack/data/venv/lib/python3.10/site-packages/oslo_concurrency/processutils.py:396}}
Feb 11 22:49:13 devstack cinder-volume[78634]: DEBUG cinder.volume.drivers.remotefs [req-60ebcba0-f205-4648-957d-89ca859d1df3 req-d8a76c1f-dc7d-44d3-84bf-c0405e55bf45 tempest-VolumesSnapshotsTestJSON-1769253454 None] Fetching qemu-img info with special backing_file_template: (/opt/stack/data/cinder/mnt/[0-9a-f]+/)?(volume-bd8a4492-defa-4e18-9380-cf5993c02c8e(.(tmp-snap-)?[0-9a-f-]+)?|volume_from_snapshot_cache/(tmp-snap-)?[0-9a-f-]+(.(child-|parent-)[0-9a-f-]+)?)$ {{(pid=78634) _qemu_img_info_base /opt/stack/cinder/cinder/volume/drivers/remotefs.py:898}}
Feb 11 22:49:13 devstack cinder-volume[78634]: DEBUG oslo.privsep.daemon [-] privsep: reply[b14296ea-ce21-4977-b51e-efbd55c867ea]: (4, 'qcow2') {{(pid=79561) _call_back /opt/stack/data/venv/lib/python3.10/site-packages/oslo_privsep/daemon.py:515}}
Feb 11 22:49:13 devstack cinder-volume[78634]: DEBUG oslo_concurrency.processutils [req-60ebcba0-f205-4648-957d-89ca859d1df3 req-d8a76c1f-dc7d-44d3-84bf-c0405e55bf45 tempest-VolumesSnapshotsTestJSON-1769253454 None] Running cmd (subprocess): /opt/stack/data/venv/bin/python3.10 -m oslo_concurrency.prlimit --as=1073741824 --cpu=60 -- sudo cinder-rootwrap /etc/cinder/rootwrap.conf env LC_ALL=C qemu-img info -f qcow2 --output=json --force-share /opt/stack/data/cinder/mnt/87e7f697d41b08ac2bc30d52427cb599/volume-bd8a4492-defa-4e18-9380-cf5993c02c8e {{(pid=78634) execute /opt/stack/data/venv/lib/python3.10/site-packages/oslo_concurrency/processutils.py:368}}
Feb 11 22:49:14 devstack sudo[80140]: quobyte : PWD=/ ; USER=root ; COMMAND=/opt/stack/data/venv/bin/cinder-rootwrap /etc/cinder/rootwrap.conf env LC_ALL=C qemu-img info -f qcow2 --output=json --force-share /opt/stack/data/cinder/mnt/87e7f697d41b08ac2bc30d52427cb599/volume-bd8a4492-defa-4e18-9380-cf5993c02c8e
Feb 11 22:49:14 devstack sudo[80140]: pam_unix(sudo:session): session opened for user root(uid=0) by (uid=1000)
Feb 11 22:49:14 devstack cinder-volume[78634]: WARNING cinder.volume.volume_utils [req-e4349f4e-0112-41fb-8540-6d286d34e878 req-a71b51d4-1ec6-4eb0-a41d-e043774e9441 tempest-DeleteServersTestJSON-773479060 None] Volume driver (QuobyteDriver 1.1.14) is currently unsupported and may be removed in the next release of OpenStack. Use at your own risk.
Feb 11 22:49:14 devstack cinder-volume[78634]: WARNING cinder.volume.volume_utils [req-e4349f4e-0112-41fb-8540-6d286d34e878 req-a71b51d4-1ec6-4eb0-a41d-e043774e9441 tempest-DeleteServersTestJSON-773479060 None] Volume driver (QuobyteDriver 1.1.14) is currently unsupported and may be removed in the next release of OpenStack. Use at your own risk.
Feb 11 22:49:14 devstack cinder-volume[78634]: INFO cinder.volume.manager [req-e4349f4e-0112-41fb-8540-6d286d34e878 req-a71b51d4-1ec6-4eb0-a41d-e043774e9441 tempest-DeleteServersTestJSON-773479060 None] Terminate volume connection completed successfully.
Feb 11 22:49:14 devstack cinder-volume[78634]: DEBUG cinder.volume.manager [req-e4349f4e-0112-41fb-8540-6d286d34e878 req-a71b51d4-1ec6-4eb0-a41d-e043774e9441 tempest-DeleteServersTestJSON-773479060 None] Deleting attachment 593c3c57-9c2d-43f2-a321-d294a273899a. {{(pid=78634) attachment_delete /opt/stack/cinder/cinder/volume/manager.py:5055}}
Feb 11 22:49:14 devstack sudo[80140]: pam_unix(sudo:session): session closed for user root
Feb 11 22:49:14 devstack cinder-volume[78634]: DEBUG oslo_concurrency.processutils [req-60ebcba0-f205-4648-957d-89ca859d1df3 req-d8a76c1f-dc7d-44d3-84bf-c0405e55bf45 tempest-VolumesSnapshotsTestJSON-1769253454 None] CMD "/opt/stack/data/venv/bin/python3.10 -m oslo_concurrency.prlimit --as=1073741824 --cpu=60 -- sudo cinder-rootwrap /etc/cinder/rootwrap.conf env LC_ALL=C qemu-img info -f qcow2 --output=json --force-share /opt/stack/data/cinder/mnt/87e7f697d41b08ac2bc30d52427cb599/volume-bd8a4492-defa-4e18-9380-cf5993c02c8e" returned: 0 in 0.598s {{(pid=78634) execute /opt/stack/data/venv/lib/python3.10/site-packages/oslo_concurrency/processutils.py:396}}
Feb 11 22:49:14 devstack cinder-volume[78634]: DEBUG oslo_concurrency.processutils [req-60ebcba0-f205-4648-957d-89ca859d1df3 req-d8a76c1f-dc7d-44d3-84bf-c0405e55bf45 tempest-VolumesSnapshotsTestJSON-1769253454 None] Running cmd (subprocess): sudo cinder-rootwrap /etc/cinder/rootwrap.conf qemu-img commit -d /opt/stack/data/cinder/mnt/87e7f697d41b08ac2bc30d52427cb599/volume-bd8a4492-defa-4e18-9380-cf5993c02c8e.e691014c-09fc-47d5-86d2-7267ef863214 {{(pid=78634) execute /opt/stack/data/venv/lib/python3.10/site-packages/oslo_concurrency/processutils.py:368}}
Feb 11 22:49:14 devstack sudo[80146]: quobyte : PWD=/ ; USER=root ; COMMAND=/opt/stack/data/venv/bin/cinder-rootwrap /etc/cinder/rootwrap.conf qemu-img commit -d /opt/stack/data/cinder/mnt/87e7f697d41b08ac2bc30d52427cb599/volume-bd8a4492-defa-4e18-9380-cf5993c02c8e.e691014c-09fc-47d5-86d2-7267ef863214
Feb 11 22:49:14 devstack sudo[80146]: pam_unix(sudo:session): session opened for user root(uid=0) by (uid=1000)
Feb 11 22:49:15 devstack sudo[80146]: pam_unix(sudo:session): session closed for user root
Feb 11 22:49:15 devstack cinder-volume[78634]: DEBUG oslo_concurrency.processutils [req-60ebcba0-f205-4648-957d-89ca859d1df3 req-d8a76c1f-dc7d-44d3-84bf-c0405e55bf45 tempest-VolumesSnapshotsTestJSON-1769253454 None] CMD "sudo cinder-rootwrap /etc/cinder/rootwrap.conf qemu-img commit -d /opt/stack/data/cinder/mnt/87e7f697d41b08ac2bc30d52427cb599/volume-bd8a4492-defa-4e18-9380-cf5993c02c8e.e691014c-09fc-47d5-86d2-7267ef863214" returned: 0 in 0.542s {{(pid=78634) execute /opt/stack/data/venv/lib/python3.10/site-packages/oslo_concurrency/processutils.py:396}}
Feb 11 22:49:15 devstack cinder-volume[78634]: DEBUG oslo_concurrency.processutils [req-60ebcba0-f205-4648-957d-89ca859d1df3 req-d8a76c1f-dc7d-44d3-84bf-c0405e55bf45 tempest-VolumesSnapshotsTestJSON-1769253454 None] Running cmd (subprocess): sudo cinder-rootwrap /etc/cinder/rootwrap.conf rm -f /opt/stack/data/cinder/mnt/87e7f697d41b08ac2bc30d52427cb599/volume-bd8a4492-defa-4e18-9380-cf5993c02c8e.e691014c-09fc-47d5-86d2-7267ef863214 {{(pid=78634) execute /opt/stack/data/venv/lib/python3.10/site-packages/oslo_concurrency/processutils.py:368}}
Feb 11 22:49:15 devstack sudo[80154]: quobyte : PWD=/ ; USER=root ; COMMAND=/opt/stack/data/venv/bin/cinder-rootwrap /etc/cinder/rootwrap.conf rm -f /opt/stack/data/cinder/mnt/87e7f697d41b08ac2bc30d52427cb599/volume-bd8a4492-defa-4e18-9380-cf5993c02c8e.e691014c-09fc-47d5-86d2-7267ef863214
Feb 11 22:49:15 devstack sudo[80154]: pam_unix(sudo:session): session opened for user root(uid=0) by (uid=1000)
Feb 11 22:49:15 devstack sudo[80154]: pam_unix(sudo:session): session closed for user root
Feb 11 22:49:15 devstack cinder-volume[78634]: DEBUG oslo_concurrency.processutils [req-60ebcba0-f205-4648-957d-89ca859d1df3 req-d8a76c1f-dc7d-44d3-84bf-c0405e55bf45 tempest-VolumesSnapshotsTestJSON-1769253454 None] CMD "sudo cinder-rootwrap /etc/cinder/rootwrap.conf rm -f /opt/stack/data/cinder/mnt/87e7f697d41b08ac2bc30d52427cb599/volume-bd8a4492-defa-4e18-9380-cf5993c02c8e.e691014c-09fc-47d5-86d2-7267ef863214" returned: 0 in 0.533s {{(pid=78634) execute /opt/stack/data/venv/lib/python3.10/site-packages/oslo_concurrency/processutils.py:396}}
Feb 11 22:49:15 devstack cinder-volume[78634]: DEBUG cinder.coordination [req-60ebcba0-f205-4648-957d-89ca859d1df3 req-d8a76c1f-dc7d-44d3-84bf-c0405e55bf45 tempest-VolumesSnapshotsTestJSON-1769253454 None] Lock "cinder-quobyte-e691014c-09fc-47d5-86d2-7267ef863214" released by "_delete_snapshot" :: held 2.334s {{(pid=78634) __release /opt/stack/cinder/cinder/coordination.py:157}}
Feb 11 22:49:15 devstack cinder-volume[78634]: DEBUG cinder.coordination [req-60ebcba0-f205-4648-957d-89ca859d1df3 req-d8a76c1f-dc7d-44d3-84bf-c0405e55bf45 tempest-VolumesSnapshotsTestJSON-1769253454 None] Lock "cinder-quobyte-bd8a4492-defa-4e18-9380-cf5993c02c8e" released by "delete_snapshot" :: held 2.360s {{(pid=78634) __release /opt/stack/cinder/cinder/coordination.py:157}}
Feb 11 22:49:15 devstack cinder-volume[78634]: WARNING cinder.quota [req-60ebcba0-f205-4648-957d-89ca859d1df3 req-d8a76c1f-dc7d-44d3-84bf-c0405e55bf45 tempest-VolumesSnapshotsTestJSON-1769253454 None] Deprecated: Default quota for resource: snapshots_QuobyteHD is set by the default quota flag: quota_snapshots_QuobyteHD, it is now deprecated. Please use the default quota class for default quota.
Feb 11 22:49:15 devstack cinder-volume[78634]: DEBUG cinder.quota [req-60ebcba0-f205-4648-957d-89ca859d1df3 req-d8a76c1f-dc7d-44d3-84bf-c0405e55bf45 tempest-VolumesSnapshotsTestJSON-1769253454 None] Created reservations ['5cf13d60-a0dd-4c95-a982-2256cae2fdd5', '7b1baf72-8d99-47ac-9bd3-ac815c537a67', '522aa499-bd03-4541-8fed-382ed9fb1d1e', '586fe931-050e-49bd-9ed3-0c1445349856'] {{(pid=78634) reserve /opt/stack/cinder/cinder/quota.py:752}}
Feb 11 22:49:15 devstack cinder-volume[78634]: INFO cinder.volume.manager [req-60ebcba0-f205-4648-957d-89ca859d1df3 req-d8a76c1f-dc7d-44d3-84bf-c0405e55bf45 tempest-VolumesSnapshotsTestJSON-1769253454 None] Delete snapshot completed successfully.
Feb 11 22:49:15 devstack cinder-volume[78634]: DEBUG cinder.coordination [req-60ebcba0-f205-4648-957d-89ca859d1df3 req-d8a76c1f-dc7d-44d3-84bf-c0405e55bf45 tempest-VolumesSnapshotsTestJSON-1769253454 None] Lock "cinder-e691014c-09fc-47d5-86d2-7267ef863214-delete_snapshot" released by "delete_snapshot" :: held 2.514s {{(pid=78634) __release /opt/stack/cinder/cinder/coordination.py:157}}
Feb 11 22:49:16 devstack cinder-volume[78634]: DEBUG cinder.coordination [req-ece16074-6cfe-48df-8d43-2236a4e9af9b req-c6110784-2a7f-46d6-abdf-19179048df66 tempest-VolumesSnapshotsTestJSON-1769253454 None] Acquiring lock "cinder-bd8a4492-defa-4e18-9380-cf5993c02c8e-delete_volume" by "delete_volume" {{(pid=78634) __acquire /opt/stack/cinder/cinder/coordination.py:143}}
Feb 11 22:49:16 devstack cinder-volume[78634]: DEBUG cinder.coordination [req-ece16074-6cfe-48df-8d43-2236a4e9af9b req-c6110784-2a7f-46d6-abdf-19179048df66 tempest-VolumesSnapshotsTestJSON-1769253454 None] Lock "cinder-bd8a4492-defa-4e18-9380-cf5993c02c8e-delete_volume" acquired by "delete_volume" :: waited 0.011s {{(pid=78634) __acquire /opt/stack/cinder/cinder/coordination.py:146}}
Feb 11 22:49:16 devstack cinder-volume[78634]: WARNING cinder.volume.volume_utils [req-ece16074-6cfe-48df-8d43-2236a4e9af9b req-c6110784-2a7f-46d6-abdf-19179048df66 tempest-VolumesSnapshotsTestJSON-1769253454 None] Volume driver (QuobyteDriver 1.1.14) is currently unsupported and may be removed in the next release of OpenStack. Use at your own risk.
Feb 11 22:49:16 devstack cinder-volume[78634]: DEBUG cinder.coordination [req-ece16074-6cfe-48df-8d43-2236a4e9af9b req-c6110784-2a7f-46d6-abdf-19179048df66 tempest-VolumesSnapshotsTestJSON-1769253454 None] Acquiring lock "cinder-quobyte-bd8a4492-defa-4e18-9380-cf5993c02c8e" by "delete_volume" {{(pid=78634) __acquire /opt/stack/cinder/cinder/coordination.py:143}}
Feb 11 22:49:16 devstack cinder-volume[78634]: DEBUG cinder.coordination [req-ece16074-6cfe-48df-8d43-2236a4e9af9b req-c6110784-2a7f-46d6-abdf-19179048df66 tempest-VolumesSnapshotsTestJSON-1769253454 None] Lock "cinder-quobyte-bd8a4492-defa-4e18-9380-cf5993c02c8e" acquired by "delete_volume" :: waited 0.007s {{(pid=78634) __acquire /opt/stack/cinder/cinder/coordination.py:146}}
Feb 11 22:49:16 devstack cinder-volume[78634]: DEBUG oslo.privsep.daemon [-] privsep: reply[69da9f0a-1cbc-49cd-b737-e1ea8dcc5509]: (4, 'qcow2') {{(pid=79561) _call_back /opt/stack/data/venv/lib/python3.10/site-packages/oslo_privsep/daemon.py:515}}
Feb 11 22:49:16 devstack cinder-volume[78634]: DEBUG oslo_concurrency.processutils [req-ece16074-6cfe-48df-8d43-2236a4e9af9b req-c6110784-2a7f-46d6-abdf-19179048df66 tempest-VolumesSnapshotsTestJSON-1769253454 None] Running cmd (subprocess): /opt/stack/data/venv/bin/python3.10 -m oslo_concurrency.prlimit --as=1073741824 --cpu=60 -- sudo cinder-rootwrap /etc/cinder/rootwrap.conf env LC_ALL=C qemu-img info -f qcow2 --output=json --force-share /opt/stack/data/cinder/mnt/87e7f697d41b08ac2bc30d52427cb599/volume-bd8a4492-defa-4e18-9380-cf5993c02c8e {{(pid=78634) execute /opt/stack/data/venv/lib/python3.10/site-packages/oslo_concurrency/processutils.py:368}}
Feb 11 22:49:16 devstack sudo[80166]: quobyte : PWD=/ ; USER=root ; COMMAND=/opt/stack/data/venv/bin/cinder-rootwrap /etc/cinder/rootwrap.conf env LC_ALL=C qemu-img info -f qcow2 --output=json --force-share /opt/stack/data/cinder/mnt/87e7f697d41b08ac2bc30d52427cb599/volume-bd8a4492-defa-4e18-9380-cf5993c02c8e
Feb 11 22:49:16 devstack sudo[80166]: pam_unix(sudo:session): session opened for user root(uid=0) by (uid=1000)
Feb 11 22:49:17 devstack sudo[80166]: pam_unix(sudo:session): session closed for user root
Feb 11 22:49:17 devstack cinder-volume[78634]: DEBUG oslo_concurrency.processutils [req-ece16074-6cfe-48df-8d43-2236a4e9af9b req-c6110784-2a7f-46d6-abdf-19179048df66 tempest-VolumesSnapshotsTestJSON-1769253454 None] CMD "/opt/stack/data/venv/bin/python3.10 -m oslo_concurrency.prlimit --as=1073741824 --cpu=60 -- sudo cinder-rootwrap /etc/cinder/rootwrap.conf env LC_ALL=C qemu-img info -f qcow2 --output=json --force-share /opt/stack/data/cinder/mnt/87e7f697d41b08ac2bc30d52427cb599/volume-bd8a4492-defa-4e18-9380-cf5993c02c8e" returned: 0 in 0.690s {{(pid=78634) execute /opt/stack/data/venv/lib/python3.10/site-packages/oslo_concurrency/processutils.py:396}}
Feb 11 22:49:17 devstack cinder-volume[78634]: DEBUG oslo_concurrency.processutils [req-ece16074-6cfe-48df-8d43-2236a4e9af9b req-c6110784-2a7f-46d6-abdf-19179048df66 tempest-VolumesSnapshotsTestJSON-1769253454 None] Running cmd (subprocess): sudo cinder-rootwrap /etc/cinder/rootwrap.conf rm -f /opt/stack/data/cinder/mnt/87e7f697d41b08ac2bc30d52427cb599/volume-bd8a4492-defa-4e18-9380-cf5993c02c8e {{(pid=78634) execute /opt/stack/data/venv/lib/python3.10/site-packages/oslo_concurrency/processutils.py:368}}
Feb 11 22:49:17 devstack sudo[80173]: quobyte : PWD=/ ; USER=root ; COMMAND=/opt/stack/data/venv/bin/cinder-rootwrap /etc/cinder/rootwrap.conf rm -f /opt/stack/data/cinder/mnt/87e7f697d41b08ac2bc30d52427cb599/volume-bd8a4492-defa-4e18-9380-cf5993c02c8e
Feb 11 22:49:17 devstack sudo[80173]: pam_unix(sudo:session): session opened for user root(uid=0) by (uid=1000)
Feb 11 22:49:18 devstack sudo[80173]: pam_unix(sudo:session): session closed for user root
Feb 11 22:49:18 devstack cinder-volume[78634]: DEBUG oslo_concurrency.processutils [req-ece16074-6cfe-48df-8d43-2236a4e9af9b req-c6110784-2a7f-46d6-abdf-19179048df66 tempest-VolumesSnapshotsTestJSON-1769253454 None] CMD "sudo cinder-rootwrap /etc/cinder/rootwrap.conf rm -f /opt/stack/data/cinder/mnt/87e7f697d41b08ac2bc30d52427cb599/volume-bd8a4492-defa-4e18-9380-cf5993c02c8e" returned: 0 in 0.578s {{(pid=78634) execute /opt/stack/data/venv/lib/python3.10/site-packages/oslo_concurrency/processutils.py:396}}
Feb 11 22:49:18 devstack cinder-volume[78634]: DEBUG cinder.coordination [req-ece16074-6cfe-48df-8d43-2236a4e9af9b req-c6110784-2a7f-46d6-abdf-19179048df66 tempest-VolumesSnapshotsTestJSON-1769253454 None] Lock "cinder-quobyte-bd8a4492-defa-4e18-9380-cf5993c02c8e" released by "delete_volume" :: held 1.319s {{(pid=78634) __release /opt/stack/cinder/cinder/coordination.py:157}}
Feb 11 22:49:18 devstack cinder-volume[78634]: DEBUG cinder.quota [req-ece16074-6cfe-48df-8d43-2236a4e9af9b req-c6110784-2a7f-46d6-abdf-19179048df66 tempest-VolumesSnapshotsTestJSON-1769253454 None] Created reservations ['cdd62a5b-64e9-48aa-912d-9dc9438126d9', '5f58d577-1bf8-4e01-b9a9-e08f771f65ef', '26573849-b120-4a9d-af16-9e166f9ca3ac', '0044a8c6-7eea-487f-b32b-892aa17fbb2b'] {{(pid=78634) reserve /opt/stack/cinder/cinder/quota.py:752}}
Feb 11 22:49:18 devstack cinder-volume[78634]: DEBUG oslo_concurrency.lockutils [req-ece16074-6cfe-48df-8d43-2236a4e9af9b req-c6110784-2a7f-46d6-abdf-19179048df66 tempest-VolumesSnapshotsTestJSON-1769253454 None] Acquiring lock "quobyte_ensure" by "cinder.volume.drivers.quobyte.QuobyteDriver._ensure_shares_mounted" {{(pid=78634) inner /opt/stack/data/venv/lib/python3.10/site-packages/oslo_concurrency/lockutils.py:506}}
Feb 11 22:49:18 devstack cinder-volume[78634]: DEBUG oslo_concurrency.lockutils [req-ece16074-6cfe-48df-8d43-2236a4e9af9b req-c6110784-2a7f-46d6-abdf-19179048df66 tempest-VolumesSnapshotsTestJSON-1769253454 None] Lock "quobyte_ensure" acquired by "cinder.volume.drivers.quobyte.QuobyteDriver._ensure_shares_mounted" :: waited 0.006s {{(pid=78634) inner /opt/stack/data/venv/lib/python3.10/site-packages/oslo_concurrency/lockutils.py:519}}
Feb 11 22:49:18 devstack cinder-volume[78634]: DEBUG cinder.volume.drivers.quobyte [req-ece16074-6cfe-48df-8d43-2236a4e9af9b req-c6110784-2a7f-46d6-abdf-19179048df66 tempest-VolumesSnapshotsTestJSON-1769253454 None] Quobyte Volume URL set to: {'osci02.corp.quobyte.com/cinder-vol-e8a7ea0c-eca7-4699-959e-121bfe3b13f4': None} {{(pid=78634) _load_shares_config /opt/stack/cinder/cinder/volume/drivers/quobyte.py:620}}
Feb 11 22:49:18 devstack cinder-volume[78634]: DEBUG cinder.volume.drivers.quobyte [req-ece16074-6cfe-48df-8d43-2236a4e9af9b req-c6110784-2a7f-46d6-abdf-19179048df66 tempest-VolumesSnapshotsTestJSON-1769253454 None] Available shares ['osci02.corp.quobyte.com/cinder-vol-e8a7ea0c-eca7-4699-959e-121bfe3b13f4'] {{(pid=78634) _ensure_shares_mounted /opt/stack/cinder/cinder/volume/drivers/quobyte.py:650}}
Feb 11 22:49:18 devstack cinder-volume[78634]: DEBUG oslo_concurrency.lockutils [req-ece16074-6cfe-48df-8d43-2236a4e9af9b req-c6110784-2a7f-46d6-abdf-19179048df66 tempest-VolumesSnapshotsTestJSON-1769253454 None] Lock "quobyte_ensure" "released" by "cinder.volume.drivers.quobyte.QuobyteDriver._ensure_shares_mounted" :: held 0.010s {{(pid=78634) inner /opt/stack/data/venv/lib/python3.10/site-packages/oslo_concurrency/lockutils.py:538}}
Feb 11 22:49:18 devstack cinder-volume[78634]: DEBUG oslo_concurrency.processutils [req-ece16074-6cfe-48df-8d43-2236a4e9af9b req-c6110784-2a7f-46d6-abdf-19179048df66 tempest-VolumesSnapshotsTestJSON-1769253454 None] Running cmd (subprocess): sudo cinder-rootwrap /etc/cinder/rootwrap.conf df --portability --block-size 1 /opt/stack/data/cinder/mnt/87e7f697d41b08ac2bc30d52427cb599 {{(pid=78634) execute /opt/stack/data/venv/lib/python3.10/site-packages/oslo_concurrency/processutils.py:368}}
Feb 11 22:49:18 devstack cinder-volume[78634]: DEBUG cinder.coordination [None req-9f1e99b4-aa01-4224-9372-fdc8e1717161 tempest-DeleteServersTestJSON-773479060 None] Acquiring lock "cinder-acfa5003-fab5-4381-bdb3-b293b6cc14c4-delete_volume" by "delete_volume" {{(pid=78634) __acquire /opt/stack/cinder/cinder/coordination.py:143}}
Feb 11 22:49:18 devstack cinder-volume[78634]: DEBUG cinder.coordination [None req-9f1e99b4-aa01-4224-9372-fdc8e1717161 tempest-DeleteServersTestJSON-773479060 None] Lock "cinder-acfa5003-fab5-4381-bdb3-b293b6cc14c4-delete_volume" acquired by "delete_volume" :: waited 0.015s {{(pid=78634) __acquire /opt/stack/cinder/cinder/coordination.py:146}}
Feb 11 22:49:18 devstack sudo[80176]: quobyte : PWD=/ ; USER=root ; COMMAND=/opt/stack/data/venv/bin/cinder-rootwrap /etc/cinder/rootwrap.conf df --portability --block-size 1 /opt/stack/data/cinder/mnt/87e7f697d41b08ac2bc30d52427cb599
Feb 11 22:49:18 devstack sudo[80176]: pam_unix(sudo:session): session opened for user root(uid=0) by (uid=1000)
Feb 11 22:49:18 devstack cinder-volume[78634]: WARNING cinder.volume.volume_utils [None req-9f1e99b4-aa01-4224-9372-fdc8e1717161 tempest-DeleteServersTestJSON-773479060 None] Volume driver (QuobyteDriver 1.1.14) is currently unsupported and may be removed in the next release of OpenStack. Use at your own risk.
Feb 11 22:49:18 devstack cinder-volume[78634]: DEBUG cinder.coordination [None req-9f1e99b4-aa01-4224-9372-fdc8e1717161 tempest-DeleteServersTestJSON-773479060 None] Acquiring lock "cinder-quobyte-acfa5003-fab5-4381-bdb3-b293b6cc14c4" by "delete_volume" {{(pid=78634) __acquire /opt/stack/cinder/cinder/coordination.py:143}}
Feb 11 22:49:18 devstack cinder-volume[78634]: DEBUG cinder.coordination [None req-9f1e99b4-aa01-4224-9372-fdc8e1717161 tempest-DeleteServersTestJSON-773479060 None] Lock "cinder-quobyte-acfa5003-fab5-4381-bdb3-b293b6cc14c4" acquired by "delete_volume" :: waited 0.010s {{(pid=78634) __acquire /opt/stack/cinder/cinder/coordination.py:146}}
Feb 11 22:49:18 devstack cinder-volume[78634]: DEBUG oslo.privsep.daemon [-] privsep: reply[c2aedbf5-93cc-4d07-95e8-30ea930ffa5c]: (4, 'qcow2') {{(pid=79561) _call_back /opt/stack/data/venv/lib/python3.10/site-packages/oslo_privsep/daemon.py:515}}
Feb 11 22:49:18 devstack cinder-volume[78634]: DEBUG oslo_concurrency.processutils [None req-9f1e99b4-aa01-4224-9372-fdc8e1717161 tempest-DeleteServersTestJSON-773479060 None] Running cmd (subprocess): /opt/stack/data/venv/bin/python3.10 -m oslo_concurrency.prlimit --as=1073741824 --cpu=60 -- sudo cinder-rootwrap /etc/cinder/rootwrap.conf env LC_ALL=C qemu-img info -f qcow2 --output=json --force-share /opt/stack/data/cinder/mnt/87e7f697d41b08ac2bc30d52427cb599/volume-acfa5003-fab5-4381-bdb3-b293b6cc14c4 {{(pid=78634) execute /opt/stack/data/venv/lib/python3.10/site-packages/oslo_concurrency/processutils.py:368}}
Feb 11 22:49:18 devstack sudo[80178]: quobyte : PWD=/ ; USER=root ; COMMAND=/opt/stack/data/venv/bin/cinder-rootwrap /etc/cinder/rootwrap.conf env LC_ALL=C qemu-img info -f qcow2 --output=json --force-share /opt/stack/data/cinder/mnt/87e7f697d41b08ac2bc30d52427cb599/volume-acfa5003-fab5-4381-bdb3-b293b6cc14c4
Feb 11 22:49:18 devstack sudo[80178]: pam_unix(sudo:session): session opened for user root(uid=0) by (uid=1000)
Feb 11 22:49:18 devstack sudo[80176]: pam_unix(sudo:session): session closed for user root
Feb 11 22:49:18 devstack cinder-volume[78634]: DEBUG oslo_concurrency.processutils [req-ece16074-6cfe-48df-8d43-2236a4e9af9b req-c6110784-2a7f-46d6-abdf-19179048df66 tempest-VolumesSnapshotsTestJSON-1769253454 None] CMD "sudo cinder-rootwrap /etc/cinder/rootwrap.conf df --portability --block-size 1 /opt/stack/data/cinder/mnt/87e7f697d41b08ac2bc30d52427cb599" returned: 0 in 0.637s {{(pid=78634) execute /opt/stack/data/venv/lib/python3.10/site-packages/oslo_concurrency/processutils.py:396}}
Feb 11 22:49:18 devstack cinder-volume[78634]: DEBUG cinder.manager [req-ece16074-6cfe-48df-8d43-2236a4e9af9b req-c6110784-2a7f-46d6-abdf-19179048df66 tempest-VolumesSnapshotsTestJSON-1769253454 None] Notifying Schedulers of capabilities ... {{(pid=78634) _publish_service_capabilities /opt/stack/cinder/cinder/manager.py:202}}
Feb 11 22:49:18 devstack cinder-volume[78634]: INFO cinder.volume.manager [req-ece16074-6cfe-48df-8d43-2236a4e9af9b req-c6110784-2a7f-46d6-abdf-19179048df66 tempest-VolumesSnapshotsTestJSON-1769253454 None] Deleted volume successfully.
