Jul 07 22:37:16 devstack cinder-volume[88087]: WARNING cinder.volume.drivers.remotefs [None req-8b880e5b-57d5-46c1-a68a-6b44b664356b tempest-GroupsV314Test-16689566 None] /opt/stack/data/cinder/mnt/02761d7ddaa36fe280b25c5a6a7e3b24/volume-93b25a15-4bed-4aaf-8c32-15997f68410b.info is being set with open permissions: ugo+rw: NotImplementedError
Jul 07 22:37:16 devstack cinder-volume[88087]: DEBUG oslo_concurrency.processutils [None req-8b880e5b-57d5-46c1-a68a-6b44b664356b tempest-GroupsV314Test-16689566 None] Running cmd (subprocess): sudo cinder-rootwrap /etc/cinder/rootwrap.conf chmod ugo+rw /opt/stack/data/cinder/mnt/02761d7ddaa36fe280b25c5a6a7e3b24/volume-93b25a15-4bed-4aaf-8c32-15997f68410b.info {{(pid=88087) execute /opt/stack/data/venv/lib/python3.12/site-packages/oslo_concurrency/processutils.py:440}}
Jul 07 22:37:16 devstack sudo[94354]: quobyte : PWD=/ ; USER=root ; COMMAND=/opt/stack/data/venv/bin/cinder-rootwrap /etc/cinder/rootwrap.conf chmod ugo+rw /opt/stack/data/cinder/mnt/02761d7ddaa36fe280b25c5a6a7e3b24/volume-93b25a15-4bed-4aaf-8c32-15997f68410b.info
Jul 07 22:37:16 devstack sudo[94354]: pam_unix(sudo:session): session opened for user root(uid=0) by (uid=1000)
Jul 07 22:37:16 devstack sudo[94349]: pam_unix(sudo:session): session closed for user root
Jul 07 22:37:16 devstack cinder-volume[88087]: DEBUG oslo_concurrency.processutils [None req-ccf8045d-105d-4140-9a5f-6e01aacbdd56 None None] CMD "sudo cinder-rootwrap /etc/cinder/rootwrap.conf df --portability --block-size 1 /opt/stack/data/cinder/mnt/02761d7ddaa36fe280b25c5a6a7e3b24" returned: 0 in 1.181s {{(pid=88087) execute /opt/stack/data/venv/lib/python3.12/site-packages/oslo_concurrency/processutils.py:468}}
Jul 07 22:37:16 devstack cinder-volume[88087]: DEBUG cinder.manager [None req-ccf8045d-105d-4140-9a5f-6e01aacbdd56 None None] Notifying Schedulers of capabilities ... {{(pid=88087) _publish_service_capabilities /opt/stack/cinder/cinder/manager.py:219}}
Jul 07 22:37:17 devstack cinder-volume[88087]: DEBUG oslo_concurrency.processutils [None req-8b880e5b-57d5-46c1-a68a-6b44b664356b tempest-GroupsV314Test-16689566 None] CMD "sudo cinder-rootwrap /etc/cinder/rootwrap.conf chmod ugo+rw /opt/stack/data/cinder/mnt/02761d7ddaa36fe280b25c5a6a7e3b24/volume-93b25a15-4bed-4aaf-8c32-15997f68410b.info" returned: 0 in 1.402s {{(pid=88087) execute /opt/stack/data/venv/lib/python3.12/site-packages/oslo_concurrency/processutils.py:468}}
Jul 07 22:37:17 devstack sudo[94354]: pam_unix(sudo:session): session closed for user root
Jul 07 22:37:17 devstack cinder-volume[88087]: DEBUG cinder.coordination [None req-8b880e5b-57d5-46c1-a68a-6b44b664356b tempest-GroupsV314Test-16689566 None] Acquiring lock "cinder-quobyte-6a2ee5c2-ef37-4306-83fc-b60990803017" by "_copy_volume_from_snapshot" {{(pid=88087) __acquire /opt/stack/cinder/cinder/coordination.py:138}}
Jul 07 22:37:17 devstack cinder-volume[88087]: DEBUG cinder.coordination [None req-8b880e5b-57d5-46c1-a68a-6b44b664356b tempest-GroupsV314Test-16689566 None] Lock "cinder-quobyte-6a2ee5c2-ef37-4306-83fc-b60990803017" acquired by "_copy_volume_from_snapshot" :: waited 0.031s {{(pid=88087) __acquire /opt/stack/cinder/cinder/coordination.py:141}}
Jul 07 22:37:17 devstack cinder-volume[88087]: DEBUG cinder.volume.drivers.quobyte [None req-8b880e5b-57d5-46c1-a68a-6b44b664356b tempest-GroupsV314Test-16689566 None] snapshot: eca4fcc3-187e-440e-966e-96596e57f631, volume: 6a2ee5c2-ef37-4306-83fc-b60990803017, {{(pid=88087) _copy_volume_from_snapshot /opt/stack/cinder/cinder/volume/drivers/quobyte.py:401}}
Jul 07 22:37:17 devstack cinder-volume[88087]: DEBUG oslo_concurrency.lockutils [None req-8b880e5b-57d5-46c1-a68a-6b44b664356b tempest-GroupsV314Test-16689566 None] Acquiring lock "quobyte_ensure" by "cinder.volume.drivers.quobyte.QuobyteDriver._ensure_shares_mounted" {{(pid=88087) inner /opt/stack/data/venv/lib/python3.12/site-packages/oslo_concurrency/lockutils.py:511}}
Jul 07 22:37:17 devstack cinder-volume[88087]: DEBUG oslo_concurrency.lockutils [None req-8b880e5b-57d5-46c1-a68a-6b44b664356b tempest-GroupsV314Test-16689566 None] Lock "quobyte_ensure" acquired by "cinder.volume.drivers.quobyte.QuobyteDriver._ensure_shares_mounted" :: waited 0.002s {{(pid=88087) inner /opt/stack/data/venv/lib/python3.12/site-packages/oslo_concurrency/lockutils.py:524}}
Jul 07 22:37:17 devstack cinder-volume[88087]: DEBUG cinder.volume.drivers.quobyte [None req-8b880e5b-57d5-46c1-a68a-6b44b664356b tempest-GroupsV314Test-16689566 None] Quobyte Volume URL set to: {'osci02.corp.quobyte.com/cinder-vol-40216831-daa0-4f13-b378-f7c5fe734e1c': None} {{(pid=88087) _load_shares_config /opt/stack/cinder/cinder/volume/drivers/quobyte.py:617}}
Jul 07 22:37:17 devstack cinder-volume[88087]: DEBUG cinder.volume.drivers.quobyte [None req-8b880e5b-57d5-46c1-a68a-6b44b664356b tempest-GroupsV314Test-16689566 None] Available shares ['osci02.corp.quobyte.com/cinder-vol-40216831-daa0-4f13-b378-f7c5fe734e1c'] {{(pid=88087) _ensure_shares_mounted /opt/stack/cinder/cinder/volume/drivers/quobyte.py:647}}
Jul 07 22:37:17 devstack cinder-volume[88087]: DEBUG oslo_concurrency.lockutils [None req-8b880e5b-57d5-46c1-a68a-6b44b664356b tempest-GroupsV314Test-16689566 None] Lock "quobyte_ensure" "released" by "cinder.volume.drivers.quobyte.QuobyteDriver._ensure_shares_mounted" :: held 0.013s {{(pid=88087) inner /opt/stack/data/venv/lib/python3.12/site-packages/oslo_concurrency/lockutils.py:543}}
Jul 07 22:37:17 devstack cinder-volume[88087]: DEBUG oslo.privsep.daemon [-] privsep: reply[3d858328-726f-4760-ab3d-50f2a1bd9dfa]: (4, 'qcow2') {{(pid=89307) _call_back /opt/stack/data/venv/lib/python3.12/site-packages/oslo_privsep/daemon.py:580}}
Jul 07 22:37:17 devstack cinder-volume[88087]: DEBUG oslo_concurrency.processutils [None req-8b880e5b-57d5-46c1-a68a-6b44b664356b tempest-GroupsV314Test-16689566 None] Running cmd (subprocess): /opt/stack/data/venv/bin/python3.12 -m oslo_concurrency.prlimit --as=1073741824 --cpu=60 -- sudo cinder-rootwrap /etc/cinder/rootwrap.conf env LC_ALL=C qemu-img info -f qcow2 --output=json --force-share /opt/stack/data/cinder/mnt/02761d7ddaa36fe280b25c5a6a7e3b24/volume-93b25a15-4bed-4aaf-8c32-15997f68410b.eca4fcc3-187e-440e-966e-96596e57f631 {{(pid=88087) execute /opt/stack/data/venv/lib/python3.12/site-packages/oslo_concurrency/processutils.py:440}}
Jul 07 22:37:18 devstack sudo[94361]: quobyte : PWD=/ ; USER=root ; COMMAND=/opt/stack/data/venv/bin/cinder-rootwrap /etc/cinder/rootwrap.conf env LC_ALL=C qemu-img info -f qcow2 --output=json --force-share /opt/stack/data/cinder/mnt/02761d7ddaa36fe280b25c5a6a7e3b24/volume-93b25a15-4bed-4aaf-8c32-15997f68410b.eca4fcc3-187e-440e-966e-96596e57f631
Jul 07 22:37:18 devstack sudo[94361]: pam_unix(sudo:session): session opened for user root(uid=0) by (uid=1000)
Jul 07 22:37:19 devstack sudo[94361]: pam_unix(sudo:session): session closed for user root
Jul 07 22:37:19 devstack cinder-volume[88087]: DEBUG oslo_concurrency.processutils [None req-8b880e5b-57d5-46c1-a68a-6b44b664356b tempest-GroupsV314Test-16689566 None] CMD "/opt/stack/data/venv/bin/python3.12 -m oslo_concurrency.prlimit --as=1073741824 --cpu=60 -- sudo cinder-rootwrap /etc/cinder/rootwrap.conf env LC_ALL=C qemu-img info -f qcow2 --output=json --force-share /opt/stack/data/cinder/mnt/02761d7ddaa36fe280b25c5a6a7e3b24/volume-93b25a15-4bed-4aaf-8c32-15997f68410b.eca4fcc3-187e-440e-966e-96596e57f631" returned: 0 in 1.324s {{(pid=88087) execute /opt/stack/data/venv/lib/python3.12/site-packages/oslo_concurrency/processutils.py:468}}
Jul 07 22:37:19 devstack cinder-volume[88087]: DEBUG cinder.volume.drivers.remotefs [None req-8b880e5b-57d5-46c1-a68a-6b44b664356b tempest-GroupsV314Test-16689566 None] Fetching qemu-img info with special backing_file_template: (/opt/stack/data/cinder/mnt/[0-9a-f]+/)?(volume-93b25a15-4bed-4aaf-8c32-15997f68410b(.(tmp-snap-)?[0-9a-f-]+)?|volume_from_snapshot_cache/(tmp-snap-)?[0-9a-f-]+(.(child-|parent-)[0-9a-f-]+)?)$ {{(pid=88087) _qemu_img_info_base /opt/stack/cinder/cinder/volume/drivers/remotefs.py:896}}
Jul 07 22:37:19 devstack cinder-volume[88087]: DEBUG cinder.volume.drivers.quobyte [None req-8b880e5b-57d5-46c1-a68a-6b44b664356b tempest-GroupsV314Test-16689566 None] will copy from snapshot at /opt/stack/data/cinder/mnt/02761d7ddaa36fe280b25c5a6a7e3b24/volume-93b25a15-4bed-4aaf-8c32-15997f68410b {{(pid=88087) _copy_volume_from_snapshot /opt/stack/cinder/cinder/volume/drivers/quobyte.py:420}}
Jul 07 22:37:19 devstack cinder-volume[88087]: DEBUG cinder.volume.drivers.quobyte [None req-8b880e5b-57d5-46c1-a68a-6b44b664356b tempest-GroupsV314Test-16689566 None] Creating direct copy from snapshot {{(pid=88087) _copy_volume_from_snapshot /opt/stack/cinder/cinder/volume/drivers/quobyte.py:428}}
Jul 07 22:37:19 devstack cinder-volume[88087]: DEBUG oslo.privsep.daemon [-] privsep: reply[9cec001e-df33-4abb-9adf-b7aba23d878f]: (4, 'qcow2') {{(pid=89307) _call_back /opt/stack/data/venv/lib/python3.12/site-packages/oslo_privsep/daemon.py:580}}
Jul 07 22:37:19 devstack cinder-volume[88087]: DEBUG oslo_concurrency.processutils [None req-8b880e5b-57d5-46c1-a68a-6b44b664356b tempest-GroupsV314Test-16689566 None] Running cmd (subprocess): /opt/stack/data/venv/bin/python3.12 -m oslo_concurrency.prlimit --as=1073741824 --cpu=60 -- sudo cinder-rootwrap /etc/cinder/rootwrap.conf env LC_ALL=C qemu-img info -f qcow2 --output=json /opt/stack/data/cinder/mnt/02761d7ddaa36fe280b25c5a6a7e3b24/volume-93b25a15-4bed-4aaf-8c32-15997f68410b {{(pid=88087) execute /opt/stack/data/venv/lib/python3.12/site-packages/oslo_concurrency/processutils.py:440}}
Jul 07 22:37:19 devstack sudo[94366]: quobyte : PWD=/ ; USER=root ; COMMAND=/opt/stack/data/venv/bin/cinder-rootwrap /etc/cinder/rootwrap.conf env LC_ALL=C qemu-img info -f qcow2 --output=json /opt/stack/data/cinder/mnt/02761d7ddaa36fe280b25c5a6a7e3b24/volume-93b25a15-4bed-4aaf-8c32-15997f68410b
Jul 07 22:37:19 devstack sudo[94366]: pam_unix(sudo:session): session opened for user root(uid=0) by (uid=1000)
Jul 07 22:37:20 devstack sudo[94366]: pam_unix(sudo:session): session closed for user root
Jul 07 22:37:20 devstack cinder-volume[88087]: DEBUG oslo_concurrency.processutils [None req-8b880e5b-57d5-46c1-a68a-6b44b664356b tempest-GroupsV314Test-16689566 None] CMD "/opt/stack/data/venv/bin/python3.12 -m oslo_concurrency.prlimit --as=1073741824 --cpu=60 -- sudo cinder-rootwrap /etc/cinder/rootwrap.conf env LC_ALL=C qemu-img info -f qcow2 --output=json /opt/stack/data/cinder/mnt/02761d7ddaa36fe280b25c5a6a7e3b24/volume-93b25a15-4bed-4aaf-8c32-15997f68410b" returned: 0 in 1.352s {{(pid=88087) execute /opt/stack/data/venv/lib/python3.12/site-packages/oslo_concurrency/processutils.py:468}}
Jul 07 22:37:20 devstack cinder-volume[88087]: DEBUG cinder.utils [None req-8b880e5b-57d5-46c1-a68a-6b44b664356b tempest-GroupsV314Test-16689566 None] Path /opt/stack/data/cinder/mnt/02761d7ddaa36fe280b25c5a6a7e3b24/volume-6a2ee5c2-ef37-4306-83fc-b60990803017 not found in is_blk_device check {{(pid=88087) is_blk_device /opt/stack/cinder/cinder/utils.py:615}}
Jul 07 22:37:20 devstack cinder-volume[88087]: DEBUG oslo_concurrency.processutils [None req-8b880e5b-57d5-46c1-a68a-6b44b664356b tempest-GroupsV314Test-16689566 None] Running cmd (subprocess): sudo cinder-rootwrap /etc/cinder/rootwrap.conf qemu-img convert -O qcow2 /opt/stack/data/cinder/mnt/02761d7ddaa36fe280b25c5a6a7e3b24/volume-93b25a15-4bed-4aaf-8c32-15997f68410b /opt/stack/data/cinder/mnt/02761d7ddaa36fe280b25c5a6a7e3b24/volume-6a2ee5c2-ef37-4306-83fc-b60990803017 {{(pid=88087) execute /opt/stack/data/venv/lib/python3.12/site-packages/oslo_concurrency/processutils.py:440}}
Jul 07 22:37:20 devstack sudo[94374]: quobyte : PWD=/ ; USER=root ; COMMAND=/opt/stack/data/venv/bin/cinder-rootwrap /etc/cinder/rootwrap.conf qemu-img convert -O qcow2 /opt/stack/data/cinder/mnt/02761d7ddaa36fe280b25c5a6a7e3b24/volume-93b25a15-4bed-4aaf-8c32-15997f68410b /opt/stack/data/cinder/mnt/02761d7ddaa36fe280b25c5a6a7e3b24/volume-6a2ee5c2-ef37-4306-83fc-b60990803017
Jul 07 22:37:20 devstack sudo[94374]: pam_unix(sudo:session): session opened for user root(uid=0) by (uid=1000)
Jul 07 22:37:25 devstack cinder-volume[88087]: DEBUG dbcounter [-] [88087] Writing DB stats cinder:SELECT=65,cinder:INSERT=14,cinder:UPDATE=69,cinder:DELETE=6 {{(pid=88087) stat_writer /opt/stack/data/venv/lib/python3.12/site-packages/dbcounter.py:115}}
Jul 07 22:37:25 devstack cinder-volume[88087]: DEBUG dbcounter [-] [88087] Writing DB stats cinder:SELECT=55,cinder:UPDATE=60,cinder:DELETE=2,cinder:INSERT=18 {{(pid=88087) stat_writer /opt/stack/data/venv/lib/python3.12/site-packages/dbcounter.py:115}}
Jul 07 22:37:28 devstack sudo[94374]: pam_unix(sudo:session): session closed for user root
Jul 07 22:37:28 devstack cinder-volume[88087]: DEBUG oslo_concurrency.processutils [None req-8b880e5b-57d5-46c1-a68a-6b44b664356b tempest-GroupsV314Test-16689566 None] CMD "sudo cinder-rootwrap /etc/cinder/rootwrap.conf qemu-img convert -O qcow2 /opt/stack/data/cinder/mnt/02761d7ddaa36fe280b25c5a6a7e3b24/volume-93b25a15-4bed-4aaf-8c32-15997f68410b /opt/stack/data/cinder/mnt/02761d7ddaa36fe280b25c5a6a7e3b24/volume-6a2ee5c2-ef37-4306-83fc-b60990803017" returned: 0 in 8.219s {{(pid=88087) execute /opt/stack/data/venv/lib/python3.12/site-packages/oslo_concurrency/processutils.py:468}}
Jul 07 22:37:28 devstack cinder-volume[88087]: DEBUG oslo.privsep.daemon [-] privsep: reply[31d7d16f-b7f0-48fd-89b3-67834341e4b8]: (4, 'qcow2') {{(pid=89307) _call_back /opt/stack/data/venv/lib/python3.12/site-packages/oslo_privsep/daemon.py:580}}
Jul 07 22:37:28 devstack cinder-volume[88087]: DEBUG oslo_concurrency.processutils [None req-8b880e5b-57d5-46c1-a68a-6b44b664356b tempest-GroupsV314Test-16689566 None] Running cmd (subprocess): /opt/stack/data/venv/bin/python3.12 -m oslo_concurrency.prlimit --as=1073741824 --cpu=60 -- sudo cinder-rootwrap /etc/cinder/rootwrap.conf env LC_ALL=C qemu-img info -f qcow2 --output=json /opt/stack/data/cinder/mnt/02761d7ddaa36fe280b25c5a6a7e3b24/volume-93b25a15-4bed-4aaf-8c32-15997f68410b {{(pid=88087) execute /opt/stack/data/venv/lib/python3.12/site-packages/oslo_concurrency/processutils.py:440}}
Jul 07 22:37:29 devstack sudo[94401]: quobyte : PWD=/ ; USER=root ; COMMAND=/opt/stack/data/venv/bin/cinder-rootwrap /etc/cinder/rootwrap.conf env LC_ALL=C qemu-img info -f qcow2 --output=json /opt/stack/data/cinder/mnt/02761d7ddaa36fe280b25c5a6a7e3b24/volume-93b25a15-4bed-4aaf-8c32-15997f68410b
Jul 07 22:37:29 devstack sudo[94401]: pam_unix(sudo:session): session opened for user root(uid=0) by (uid=1000)
Jul 07 22:37:30 devstack sudo[94401]: pam_unix(sudo:session): session closed for user root
Jul 07 22:37:30 devstack cinder-volume[88087]: DEBUG oslo_concurrency.processutils [None req-8b880e5b-57d5-46c1-a68a-6b44b664356b tempest-GroupsV314Test-16689566 None] CMD "/opt/stack/data/venv/bin/python3.12 -m oslo_concurrency.prlimit --as=1073741824 --cpu=60 -- sudo cinder-rootwrap /etc/cinder/rootwrap.conf env LC_ALL=C qemu-img info -f qcow2 --output=json /opt/stack/data/cinder/mnt/02761d7ddaa36fe280b25c5a6a7e3b24/volume-93b25a15-4bed-4aaf-8c32-15997f68410b" returned: 0 in 1.298s {{(pid=88087) execute /opt/stack/data/venv/lib/python3.12/site-packages/oslo_concurrency/processutils.py:468}}
Jul 07 22:37:30 devstack cinder-volume[88087]: DEBUG cinder.image.image_utils [None req-8b880e5b-57d5-46c1-a68a-6b44b664356b tempest-GroupsV314Test-16689566 None] Image conversion details: src /opt/stack/data/cinder/mnt/02761d7ddaa36fe280b25c5a6a7e3b24/volume-93b25a15-4bed-4aaf-8c32-15997f68410b, size 1024.00 MB, duration 8.22 sec, destination /opt/stack/data/cinder/mnt/02761d7ddaa36fe280b25c5a6a7e3b24/volume-6a2ee5c2-ef37-4306-83fc-b60990803017 {{(pid=88087) _convert_image /opt/stack/cinder/cinder/image/image_utils.py:536}}
Jul 07 22:37:30 devstack cinder-volume[88087]: INFO cinder.image.image_utils [None req-8b880e5b-57d5-46c1-a68a-6b44b664356b tempest-GroupsV314Test-16689566 None] Converted 1024.00 MB image at 124.55 MB/s
Jul 07 22:37:30 devstack cinder-volume[88087]: WARNING cinder.volume.drivers.remotefs [None req-8b880e5b-57d5-46c1-a68a-6b44b664356b tempest-GroupsV314Test-16689566 None] /opt/stack/data/cinder/mnt/02761d7ddaa36fe280b25c5a6a7e3b24/volume-6a2ee5c2-ef37-4306-83fc-b60990803017 is being set with open permissions: ugo+rw: NotImplementedError
Jul 07 22:37:30 devstack cinder-volume[88087]: DEBUG oslo_concurrency.processutils [None req-8b880e5b-57d5-46c1-a68a-6b44b664356b tempest-GroupsV314Test-16689566 None] Running cmd (subprocess): sudo cinder-rootwrap /etc/cinder/rootwrap.conf chmod ugo+rw /opt/stack/data/cinder/mnt/02761d7ddaa36fe280b25c5a6a7e3b24/volume-6a2ee5c2-ef37-4306-83fc-b60990803017 {{(pid=88087) execute /opt/stack/data/venv/lib/python3.12/site-packages/oslo_concurrency/processutils.py:440}}
Jul 07 22:37:30 devstack sudo[94407]: quobyte : PWD=/ ; USER=root ; COMMAND=/opt/stack/data/venv/bin/cinder-rootwrap /etc/cinder/rootwrap.conf chmod ugo+rw /opt/stack/data/cinder/mnt/02761d7ddaa36fe280b25c5a6a7e3b24/volume-6a2ee5c2-ef37-4306-83fc-b60990803017
Jul 07 22:37:30 devstack sudo[94407]: pam_unix(sudo:session): session opened for user root(uid=0) by (uid=1000)
Jul 07 22:37:31 devstack sudo[94407]: pam_unix(sudo:session): session closed for user root
Jul 07 22:37:31 devstack cinder-volume[88087]: DEBUG oslo_concurrency.processutils [None req-8b880e5b-57d5-46c1-a68a-6b44b664356b tempest-GroupsV314Test-16689566 None] CMD "sudo cinder-rootwrap /etc/cinder/rootwrap.conf chmod ugo+rw /opt/stack/data/cinder/mnt/02761d7ddaa36fe280b25c5a6a7e3b24/volume-6a2ee5c2-ef37-4306-83fc-b60990803017" returned: 0 in 0.834s {{(pid=88087) execute /opt/stack/data/venv/lib/python3.12/site-packages/oslo_concurrency/processutils.py:468}}
Jul 07 22:37:31 devstack cinder-volume[88087]: DEBUG cinder.coordination [None req-8b880e5b-57d5-46c1-a68a-6b44b664356b tempest-GroupsV314Test-16689566 None] Lock "cinder-quobyte-6a2ee5c2-ef37-4306-83fc-b60990803017" released by "_copy_volume_from_snapshot" :: held 13.166s {{(pid=88087) __release /opt/stack/cinder/cinder/coordination.py:152}}
Jul 07 22:37:31 devstack cinder-volume[88087]: DEBUG cinder.coordination [None req-8b880e5b-57d5-46c1-a68a-6b44b664356b tempest-GroupsV314Test-16689566 None] Acquiring lock "cinder-quobyte-eca4fcc3-187e-440e-966e-96596e57f631" by "_delete_snapshot" {{(pid=88087) __acquire /opt/stack/cinder/cinder/coordination.py:138}}
Jul 07 22:37:31 devstack cinder-volume[88087]: DEBUG cinder.coordination [None req-8b880e5b-57d5-46c1-a68a-6b44b664356b tempest-GroupsV314Test-16689566 None] Lock "cinder-quobyte-eca4fcc3-187e-440e-966e-96596e57f631" acquired by "_delete_snapshot" :: waited 0.026s {{(pid=88087) __acquire /opt/stack/cinder/cinder/coordination.py:141}}
Jul 07 22:37:31 devstack cinder-volume[88087]: DEBUG cinder.volume.drivers.remotefs [None req-8b880e5b-57d5-46c1-a68a-6b44b664356b tempest-GroupsV314Test-16689566 None] Deleting offline snapshot eca4fcc3-187e-440e-966e-96596e57f631 of volume 93b25a15-4bed-4aaf-8c32-15997f68410b {{(pid=88087) _delete_snapshot /opt/stack/cinder/cinder/volume/drivers/remotefs.py:1288}}
Jul 07 22:37:31 devstack cinder-volume[88087]: DEBUG cinder.volume.drivers.remotefs [None req-8b880e5b-57d5-46c1-a68a-6b44b664356b tempest-GroupsV314Test-16689566 None] snapshot_file for this snap is: volume-93b25a15-4bed-4aaf-8c32-15997f68410b.eca4fcc3-187e-440e-966e-96596e57f631 {{(pid=88087) _delete_snapshot /opt/stack/cinder/cinder/volume/drivers/remotefs.py:1317}}
Jul 07 22:37:31 devstack cinder-volume[88087]: DEBUG oslo.privsep.daemon [-] privsep: reply[6c325a14-877c-4898-a001-f5c1e3f9ed6c]: (4, 'qcow2') {{(pid=89307) _call_back /opt/stack/data/venv/lib/python3.12/site-packages/oslo_privsep/daemon.py:580}}
Jul 07 22:37:31 devstack cinder-volume[88087]: DEBUG oslo_concurrency.processutils [None req-8b880e5b-57d5-46c1-a68a-6b44b664356b tempest-GroupsV314Test-16689566 None] Running cmd (subprocess): /opt/stack/data/venv/bin/python3.12 -m oslo_concurrency.prlimit --as=1073741824 --cpu=60 -- sudo cinder-rootwrap /etc/cinder/rootwrap.conf env LC_ALL=C qemu-img info -f qcow2 --output=json --force-share /opt/stack/data/cinder/mnt/02761d7ddaa36fe280b25c5a6a7e3b24/volume-93b25a15-4bed-4aaf-8c32-15997f68410b.eca4fcc3-187e-440e-966e-96596e57f631 {{(pid=88087) execute /opt/stack/data/venv/lib/python3.12/site-packages/oslo_concurrency/processutils.py:440}}
Jul 07 22:37:31 devstack sudo[94411]: quobyte : PWD=/ ; USER=root ; COMMAND=/opt/stack/data/venv/bin/cinder-rootwrap /etc/cinder/rootwrap.conf env LC_ALL=C qemu-img info -f qcow2 --output=json --force-share /opt/stack/data/cinder/mnt/02761d7ddaa36fe280b25c5a6a7e3b24/volume-93b25a15-4bed-4aaf-8c32-15997f68410b.eca4fcc3-187e-440e-966e-96596e57f631
Jul 07 22:37:31 devstack sudo[94411]: pam_unix(sudo:session): session opened for user root(uid=0) by (uid=1000)
Jul 07 22:37:32 devstack sudo[94411]: pam_unix(sudo:session): session closed for user root
Jul 07 22:37:32 devstack cinder-volume[88087]: DEBUG oslo_concurrency.processutils [None req-8b880e5b-57d5-46c1-a68a-6b44b664356b tempest-GroupsV314Test-16689566 None] CMD "/opt/stack/data/venv/bin/python3.12 -m oslo_concurrency.prlimit --as=1073741824 --cpu=60 -- sudo cinder-rootwrap /etc/cinder/rootwrap.conf env LC_ALL=C qemu-img info -f qcow2 --output=json --force-share /opt/stack/data/cinder/mnt/02761d7ddaa36fe280b25c5a6a7e3b24/volume-93b25a15-4bed-4aaf-8c32-15997f68410b.eca4fcc3-187e-440e-966e-96596e57f631" returned: 0 in 1.197s {{(pid=88087) execute /opt/stack/data/venv/lib/python3.12/site-packages/oslo_concurrency/processutils.py:468}}
Jul 07 22:37:32 devstack cinder-volume[88087]: DEBUG cinder.volume.drivers.remotefs [None req-8b880e5b-57d5-46c1-a68a-6b44b664356b tempest-GroupsV314Test-16689566 None] Fetching qemu-img info with special backing_file_template: (/opt/stack/data/cinder/mnt/[0-9a-f]+/)?(volume-93b25a15-4bed-4aaf-8c32-15997f68410b(.(tmp-snap-)?[0-9a-f-]+)?|volume_from_snapshot_cache/(tmp-snap-)?[0-9a-f-]+(.(child-|parent-)[0-9a-f-]+)?)$ {{(pid=88087) _qemu_img_info_base /opt/stack/cinder/cinder/volume/drivers/remotefs.py:896}}
Jul 07 22:37:32 devstack cinder-volume[88087]: DEBUG oslo.privsep.daemon [-] privsep: reply[bb3d9b40-b5b5-43e0-ba42-f14d72b9da1e]: (4, 'qcow2') {{(pid=89307) _call_back /opt/stack/data/venv/lib/python3.12/site-packages/oslo_privsep/daemon.py:580}}
Jul 07 22:37:32 devstack cinder-volume[88087]: DEBUG oslo_concurrency.processutils [None req-8b880e5b-57d5-46c1-a68a-6b44b664356b tempest-GroupsV314Test-16689566 None] Running cmd (subprocess): /opt/stack/data/venv/bin/python3.12 -m oslo_concurrency.prlimit --as=1073741824 --cpu=60 -- sudo cinder-rootwrap /etc/cinder/rootwrap.conf env LC_ALL=C qemu-img info -f qcow2 --output=json --force-share /opt/stack/data/cinder/mnt/02761d7ddaa36fe280b25c5a6a7e3b24/volume-93b25a15-4bed-4aaf-8c32-15997f68410b {{(pid=88087) execute /opt/stack/data/venv/lib/python3.12/site-packages/oslo_concurrency/processutils.py:440}}
Jul 07 22:37:32 devstack sudo[94450]: quobyte : PWD=/ ; USER=root ; COMMAND=/opt/stack/data/venv/bin/cinder-rootwrap /etc/cinder/rootwrap.conf env LC_ALL=C qemu-img info -f qcow2 --output=json --force-share /opt/stack/data/cinder/mnt/02761d7ddaa36fe280b25c5a6a7e3b24/volume-93b25a15-4bed-4aaf-8c32-15997f68410b
Jul 07 22:37:32 devstack sudo[94450]: pam_unix(sudo:session): session opened for user root(uid=0) by (uid=1000)
Jul 07 22:37:33 devstack sudo[94450]: pam_unix(sudo:session): session closed for user root
Jul 07 22:37:33 devstack cinder-volume[88087]: DEBUG oslo_concurrency.processutils [None req-8b880e5b-57d5-46c1-a68a-6b44b664356b tempest-GroupsV314Test-16689566 None] CMD "/opt/stack/data/venv/bin/python3.12 -m oslo_concurrency.prlimit --as=1073741824 --cpu=60 -- sudo cinder-rootwrap /etc/cinder/rootwrap.conf env LC_ALL=C qemu-img info -f qcow2 --output=json --force-share /opt/stack/data/cinder/mnt/02761d7ddaa36fe280b25c5a6a7e3b24/volume-93b25a15-4bed-4aaf-8c32-15997f68410b" returned: 0 in 1.027s {{(pid=88087) execute /opt/stack/data/venv/lib/python3.12/site-packages/oslo_concurrency/processutils.py:468}}
Jul 07 22:37:33 devstack cinder-volume[88087]: DEBUG oslo_concurrency.processutils [None req-8b880e5b-57d5-46c1-a68a-6b44b664356b tempest-GroupsV314Test-16689566 None] Running cmd (subprocess): sudo cinder-rootwrap /etc/cinder/rootwrap.conf qemu-img commit -d /opt/stack/data/cinder/mnt/02761d7ddaa36fe280b25c5a6a7e3b24/volume-93b25a15-4bed-4aaf-8c32-15997f68410b.eca4fcc3-187e-440e-966e-96596e57f631 {{(pid=88087) execute /opt/stack/data/venv/lib/python3.12/site-packages/oslo_concurrency/processutils.py:440}}
Jul 07 22:37:33 devstack sudo[94455]: quobyte : PWD=/ ; USER=root ; COMMAND=/opt/stack/data/venv/bin/cinder-rootwrap /etc/cinder/rootwrap.conf qemu-img commit -d /opt/stack/data/cinder/mnt/02761d7ddaa36fe280b25c5a6a7e3b24/volume-93b25a15-4bed-4aaf-8c32-15997f68410b.eca4fcc3-187e-440e-966e-96596e57f631
Jul 07 22:37:33 devstack sudo[94455]: pam_unix(sudo:session): session opened for user root(uid=0) by (uid=1000)
Jul 07 22:37:34 devstack sudo[94455]: pam_unix(sudo:session): session closed for user root
Jul 07 22:37:34 devstack cinder-volume[88087]: DEBUG oslo_concurrency.processutils [None req-8b880e5b-57d5-46c1-a68a-6b44b664356b tempest-GroupsV314Test-16689566 None] CMD "sudo cinder-rootwrap /etc/cinder/rootwrap.conf qemu-img commit -d /opt/stack/data/cinder/mnt/02761d7ddaa36fe280b25c5a6a7e3b24/volume-93b25a15-4bed-4aaf-8c32-15997f68410b.eca4fcc3-187e-440e-966e-96596e57f631" returned: 0 in 1.113s {{(pid=88087) execute /opt/stack/data/venv/lib/python3.12/site-packages/oslo_concurrency/processutils.py:468}}
Jul 07 22:37:34 devstack cinder-volume[88087]: DEBUG oslo_concurrency.processutils [None req-8b880e5b-57d5-46c1-a68a-6b44b664356b tempest-GroupsV314Test-16689566 None] Running cmd (subprocess): sudo cinder-rootwrap /etc/cinder/rootwrap.conf rm -f /opt/stack/data/cinder/mnt/02761d7ddaa36fe280b25c5a6a7e3b24/volume-93b25a15-4bed-4aaf-8c32-15997f68410b.eca4fcc3-187e-440e-966e-96596e57f631 {{(pid=88087) execute /opt/stack/data/venv/lib/python3.12/site-packages/oslo_concurrency/processutils.py:440}}
Jul 07 22:37:34 devstack sudo[94478]: quobyte : PWD=/ ; USER=root ; COMMAND=/opt/stack/data/venv/bin/cinder-rootwrap /etc/cinder/rootwrap.conf rm -f /opt/stack/data/cinder/mnt/02761d7ddaa36fe280b25c5a6a7e3b24/volume-93b25a15-4bed-4aaf-8c32-15997f68410b.eca4fcc3-187e-440e-966e-96596e57f631
Jul 07 22:37:34 devstack sudo[94478]: pam_unix(sudo:session): session opened for user root(uid=0) by (uid=1000)
Jul 07 22:37:35 devstack sudo[94478]: pam_unix(sudo:session): session closed for user root
Jul 07 22:37:35 devstack cinder-volume[88087]: DEBUG oslo_concurrency.processutils [None req-8b880e5b-57d5-46c1-a68a-6b44b664356b tempest-GroupsV314Test-16689566 None] CMD "sudo cinder-rootwrap /etc/cinder/rootwrap.conf rm -f /opt/stack/data/cinder/mnt/02761d7ddaa36fe280b25c5a6a7e3b24/volume-93b25a15-4bed-4aaf-8c32-15997f68410b.eca4fcc3-187e-440e-966e-96596e57f631" returned: 0 in 0.899s {{(pid=88087) execute /opt/stack/data/venv/lib/python3.12/site-packages/oslo_concurrency/processutils.py:468}}
Jul 07 22:37:35 devstack cinder-volume[88087]: DEBUG cinder.coordination [None req-8b880e5b-57d5-46c1-a68a-6b44b664356b tempest-GroupsV314Test-16689566 None] Lock "cinder-quobyte-eca4fcc3-187e-440e-966e-96596e57f631" released by "_delete_snapshot" :: held 4.404s {{(pid=88087) __release /opt/stack/cinder/cinder/coordination.py:152}}
Jul 07 22:37:35 devstack cinder-volume[88087]: DEBUG oslo_concurrency.lockutils [None req-8b880e5b-57d5-46c1-a68a-6b44b664356b tempest-GroupsV314Test-16689566 None] Lock "quobyte" "released" by "cinder.volume.drivers.quobyte.QuobyteDriver.create_cloned_volume" :: held 25.123s {{(pid=88087) inner /opt/stack/data/venv/lib/python3.12/site-packages/oslo_concurrency/lockutils.py:543}}
Jul 07 22:37:35 devstack cinder-volume[88087]: INFO cinder.volume.manager [None req-8b880e5b-57d5-46c1-a68a-6b44b664356b tempest-GroupsV314Test-16689566 None] Create group from source-group-48615fbf-8087-4050-a440-004834985075 completed successfully.
Jul 07 22:37:36 devstack cinder-volume[88087]: DEBUG cinder.coordination [None req-2474e009-160b-40a1-b69d-0c2e1ce95b32 tempest-GroupsV314Test-16689566 None] Acquiring lock "cinder-quobyte-6a2ee5c2-ef37-4306-83fc-b60990803017" by "delete_volume" {{(pid=88087) __acquire /opt/stack/cinder/cinder/coordination.py:138}}
Jul 07 22:37:36 devstack cinder-volume[88087]: DEBUG cinder.coordination [None req-2474e009-160b-40a1-b69d-0c2e1ce95b32 tempest-GroupsV314Test-16689566 None] Lock "cinder-quobyte-6a2ee5c2-ef37-4306-83fc-b60990803017" acquired by "delete_volume" :: waited 0.020s {{(pid=88087) __acquire /opt/stack/cinder/cinder/coordination.py:141}}
Jul 07 22:37:36 devstack cinder-volume[88087]: DEBUG oslo.privsep.daemon [-] privsep: reply[3045b7a9-11e8-43e5-b417-bbb047da2aca]: (4, 'qcow2') {{(pid=89307) _call_back /opt/stack/data/venv/lib/python3.12/site-packages/oslo_privsep/daemon.py:580}}
Jul 07 22:37:36 devstack cinder-volume[88087]: DEBUG oslo_concurrency.processutils [None req-2474e009-160b-40a1-b69d-0c2e1ce95b32 tempest-GroupsV314Test-16689566 None] Running cmd (subprocess): /opt/stack/data/venv/bin/python3.12 -m oslo_concurrency.prlimit --as=1073741824 --cpu=60 -- sudo cinder-rootwrap /etc/cinder/rootwrap.conf env LC_ALL=C qemu-img info -f qcow2 --output=json --force-share /opt/stack/data/cinder/mnt/02761d7ddaa36fe280b25c5a6a7e3b24/volume-6a2ee5c2-ef37-4306-83fc-b60990803017 {{(pid=88087) execute /opt/stack/data/venv/lib/python3.12/site-packages/oslo_concurrency/processutils.py:440}}
Jul 07 22:37:37 devstack sudo[94499]: quobyte : PWD=/ ; USER=root ; COMMAND=/opt/stack/data/venv/bin/cinder-rootwrap /etc/cinder/rootwrap.conf env LC_ALL=C qemu-img info -f qcow2 --output=json --force-share /opt/stack/data/cinder/mnt/02761d7ddaa36fe280b25c5a6a7e3b24/volume-6a2ee5c2-ef37-4306-83fc-b60990803017
Jul 07 22:37:37 devstack sudo[94499]: pam_unix(sudo:session): session opened for user root(uid=0) by (uid=1000)
Jul 07 22:37:37 devstack sudo[94499]: pam_unix(sudo:session): session closed for user root
Jul 07 22:37:37 devstack cinder-volume[88087]: DEBUG oslo_concurrency.processutils [None req-2474e009-160b-40a1-b69d-0c2e1ce95b32 tempest-GroupsV314Test-16689566 None] CMD "/opt/stack/data/venv/bin/python3.12 -m oslo_concurrency.prlimit --as=1073741824 --cpu=60 -- sudo cinder-rootwrap /etc/cinder/rootwrap.conf env LC_ALL=C qemu-img info -f qcow2 --output=json --force-share /opt/stack/data/cinder/mnt/02761d7ddaa36fe280b25c5a6a7e3b24/volume-6a2ee5c2-ef37-4306-83fc-b60990803017" returned: 0 in 1.010s {{(pid=88087) execute /opt/stack/data/venv/lib/python3.12/site-packages/oslo_concurrency/processutils.py:468}}
Jul 07 22:37:37 devstack cinder-volume[88087]: DEBUG oslo_concurrency.processutils [None req-2474e009-160b-40a1-b69d-0c2e1ce95b32 tempest-GroupsV314Test-16689566 None] Running cmd (subprocess): sudo cinder-rootwrap /etc/cinder/rootwrap.conf rm -f /opt/stack/data/cinder/mnt/02761d7ddaa36fe280b25c5a6a7e3b24/volume-6a2ee5c2-ef37-4306-83fc-b60990803017 {{(pid=88087) execute /opt/stack/data/venv/lib/python3.12/site-packages/oslo_concurrency/processutils.py:440}}
Jul 07 22:37:37 devstack sudo[94504]: quobyte : PWD=/ ; USER=root ; COMMAND=/opt/stack/data/venv/bin/cinder-rootwrap /etc/cinder/rootwrap.conf rm -f /opt/stack/data/cinder/mnt/02761d7ddaa36fe280b25c5a6a7e3b24/volume-6a2ee5c2-ef37-4306-83fc-b60990803017
Jul 07 22:37:37 devstack sudo[94504]: pam_unix(sudo:session): session opened for user root(uid=0) by (uid=1000)
Jul 07 22:37:38 devstack sudo[94504]: pam_unix(sudo:session): session closed for user root
Jul 07 22:37:38 devstack cinder-volume[88087]: DEBUG oslo_concurrency.processutils [None req-2474e009-160b-40a1-b69d-0c2e1ce95b32 tempest-GroupsV314Test-16689566 None] CMD "sudo cinder-rootwrap /etc/cinder/rootwrap.conf rm -f /opt/stack/data/cinder/mnt/02761d7ddaa36fe280b25c5a6a7e3b24/volume-6a2ee5c2-ef37-4306-83fc-b60990803017" returned: 0 in 0.774s {{(pid=88087) execute /opt/stack/data/venv/lib/python3.12/site-packages/oslo_concurrency/processutils.py:468}}
Jul 07 22:37:38 devstack cinder-volume[88087]: DEBUG cinder.coordination [None req-2474e009-160b-40a1-b69d-0c2e1ce95b32 tempest-GroupsV314Test-16689566 None] Lock "cinder-quobyte-6a2ee5c2-ef37-4306-83fc-b60990803017" released by "delete_volume" :: held 1.853s {{(pid=88087) __release /opt/stack/cinder/cinder/coordination.py:152}}
Jul 07 22:37:38 devstack cinder-volume[88087]: DEBUG cinder.quota [None req-2474e009-160b-40a1-b69d-0c2e1ce95b32 tempest-GroupsV314Test-16689566 None] Created reservations ['4a5f508a-0f58-411d-af73-1f29d36cc94e'] {{(pid=88087) reserve /opt/stack/cinder/cinder/quota.py:752}}
Jul 07 22:37:39 devstack cinder-volume[88087]: WARNING cinder.quota [None req-2474e009-160b-40a1-b69d-0c2e1ce95b32 tempest-GroupsV314Test-16689566 None] Deprecated: Default quota for resource: volumes_tempest-GroupsV314Test-volume-type-1631929126 is set by the default quota flag: quota_volumes_tempest-GroupsV314Test-volume-type-1631929126, it is now deprecated. Please use the default quota class for default quota.
Jul 07 22:37:39 devstack cinder-volume[88087]: WARNING cinder.quota [None req-2474e009-160b-40a1-b69d-0c2e1ce95b32 tempest-GroupsV314Test-16689566 None] Deprecated: Default quota for resource: gigabytes_tempest-GroupsV314Test-volume-type-1631929126 is set by the default quota flag: quota_gigabytes_tempest-GroupsV314Test-volume-type-1631929126, it is now deprecated. Please use the default quota class for default quota.
Jul 07 22:37:39 devstack cinder-volume[88087]: DEBUG cinder.quota [None req-2474e009-160b-40a1-b69d-0c2e1ce95b32 tempest-GroupsV314Test-16689566 None] Created reservations ['521e9a43-f7bd-4dc8-84aa-ea3987dd384a', '2ea477ca-c029-4ac8-b56d-35f81f6377fe', 'd2e22a1d-e3b2-45d9-b607-d070eab5dc56', '7bd44310-54e2-4173-a1d5-8de68e35a0fc'] {{(pid=88087) reserve /opt/stack/cinder/cinder/quota.py:752}}
Jul 07 22:37:39 devstack cinder-volume[88087]: DEBUG oslo_concurrency.lockutils [None req-2474e009-160b-40a1-b69d-0c2e1ce95b32 tempest-GroupsV314Test-16689566 None] Acquiring lock "quobyte_ensure" by "cinder.volume.drivers.quobyte.QuobyteDriver._ensure_shares_mounted" {{(pid=88087) inner /opt/stack/data/venv/lib/python3.12/site-packages/oslo_concurrency/lockutils.py:511}}
Jul 07 22:37:39 devstack cinder-volume[88087]: DEBUG oslo_concurrency.lockutils [None req-2474e009-160b-40a1-b69d-0c2e1ce95b32 tempest-GroupsV314Test-16689566 None] Lock "quobyte_ensure" acquired by "cinder.volume.drivers.quobyte.QuobyteDriver._ensure_shares_mounted" :: waited 0.001s {{(pid=88087) inner /opt/stack/data/venv/lib/python3.12/site-packages/oslo_concurrency/lockutils.py:524}}
Jul 07 22:37:39 devstack cinder-volume[88087]: DEBUG cinder.volume.drivers.quobyte [None req-2474e009-160b-40a1-b69d-0c2e1ce95b32 tempest-GroupsV314Test-16689566 None] Quobyte Volume URL set to: {'osci02.corp.quobyte.com/cinder-vol-40216831-daa0-4f13-b378-f7c5fe734e1c': None} {{(pid=88087) _load_shares_config /opt/stack/cinder/cinder/volume/drivers/quobyte.py:617}}
Jul 07 22:37:39 devstack cinder-volume[88087]: DEBUG cinder.volume.drivers.quobyte [None req-2474e009-160b-40a1-b69d-0c2e1ce95b32 tempest-GroupsV314Test-16689566 None] Available shares ['osci02.corp.quobyte.com/cinder-vol-40216831-daa0-4f13-b378-f7c5fe734e1c'] {{(pid=88087) _ensure_shares_mounted /opt/stack/cinder/cinder/volume/drivers/quobyte.py:647}}
Jul 07 22:37:39 devstack cinder-volume[88087]: DEBUG oslo_concurrency.lockutils [None req-2474e009-160b-40a1-b69d-0c2e1ce95b32 tempest-GroupsV314Test-16689566 None] Lock "quobyte_ensure" "released" by "cinder.volume.drivers.quobyte.QuobyteDriver._ensure_shares_mounted" :: held 0.024s {{(pid=88087) inner /opt/stack/data/venv/lib/python3.12/site-packages/oslo_concurrency/lockutils.py:543}}
Jul 07 22:37:39 devstack cinder-volume[88087]: DEBUG oslo_concurrency.processutils [None req-2474e009-160b-40a1-b69d-0c2e1ce95b32 tempest-GroupsV314Test-16689566 None] Running cmd (subprocess): sudo cinder-rootwrap /etc/cinder/rootwrap.conf df --portability --block-size 1 /opt/stack/data/cinder/mnt/02761d7ddaa36fe280b25c5a6a7e3b24 {{(pid=88087) execute /opt/stack/data/venv/lib/python3.12/site-packages/oslo_concurrency/processutils.py:440}}
Jul 07 22:37:39 devstack sudo[94540]: quobyte : PWD=/ ; USER=root ; COMMAND=/opt/stack/data/venv/bin/cinder-rootwrap /etc/cinder/rootwrap.conf df --portability --block-size 1 /opt/stack/data/cinder/mnt/02761d7ddaa36fe280b25c5a6a7e3b24
Jul 07 22:37:39 devstack sudo[94540]: pam_unix(sudo:session): session opened for user root(uid=0) by (uid=1000)
Jul 07 22:37:40 devstack cinder-volume[88087]: DEBUG cinder.coordination [None req-1e07b4ea-0a8a-4c54-9a55-cab354b1b28f tempest-GroupsV314Test-16689566 None] Acquiring lock "cinder-quobyte-93b25a15-4bed-4aaf-8c32-15997f68410b" by "delete_volume" {{(pid=88087) __acquire /opt/stack/cinder/cinder/coordination.py:138}}
Jul 07 22:37:40 devstack cinder-volume[88087]: DEBUG cinder.coordination [None req-1e07b4ea-0a8a-4c54-9a55-cab354b1b28f tempest-GroupsV314Test-16689566 None] Lock "cinder-quobyte-93b25a15-4bed-4aaf-8c32-15997f68410b" acquired by "delete_volume" :: waited 0.038s {{(pid=88087) __acquire /opt/stack/cinder/cinder/coordination.py:141}}
Jul 07 22:37:40 devstack cinder-volume[88087]: DEBUG oslo.privsep.daemon [-] privsep: reply[9b39ba2e-df8b-4822-bdd3-9beac1e832e3]: (4, 'qcow2') {{(pid=89307) _call_back /opt/stack/data/venv/lib/python3.12/site-packages/oslo_privsep/daemon.py:580}}
Jul 07 22:37:40 devstack cinder-volume[88087]: DEBUG oslo_concurrency.processutils [None req-1e07b4ea-0a8a-4c54-9a55-cab354b1b28f tempest-GroupsV314Test-16689566 None] Running cmd (subprocess): /opt/stack/data/venv/bin/python3.12 -m oslo_concurrency.prlimit --as=1073741824 --cpu=60 -- sudo cinder-rootwrap /etc/cinder/rootwrap.conf env LC_ALL=C qemu-img info -f qcow2 --output=json --force-share /opt/stack/data/cinder/mnt/02761d7ddaa36fe280b25c5a6a7e3b24/volume-93b25a15-4bed-4aaf-8c32-15997f68410b {{(pid=88087) execute /opt/stack/data/venv/lib/python3.12/site-packages/oslo_concurrency/processutils.py:440}}
Jul 07 22:37:40 devstack sudo[94557]: quobyte : PWD=/ ; USER=root ; COMMAND=/opt/stack/data/venv/bin/cinder-rootwrap /etc/cinder/rootwrap.conf env LC_ALL=C qemu-img info -f qcow2 --output=json --force-share /opt/stack/data/cinder/mnt/02761d7ddaa36fe280b25c5a6a7e3b24/volume-93b25a15-4bed-4aaf-8c32-15997f68410b
Jul 07 22:37:40 devstack sudo[94557]: pam_unix(sudo:session): session opened for user root(uid=0) by (uid=1000)
Jul 07 22:37:40 devstack sudo[94540]: pam_unix(sudo:session): session closed for user root
Jul 07 22:37:40 devstack cinder-volume[88087]: DEBUG oslo_concurrency.processutils [None req-2474e009-160b-40a1-b69d-0c2e1ce95b32 tempest-GroupsV314Test-16689566 None] CMD "sudo cinder-rootwrap /etc/cinder/rootwrap.conf df --portability --block-size 1 /opt/stack/data/cinder/mnt/02761d7ddaa36fe280b25c5a6a7e3b24" returned: 0 in 1.276s {{(pid=88087) execute /opt/stack/data/venv/lib/python3.12/site-packages/oslo_concurrency/processutils.py:468}}
Jul 07 22:37:40 devstack cinder-volume[88087]: DEBUG cinder.manager [None req-2474e009-160b-40a1-b69d-0c2e1ce95b32 tempest-GroupsV314Test-16689566 None] Notifying Schedulers of capabilities ... {{(pid=88087) _publish_service_capabilities /opt/stack/cinder/cinder/manager.py:219}}
Jul 07 22:37:40 devstack cinder-volume[88087]: INFO cinder.volume.manager [None req-2474e009-160b-40a1-b69d-0c2e1ce95b32 tempest-GroupsV314Test-16689566 None] Delete group completed successfully.
Jul 07 22:37:41 devstack sudo[94557]: pam_unix(sudo:session): session closed for user root
Jul 07 22:37:41 devstack cinder-volume[88087]: DEBUG oslo_concurrency.processutils [None req-1e07b4ea-0a8a-4c54-9a55-cab354b1b28f tempest-GroupsV314Test-16689566 None] CMD "/opt/stack/data/venv/bin/python3.12 -m oslo_concurrency.prlimit --as=1073741824 --cpu=60 -- sudo cinder-rootwrap /etc/cinder/rootwrap.conf env LC_ALL=C qemu-img info -f qcow2 --output=json --force-share /opt/stack/data/cinder/mnt/02761d7ddaa36fe280b25c5a6a7e3b24/volume-93b25a15-4bed-4aaf-8c32-15997f68410b" returned: 0 in 1.084s {{(pid=88087) execute /opt/stack/data/venv/lib/python3.12/site-packages/oslo_concurrency/processutils.py:468}}
Jul 07 22:37:41 devstack cinder-volume[88087]: DEBUG oslo_concurrency.processutils [None req-1e07b4ea-0a8a-4c54-9a55-cab354b1b28f tempest-GroupsV314Test-16689566 None] Running cmd (subprocess): sudo cinder-rootwrap /etc/cinder/rootwrap.conf rm -f /opt/stack/data/cinder/mnt/02761d7ddaa36fe280b25c5a6a7e3b24/volume-93b25a15-4bed-4aaf-8c32-15997f68410b {{(pid=88087) execute /opt/stack/data/venv/lib/python3.12/site-packages/oslo_concurrency/processutils.py:440}}
Jul 07 22:37:41 devstack sudo[94582]: quobyte : PWD=/ ; USER=root ; COMMAND=/opt/stack/data/venv/bin/cinder-rootwrap /etc/cinder/rootwrap.conf rm -f /opt/stack/data/cinder/mnt/02761d7ddaa36fe280b25c5a6a7e3b24/volume-93b25a15-4bed-4aaf-8c32-15997f68410b
Jul 07 22:37:41 devstack sudo[94582]: pam_unix(sudo:session): session opened for user root(uid=0) by (uid=1000)
Jul 07 22:37:42 devstack sudo[94582]: pam_unix(sudo:session): session closed for user root
Jul 07 22:37:42 devstack cinder-volume[88087]: DEBUG oslo_concurrency.processutils [None req-1e07b4ea-0a8a-4c54-9a55-cab354b1b28f tempest-GroupsV314Test-16689566 None] CMD "sudo cinder-rootwrap /etc/cinder/rootwrap.conf rm -f /opt/stack/data/cinder/mnt/02761d7ddaa36fe280b25c5a6a7e3b24/volume-93b25a15-4bed-4aaf-8c32-15997f68410b" returned: 0 in 1.343s {{(pid=88087) execute /opt/stack/data/venv/lib/python3.12/site-packages/oslo_concurrency/processutils.py:468}}
Jul 07 22:37:42 devstack cinder-volume[88087]: DEBUG cinder.coordination [None req-1e07b4ea-0a8a-4c54-9a55-cab354b1b28f tempest-GroupsV314Test-16689566 None] Lock "cinder-quobyte-93b25a15-4bed-4aaf-8c32-15997f68410b" released by "delete_volume" :: held 2.548s {{(pid=88087) __release /opt/stack/cinder/cinder/coordination.py:152}}
Jul 07 22:37:42 devstack cinder-volume[88087]: DEBUG cinder.quota [None req-1e07b4ea-0a8a-4c54-9a55-cab354b1b28f tempest-GroupsV314Test-16689566 None] Created reservations ['3c302755-a57b-49af-8742-5d68c89af863'] {{(pid=88087) reserve /opt/stack/cinder/cinder/quota.py:752}}
Jul 07 22:37:42 devstack cinder-volume[88087]: DEBUG cinder.quota [None req-1e07b4ea-0a8a-4c54-9a55-cab354b1b28f tempest-GroupsV314Test-16689566 None] Created reservations ['559e3b81-8ca2-479d-ba18-acecabdc605d', 'd7fd6e63-439e-480a-b88d-4683c641e49f', 'c2c4a150-d460-4b4d-b1b3-e818fed882bc', 'a36d211f-6ccb-4581-8941-201919f151cb'] {{(pid=88087) reserve /opt/stack/cinder/cinder/quota.py:752}}
Jul 07 22:37:43 devstack cinder-volume[88087]: DEBUG oslo_concurrency.lockutils [None req-1e07b4ea-0a8a-4c54-9a55-cab354b1b28f tempest-GroupsV314Test-16689566 None] Acquiring lock "quobyte_ensure" by "cinder.volume.drivers.quobyte.QuobyteDriver._ensure_shares_mounted" {{(pid=88087) inner /opt/stack/data/venv/lib/python3.12/site-packages/oslo_concurrency/lockutils.py:511}}
Jul 07 22:37:43 devstack cinder-volume[88087]: DEBUG oslo_concurrency.lockutils [None req-1e07b4ea-0a8a-4c54-9a55-cab354b1b28f tempest-GroupsV314Test-16689566 None] Lock "quobyte_ensure" acquired by "cinder.volume.drivers.quobyte.QuobyteDriver._ensure_shares_mounted" :: waited 0.001s {{(pid=88087) inner /opt/stack/data/venv/lib/python3.12/site-packages/oslo_concurrency/lockutils.py:524}}
Jul 07 22:37:43 devstack cinder-volume[88087]: DEBUG cinder.volume.drivers.quobyte [None req-1e07b4ea-0a8a-4c54-9a55-cab354b1b28f tempest-GroupsV314Test-16689566 None] Quobyte Volume URL set to: {'osci02.corp.quobyte.com/cinder-vol-40216831-daa0-4f13-b378-f7c5fe734e1c': None} {{(pid=88087) _load_shares_config /opt/stack/cinder/cinder/volume/drivers/quobyte.py:617}}
Jul 07 22:37:43 devstack cinder-volume[88087]: DEBUG cinder.volume.drivers.quobyte [None req-1e07b4ea-0a8a-4c54-9a55-cab354b1b28f tempest-GroupsV314Test-16689566 None] Available shares ['osci02.corp.quobyte.com/cinder-vol-40216831-daa0-4f13-b378-f7c5fe734e1c'] {{(pid=88087) _ensure_shares_mounted /opt/stack/cinder/cinder/volume/drivers/quobyte.py:647}}
Jul 07 22:37:43 devstack cinder-volume[88087]: DEBUG oslo_concurrency.lockutils [None req-1e07b4ea-0a8a-4c54-9a55-cab354b1b28f tempest-GroupsV314Test-16689566 None] Lock "quobyte_ensure" "released" by "cinder.volume.drivers.quobyte.QuobyteDriver._ensure_shares_mounted" :: held 0.031s {{(pid=88087) inner /opt/stack/data/venv/lib/python3.12/site-packages/oslo_concurrency/lockutils.py:543}}
Jul 07 22:37:43 devstack cinder-volume[88087]: DEBUG oslo_concurrency.processutils [None req-1e07b4ea-0a8a-4c54-9a55-cab354b1b28f tempest-GroupsV314Test-16689566 None] Running cmd (subprocess): sudo cinder-rootwrap /etc/cinder/rootwrap.conf df --portability --block-size 1 /opt/stack/data/cinder/mnt/02761d7ddaa36fe280b25c5a6a7e3b24 {{(pid=88087) execute /opt/stack/data/venv/lib/python3.12/site-packages/oslo_concurrency/processutils.py:440}}
Jul 07 22:37:43 devstack sudo[94591]: quobyte : PWD=/ ; USER=root ; COMMAND=/opt/stack/data/venv/bin/cinder-rootwrap /etc/cinder/rootwrap.conf df --portability --block-size 1 /opt/stack/data/cinder/mnt/02761d7ddaa36fe280b25c5a6a7e3b24
Jul 07 22:37:43 devstack sudo[94591]: pam_unix(sudo:session): session opened for user root(uid=0) by (uid=1000)
Jul 07 22:37:44 devstack sudo[94591]: pam_unix(sudo:session): session closed for user root
Jul 07 22:37:44 devstack cinder-volume[88087]: DEBUG oslo_concurrency.processutils [None req-1e07b4ea-0a8a-4c54-9a55-cab354b1b28f tempest-GroupsV314Test-16689566 None] CMD "sudo cinder-rootwrap /etc/cinder/rootwrap.conf df --portability --block-size 1 /opt/stack/data/cinder/mnt/02761d7ddaa36fe280b25c5a6a7e3b24" returned: 0 in 1.005s {{(pid=88087) execute /opt/stack/data/venv/lib/python3.12/site-packages/oslo_concurrency/processutils.py:468}}
Jul 07 22:37:44 devstack cinder-volume[88087]: DEBUG cinder.manager [None req-1e07b4ea-0a8a-4c54-9a55-cab354b1b28f tempest-GroupsV314Test-16689566 None] Notifying Schedulers of capabilities ... {{(pid=88087) _publish_service_capabilities /opt/stack/cinder/cinder/manager.py:219}}
Jul 07 22:37:44 devstack cinder-volume[88087]: INFO cinder.volume.manager [None req-1e07b4ea-0a8a-4c54-9a55-cab354b1b28f tempest-GroupsV314Test-16689566 None] Delete group completed successfully.
Jul 07 22:37:44 devstack cinder-volume[88087]: DEBUG cinder.volume.flows.manager.create_volume [None req-e428fa58-96d9-48a8-9f6f-e99742c7fc5f tempest-AttachVolumeNegativeTest-1968883960 None] Volume reschedule parameters: True retry: {'num_attempts': 1, 'backends': ['devstack@QuobyteHD#QuobyteHD'], 'hosts': ['devstack@QuobyteHD#QuobyteHD']} {{(pid=88087) get_flow /opt/stack/cinder/cinder/volume/flows/manager/create_volume.py:1397}}
Jul 07 22:37:44 devstack cinder-volume[88087]: DEBUG cinder.volume.manager [None req-e428fa58-96d9-48a8-9f6f-e99742c7fc5f tempest-AttachVolumeNegativeTest-1968883960 None] Flow 'volume_create_manager' (63174df9-4960-44a5-ad73-5adecebc4d01) transitioned into state 'RUNNING' from state 'PENDING' {{(pid=88087) _flow_receiver /opt/stack/data/venv/lib/python3.12/site-packages/taskflow/listeners/logging.py:160}}
Jul 07 22:37:44 devstack cinder-volume[88087]: DEBUG cinder.volume.manager [None req-e428fa58-96d9-48a8-9f6f-e99742c7fc5f tempest-AttachVolumeNegativeTest-1968883960 None] Task 'cinder.volume.flows.manager.create_volume.ExtractVolumeRefTask;volume:create' (f304261b-73bc-4074-ac85-3942dbdb9993) transitioned into state 'RUNNING' from state 'PENDING' {{(pid=88087) _task_receiver /opt/stack/data/venv/lib/python3.12/site-packages/taskflow/listeners/logging.py:242}}
Jul 07 22:37:44 devstack cinder-volume[88087]: DEBUG cinder.volume.manager [None req-e428fa58-96d9-48a8-9f6f-e99742c7fc5f tempest-AttachVolumeNegativeTest-1968883960 None] Task 'cinder.volume.flows.manager.create_volume.ExtractVolumeRefTask;volume:create' (f304261b-73bc-4074-ac85-3942dbdb9993) transitioned into state 'SUCCESS' from state 'RUNNING' with result 'Volume(_name_id=None,admin_metadata=,attach_status='detached',availability_zone='nova',bootable=False,cluster=,cluster_name=None,consistencygroup=,consistencygroup_id=None,created_at=2026-07-07T20:37:44Z,deleted=False,deleted_at=None,display_description=None,display_name='tempest-AttachVolumeNegativeTest-volume-1838810682',ec2_id=None,encryption_key_id=None,glance_metadata=,group=,group_id=None,host='devstack@QuobyteHD#QuobyteHD',id=d6156b8a-2f74-4367-a8f8-79d18e080194,launched_at=None,metadata={},migration_status=None,multiattach=False,previous_status=None,project_id='68b7f8441b2c41039338f768073ef2c9',provider_auth=None,provider_geometry=None,provider_id=None,provider_location=None,replication_driver_data=None,replication_extended_status=None,replication_status=None,scheduled_at=2026-07-07T20:37:44Z,service_uuid=None,shared_targets=True,size=1,snapshot_id=None,snapshots=,source_volid=None,status='creating',terminated_at=None,updated_at=2026-07-07T20:37:44Z,use_quota=True,user_id='ca0fae1c6acf4ff9af0e7bdc4552052b',volume_attachment=VolumeAttachmentList,volume_type=VolumeType(626bec66-184b-4d11-a269-5da689da3ed2),volume_type_id=626bec66-184b-4d11-a269-5da689da3ed2)' {{(pid=88087) _task_receiver /opt/stack/data/venv/lib/python3.12/site-packages/taskflow/listeners/logging.py:218}}
Jul 07 22:37:44 devstack cinder-volume[88087]: DEBUG cinder.volume.manager [None req-e428fa58-96d9-48a8-9f6f-e99742c7fc5f tempest-AttachVolumeNegativeTest-1968883960 None] Task 'cinder.volume.flows.manager.create_volume.OnFailureRescheduleTask;volume:create' (4e3ebb5b-a0be-432f-b573-b6f0e797e94a) transitioned into state 'RUNNING' from state 'PENDING' {{(pid=88087) _task_receiver /opt/stack/data/venv/lib/python3.12/site-packages/taskflow/listeners/logging.py:242}}
