Jun 18 17:31:01 devstack cinder-volume[91932]: INFO cinder.volume.flows.manager.create_volume [None req-3d0f7ed6-e80b-4b90-b89d-c4392ea1035a tempest-SnapshotsActionsTest-431727363 None] Volume volume-d0fde74c-f3df-4504-802d-f743b7d967c3 (d0fde74c-f3df-4504-802d-f743b7d967c3): created successfully
Jun 18 17:31:01 devstack cinder-volume[91932]: DEBUG cinder.volume.manager [None req-3d0f7ed6-e80b-4b90-b89d-c4392ea1035a tempest-SnapshotsActionsTest-431727363 None] Task 'cinder.volume.flows.manager.create_volume.CreateVolumeOnFinishTask;volume:create, create.end' (599ffe38-bbe5-47a5-9c8d-bb258bc03a62) transitioned into state 'SUCCESS' from state 'RUNNING' with result 'None' {{(pid=91932) _task_receiver /opt/stack/data/venv/lib/python3.12/site-packages/taskflow/listeners/logging.py:218}}
Jun 18 17:31:01 devstack cinder-volume[91932]: DEBUG cinder.volume.manager [None req-3d0f7ed6-e80b-4b90-b89d-c4392ea1035a tempest-SnapshotsActionsTest-431727363 None] Flow 'volume_create_manager' (1df6f0f9-c7c7-495a-895a-91157099663d) transitioned into state 'SUCCESS' from state 'RUNNING' {{(pid=91932) _flow_receiver /opt/stack/data/venv/lib/python3.12/site-packages/taskflow/listeners/logging.py:160}}
Jun 18 17:31:01 devstack cinder-volume[91932]: INFO cinder.volume.manager [None req-3d0f7ed6-e80b-4b90-b89d-c4392ea1035a tempest-SnapshotsActionsTest-431727363 None] Created volume successfully.
Jun 18 17:31:01 devstack cinder-volume[91932]: DEBUG cinder.quota [None req-cb992c4e-6aea-4b7b-9129-33379ee35a76 tempest-VolumesExtendTest-710498989 None] Created reservations ['26809533-0e65-4b02-a2cd-b02bf74522fa', '981c7a53-cca4-4b92-9a87-b0b83ae980a2', '989dad92-0d2c-4bd0-9703-d15d6fff4b59', '042fdf83-e30c-444f-93f8-81ec97ed1044'] {{(pid=91932) reserve /opt/stack/cinder/cinder/quota.py:752}}
Jun 18 17:31:01 devstack cinder-volume[91932]: DEBUG oslo_concurrency.lockutils [None req-cb992c4e-6aea-4b7b-9129-33379ee35a76 tempest-VolumesExtendTest-710498989 None] Acquiring lock "quobyte_ensure" by "cinder.volume.drivers.quobyte.QuobyteDriver._ensure_shares_mounted" {{(pid=91932) inner /opt/stack/data/venv/lib/python3.12/site-packages/oslo_concurrency/lockutils.py:511}}
Jun 18 17:31:01 devstack cinder-volume[91932]: DEBUG oslo_concurrency.lockutils [None req-cb992c4e-6aea-4b7b-9129-33379ee35a76 tempest-VolumesExtendTest-710498989 None] Lock "quobyte_ensure" acquired by "cinder.volume.drivers.quobyte.QuobyteDriver._ensure_shares_mounted" :: waited 0.001s {{(pid=91932) inner /opt/stack/data/venv/lib/python3.12/site-packages/oslo_concurrency/lockutils.py:524}}
Jun 18 17:31:01 devstack cinder-volume[91932]: DEBUG cinder.volume.drivers.quobyte [None req-cb992c4e-6aea-4b7b-9129-33379ee35a76 tempest-VolumesExtendTest-710498989 None] Quobyte Volume URL set to: {'osci02.corp.quobyte.com/cinder-vol-521babb2-182f-47de-8459-cc38044a1cbb': None} {{(pid=91932) _load_shares_config /opt/stack/cinder/cinder/volume/drivers/quobyte.py:617}}
Jun 18 17:31:01 devstack cinder-volume[91932]: DEBUG cinder.volume.drivers.quobyte [None req-cb992c4e-6aea-4b7b-9129-33379ee35a76 tempest-VolumesExtendTest-710498989 None] Available shares ['osci02.corp.quobyte.com/cinder-vol-521babb2-182f-47de-8459-cc38044a1cbb'] {{(pid=91932) _ensure_shares_mounted /opt/stack/cinder/cinder/volume/drivers/quobyte.py:647}}
Jun 18 17:31:01 devstack cinder-volume[91932]: DEBUG oslo_concurrency.lockutils [None req-cb992c4e-6aea-4b7b-9129-33379ee35a76 tempest-VolumesExtendTest-710498989 None] Lock "quobyte_ensure" "released" by "cinder.volume.drivers.quobyte.QuobyteDriver._ensure_shares_mounted" :: held 0.012s {{(pid=91932) inner /opt/stack/data/venv/lib/python3.12/site-packages/oslo_concurrency/lockutils.py:543}}
Jun 18 17:31:01 devstack cinder-volume[91932]: DEBUG oslo_concurrency.processutils [None req-cb992c4e-6aea-4b7b-9129-33379ee35a76 tempest-VolumesExtendTest-710498989 None] Running cmd (subprocess): sudo cinder-rootwrap /etc/cinder/rootwrap.conf df --portability --block-size 1 /opt/stack/data/cinder/mnt/c1f2c0259c1121d0514a9fe138fbf4fa {{(pid=91932) execute /opt/stack/data/venv/lib/python3.12/site-packages/oslo_concurrency/processutils.py:440}}
Jun 18 17:31:01 devstack sudo[97905]: quobyte : PWD=/ ; USER=root ; COMMAND=/opt/stack/data/venv/bin/cinder-rootwrap /etc/cinder/rootwrap.conf df --portability --block-size 1 /opt/stack/data/cinder/mnt/c1f2c0259c1121d0514a9fe138fbf4fa
Jun 18 17:31:01 devstack sudo[97905]: pam_unix(sudo:session): session opened for user root(uid=0) by (uid=1000)
Jun 18 17:31:01 devstack sudo[97898]: pam_unix(sudo:session): session closed for user root
Jun 18 17:31:01 devstack cinder-volume[91932]: DEBUG oslo_concurrency.processutils [None req-783bb460-149c-442a-aa26-374c2ba0273e None None] CMD "sudo cinder-rootwrap /etc/cinder/rootwrap.conf df --portability --block-size 1 /opt/stack/data/cinder/mnt/c1f2c0259c1121d0514a9fe138fbf4fa" returned: 0 in 0.727s {{(pid=91932) execute /opt/stack/data/venv/lib/python3.12/site-packages/oslo_concurrency/processutils.py:468}}
Jun 18 17:31:01 devstack cinder-volume[91932]: DEBUG cinder.manager [None req-783bb460-149c-442a-aa26-374c2ba0273e None None] Notifying Schedulers of capabilities ... {{(pid=91932) _publish_service_capabilities /opt/stack/cinder/cinder/manager.py:219}}
Jun 18 17:31:01 devstack cinder-volume[91932]: DEBUG oslo_service.periodic_task [None req-783bb460-149c-442a-aa26-374c2ba0273e None None] Running periodic task VolumeManager._thread_info {{(pid=91932) run_periodic_tasks /opt/stack/data/venv/lib/python3.12/site-packages/oslo_service/periodic_task.py:225}}
Jun 18 17:31:01 devstack cinder-volume[91932]: DEBUG cinder.volume.manager [None req-783bb460-149c-442a-aa26-374c2ba0273e None None] thread count: 28 {{(pid=91932) _thread_info /opt/stack/cinder/cinder/volume/manager.py:5472}}
Jun 18 17:31:01 devstack cinder-volume[91932]: DEBUG cinder.volume.manager [None req-783bb460-149c-442a-aa26-374c2ba0273e None None] thread info: [<_MainThread(MainThread, started 128507203682432)>, , , , , , , , , , , , , , , , , , , , , , , , , , , ] {{(pid=91932) _thread_info /opt/stack/cinder/cinder/volume/manager.py:5473}}
Jun 18 17:31:01 devstack cinder-volume[91932]: INFO cinder.volume.manager [req-72f1152f-8d24-4c7c-a984-765e8cf88bee req-3867362b-5927-44ca-9be0-bcf94a9f9d68 tempest-AttachVolumeNegativeTest-773431807 None] Terminate volume connection completed successfully.
Jun 18 17:31:01 devstack cinder-volume[91932]: DEBUG cinder.volume.manager [req-72f1152f-8d24-4c7c-a984-765e8cf88bee req-3867362b-5927-44ca-9be0-bcf94a9f9d68 tempest-AttachVolumeNegativeTest-773431807 None] Deleting attachment e0252377-dccf-4428-8bf2-6c70114102dc. {{(pid=91932) attachment_delete /opt/stack/cinder/cinder/volume/manager.py:5055}}
Jun 18 17:31:02 devstack sudo[97905]: pam_unix(sudo:session): session closed for user root
Jun 18 17:31:02 devstack cinder-volume[91932]: DEBUG oslo_concurrency.processutils [None req-cb992c4e-6aea-4b7b-9129-33379ee35a76 tempest-VolumesExtendTest-710498989 None] CMD "sudo cinder-rootwrap /etc/cinder/rootwrap.conf df --portability --block-size 1 /opt/stack/data/cinder/mnt/c1f2c0259c1121d0514a9fe138fbf4fa" returned: 0 in 0.756s {{(pid=91932) execute /opt/stack/data/venv/lib/python3.12/site-packages/oslo_concurrency/processutils.py:468}}
Jun 18 17:31:02 devstack cinder-volume[91932]: DEBUG cinder.manager [None req-cb992c4e-6aea-4b7b-9129-33379ee35a76 tempest-VolumesExtendTest-710498989 None] Notifying Schedulers of capabilities ... {{(pid=91932) _publish_service_capabilities /opt/stack/cinder/cinder/manager.py:219}}
Jun 18 17:31:02 devstack cinder-volume[91932]: INFO cinder.volume.manager [None req-cb992c4e-6aea-4b7b-9129-33379ee35a76 tempest-VolumesExtendTest-710498989 None] Deleted volume successfully.
Jun 18 17:31:02 devstack cinder-volume[91932]: DEBUG cinder.coordination [None req-cb992c4e-6aea-4b7b-9129-33379ee35a76 tempest-VolumesExtendTest-710498989 None] Lock "cinder-138d083e-3e17-4c12-8ed8-3f150f796e1f-delete_volume" released by "delete_volume" :: held 3.691s {{(pid=91932) __release /opt/stack/cinder/cinder/coordination.py:152}}
Jun 18 17:31:02 devstack cinder-volume[91932]: DEBUG cinder.volume.flows.manager.create_volume [None req-09835e22-ed54-4d7a-a969-d8b8dd85d441 tempest-VolumesExtendTest-710498989 None] Volume reschedule parameters: True retry: {'num_attempts': 1, 'backends': ['devstack@QuobyteHD#QuobyteHD'], 'hosts': ['devstack@QuobyteHD#QuobyteHD']} {{(pid=91932) get_flow /opt/stack/cinder/cinder/volume/flows/manager/create_volume.py:1397}}
Jun 18 17:31:02 devstack cinder-volume[91932]: DEBUG cinder.volume.manager [None req-09835e22-ed54-4d7a-a969-d8b8dd85d441 tempest-VolumesExtendTest-710498989 None] Flow 'volume_create_manager' (23b79cf4-5096-4654-a1f5-3997ef1aab97) transitioned into state 'RUNNING' from state 'PENDING' {{(pid=91932) _flow_receiver /opt/stack/data/venv/lib/python3.12/site-packages/taskflow/listeners/logging.py:160}}
Jun 18 17:31:02 devstack cinder-volume[91932]: DEBUG cinder.volume.manager [None req-09835e22-ed54-4d7a-a969-d8b8dd85d441 tempest-VolumesExtendTest-710498989 None] Task 'cinder.volume.flows.manager.create_volume.ExtractVolumeRefTask;volume:create' (3cb789ee-cb39-4b5d-ab74-f18797f1a209) transitioned into state 'RUNNING' from state 'PENDING' {{(pid=91932) _task_receiver /opt/stack/data/venv/lib/python3.12/site-packages/taskflow/listeners/logging.py:242}}
Jun 18 17:31:02 devstack cinder-volume[91932]: DEBUG cinder.volume.manager [None req-09835e22-ed54-4d7a-a969-d8b8dd85d441 tempest-VolumesExtendTest-710498989 None] Task 'cinder.volume.flows.manager.create_volume.ExtractVolumeRefTask;volume:create' (3cb789ee-cb39-4b5d-ab74-f18797f1a209) transitioned into state 'SUCCESS' from state 'RUNNING' with result 'Volume(_name_id=None,admin_metadata=,attach_status='detached',availability_zone='nova',bootable=False,cluster=,cluster_name=None,consistencygroup=,consistencygroup_id=None,created_at=2026-06-18T15:31:02Z,deleted=False,deleted_at=None,display_description=None,display_name='tempest-VolumesExtendTest-Volume-1165983920',ec2_id=None,encryption_key_id=None,glance_metadata=,group=,group_id=None,host='devstack@QuobyteHD#QuobyteHD',id=2a07e2d7-ece1-41b7-bfe3-f046efe563c0,launched_at=None,metadata={},migration_status=None,multiattach=False,previous_status=None,project_id='fa174eeedd754562822609eab2ea48b6',provider_auth=None,provider_geometry=None,provider_id=None,provider_location=None,replication_driver_data=None,replication_extended_status=None,replication_status=None,scheduled_at=2026-06-18T15:31:02Z,service_uuid=None,shared_targets=True,size=1,snapshot_id=None,snapshots=,source_volid=None,status='creating',terminated_at=None,updated_at=2026-06-18T15:31:02Z,use_quota=True,user_id='0a46d83edc5e40c585ef2bc62bb49bad',volume_attachment=VolumeAttachmentList,volume_type=VolumeType(2de6fea0-913a-490b-96c1-979d4cd54ace),volume_type_id=2de6fea0-913a-490b-96c1-979d4cd54ace)' {{(pid=91932) _task_receiver /opt/stack/data/venv/lib/python3.12/site-packages/taskflow/listeners/logging.py:218}}
Jun 18 17:31:02 devstack cinder-volume[91932]: DEBUG cinder.volume.manager [None req-09835e22-ed54-4d7a-a969-d8b8dd85d441 tempest-VolumesExtendTest-710498989 None] Task 'cinder.volume.flows.manager.create_volume.OnFailureRescheduleTask;volume:create' (1670643e-215a-4b1b-9cdb-3bd61a7deb15) transitioned into state 'RUNNING' from state 'PENDING' {{(pid=91932) _task_receiver /opt/stack/data/venv/lib/python3.12/site-packages/taskflow/listeners/logging.py:242}}
Jun 18 17:31:02 devstack cinder-volume[91932]: DEBUG cinder.volume.manager [None req-09835e22-ed54-4d7a-a969-d8b8dd85d441 tempest-VolumesExtendTest-710498989 None] Task 'cinder.volume.flows.manager.create_volume.OnFailureRescheduleTask;volume:create' (1670643e-215a-4b1b-9cdb-3bd61a7deb15) transitioned into state 'SUCCESS' from state 'RUNNING' with result 'None' {{(pid=91932) _task_receiver /opt/stack/data/venv/lib/python3.12/site-packages/taskflow/listeners/logging.py:218}}
Jun 18 17:31:02 devstack cinder-volume[91932]: DEBUG cinder.volume.manager [None req-09835e22-ed54-4d7a-a969-d8b8dd85d441 tempest-VolumesExtendTest-710498989 None] Task 'cinder.volume.flows.manager.create_volume.ExtractVolumeSpecTask;volume:create' (aeddedf9-f73e-49c3-9215-e3a5158e01fd) transitioned into state 'RUNNING' from state 'PENDING' {{(pid=91932) _task_receiver /opt/stack/data/venv/lib/python3.12/site-packages/taskflow/listeners/logging.py:242}}
Jun 18 17:31:02 devstack cinder-volume[91932]: DEBUG cinder.volume.manager [None req-09835e22-ed54-4d7a-a969-d8b8dd85d441 tempest-VolumesExtendTest-710498989 None] Task 'cinder.volume.flows.manager.create_volume.ExtractVolumeSpecTask;volume:create' (aeddedf9-f73e-49c3-9215-e3a5158e01fd) transitioned into state 'SUCCESS' from state 'RUNNING' with result '{'status': 'creating', 'type': 'raw', 'volume_id': '2a07e2d7-ece1-41b7-bfe3-f046efe563c0', 'volume_name': 'volume-2a07e2d7-ece1-41b7-bfe3-f046efe563c0', 'volume_size': 1}' {{(pid=91932) _task_receiver /opt/stack/data/venv/lib/python3.12/site-packages/taskflow/listeners/logging.py:218}}
Jun 18 17:31:02 devstack cinder-volume[91932]: DEBUG cinder.volume.manager [None req-09835e22-ed54-4d7a-a969-d8b8dd85d441 tempest-VolumesExtendTest-710498989 None] Task 'cinder.volume.flows.manager.create_volume.NotifyVolumeActionTask;volume:create, create.start' (86142854-8d78-4211-8356-57426f1ed3a3) transitioned into state 'RUNNING' from state 'PENDING' {{(pid=91932) _task_receiver /opt/stack/data/venv/lib/python3.12/site-packages/taskflow/listeners/logging.py:242}}
Jun 18 17:31:02 devstack cinder-volume[91932]: DEBUG cinder.volume.manager [None req-09835e22-ed54-4d7a-a969-d8b8dd85d441 tempest-VolumesExtendTest-710498989 None] Task 'cinder.volume.flows.manager.create_volume.NotifyVolumeActionTask;volume:create, create.start' (86142854-8d78-4211-8356-57426f1ed3a3) transitioned into state 'SUCCESS' from state 'RUNNING' with result 'None' {{(pid=91932) _task_receiver /opt/stack/data/venv/lib/python3.12/site-packages/taskflow/listeners/logging.py:218}}
Jun 18 17:31:02 devstack cinder-volume[91932]: DEBUG cinder.volume.manager [None req-09835e22-ed54-4d7a-a969-d8b8dd85d441 tempest-VolumesExtendTest-710498989 None] Task 'cinder.volume.flows.manager.create_volume.CreateVolumeFromSpecTask;volume:create' (820cfd5d-7eba-4120-80f8-822fcba609c8) transitioned into state 'RUNNING' from state 'PENDING' {{(pid=91932) _task_receiver /opt/stack/data/venv/lib/python3.12/site-packages/taskflow/listeners/logging.py:242}}
Jun 18 17:31:02 devstack cinder-volume[91932]: INFO cinder.volume.flows.manager.create_volume [None req-09835e22-ed54-4d7a-a969-d8b8dd85d441 tempest-VolumesExtendTest-710498989 None] Volume 2a07e2d7-ece1-41b7-bfe3-f046efe563c0: being created as raw with specification: {'status': 'creating', 'volume_name': 'volume-2a07e2d7-ece1-41b7-bfe3-f046efe563c0', 'volume_size': 1}
Jun 18 17:31:02 devstack cinder-volume[91932]: DEBUG oslo_concurrency.lockutils [None req-09835e22-ed54-4d7a-a969-d8b8dd85d441 tempest-VolumesExtendTest-710498989 None] Acquiring lock "quobyte" by "cinder.volume.drivers.quobyte.QuobyteDriver.create_volume" {{(pid=91932) inner /opt/stack/data/venv/lib/python3.12/site-packages/oslo_concurrency/lockutils.py:511}}
Jun 18 17:31:02 devstack cinder-volume[91932]: DEBUG oslo_concurrency.lockutils [None req-09835e22-ed54-4d7a-a969-d8b8dd85d441 tempest-VolumesExtendTest-710498989 None] Lock "quobyte" acquired by "cinder.volume.drivers.quobyte.QuobyteDriver.create_volume" :: waited 0.001s {{(pid=91932) inner /opt/stack/data/venv/lib/python3.12/site-packages/oslo_concurrency/lockutils.py:524}}
Jun 18 17:31:02 devstack cinder-volume[91932]: DEBUG cinder.volume.drivers.quobyte [None req-09835e22-ed54-4d7a-a969-d8b8dd85d441 tempest-VolumesExtendTest-710498989 None] ==> create_volume: call "{'self': , 'volume': Volume(_name_id=None,admin_metadata=,attach_status='detached',availability_zone='nova',bootable=False,cluster=,cluster_name=None,consistencygroup=,consistencygroup_id=None,created_at=2026-06-18T15:31:02Z,deleted=False,deleted_at=None,display_description=None,display_name='tempest-VolumesExtendTest-Volume-1165983920',ec2_id=None,encryption_key_id=None,glance_metadata=,group=,group_id=None,host='devstack@QuobyteHD#QuobyteHD',id=2a07e2d7-ece1-41b7-bfe3-f046efe563c0,launched_at=None,metadata={},migration_status=None,multiattach=False,previous_status=None,project_id='fa174eeedd754562822609eab2ea48b6',provider_auth=None,provider_geometry=None,provider_id=None,provider_location=None,replication_driver_data=None,replication_extended_status=None,replication_status=None,scheduled_at=2026-06-18T15:31:02Z,service_uuid=None,shared_targets=True,size=1,snapshot_id=None,snapshots=,source_volid=None,status='creating',terminated_at=None,updated_at=2026-06-18T15:31:02Z,use_quota=True,user_id='0a46d83edc5e40c585ef2bc62bb49bad',volume_attachment=VolumeAttachmentList,volume_type=VolumeType(2de6fea0-913a-490b-96c1-979d4cd54ace),volume_type_id=2de6fea0-913a-490b-96c1-979d4cd54ace)}" {{(pid=91932) trace_logging_wrapper /opt/stack/cinder/cinder/volume/volume_utils.py:1497}}
Jun 18 17:31:02 devstack cinder-volume[91932]: DEBUG cinder.volume.drivers.remotefs [None req-09835e22-ed54-4d7a-a969-d8b8dd85d441 tempest-VolumesExtendTest-710498989 None] Creating volume 2a07e2d7-ece1-41b7-bfe3-f046efe563c0 {{(pid=91932) create_volume /opt/stack/cinder/cinder/volume/drivers/remotefs.py:292}}
Jun 18 17:31:02 devstack cinder-volume[91932]: DEBUG oslo_concurrency.lockutils [None req-09835e22-ed54-4d7a-a969-d8b8dd85d441 tempest-VolumesExtendTest-710498989 None] Acquiring lock "quobyte_ensure" by "cinder.volume.drivers.quobyte.QuobyteDriver._ensure_shares_mounted" {{(pid=91932) inner /opt/stack/data/venv/lib/python3.12/site-packages/oslo_concurrency/lockutils.py:511}}
Jun 18 17:31:02 devstack cinder-volume[91932]: DEBUG oslo_concurrency.lockutils [None req-09835e22-ed54-4d7a-a969-d8b8dd85d441 tempest-VolumesExtendTest-710498989 None] Lock "quobyte_ensure" acquired by "cinder.volume.drivers.quobyte.QuobyteDriver._ensure_shares_mounted" :: waited 0.000s {{(pid=91932) inner /opt/stack/data/venv/lib/python3.12/site-packages/oslo_concurrency/lockutils.py:524}}
Jun 18 17:31:02 devstack cinder-volume[91932]: DEBUG cinder.volume.drivers.quobyte [None req-09835e22-ed54-4d7a-a969-d8b8dd85d441 tempest-VolumesExtendTest-710498989 None] Quobyte Volume URL set to: {'osci02.corp.quobyte.com/cinder-vol-521babb2-182f-47de-8459-cc38044a1cbb': None} {{(pid=91932) _load_shares_config /opt/stack/cinder/cinder/volume/drivers/quobyte.py:617}}
Jun 18 17:31:02 devstack cinder-volume[91932]: DEBUG cinder.volume.drivers.quobyte [None req-09835e22-ed54-4d7a-a969-d8b8dd85d441 tempest-VolumesExtendTest-710498989 None] Available shares ['osci02.corp.quobyte.com/cinder-vol-521babb2-182f-47de-8459-cc38044a1cbb'] {{(pid=91932) _ensure_shares_mounted /opt/stack/cinder/cinder/volume/drivers/quobyte.py:647}}
Jun 18 17:31:02 devstack cinder-volume[91932]: DEBUG oslo_concurrency.lockutils [None req-09835e22-ed54-4d7a-a969-d8b8dd85d441 tempest-VolumesExtendTest-710498989 None] Lock "quobyte_ensure" "released" by "cinder.volume.drivers.quobyte.QuobyteDriver._ensure_shares_mounted" :: held 0.007s {{(pid=91932) inner /opt/stack/data/venv/lib/python3.12/site-packages/oslo_concurrency/lockutils.py:543}}
Jun 18 17:31:02 devstack cinder-volume[91932]: DEBUG cinder.volume.drivers.quobyte [None req-09835e22-ed54-4d7a-a969-d8b8dd85d441 tempest-VolumesExtendTest-710498989 None] Selected osci02.corp.quobyte.com/cinder-vol-521babb2-182f-47de-8459-cc38044a1cbb as target Quobyte volume. {{(pid=91932) _find_share /opt/stack/cinder/cinder/volume/drivers/quobyte.py:668}}
Jun 18 17:31:02 devstack cinder-volume[91932]: INFO cinder.volume.drivers.remotefs [None req-09835e22-ed54-4d7a-a969-d8b8dd85d441 tempest-VolumesExtendTest-710498989 None] casted to osci02.corp.quobyte.com/cinder-vol-521babb2-182f-47de-8459-cc38044a1cbb
Jun 18 17:31:02 devstack cinder-volume[91932]: DEBUG oslo_concurrency.processutils [None req-09835e22-ed54-4d7a-a969-d8b8dd85d441 tempest-VolumesExtendTest-710498989 None] Running cmd (subprocess): sudo cinder-rootwrap /etc/cinder/rootwrap.conf qemu-img create -f qcow2 -o preallocation=metadata /opt/stack/data/cinder/mnt/c1f2c0259c1121d0514a9fe138fbf4fa/volume-2a07e2d7-ece1-41b7-bfe3-f046efe563c0 1073741824 {{(pid=91932) execute /opt/stack/data/venv/lib/python3.12/site-packages/oslo_concurrency/processutils.py:440}}
Jun 18 17:31:02 devstack sudo[97935]: quobyte : PWD=/ ; USER=root ; COMMAND=/opt/stack/data/venv/bin/cinder-rootwrap /etc/cinder/rootwrap.conf qemu-img create -f qcow2 -o preallocation=metadata /opt/stack/data/cinder/mnt/c1f2c0259c1121d0514a9fe138fbf4fa/volume-2a07e2d7-ece1-41b7-bfe3-f046efe563c0 1073741824
Jun 18 17:31:02 devstack sudo[97935]: pam_unix(sudo:session): session opened for user root(uid=0) by (uid=1000)
Jun 18 17:31:02 devstack cinder-volume[91932]: DEBUG oslo_concurrency.lockutils [None req-d4f5de1f-588c-421e-b50c-5e1f204e3a28 tempest-SnapshotsActionsTest-431727363 None] Acquiring lock "quobyte" by "cinder.volume.drivers.quobyte.QuobyteDriver.create_snapshot" {{(pid=91932) inner /opt/stack/data/venv/lib/python3.12/site-packages/oslo_concurrency/lockutils.py:511}}
Jun 18 17:31:03 devstack sudo[97935]: pam_unix(sudo:session): session closed for user root
Jun 18 17:31:03 devstack cinder-volume[91932]: DEBUG oslo_concurrency.processutils [None req-09835e22-ed54-4d7a-a969-d8b8dd85d441 tempest-VolumesExtendTest-710498989 None] CMD "sudo cinder-rootwrap /etc/cinder/rootwrap.conf qemu-img create -f qcow2 -o preallocation=metadata /opt/stack/data/cinder/mnt/c1f2c0259c1121d0514a9fe138fbf4fa/volume-2a07e2d7-ece1-41b7-bfe3-f046efe563c0 1073741824" returned: 0 in 0.795s {{(pid=91932) execute /opt/stack/data/venv/lib/python3.12/site-packages/oslo_concurrency/processutils.py:468}}
Jun 18 17:31:03 devstack cinder-volume[91932]: DEBUG oslo_concurrency.processutils [None req-09835e22-ed54-4d7a-a969-d8b8dd85d441 tempest-VolumesExtendTest-710498989 None] Running cmd (subprocess): sudo cinder-rootwrap /etc/cinder/rootwrap.conf chmod ugo+rw /opt/stack/data/cinder/mnt/c1f2c0259c1121d0514a9fe138fbf4fa/volume-2a07e2d7-ece1-41b7-bfe3-f046efe563c0 {{(pid=91932) execute /opt/stack/data/venv/lib/python3.12/site-packages/oslo_concurrency/processutils.py:440}}
Jun 18 17:31:03 devstack sudo[97940]: quobyte : PWD=/ ; USER=root ; COMMAND=/opt/stack/data/venv/bin/cinder-rootwrap /etc/cinder/rootwrap.conf chmod ugo+rw /opt/stack/data/cinder/mnt/c1f2c0259c1121d0514a9fe138fbf4fa/volume-2a07e2d7-ece1-41b7-bfe3-f046efe563c0
Jun 18 17:31:03 devstack sudo[97940]: pam_unix(sudo:session): session opened for user root(uid=0) by (uid=1000)
Jun 18 17:31:03 devstack sudo[97940]: pam_unix(sudo:session): session closed for user root
Jun 18 17:31:04 devstack cinder-volume[91932]: DEBUG oslo_concurrency.processutils [None req-09835e22-ed54-4d7a-a969-d8b8dd85d441 tempest-VolumesExtendTest-710498989 None] CMD "sudo cinder-rootwrap /etc/cinder/rootwrap.conf chmod ugo+rw /opt/stack/data/cinder/mnt/c1f2c0259c1121d0514a9fe138fbf4fa/volume-2a07e2d7-ece1-41b7-bfe3-f046efe563c0" returned: 0 in 0.667s {{(pid=91932) execute /opt/stack/data/venv/lib/python3.12/site-packages/oslo_concurrency/processutils.py:468}}
Jun 18 17:31:04 devstack cinder-volume[91932]: DEBUG cinder.volume.drivers.quobyte [None req-09835e22-ed54-4d7a-a969-d8b8dd85d441 tempest-VolumesExtendTest-710498989 None] <== create_volume: return (1501ms) {'provider_location': 'osci02.corp.quobyte.com/cinder-vol-521babb2-182f-47de-8459-cc38044a1cbb'} {{(pid=91932) trace_logging_wrapper /opt/stack/cinder/cinder/volume/volume_utils.py:1522}}
Jun 18 17:31:04 devstack cinder-volume[91932]: DEBUG oslo_concurrency.lockutils [None req-09835e22-ed54-4d7a-a969-d8b8dd85d441 tempest-VolumesExtendTest-710498989 None] Lock "quobyte" "released" by "cinder.volume.drivers.quobyte.QuobyteDriver.create_volume" :: held 1.503s {{(pid=91932) inner /opt/stack/data/venv/lib/python3.12/site-packages/oslo_concurrency/lockutils.py:543}}
Jun 18 17:31:04 devstack cinder-volume[91932]: DEBUG oslo_concurrency.lockutils [None req-d4f5de1f-588c-421e-b50c-5e1f204e3a28 tempest-SnapshotsActionsTest-431727363 None] Lock "quobyte" acquired by "cinder.volume.drivers.quobyte.QuobyteDriver.create_snapshot" :: waited 1.369s {{(pid=91932) inner /opt/stack/data/venv/lib/python3.12/site-packages/oslo_concurrency/lockutils.py:524}}
Jun 18 17:31:04 devstack cinder-volume[91932]: DEBUG cinder.volume.drivers.remotefs [None req-d4f5de1f-588c-421e-b50c-5e1f204e3a28 tempest-SnapshotsActionsTest-431727363 None] Creating offline snapshot 09d701c6-9772-4de5-a467-0c2ba602b90f of volume d0fde74c-f3df-4504-802d-f743b7d967c3 {{(pid=91932) _create_snapshot /opt/stack/cinder/cinder/volume/drivers/remotefs.py:1816}}
Jun 18 17:31:04 devstack cinder-volume[91932]: DEBUG cinder.volume.manager [None req-09835e22-ed54-4d7a-a969-d8b8dd85d441 tempest-VolumesExtendTest-710498989 None] Task 'cinder.volume.flows.manager.create_volume.CreateVolumeFromSpecTask;volume:create' (820cfd5d-7eba-4120-80f8-822fcba609c8) transitioned into state 'SUCCESS' from state 'RUNNING' with result '{'status': 'creating', 'volume_name': 'volume-2a07e2d7-ece1-41b7-bfe3-f046efe563c0', 'volume_size': 1}' {{(pid=91932) _task_receiver /opt/stack/data/venv/lib/python3.12/site-packages/taskflow/listeners/logging.py:218}}
Jun 18 17:31:04 devstack cinder-volume[91932]: DEBUG cinder.volume.manager [None req-09835e22-ed54-4d7a-a969-d8b8dd85d441 tempest-VolumesExtendTest-710498989 None] Task 'cinder.volume.flows.manager.create_volume.CreateVolumeOnFinishTask;volume:create, create.end' (c7a21c44-439c-491e-a56d-90e5f71a3236) transitioned into state 'RUNNING' from state 'PENDING' {{(pid=91932) _task_receiver /opt/stack/data/venv/lib/python3.12/site-packages/taskflow/listeners/logging.py:242}}
Jun 18 17:31:04 devstack cinder-volume[91932]: DEBUG oslo.privsep.daemon [-] privsep: reply[9857c88d-bddd-4790-9ef9-bcd9e7e9943a]: (4, 'qcow2') {{(pid=93184) _call_back /opt/stack/data/venv/lib/python3.12/site-packages/oslo_privsep/daemon.py:580}}
Jun 18 17:31:04 devstack cinder-volume[91932]: DEBUG oslo_concurrency.processutils [None req-d4f5de1f-588c-421e-b50c-5e1f204e3a28 tempest-SnapshotsActionsTest-431727363 None] Running cmd (subprocess): /opt/stack/data/venv/bin/python3.12 -m oslo_concurrency.prlimit --as=1073741824 --cpu=60 -- sudo cinder-rootwrap /etc/cinder/rootwrap.conf env LC_ALL=C qemu-img info -f qcow2 --output=json --force-share /opt/stack/data/cinder/mnt/c1f2c0259c1121d0514a9fe138fbf4fa/volume-d0fde74c-f3df-4504-802d-f743b7d967c3 {{(pid=91932) execute /opt/stack/data/venv/lib/python3.12/site-packages/oslo_concurrency/processutils.py:440}}
Jun 18 17:31:04 devstack cinder-volume[91932]: INFO cinder.volume.flows.manager.create_volume [None req-09835e22-ed54-4d7a-a969-d8b8dd85d441 tempest-VolumesExtendTest-710498989 None] Volume volume-2a07e2d7-ece1-41b7-bfe3-f046efe563c0 (2a07e2d7-ece1-41b7-bfe3-f046efe563c0): created successfully
Jun 18 17:31:04 devstack cinder-volume[91932]: DEBUG cinder.volume.manager [None req-09835e22-ed54-4d7a-a969-d8b8dd85d441 tempest-VolumesExtendTest-710498989 None] Task 'cinder.volume.flows.manager.create_volume.CreateVolumeOnFinishTask;volume:create, create.end' (c7a21c44-439c-491e-a56d-90e5f71a3236) transitioned into state 'SUCCESS' from state 'RUNNING' with result 'None' {{(pid=91932) _task_receiver /opt/stack/data/venv/lib/python3.12/site-packages/taskflow/listeners/logging.py:218}}
Jun 18 17:31:04 devstack cinder-volume[91932]: DEBUG cinder.volume.manager [None req-09835e22-ed54-4d7a-a969-d8b8dd85d441 tempest-VolumesExtendTest-710498989 None] Flow 'volume_create_manager' (23b79cf4-5096-4654-a1f5-3997ef1aab97) transitioned into state 'SUCCESS' from state 'RUNNING' {{(pid=91932) _flow_receiver /opt/stack/data/venv/lib/python3.12/site-packages/taskflow/listeners/logging.py:160}}
Jun 18 17:31:04 devstack cinder-volume[91932]: INFO cinder.volume.manager [None req-09835e22-ed54-4d7a-a969-d8b8dd85d441 tempest-VolumesExtendTest-710498989 None] Created volume successfully.
Jun 18 17:31:04 devstack sudo[97946]: quobyte : PWD=/ ; USER=root ; COMMAND=/opt/stack/data/venv/bin/cinder-rootwrap /etc/cinder/rootwrap.conf env LC_ALL=C qemu-img info -f qcow2 --output=json --force-share /opt/stack/data/cinder/mnt/c1f2c0259c1121d0514a9fe138fbf4fa/volume-d0fde74c-f3df-4504-802d-f743b7d967c3
Jun 18 17:31:04 devstack sudo[97946]: pam_unix(sudo:session): session opened for user root(uid=0) by (uid=1000)
Jun 18 17:31:04 devstack cinder-volume[91932]: DEBUG oslo_concurrency.lockutils [None req-31905bc4-7736-4c83-8ad2-454f4b9cec78 tempest-VolumesExtendTest-710498989 None] Acquiring lock "quobyte" by "cinder.volume.drivers.quobyte.QuobyteDriver.create_snapshot" {{(pid=91932) inner /opt/stack/data/venv/lib/python3.12/site-packages/oslo_concurrency/lockutils.py:511}}
Jun 18 17:31:04 devstack sudo[97946]: pam_unix(sudo:session): session closed for user root
Jun 18 17:31:04 devstack cinder-volume[91932]: DEBUG oslo_concurrency.processutils [None req-d4f5de1f-588c-421e-b50c-5e1f204e3a28 tempest-SnapshotsActionsTest-431727363 None] CMD "/opt/stack/data/venv/bin/python3.12 -m oslo_concurrency.prlimit --as=1073741824 --cpu=60 -- sudo cinder-rootwrap /etc/cinder/rootwrap.conf env LC_ALL=C qemu-img info -f qcow2 --output=json --force-share /opt/stack/data/cinder/mnt/c1f2c0259c1121d0514a9fe138fbf4fa/volume-d0fde74c-f3df-4504-802d-f743b7d967c3" returned: 0 in 0.897s {{(pid=91932) execute /opt/stack/data/venv/lib/python3.12/site-packages/oslo_concurrency/processutils.py:468}}
Jun 18 17:31:04 devstack cinder-volume[91932]: DEBUG oslo_concurrency.processutils [None req-d4f5de1f-588c-421e-b50c-5e1f204e3a28 tempest-SnapshotsActionsTest-431727363 None] Running cmd (subprocess): sudo cinder-rootwrap /etc/cinder/rootwrap.conf qemu-img create -f qcow2 -o backing_file=/opt/stack/data/cinder/mnt/c1f2c0259c1121d0514a9fe138fbf4fa/volume-d0fde74c-f3df-4504-802d-f743b7d967c3,backing_fmt=qcow2 /opt/stack/data/cinder/mnt/c1f2c0259c1121d0514a9fe138fbf4fa/volume-d0fde74c-f3df-4504-802d-f743b7d967c3.09d701c6-9772-4de5-a467-0c2ba602b90f 1G {{(pid=91932) execute /opt/stack/data/venv/lib/python3.12/site-packages/oslo_concurrency/processutils.py:440}}
Jun 18 17:31:04 devstack sudo[97972]: quobyte : PWD=/ ; USER=root ; COMMAND=/opt/stack/data/venv/bin/cinder-rootwrap /etc/cinder/rootwrap.conf qemu-img create -f qcow2 -o backing_file=/opt/stack/data/cinder/mnt/c1f2c0259c1121d0514a9fe138fbf4fa/volume-d0fde74c-f3df-4504-802d-f743b7d967c3,backing_fmt=qcow2 /opt/stack/data/cinder/mnt/c1f2c0259c1121d0514a9fe138fbf4fa/volume-d0fde74c-f3df-4504-802d-f743b7d967c3.09d701c6-9772-4de5-a467-0c2ba602b90f 1G
Jun 18 17:31:04 devstack sudo[97972]: pam_unix(sudo:session): session opened for user root(uid=0) by (uid=1000)
Jun 18 17:31:05 devstack sudo[97972]: pam_unix(sudo:session): session closed for user root
Jun 18 17:31:05 devstack cinder-volume[91932]: DEBUG oslo_concurrency.processutils [None req-d4f5de1f-588c-421e-b50c-5e1f204e3a28 tempest-SnapshotsActionsTest-431727363 None] CMD "sudo cinder-rootwrap /etc/cinder/rootwrap.conf qemu-img create -f qcow2 -o backing_file=/opt/stack/data/cinder/mnt/c1f2c0259c1121d0514a9fe138fbf4fa/volume-d0fde74c-f3df-4504-802d-f743b7d967c3,backing_fmt=qcow2 /opt/stack/data/cinder/mnt/c1f2c0259c1121d0514a9fe138fbf4fa/volume-d0fde74c-f3df-4504-802d-f743b7d967c3.09d701c6-9772-4de5-a467-0c2ba602b90f 1G" returned: 0 in 0.873s {{(pid=91932) execute /opt/stack/data/venv/lib/python3.12/site-packages/oslo_concurrency/processutils.py:468}}
Jun 18 17:31:05 devstack cinder-volume[91932]: DEBUG oslo_concurrency.processutils [None req-d4f5de1f-588c-421e-b50c-5e1f204e3a28 tempest-SnapshotsActionsTest-431727363 None] Running cmd (subprocess): sudo cinder-rootwrap /etc/cinder/rootwrap.conf qemu-img rebase -u -b volume-d0fde74c-f3df-4504-802d-f743b7d967c3 -F qcow2 /opt/stack/data/cinder/mnt/c1f2c0259c1121d0514a9fe138fbf4fa/volume-d0fde74c-f3df-4504-802d-f743b7d967c3.09d701c6-9772-4de5-a467-0c2ba602b90f {{(pid=91932) execute /opt/stack/data/venv/lib/python3.12/site-packages/oslo_concurrency/processutils.py:440}}
Jun 18 17:31:05 devstack sudo[97997]: quobyte : PWD=/ ; USER=root ; COMMAND=/opt/stack/data/venv/bin/cinder-rootwrap /etc/cinder/rootwrap.conf qemu-img rebase -u -b volume-d0fde74c-f3df-4504-802d-f743b7d967c3 -F qcow2 /opt/stack/data/cinder/mnt/c1f2c0259c1121d0514a9fe138fbf4fa/volume-d0fde74c-f3df-4504-802d-f743b7d967c3.09d701c6-9772-4de5-a467-0c2ba602b90f
Jun 18 17:31:05 devstack sudo[97997]: pam_unix(sudo:session): session opened for user root(uid=0) by (uid=1000)
Jun 18 17:31:06 devstack sudo[97997]: pam_unix(sudo:session): session closed for user root
Jun 18 17:31:06 devstack cinder-volume[91932]: DEBUG oslo_concurrency.processutils [None req-d4f5de1f-588c-421e-b50c-5e1f204e3a28 tempest-SnapshotsActionsTest-431727363 None] CMD "sudo cinder-rootwrap /etc/cinder/rootwrap.conf qemu-img rebase -u -b volume-d0fde74c-f3df-4504-802d-f743b7d967c3 -F qcow2 /opt/stack/data/cinder/mnt/c1f2c0259c1121d0514a9fe138fbf4fa/volume-d0fde74c-f3df-4504-802d-f743b7d967c3.09d701c6-9772-4de5-a467-0c2ba602b90f" returned: 0 in 0.736s {{(pid=91932) execute /opt/stack/data/venv/lib/python3.12/site-packages/oslo_concurrency/processutils.py:468}}
Jun 18 17:31:06 devstack cinder-volume[91932]: WARNING cinder.volume.drivers.remotefs [None req-d4f5de1f-588c-421e-b50c-5e1f204e3a28 tempest-SnapshotsActionsTest-431727363 None] /opt/stack/data/cinder/mnt/c1f2c0259c1121d0514a9fe138fbf4fa/volume-d0fde74c-f3df-4504-802d-f743b7d967c3.09d701c6-9772-4de5-a467-0c2ba602b90f is being set with open permissions: ugo+rw
Jun 18 17:31:06 devstack cinder-volume[91932]: DEBUG oslo_concurrency.processutils [None req-d4f5de1f-588c-421e-b50c-5e1f204e3a28 tempest-SnapshotsActionsTest-431727363 None] Running cmd (subprocess): sudo cinder-rootwrap /etc/cinder/rootwrap.conf chmod ugo+rw /opt/stack/data/cinder/mnt/c1f2c0259c1121d0514a9fe138fbf4fa/volume-d0fde74c-f3df-4504-802d-f743b7d967c3.09d701c6-9772-4de5-a467-0c2ba602b90f {{(pid=91932) execute /opt/stack/data/venv/lib/python3.12/site-packages/oslo_concurrency/processutils.py:440}}
Jun 18 17:31:06 devstack sudo[98004]: quobyte : PWD=/ ; USER=root ; COMMAND=/opt/stack/data/venv/bin/cinder-rootwrap /etc/cinder/rootwrap.conf chmod ugo+rw /opt/stack/data/cinder/mnt/c1f2c0259c1121d0514a9fe138fbf4fa/volume-d0fde74c-f3df-4504-802d-f743b7d967c3.09d701c6-9772-4de5-a467-0c2ba602b90f
Jun 18 17:31:06 devstack sudo[98004]: pam_unix(sudo:session): session opened for user root(uid=0) by (uid=1000)
Jun 18 17:31:07 devstack sudo[98004]: pam_unix(sudo:session): session closed for user root
Jun 18 17:31:07 devstack cinder-volume[91932]: DEBUG oslo_concurrency.processutils [None req-d4f5de1f-588c-421e-b50c-5e1f204e3a28 tempest-SnapshotsActionsTest-431727363 None] CMD "sudo cinder-rootwrap /etc/cinder/rootwrap.conf chmod ugo+rw /opt/stack/data/cinder/mnt/c1f2c0259c1121d0514a9fe138fbf4fa/volume-d0fde74c-f3df-4504-802d-f743b7d967c3.09d701c6-9772-4de5-a467-0c2ba602b90f" returned: 0 in 0.783s {{(pid=91932) execute /opt/stack/data/venv/lib/python3.12/site-packages/oslo_concurrency/processutils.py:468}}
Jun 18 17:31:07 devstack cinder-volume[91932]: DEBUG oslo_concurrency.processutils [None req-d4f5de1f-588c-421e-b50c-5e1f204e3a28 tempest-SnapshotsActionsTest-431727363 None] Running cmd (subprocess): sudo cinder-rootwrap /etc/cinder/rootwrap.conf truncate -s0 /opt/stack/data/cinder/mnt/c1f2c0259c1121d0514a9fe138fbf4fa/volume-d0fde74c-f3df-4504-802d-f743b7d967c3.info {{(pid=91932) execute /opt/stack/data/venv/lib/python3.12/site-packages/oslo_concurrency/processutils.py:440}}
Jun 18 17:31:07 devstack sudo[98009]: quobyte : PWD=/ ; USER=root ; COMMAND=/opt/stack/data/venv/bin/cinder-rootwrap /etc/cinder/rootwrap.conf truncate -s0 /opt/stack/data/cinder/mnt/c1f2c0259c1121d0514a9fe138fbf4fa/volume-d0fde74c-f3df-4504-802d-f743b7d967c3.info
Jun 18 17:31:07 devstack sudo[98009]: pam_unix(sudo:session): session opened for user root(uid=0) by (uid=1000)
Jun 18 17:31:08 devstack sudo[98009]: pam_unix(sudo:session): session closed for user root
Jun 18 17:31:08 devstack cinder-volume[91932]: DEBUG oslo_concurrency.processutils [None req-d4f5de1f-588c-421e-b50c-5e1f204e3a28 tempest-SnapshotsActionsTest-431727363 None] CMD "sudo cinder-rootwrap /etc/cinder/rootwrap.conf truncate -s0 /opt/stack/data/cinder/mnt/c1f2c0259c1121d0514a9fe138fbf4fa/volume-d0fde74c-f3df-4504-802d-f743b7d967c3.info" returned: 0 in 0.693s {{(pid=91932) execute /opt/stack/data/venv/lib/python3.12/site-packages/oslo_concurrency/processutils.py:468}}
Jun 18 17:31:08 devstack cinder-volume[91932]: WARNING cinder.volume.drivers.remotefs [None req-d4f5de1f-588c-421e-b50c-5e1f204e3a28 tempest-SnapshotsActionsTest-431727363 None] /opt/stack/data/cinder/mnt/c1f2c0259c1121d0514a9fe138fbf4fa/volume-d0fde74c-f3df-4504-802d-f743b7d967c3.info is being set with open permissions: ugo+rw
Jun 18 17:31:08 devstack cinder-volume[91932]: DEBUG oslo_concurrency.processutils [None req-d4f5de1f-588c-421e-b50c-5e1f204e3a28 tempest-SnapshotsActionsTest-431727363 None] Running cmd (subprocess): sudo cinder-rootwrap /etc/cinder/rootwrap.conf chmod ugo+rw /opt/stack/data/cinder/mnt/c1f2c0259c1121d0514a9fe138fbf4fa/volume-d0fde74c-f3df-4504-802d-f743b7d967c3.info {{(pid=91932) execute /opt/stack/data/venv/lib/python3.12/site-packages/oslo_concurrency/processutils.py:440}}
Jun 18 17:31:08 devstack sudo[98012]: quobyte : PWD=/ ; USER=root ; COMMAND=/opt/stack/data/venv/bin/cinder-rootwrap /etc/cinder/rootwrap.conf chmod ugo+rw /opt/stack/data/cinder/mnt/c1f2c0259c1121d0514a9fe138fbf4fa/volume-d0fde74c-f3df-4504-802d-f743b7d967c3.info
Jun 18 17:31:08 devstack sudo[98012]: pam_unix(sudo:session): session opened for user root(uid=0) by (uid=1000)
Jun 18 17:31:08 devstack sudo[98012]: pam_unix(sudo:session): session closed for user root
Jun 18 17:31:08 devstack cinder-volume[91932]: DEBUG oslo_concurrency.processutils [None req-d4f5de1f-588c-421e-b50c-5e1f204e3a28 tempest-SnapshotsActionsTest-431727363 None] CMD "sudo cinder-rootwrap /etc/cinder/rootwrap.conf chmod ugo+rw /opt/stack/data/cinder/mnt/c1f2c0259c1121d0514a9fe138fbf4fa/volume-d0fde74c-f3df-4504-802d-f743b7d967c3.info" returned: 0 in 0.678s {{(pid=91932) execute /opt/stack/data/venv/lib/python3.12/site-packages/oslo_concurrency/processutils.py:468}}
Jun 18 17:31:08 devstack cinder-volume[91932]: DEBUG oslo_concurrency.lockutils [None req-d4f5de1f-588c-421e-b50c-5e1f204e3a28 tempest-SnapshotsActionsTest-431727363 None] Lock "quobyte" "released" by "cinder.volume.drivers.quobyte.QuobyteDriver.create_snapshot" :: held 4.758s {{(pid=91932) inner /opt/stack/data/venv/lib/python3.12/site-packages/oslo_concurrency/lockutils.py:543}}
Jun 18 17:31:08 devstack cinder-volume[91932]: DEBUG oslo_concurrency.lockutils [None req-31905bc4-7736-4c83-8ad2-454f4b9cec78 tempest-VolumesExtendTest-710498989 None] Lock "quobyte" acquired by "cinder.volume.drivers.quobyte.QuobyteDriver.create_snapshot" :: waited 4.053s {{(pid=91932) inner /opt/stack/data/venv/lib/python3.12/site-packages/oslo_concurrency/lockutils.py:524}}
Jun 18 17:31:08 devstack cinder-volume[91932]: DEBUG cinder.volume.drivers.remotefs [None req-31905bc4-7736-4c83-8ad2-454f4b9cec78 tempest-VolumesExtendTest-710498989 None] Creating offline snapshot fa28ec8e-7293-4c7e-9f5d-b05fe810fa3b of volume 2a07e2d7-ece1-41b7-bfe3-f046efe563c0 {{(pid=91932) _create_snapshot /opt/stack/cinder/cinder/volume/drivers/remotefs.py:1816}}
Jun 18 17:31:08 devstack cinder-volume[91932]: INFO cinder.volume.manager [None req-d4f5de1f-588c-421e-b50c-5e1f204e3a28 tempest-SnapshotsActionsTest-431727363 None] Create snapshot completed successfully
Jun 18 17:31:08 devstack cinder-volume[91932]: DEBUG oslo.privsep.daemon [-] privsep: reply[96678ec3-cdc0-4faf-a302-344ac8c744b1]: (4, 'qcow2') {{(pid=93184) _call_back /opt/stack/data/venv/lib/python3.12/site-packages/oslo_privsep/daemon.py:580}}
Jun 18 17:31:08 devstack cinder-volume[91932]: DEBUG oslo_concurrency.processutils [None req-31905bc4-7736-4c83-8ad2-454f4b9cec78 tempest-VolumesExtendTest-710498989 None] Running cmd (subprocess): /opt/stack/data/venv/bin/python3.12 -m oslo_concurrency.prlimit --as=1073741824 --cpu=60 -- sudo cinder-rootwrap /etc/cinder/rootwrap.conf env LC_ALL=C qemu-img info -f qcow2 --output=json --force-share /opt/stack/data/cinder/mnt/c1f2c0259c1121d0514a9fe138fbf4fa/volume-2a07e2d7-ece1-41b7-bfe3-f046efe563c0 {{(pid=91932) execute /opt/stack/data/venv/lib/python3.12/site-packages/oslo_concurrency/processutils.py:440}}
Jun 18 17:31:08 devstack sudo[98015]: quobyte : PWD=/ ; USER=root ; COMMAND=/opt/stack/data/venv/bin/cinder-rootwrap /etc/cinder/rootwrap.conf env LC_ALL=C qemu-img info -f qcow2 --output=json --force-share /opt/stack/data/cinder/mnt/c1f2c0259c1121d0514a9fe138fbf4fa/volume-2a07e2d7-ece1-41b7-bfe3-f046efe563c0
Jun 18 17:31:08 devstack sudo[98015]: pam_unix(sudo:session): session opened for user root(uid=0) by (uid=1000)
Jun 18 17:31:09 devstack cinder-volume[91932]: DEBUG oslo_concurrency.lockutils [None req-60cb6dc2-9078-4fde-b893-25f091cef1cb tempest-SnapshotsActionsTest-431727363 None] Acquiring lock "quobyte" by "cinder.volume.drivers.quobyte.QuobyteDriver.create_snapshot" {{(pid=91932) inner /opt/stack/data/venv/lib/python3.12/site-packages/oslo_concurrency/lockutils.py:511}}
Jun 18 17:31:09 devstack sudo[98015]: pam_unix(sudo:session): session closed for user root
Jun 18 17:31:09 devstack cinder-volume[91932]: DEBUG oslo_concurrency.processutils [None req-31905bc4-7736-4c83-8ad2-454f4b9cec78 tempest-VolumesExtendTest-710498989 None] CMD "/opt/stack/data/venv/bin/python3.12 -m oslo_concurrency.prlimit --as=1073741824 --cpu=60 -- sudo cinder-rootwrap /etc/cinder/rootwrap.conf env LC_ALL=C qemu-img info -f qcow2 --output=json --force-share /opt/stack/data/cinder/mnt/c1f2c0259c1121d0514a9fe138fbf4fa/volume-2a07e2d7-ece1-41b7-bfe3-f046efe563c0" returned: 0 in 0.869s {{(pid=91932) execute /opt/stack/data/venv/lib/python3.12/site-packages/oslo_concurrency/processutils.py:468}}
Jun 18 17:31:09 devstack cinder-volume[91932]: DEBUG oslo_concurrency.processutils [None req-31905bc4-7736-4c83-8ad2-454f4b9cec78 tempest-VolumesExtendTest-710498989 None] Running cmd (subprocess): sudo cinder-rootwrap /etc/cinder/rootwrap.conf qemu-img create -f qcow2 -o backing_file=/opt/stack/data/cinder/mnt/c1f2c0259c1121d0514a9fe138fbf4fa/volume-2a07e2d7-ece1-41b7-bfe3-f046efe563c0,backing_fmt=qcow2 /opt/stack/data/cinder/mnt/c1f2c0259c1121d0514a9fe138fbf4fa/volume-2a07e2d7-ece1-41b7-bfe3-f046efe563c0.fa28ec8e-7293-4c7e-9f5d-b05fe810fa3b 1G {{(pid=91932) execute /opt/stack/data/venv/lib/python3.12/site-packages/oslo_concurrency/processutils.py:440}}
Jun 18 17:31:09 devstack sudo[98020]: quobyte : PWD=/ ; USER=root ; COMMAND=/opt/stack/data/venv/bin/cinder-rootwrap /etc/cinder/rootwrap.conf qemu-img create -f qcow2 -o backing_file=/opt/stack/data/cinder/mnt/c1f2c0259c1121d0514a9fe138fbf4fa/volume-2a07e2d7-ece1-41b7-bfe3-f046efe563c0,backing_fmt=qcow2 /opt/stack/data/cinder/mnt/c1f2c0259c1121d0514a9fe138fbf4fa/volume-2a07e2d7-ece1-41b7-bfe3-f046efe563c0.fa28ec8e-7293-4c7e-9f5d-b05fe810fa3b 1G
Jun 18 17:31:09 devstack sudo[98020]: pam_unix(sudo:session): session opened for user root(uid=0) by (uid=1000)
Jun 18 17:31:10 devstack sudo[98020]: pam_unix(sudo:session): session closed for user root
Jun 18 17:31:10 devstack cinder-volume[91932]: DEBUG oslo_concurrency.processutils [None req-31905bc4-7736-4c83-8ad2-454f4b9cec78 tempest-VolumesExtendTest-710498989 None] CMD "sudo cinder-rootwrap /etc/cinder/rootwrap.conf qemu-img create -f qcow2 -o backing_file=/opt/stack/data/cinder/mnt/c1f2c0259c1121d0514a9fe138fbf4fa/volume-2a07e2d7-ece1-41b7-bfe3-f046efe563c0,backing_fmt=qcow2 /opt/stack/data/cinder/mnt/c1f2c0259c1121d0514a9fe138fbf4fa/volume-2a07e2d7-ece1-41b7-bfe3-f046efe563c0.fa28ec8e-7293-4c7e-9f5d-b05fe810fa3b 1G" returned: 0 in 0.847s {{(pid=91932) execute /opt/stack/data/venv/lib/python3.12/site-packages/oslo_concurrency/processutils.py:468}}
Jun 18 17:31:10 devstack cinder-volume[91932]: DEBUG oslo_concurrency.processutils [None req-31905bc4-7736-4c83-8ad2-454f4b9cec78 tempest-VolumesExtendTest-710498989 None] Running cmd (subprocess): sudo cinder-rootwrap /etc/cinder/rootwrap.conf qemu-img rebase -u -b volume-2a07e2d7-ece1-41b7-bfe3-f046efe563c0 -F qcow2 /opt/stack/data/cinder/mnt/c1f2c0259c1121d0514a9fe138fbf4fa/volume-2a07e2d7-ece1-41b7-bfe3-f046efe563c0.fa28ec8e-7293-4c7e-9f5d-b05fe810fa3b {{(pid=91932) execute /opt/stack/data/venv/lib/python3.12/site-packages/oslo_concurrency/processutils.py:440}}
Jun 18 17:31:10 devstack sudo[98028]: quobyte : PWD=/ ; USER=root ; COMMAND=/opt/stack/data/venv/bin/cinder-rootwrap /etc/cinder/rootwrap.conf qemu-img rebase -u -b volume-2a07e2d7-ece1-41b7-bfe3-f046efe563c0 -F qcow2 /opt/stack/data/cinder/mnt/c1f2c0259c1121d0514a9fe138fbf4fa/volume-2a07e2d7-ece1-41b7-bfe3-f046efe563c0.fa28ec8e-7293-4c7e-9f5d-b05fe810fa3b
Jun 18 17:31:10 devstack sudo[98028]: pam_unix(sudo:session): session opened for user root(uid=0) by (uid=1000)
Jun 18 17:31:11 devstack sudo[98028]: pam_unix(sudo:session): session closed for user root
Jun 18 17:31:11 devstack cinder-volume[91932]: DEBUG oslo_concurrency.processutils [None req-31905bc4-7736-4c83-8ad2-454f4b9cec78 tempest-VolumesExtendTest-710498989 None] CMD "sudo cinder-rootwrap /etc/cinder/rootwrap.conf qemu-img rebase -u -b volume-2a07e2d7-ece1-41b7-bfe3-f046efe563c0 -F qcow2 /opt/stack/data/cinder/mnt/c1f2c0259c1121d0514a9fe138fbf4fa/volume-2a07e2d7-ece1-41b7-bfe3-f046efe563c0.fa28ec8e-7293-4c7e-9f5d-b05fe810fa3b" returned: 0 in 0.702s {{(pid=91932) execute /opt/stack/data/venv/lib/python3.12/site-packages/oslo_concurrency/processutils.py:468}}
Jun 18 17:31:11 devstack cinder-volume[91932]: WARNING cinder.volume.drivers.remotefs [None req-31905bc4-7736-4c83-8ad2-454f4b9cec78 tempest-VolumesExtendTest-710498989 None] /opt/stack/data/cinder/mnt/c1f2c0259c1121d0514a9fe138fbf4fa/volume-2a07e2d7-ece1-41b7-bfe3-f046efe563c0.fa28ec8e-7293-4c7e-9f5d-b05fe810fa3b is being set with open permissions: ugo+rw
Jun 18 17:31:11 devstack cinder-volume[91932]: DEBUG oslo_concurrency.processutils [None req-31905bc4-7736-4c83-8ad2-454f4b9cec78 tempest-VolumesExtendTest-710498989 None] Running cmd (subprocess): sudo cinder-rootwrap /etc/cinder/rootwrap.conf chmod ugo+rw /opt/stack/data/cinder/mnt/c1f2c0259c1121d0514a9fe138fbf4fa/volume-2a07e2d7-ece1-41b7-bfe3-f046efe563c0.fa28ec8e-7293-4c7e-9f5d-b05fe810fa3b {{(pid=91932) execute /opt/stack/data/venv/lib/python3.12/site-packages/oslo_concurrency/processutils.py:440}}
Jun 18 17:31:11 devstack sudo[98038]: quobyte : PWD=/ ; USER=root ; COMMAND=/opt/stack/data/venv/bin/cinder-rootwrap /etc/cinder/rootwrap.conf chmod ugo+rw /opt/stack/data/cinder/mnt/c1f2c0259c1121d0514a9fe138fbf4fa/volume-2a07e2d7-ece1-41b7-bfe3-f046efe563c0.fa28ec8e-7293-4c7e-9f5d-b05fe810fa3b
Jun 18 17:31:11 devstack sudo[98038]: pam_unix(sudo:session): session opened for user root(uid=0) by (uid=1000)
Jun 18 17:31:11 devstack sudo[98038]: pam_unix(sudo:session): session closed for user root
Jun 18 17:31:11 devstack cinder-volume[91932]: DEBUG oslo_concurrency.processutils [None req-31905bc4-7736-4c83-8ad2-454f4b9cec78 tempest-VolumesExtendTest-710498989 None] CMD "sudo cinder-rootwrap /etc/cinder/rootwrap.conf chmod ugo+rw /opt/stack/data/cinder/mnt/c1f2c0259c1121d0514a9fe138fbf4fa/volume-2a07e2d7-ece1-41b7-bfe3-f046efe563c0.fa28ec8e-7293-4c7e-9f5d-b05fe810fa3b" returned: 0 in 0.710s {{(pid=91932) execute /opt/stack/data/venv/lib/python3.12/site-packages/oslo_concurrency/processutils.py:468}}
Jun 18 17:31:12 devstack cinder-volume[91932]: DEBUG oslo_concurrency.processutils [None req-31905bc4-7736-4c83-8ad2-454f4b9cec78 tempest-VolumesExtendTest-710498989 None] Running cmd (subprocess): sudo cinder-rootwrap /etc/cinder/rootwrap.conf truncate -s0 /opt/stack/data/cinder/mnt/c1f2c0259c1121d0514a9fe138fbf4fa/volume-2a07e2d7-ece1-41b7-bfe3-f046efe563c0.info {{(pid=91932) execute /opt/stack/data/venv/lib/python3.12/site-packages/oslo_concurrency/processutils.py:440}}
Jun 18 17:31:12 devstack sudo[98047]: quobyte : PWD=/ ; USER=root ; COMMAND=/opt/stack/data/venv/bin/cinder-rootwrap /etc/cinder/rootwrap.conf truncate -s0 /opt/stack/data/cinder/mnt/c1f2c0259c1121d0514a9fe138fbf4fa/volume-2a07e2d7-ece1-41b7-bfe3-f046efe563c0.info
Jun 18 17:31:12 devstack sudo[98047]: pam_unix(sudo:session): session opened for user root(uid=0) by (uid=1000)
Jun 18 17:31:12 devstack sudo[98047]: pam_unix(sudo:session): session closed for user root
Jun 18 17:31:12 devstack cinder-volume[91932]: DEBUG oslo_concurrency.processutils [None req-31905bc4-7736-4c83-8ad2-454f4b9cec78 tempest-VolumesExtendTest-710498989 None] CMD "sudo cinder-rootwrap /etc/cinder/rootwrap.conf truncate -s0 /opt/stack/data/cinder/mnt/c1f2c0259c1121d0514a9fe138fbf4fa/volume-2a07e2d7-ece1-41b7-bfe3-f046efe563c0.info" returned: 0 in 0.644s {{(pid=91932) execute /opt/stack/data/venv/lib/python3.12/site-packages/oslo_concurrency/processutils.py:468}}
Jun 18 17:31:12 devstack cinder-volume[91932]: WARNING cinder.volume.drivers.remotefs [None req-31905bc4-7736-4c83-8ad2-454f4b9cec78 tempest-VolumesExtendTest-710498989 None] /opt/stack/data/cinder/mnt/c1f2c0259c1121d0514a9fe138fbf4fa/volume-2a07e2d7-ece1-41b7-bfe3-f046efe563c0.info is being set with open permissions: ugo+rw
Jun 18 17:31:12 devstack cinder-volume[91932]: DEBUG oslo_concurrency.processutils [None req-31905bc4-7736-4c83-8ad2-454f4b9cec78 tempest-VolumesExtendTest-710498989 None] Running cmd (subprocess): sudo cinder-rootwrap /etc/cinder/rootwrap.conf chmod ugo+rw /opt/stack/data/cinder/mnt/c1f2c0259c1121d0514a9fe138fbf4fa/volume-2a07e2d7-ece1-41b7-bfe3-f046efe563c0.info {{(pid=91932) execute /opt/stack/data/venv/lib/python3.12/site-packages/oslo_concurrency/processutils.py:440}}
