Aug 11 14:29:18 devstack devstack@g-api.service[83969]: DEBUG glance.common.config [None req-8485bf7e-047c-4fab-a417-041d0ae13e1f None None] barbican_service_user.cafile = None {{(pid=83969) log_opt_values /opt/stack/data/venv/lib/python3.12/site-packages/oslo_config/cfg.py:3545}}
Aug 11 14:29:18 devstack devstack@g-api.service[83969]: DEBUG glance.common.config [None req-8485bf7e-047c-4fab-a417-041d0ae13e1f None None] barbican_service_user.certfile = None {{(pid=83969) log_opt_values /opt/stack/data/venv/lib/python3.12/site-packages/oslo_config/cfg.py:3545}}
Aug 11 14:29:18 devstack devstack@g-api.service[83969]: DEBUG glance.common.config [None req-8485bf7e-047c-4fab-a417-041d0ae13e1f None None] barbican_service_user.collect_timing = False {{(pid=83969) log_opt_values /opt/stack/data/venv/lib/python3.12/site-packages/oslo_config/cfg.py:3545}}
Aug 11 14:29:18 devstack devstack@g-api.service[83969]: DEBUG glance.common.config [None req-8485bf7e-047c-4fab-a417-041d0ae13e1f None None] barbican_service_user.insecure = False {{(pid=83969) log_opt_values /opt/stack/data/venv/lib/python3.12/site-packages/oslo_config/cfg.py:3545}}
Aug 11 14:29:18 devstack devstack@g-api.service[83969]: DEBUG glance.common.config [None req-8485bf7e-047c-4fab-a417-041d0ae13e1f None None] barbican_service_user.keyfile = None {{(pid=83969) log_opt_values /opt/stack/data/venv/lib/python3.12/site-packages/oslo_config/cfg.py:3545}}
Aug 11 14:29:18 devstack devstack@g-api.service[83969]: DEBUG glance.common.config [None req-8485bf7e-047c-4fab-a417-041d0ae13e1f None None] barbican_service_user.split_loggers = False {{(pid=83969) log_opt_values /opt/stack/data/venv/lib/python3.12/site-packages/oslo_config/cfg.py:3545}}
Aug 11 14:29:18 devstack devstack@g-api.service[83969]: DEBUG glance.common.config [None req-8485bf7e-047c-4fab-a417-041d0ae13e1f None None] barbican_service_user.timeout = None {{(pid=83969) log_opt_values /opt/stack/data/venv/lib/python3.12/site-packages/oslo_config/cfg.py:3545}}
Aug 11 14:29:18 devstack devstack@g-api.service[83969]: DEBUG glance.common.config [None req-8485bf7e-047c-4fab-a417-041d0ae13e1f None None] database.asyncio_connection = **** {{(pid=83969) log_opt_values /opt/stack/data/venv/lib/python3.12/site-packages/oslo_config/cfg.py:3545}}
Aug 11 14:29:18 devstack devstack@g-api.service[83969]: DEBUG glance.common.config [None req-8485bf7e-047c-4fab-a417-041d0ae13e1f None None] database.asyncio_slave_connection = **** {{(pid=83969) log_opt_values /opt/stack/data/venv/lib/python3.12/site-packages/oslo_config/cfg.py:3545}}
Aug 11 14:29:18 devstack devstack@g-api.service[83969]: DEBUG glance.common.config [None req-8485bf7e-047c-4fab-a417-041d0ae13e1f None None] database.backend = sqlalchemy {{(pid=83969) log_opt_values /opt/stack/data/venv/lib/python3.12/site-packages/oslo_config/cfg.py:3545}}
Aug 11 14:29:18 devstack devstack@g-api.service[83969]: DEBUG glance.common.config [None req-8485bf7e-047c-4fab-a417-041d0ae13e1f None None] database.connection = **** {{(pid=83969) log_opt_values /opt/stack/data/venv/lib/python3.12/site-packages/oslo_config/cfg.py:3545}}
Aug 11 14:29:18 devstack devstack@g-api.service[83969]: DEBUG glance.common.config [None req-8485bf7e-047c-4fab-a417-041d0ae13e1f None None] database.connection_debug = 0 {{(pid=83969) log_opt_values /opt/stack/data/venv/lib/python3.12/site-packages/oslo_config/cfg.py:3545}}
Aug 11 14:29:18 devstack devstack@g-api.service[83969]: DEBUG glance.common.config [None req-8485bf7e-047c-4fab-a417-041d0ae13e1f None None] database.connection_parameters = {{(pid=83969) log_opt_values /opt/stack/data/venv/lib/python3.12/site-packages/oslo_config/cfg.py:3545}}
Aug 11 14:29:18 devstack devstack@g-api.service[83969]: DEBUG glance.common.config [None req-8485bf7e-047c-4fab-a417-041d0ae13e1f None None] database.connection_recycle_time = 3600 {{(pid=83969) log_opt_values /opt/stack/data/venv/lib/python3.12/site-packages/oslo_config/cfg.py:3545}}
Aug 11 14:29:18 devstack devstack@g-api.service[83969]: DEBUG glance.common.config [None req-8485bf7e-047c-4fab-a417-041d0ae13e1f None None] database.connection_trace = False {{(pid=83969) log_opt_values /opt/stack/data/venv/lib/python3.12/site-packages/oslo_config/cfg.py:3545}}
Aug 11 14:29:18 devstack devstack@g-api.service[83969]: DEBUG glance.common.config [None req-8485bf7e-047c-4fab-a417-041d0ae13e1f None None] database.db_inc_retry_interval = True {{(pid=83969) log_opt_values /opt/stack/data/venv/lib/python3.12/site-packages/oslo_config/cfg.py:3545}}
Aug 11 14:29:18 devstack devstack@g-api.service[83969]: DEBUG glance.common.config [None req-8485bf7e-047c-4fab-a417-041d0ae13e1f None None] database.db_max_retries = 20 {{(pid=83969) log_opt_values /opt/stack/data/venv/lib/python3.12/site-packages/oslo_config/cfg.py:3545}}
Aug 11 14:29:18 devstack devstack@g-api.service[83969]: DEBUG glance.common.config [None req-8485bf7e-047c-4fab-a417-041d0ae13e1f None None] database.db_max_retry_interval = 10 {{(pid=83969) log_opt_values /opt/stack/data/venv/lib/python3.12/site-packages/oslo_config/cfg.py:3545}}
Aug 11 14:29:18 devstack devstack@g-api.service[83969]: DEBUG glance.common.config [None req-8485bf7e-047c-4fab-a417-041d0ae13e1f None None] database.db_retry_interval = 1 {{(pid=83969) log_opt_values /opt/stack/data/venv/lib/python3.12/site-packages/oslo_config/cfg.py:3545}}
Aug 11 14:29:18 devstack devstack@g-api.service[83969]: DEBUG glance.common.config [None req-8485bf7e-047c-4fab-a417-041d0ae13e1f None None] database.max_overflow = 50 {{(pid=83969) log_opt_values /opt/stack/data/venv/lib/python3.12/site-packages/oslo_config/cfg.py:3545}}
Aug 11 14:29:18 devstack devstack@g-api.service[83969]: DEBUG glance.common.config [None req-8485bf7e-047c-4fab-a417-041d0ae13e1f None None] database.max_pool_size = 5 {{(pid=83969) log_opt_values /opt/stack/data/venv/lib/python3.12/site-packages/oslo_config/cfg.py:3545}}
Aug 11 14:29:18 devstack devstack@g-api.service[83969]: DEBUG glance.common.config [None req-8485bf7e-047c-4fab-a417-041d0ae13e1f None None] database.max_retries = 10 {{(pid=83969) log_opt_values /opt/stack/data/venv/lib/python3.12/site-packages/oslo_config/cfg.py:3545}}
Aug 11 14:29:18 devstack devstack@g-api.service[83969]: DEBUG glance.common.config [None req-8485bf7e-047c-4fab-a417-041d0ae13e1f None None] database.mysql_sql_mode = TRADITIONAL {{(pid=83969) log_opt_values /opt/stack/data/venv/lib/python3.12/site-packages/oslo_config/cfg.py:3545}}
Aug 11 14:29:18 devstack devstack@g-api.service[83969]: DEBUG glance.common.config [None req-8485bf7e-047c-4fab-a417-041d0ae13e1f None None] database.mysql_wsrep_sync_wait = None {{(pid=83969) log_opt_values /opt/stack/data/venv/lib/python3.12/site-packages/oslo_config/cfg.py:3545}}
Aug 11 14:29:18 devstack devstack@g-api.service[83969]: DEBUG glance.common.config [None req-8485bf7e-047c-4fab-a417-041d0ae13e1f None None] database.pool_timeout = None {{(pid=83969) log_opt_values /opt/stack/data/venv/lib/python3.12/site-packages/oslo_config/cfg.py:3545}}
Aug 11 14:29:18 devstack devstack@g-api.service[83969]: DEBUG glance.common.config [None req-8485bf7e-047c-4fab-a417-041d0ae13e1f None None] database.retry_interval = 10 {{(pid=83969) log_opt_values /opt/stack/data/venv/lib/python3.12/site-packages/oslo_config/cfg.py:3545}}
Aug 11 14:29:18 devstack devstack@g-api.service[83969]: DEBUG glance.common.config [None req-8485bf7e-047c-4fab-a417-041d0ae13e1f None None] database.slave_connection = **** {{(pid=83969) log_opt_values /opt/stack/data/venv/lib/python3.12/site-packages/oslo_config/cfg.py:3545}}
Aug 11 14:29:18 devstack devstack@g-api.service[83969]: DEBUG glance.common.config [None req-8485bf7e-047c-4fab-a417-041d0ae13e1f None None] database.sqlite_synchronous = True {{(pid=83969) log_opt_values /opt/stack/data/venv/lib/python3.12/site-packages/oslo_config/cfg.py:3545}}
Aug 11 14:29:18 devstack devstack@g-api.service[83969]: DEBUG glance.common.config [None req-8485bf7e-047c-4fab-a417-041d0ae13e1f None None] database.synchronous_reader = True {{(pid=83969) log_opt_values /opt/stack/data/venv/lib/python3.12/site-packages/oslo_config/cfg.py:3545}}
Aug 11 14:29:18 devstack devstack@g-api.service[83969]: DEBUG glance.common.config [None req-8485bf7e-047c-4fab-a417-041d0ae13e1f None None] database.use_db_reconnect = False {{(pid=83969) log_opt_values /opt/stack/data/venv/lib/python3.12/site-packages/oslo_config/cfg.py:3545}}
Aug 11 14:29:18 devstack devstack@g-api.service[83969]: DEBUG glance.common.config [None req-8485bf7e-047c-4fab-a417-041d0ae13e1f None None] healthcheck.allowed_source_ranges = [] {{(pid=83969) log_opt_values /opt/stack/data/venv/lib/python3.12/site-packages/oslo_config/cfg.py:3545}}
Aug 11 14:29:18 devstack devstack@g-api.service[83969]: DEBUG glance.common.config [None req-8485bf7e-047c-4fab-a417-041d0ae13e1f None None] healthcheck.backends = ['disable_by_file'] {{(pid=83969) log_opt_values /opt/stack/data/venv/lib/python3.12/site-packages/oslo_config/cfg.py:3545}}
Aug 11 14:29:18 devstack devstack@g-api.service[83969]: DEBUG glance.common.config [None req-8485bf7e-047c-4fab-a417-041d0ae13e1f None None] healthcheck.detailed = False {{(pid=83969) log_opt_values /opt/stack/data/venv/lib/python3.12/site-packages/oslo_config/cfg.py:3545}}
Aug 11 14:29:18 devstack devstack@g-api.service[83969]: DEBUG glance.common.config [None req-8485bf7e-047c-4fab-a417-041d0ae13e1f None None] healthcheck.disable_by_file_path = None {{(pid=83969) log_opt_values /opt/stack/data/venv/lib/python3.12/site-packages/oslo_config/cfg.py:3545}}
Aug 11 14:29:18 devstack devstack@g-api.service[83969]: DEBUG glance.common.config [None req-8485bf7e-047c-4fab-a417-041d0ae13e1f None None] healthcheck.ignore_proxied_requests = False {{(pid=83969) log_opt_values /opt/stack/data/venv/lib/python3.12/site-packages/oslo_config/cfg.py:3545}}
Aug 11 14:29:18 devstack devstack@g-api.service[83969]: DEBUG glance.common.config [None req-8485bf7e-047c-4fab-a417-041d0ae13e1f None None] ******************************************************************************** {{(pid=83969) log_opt_values /opt/stack/data/venv/lib/python3.12/site-packages/oslo_config/cfg.py:3552}}
Aug 11 14:29:18 devstack devstack@g-api.service[83969]: WSGI app 0 (mountpoint='') ready in 5 seconds on interpreter 0x7fa1df8a4668 pid: 83969 (default app)
Aug 11 14:29:22 devstack devstack@g-api.service[83968]: DEBUG glance.api.middleware.version_negotiation [None req-611a06e6-8d36-4a72-9eb7-ff04738bb948 None None] Determining version of request: GET / Accept: application/json {{(pid=83968) process_request /opt/stack/glance/glance/api/middleware/version_negotiation.py:44}}
Aug 11 14:29:22 devstack devstack@g-api.service[83968]: DEBUG glance.api.middleware.version_negotiation [None req-611a06e6-8d36-4a72-9eb7-ff04738bb948 None None] Using url versioning {{(pid=83968) process_request /opt/stack/glance/glance/api/middleware/version_negotiation.py:57}}
Aug 11 14:29:22 devstack devstack@g-api.service[83968]: DEBUG glance.api.middleware.version_negotiation [None req-611a06e6-8d36-4a72-9eb7-ff04738bb948 None None] Unknown version. Returning version choices. {{(pid=83968) process_request /opt/stack/glance/glance/api/middleware/version_negotiation.py:64}}
Aug 11 14:29:22 devstack devstack@g-api.service[83968]: [pid: 83968|app: 0|req: 2/2] 127.0.0.1 () {34 vars in 516 bytes} [Tue Aug 11 14:29:22 2026] GET / => generated 1557 bytes in 2 msecs (HTTP/1.1 300) 3 headers in 106 bytes (1 switches on core 0)
Aug 11 14:29:22 devstack devstack@g-api.service[83969]: DEBUG glance.api.middleware.version_negotiation [None req-8485bf7e-047c-4fab-a417-041d0ae13e1f None None] Determining version of request: POST /v2/images Accept: */* {{(pid=83969) process_request /opt/stack/glance/glance/api/middleware/version_negotiation.py:44}}
Aug 11 14:29:22 devstack devstack@g-api.service[83969]: DEBUG glance.api.middleware.version_negotiation [None req-8485bf7e-047c-4fab-a417-041d0ae13e1f None None] Using url versioning {{(pid=83969) process_request /opt/stack/glance/glance/api/middleware/version_negotiation.py:57}}
Aug 11 14:29:22 devstack devstack@g-api.service[83969]: DEBUG glance.api.middleware.version_negotiation [None req-8485bf7e-047c-4fab-a417-041d0ae13e1f None None] Matched version: v2 {{(pid=83969) process_request /opt/stack/glance/glance/api/middleware/version_negotiation.py:69}}
Aug 11 14:29:22 devstack devstack@g-api.service[83969]: DEBUG glance.api.middleware.version_negotiation [None req-8485bf7e-047c-4fab-a417-041d0ae13e1f None None] new path /v2/images {{(pid=83969) process_request /opt/stack/glance/glance/api/middleware/version_negotiation.py:70}}
Aug 11 14:29:23 devstack devstack@g-api.service[83969]: [pid: 83969|app: 0|req: 1/3] 127.0.0.1 () {40 vars in 779 bytes} [Tue Aug 11 14:29:22 2026] POST /v2/images => generated 807 bytes in 1139 msecs (HTTP/1.1 201) 6 headers in 314 bytes (1 switches on core 0)
Aug 11 14:29:23 devstack devstack@g-api.service[83968]: DEBUG glance.api.middleware.version_negotiation [None req-611a06e6-8d36-4a72-9eb7-ff04738bb948 None None] Determining version of request: PUT /v2/images/73107c80-c923-49cd-a6af-7b2e8a62ee65/file Accept: {{(pid=83968) process_request /opt/stack/glance/glance/api/middleware/version_negotiation.py:44}}
Aug 11 14:29:23 devstack devstack@g-api.service[83968]: DEBUG glance.api.middleware.version_negotiation [None req-611a06e6-8d36-4a72-9eb7-ff04738bb948 None None] Using url versioning {{(pid=83968) process_request /opt/stack/glance/glance/api/middleware/version_negotiation.py:57}}
Aug 11 14:29:23 devstack devstack@g-api.service[83968]: DEBUG glance.api.middleware.version_negotiation [None req-611a06e6-8d36-4a72-9eb7-ff04738bb948 None None] Matched version: v2 {{(pid=83968) process_request /opt/stack/glance/glance/api/middleware/version_negotiation.py:69}}
Aug 11 14:29:23 devstack devstack@g-api.service[83968]: DEBUG glance.api.middleware.version_negotiation [None req-611a06e6-8d36-4a72-9eb7-ff04738bb948 None None] new path /v2/images/73107c80-c923-49cd-a6af-7b2e8a62ee65/file {{(pid=83968) process_request /opt/stack/glance/glance/api/middleware/version_negotiation.py:70}}
Aug 11 14:29:24 devstack devstack@g-api.service[83968]: INFO glance.api.v2.image_data [None req-b8969e7c-d144-4491-a5d8-2184150b1c93 admin admin] Unable to create trust: no such option collect_timing in group [keystone_authtoken] Use the existing user token.
Aug 11 14:29:25 devstack devstack@g-api.service[83968]: DEBUG glance.location [None req-b8969e7c-d144-4491-a5d8-2184150b1c93 admin admin] Enabling in-flight format inspection for qcow2 {{(pid=83968) set_data /opt/stack/glance/glance/location.py:596}}
Aug 11 14:29:25 devstack devstack@g-api.service[83968]: DEBUG oslo_utils.imageutils.format_inspector [None req-b8969e7c-d144-4491-a5d8-2184150b1c93 admin admin] Format inspector for vmdk does not match, excluding from consideration (Signature KDMV not found: b'QFI\xfb') {{(pid=83968) _process_chunk /opt/stack/data/venv/lib/python3.12/site-packages/oslo_utils/imageutils/format_inspector.py:1758}}
Aug 11 14:29:25 devstack devstack@g-api.service[83968]: DEBUG oslo_utils.imageutils.format_inspector [None req-b8969e7c-d144-4491-a5d8-2184150b1c93 admin admin] Format inspector for vhdx does not match, excluding from consideration (Region signature not found at 30000) {{(pid=83968) _process_chunk /opt/stack/data/venv/lib/python3.12/site-packages/oslo_utils/imageutils/format_inspector.py:1758}}
Aug 11 14:29:25 devstack devstack@g-api.service[83968]: DEBUG glance_store._drivers.filesystem [None req-b8969e7c-d144-4491-a5d8-2184150b1c93 admin admin] Wrote 21692416 bytes to /opt/stack/data/glance/images/73107c80-c923-49cd-a6af-7b2e8a62ee65 with checksum 87617e24a5e30cb3b87fda8c0764838f and multihash 9a9bce0083a00939ec17c11febbfc767aa211aaa54f51e75c5a8b271a9b5637c77205a518b7a2007cb391d23cceb01e0e4e8d64832317151bc85b734b92a7be0 {{(pid=83968) add /opt/stack/data/venv/lib/python3.12/site-packages/glance_store/_drivers/filesystem.py:899}}
Aug 11 14:29:25 devstack devstack@g-api.service[83968]: INFO glance.location [None req-b8969e7c-d144-4491-a5d8-2184150b1c93 admin admin] Image format matched and virtual size computed: 117440512
Aug 11 14:29:25 devstack devstack@g-api.service[83968]: DEBUG glance_store.backend [None req-b8969e7c-d144-4491-a5d8-2184150b1c93 admin admin] Skipping store.set_acls... not implemented. {{(pid=83968) set_acls /opt/stack/data/venv/lib/python3.12/site-packages/glance_store/backend.py:507}}
Aug 11 14:29:25 devstack devstack@g-api.service[83968]: [pid: 83968|app: 0|req: 3/4] 127.0.0.1 () {42 vars in 911 bytes} [Tue Aug 11 14:29:23 2026] PUT /v2/images/73107c80-c923-49cd-a6af-7b2e8a62ee65/file => generated 0 bytes in 1640 msecs (HTTP/1.1 204) 4 headers in 171 bytes (1 switches on core 0)
Aug 11 14:29:25 devstack devstack@g-api.service[83969]: DEBUG glance.api.middleware.version_negotiation [None req-a15b2d7a-6f2a-4b27-9044-023b651715fe admin admin] Determining version of request: GET /v2/images/73107c80-c923-49cd-a6af-7b2e8a62ee65 Accept: */* {{(pid=83969) process_request /opt/stack/glance/glance/api/middleware/version_negotiation.py:44}}
Aug 11 14:29:25 devstack devstack@g-api.service[83969]: DEBUG glance.api.middleware.version_negotiation [None req-a15b2d7a-6f2a-4b27-9044-023b651715fe admin admin] Using url versioning {{(pid=83969) process_request /opt/stack/glance/glance/api/middleware/version_negotiation.py:57}}
Aug 11 14:29:25 devstack devstack@g-api.service[83969]: DEBUG glance.api.middleware.version_negotiation [None req-a15b2d7a-6f2a-4b27-9044-023b651715fe admin admin] Matched version: v2 {{(pid=83969) process_request /opt/stack/glance/glance/api/middleware/version_negotiation.py:69}}
Aug 11 14:29:25 devstack devstack@g-api.service[83969]: DEBUG glance.api.middleware.version_negotiation [None req-a15b2d7a-6f2a-4b27-9044-023b651715fe admin admin] new path /v2/images/73107c80-c923-49cd-a6af-7b2e8a62ee65 {{(pid=83969) process_request /opt/stack/glance/glance/api/middleware/version_negotiation.py:70}}
Aug 11 14:29:25 devstack devstack@g-api.service[83969]: [pid: 83969|app: 0|req: 2/5] 127.0.0.1 () {36 vars in 799 bytes} [Tue Aug 11 14:29:25 2026] GET /v2/images/73107c80-c923-49cd-a6af-7b2e8a62ee65 => generated 976 bytes in 21 msecs (HTTP/1.1 200) 4 headers in 157 bytes (1 switches on core 0)
Aug 11 14:29:35 devstack devstack@g-api.service[83968]: DEBUG dbcounter [-] [83968] Writing DB stats glance:INSERT=5,glance:SELECT=16,glance:UPDATE=2 {{(pid=83968) stat_writer /opt/stack/data/venv/lib/python3.12/site-packages/dbcounter.py:115}}
Aug 11 14:29:35 devstack devstack@g-api.service[83969]: DEBUG dbcounter [-] [83969] Writing DB stats glance:INSERT=9,glance:SELECT=6 {{(pid=83969) stat_writer /opt/stack/data/venv/lib/python3.12/site-packages/dbcounter.py:115}}
Aug 11 14:30:08 devstack devstack@g-api.service[83968]: DEBUG glance.api.middleware.version_negotiation [None req-b8969e7c-d144-4491-a5d8-2184150b1c93 admin admin] Determining version of request: GET / Accept: application/json {{(pid=83968) process_request /opt/stack/glance/glance/api/middleware/version_negotiation.py:44}}
Aug 11 14:30:08 devstack devstack@g-api.service[83968]: DEBUG glance.api.middleware.version_negotiation [None req-b8969e7c-d144-4491-a5d8-2184150b1c93 admin admin] Using url versioning {{(pid=83968) process_request /opt/stack/glance/glance/api/middleware/version_negotiation.py:57}}
Aug 11 14:30:08 devstack devstack@g-api.service[83968]: DEBUG glance.api.middleware.version_negotiation [None req-b8969e7c-d144-4491-a5d8-2184150b1c93 admin admin] Unknown version. Returning version choices. {{(pid=83968) process_request /opt/stack/glance/glance/api/middleware/version_negotiation.py:64}}
Aug 11 14:30:08 devstack devstack@g-api.service[83968]: [pid: 83968|app: 0|req: 4/6] 127.0.0.1 () {34 vars in 516 bytes} [Tue Aug 11 14:30:08 2026] GET / => generated 1557 bytes in 3 msecs (HTTP/1.1 300) 3 headers in 106 bytes (1 switches on core 0)
Aug 11 14:30:08 devstack devstack@g-api.service[83969]: DEBUG glance.api.middleware.version_negotiation [None req-10895334-b3c1-46af-9699-bcaceb525a82 admin admin] Determining version of request: GET /v2/images Accept: application/json {{(pid=83969) process_request /opt/stack/glance/glance/api/middleware/version_negotiation.py:44}}
Aug 11 14:30:08 devstack devstack@g-api.service[83969]: DEBUG glance.api.middleware.version_negotiation [None req-10895334-b3c1-46af-9699-bcaceb525a82 admin admin] Using url versioning {{(pid=83969) process_request /opt/stack/glance/glance/api/middleware/version_negotiation.py:57}}
Aug 11 14:30:08 devstack devstack@g-api.service[83969]: DEBUG glance.api.middleware.version_negotiation [None req-10895334-b3c1-46af-9699-bcaceb525a82 admin admin] Matched version: v2 {{(pid=83969) process_request /opt/stack/glance/glance/api/middleware/version_negotiation.py:69}}
Aug 11 14:30:08 devstack devstack@g-api.service[83969]: DEBUG glance.api.middleware.version_negotiation [None req-10895334-b3c1-46af-9699-bcaceb525a82 admin admin] new path /v2/images {{(pid=83969) process_request /opt/stack/glance/glance/api/middleware/version_negotiation.py:70}}
Aug 11 14:30:08 devstack devstack@g-api.service[83969]: [pid: 83969|app: 0|req: 3/7] 127.0.0.1 () {36 vars in 738 bytes} [Tue Aug 11 14:30:08 2026] GET /v2/images => generated 1045 bytes in 96 msecs (HTTP/1.1 200) 4 headers in 158 bytes (1 switches on core 0)
Aug 11 14:30:18 devstack devstack@g-api.service[83968]: DEBUG glance.api.middleware.version_negotiation [None req-b8969e7c-d144-4491-a5d8-2184150b1c93 admin admin] Determining version of request: GET / Accept: application/json {{(pid=83968) process_request /opt/stack/glance/glance/api/middleware/version_negotiation.py:44}}
Aug 11 14:30:18 devstack devstack@g-api.service[83968]: DEBUG glance.api.middleware.version_negotiation [None req-b8969e7c-d144-4491-a5d8-2184150b1c93 admin admin] Using url versioning {{(pid=83968) process_request /opt/stack/glance/glance/api/middleware/version_negotiation.py:57}}
Aug 11 14:30:18 devstack devstack@g-api.service[83968]: DEBUG glance.api.middleware.version_negotiation [None req-b8969e7c-d144-4491-a5d8-2184150b1c93 admin admin] Unknown version. Returning version choices. {{(pid=83968) process_request /opt/stack/glance/glance/api/middleware/version_negotiation.py:64}}
Aug 11 14:30:18 devstack devstack@g-api.service[83968]: [pid: 83968|app: 0|req: 5/8] 127.0.0.1 () {34 vars in 516 bytes} [Tue Aug 11 14:30:18 2026] GET / => generated 1557 bytes in 5 msecs (HTTP/1.1 300) 3 headers in 106 bytes (1 switches on core 0)
Aug 11 14:30:18 devstack devstack@g-api.service[83969]: DEBUG glance.api.middleware.version_negotiation [None req-e5cc5d51-0e7b-4b25-a214-99a892e0b77e admin admin] Determining version of request: GET /v2/images/73107c80-c923-49cd-a6af-7b2e8a62ee65 Accept: */* {{(pid=83969) process_request /opt/stack/glance/glance/api/middleware/version_negotiation.py:44}}
Aug 11 14:30:18 devstack devstack@g-api.service[83969]: DEBUG glance.api.middleware.version_negotiation [None req-e5cc5d51-0e7b-4b25-a214-99a892e0b77e admin admin] Using url versioning {{(pid=83969) process_request /opt/stack/glance/glance/api/middleware/version_negotiation.py:57}}
Aug 11 14:30:18 devstack devstack@g-api.service[83969]: DEBUG glance.api.middleware.version_negotiation [None req-e5cc5d51-0e7b-4b25-a214-99a892e0b77e admin admin] Matched version: v2 {{(pid=83969) process_request /opt/stack/glance/glance/api/middleware/version_negotiation.py:69}}
Aug 11 14:30:18 devstack devstack@g-api.service[83969]: DEBUG glance.api.middleware.version_negotiation [None req-e5cc5d51-0e7b-4b25-a214-99a892e0b77e admin admin] new path /v2/images/73107c80-c923-49cd-a6af-7b2e8a62ee65 {{(pid=83969) process_request /opt/stack/glance/glance/api/middleware/version_negotiation.py:70}}
Aug 11 14:30:18 devstack devstack@g-api.service[83969]: [pid: 83969|app: 0|req: 4/9] 127.0.0.1 () {36 vars in 799 bytes} [Tue Aug 11 14:30:18 2026] GET /v2/images/73107c80-c923-49cd-a6af-7b2e8a62ee65 => generated 976 bytes in 72 msecs (HTTP/1.1 200) 4 headers in 157 bytes (1 switches on core 0)
Aug 11 14:30:24 devstack devstack@g-api.service[83968]: DEBUG glance.api.middleware.version_negotiation [None req-b8969e7c-d144-4491-a5d8-2184150b1c93 admin admin] Determining version of request: GET / Accept: application/json {{(pid=83968) process_request /opt/stack/glance/glance/api/middleware/version_negotiation.py:44}}
Aug 11 14:30:24 devstack devstack@g-api.service[83968]: DEBUG glance.api.middleware.version_negotiation [None req-b8969e7c-d144-4491-a5d8-2184150b1c93 admin admin] Using url versioning {{(pid=83968) process_request /opt/stack/glance/glance/api/middleware/version_negotiation.py:57}}
Aug 11 14:30:24 devstack devstack@g-api.service[83968]: DEBUG glance.api.middleware.version_negotiation [None req-b8969e7c-d144-4491-a5d8-2184150b1c93 admin admin] Unknown version. Returning version choices. {{(pid=83968) process_request /opt/stack/glance/glance/api/middleware/version_negotiation.py:64}}
Aug 11 14:30:24 devstack devstack@g-api.service[83968]: [pid: 83968|app: 0|req: 6/10] 127.0.0.1 () {34 vars in 516 bytes} [Tue Aug 11 14:30:24 2026] GET / => generated 1557 bytes in 3 msecs (HTTP/1.1 300) 3 headers in 106 bytes (1 switches on core 0)
Aug 11 14:30:24 devstack devstack@g-api.service[83969]: DEBUG glance.api.middleware.version_negotiation [None req-40ba061b-a90c-443e-bf90-cd57c2edbde8 admin admin] Determining version of request: GET /v2/images/73107c80-c923-49cd-a6af-7b2e8a62ee65 Accept: */* {{(pid=83969) process_request /opt/stack/glance/glance/api/middleware/version_negotiation.py:44}}
Aug 11 14:30:24 devstack devstack@g-api.service[83969]: DEBUG glance.api.middleware.version_negotiation [None req-40ba061b-a90c-443e-bf90-cd57c2edbde8 admin admin] Using url versioning {{(pid=83969) process_request /opt/stack/glance/glance/api/middleware/version_negotiation.py:57}}
Aug 11 14:30:24 devstack devstack@g-api.service[83969]: DEBUG glance.api.middleware.version_negotiation [None req-40ba061b-a90c-443e-bf90-cd57c2edbde8 admin admin] Matched version: v2 {{(pid=83969) process_request /opt/stack/glance/glance/api/middleware/version_negotiation.py:69}}
Aug 11 14:30:24 devstack devstack@g-api.service[83969]: DEBUG glance.api.middleware.version_negotiation [None req-40ba061b-a90c-443e-bf90-cd57c2edbde8 admin admin] new path /v2/images/73107c80-c923-49cd-a6af-7b2e8a62ee65 {{(pid=83969) process_request /opt/stack/glance/glance/api/middleware/version_negotiation.py:70}}
Aug 11 14:30:24 devstack devstack@g-api.service[83969]: [pid: 83969|app: 0|req: 5/11] 127.0.0.1 () {36 vars in 799 bytes} [Tue Aug 11 14:30:24 2026] GET /v2/images/73107c80-c923-49cd-a6af-7b2e8a62ee65 => generated 976 bytes in 75 msecs (HTTP/1.1 200) 4 headers in 157 bytes (1 switches on core 0)
Aug 11 14:30:34 devstack devstack@g-api.service[83969]: DEBUG dbcounter [-] [83969] Writing DB stats glance:SELECT=5 {{(pid=83969) stat_writer /opt/stack/data/venv/lib/python3.12/site-packages/dbcounter.py:115}}
Aug 11 14:31:39 devstack devstack@g-api.service[83968]: DEBUG glance.api.middleware.version_negotiation [None req-b8969e7c-d144-4491-a5d8-2184150b1c93 admin admin] Determining version of request: GET / Accept: application/json {{(pid=83968) process_request /opt/stack/glance/glance/api/middleware/version_negotiation.py:44}}
Aug 11 14:31:39 devstack devstack@g-api.service[83968]: DEBUG glance.api.middleware.version_negotiation [None req-b8969e7c-d144-4491-a5d8-2184150b1c93 admin admin] Using url versioning {{(pid=83968) process_request /opt/stack/glance/glance/api/middleware/version_negotiation.py:57}}
Aug 11 14:31:39 devstack devstack@g-api.service[83968]: DEBUG glance.api.middleware.version_negotiation [None req-b8969e7c-d144-4491-a5d8-2184150b1c93 admin admin] Unknown version. Returning version choices. {{(pid=83968) process_request /opt/stack/glance/glance/api/middleware/version_negotiation.py:64}}
Aug 11 14:31:39 devstack devstack@g-api.service[83968]: [pid: 83968|app: 0|req: 7/12] 127.0.0.1 () {36 vars in 485 bytes} [Tue Aug 11 14:31:39 2026] GET / => generated 1557 bytes in 2 msecs (HTTP/1.1 300) 3 headers in 106 bytes (1 switches on core 0)
Aug 11 14:34:40 devstack devstack@g-api.service[83969]: DEBUG glance.api.middleware.version_negotiation [None req-2608c6e3-03d4-492c-8cfa-d4c821b8a848 admin admin] Determining version of request: GET / Accept: application/json {{(pid=83969) process_request /opt/stack/glance/glance/api/middleware/version_negotiation.py:44}}
Aug 11 14:34:40 devstack devstack@g-api.service[83969]: DEBUG glance.api.middleware.version_negotiation [None req-2608c6e3-03d4-492c-8cfa-d4c821b8a848 admin admin] Using url versioning {{(pid=83969) process_request /opt/stack/glance/glance/api/middleware/version_negotiation.py:57}}
Aug 11 14:34:40 devstack devstack@g-api.service[83969]: DEBUG glance.api.middleware.version_negotiation [None req-2608c6e3-03d4-492c-8cfa-d4c821b8a848 admin admin] Unknown version. Returning version choices. {{(pid=83969) process_request /opt/stack/glance/glance/api/middleware/version_negotiation.py:64}}
Aug 11 14:34:40 devstack devstack@g-api.service[83969]: [pid: 83969|app: 0|req: 6/13] 127.0.0.1 () {34 vars in 502 bytes} [Tue Aug 11 14:34:40 2026] GET / => generated 1557 bytes in 3 msecs (HTTP/1.1 300) 3 headers in 106 bytes (1 switches on core 0)
Aug 11 14:34:41 devstack devstack@g-api.service[83968]: DEBUG glance.api.middleware.version_negotiation [None req-b8969e7c-d144-4491-a5d8-2184150b1c93 admin admin] Determining version of request: GET /v2/images/73107c80-c923-49cd-a6af-7b2e8a62ee65 Accept: */* {{(pid=83968) process_request /opt/stack/glance/glance/api/middleware/version_negotiation.py:44}}
Aug 11 14:34:41 devstack devstack@g-api.service[83968]: DEBUG glance.api.middleware.version_negotiation [None req-b8969e7c-d144-4491-a5d8-2184150b1c93 admin admin] Using url versioning {{(pid=83968) process_request /opt/stack/glance/glance/api/middleware/version_negotiation.py:57}}
Aug 11 14:34:41 devstack devstack@g-api.service[83968]: DEBUG glance.api.middleware.version_negotiation [None req-b8969e7c-d144-4491-a5d8-2184150b1c93 admin admin] Matched version: v2 {{(pid=83968) process_request /opt/stack/glance/glance/api/middleware/version_negotiation.py:69}}
Aug 11 14:34:41 devstack devstack@g-api.service[83968]: DEBUG glance.api.middleware.version_negotiation [None req-b8969e7c-d144-4491-a5d8-2184150b1c93 admin admin] new path /v2/images/73107c80-c923-49cd-a6af-7b2e8a62ee65 {{(pid=83968) process_request /opt/stack/glance/glance/api/middleware/version_negotiation.py:70}}
Aug 11 14:34:41 devstack devstack@g-api.service[83968]: [pid: 83968|app: 0|req: 8/14] 127.0.0.1 () {42 vars in 1058 bytes} [Tue Aug 11 14:34:41 2026] GET /v2/images/73107c80-c923-49cd-a6af-7b2e8a62ee65 => generated 976 bytes in 336 msecs (HTTP/1.1 200) 4 headers in 157 bytes (1 switches on core 0)
Aug 11 14:34:41 devstack devstack@g-api.service[83969]: DEBUG glance.api.middleware.version_negotiation [None req-2608c6e3-03d4-492c-8cfa-d4c821b8a848 admin admin] Determining version of request: GET /v2/schemas/image Accept: */* {{(pid=83969) process_request /opt/stack/glance/glance/api/middleware/version_negotiation.py:44}}
Aug 11 14:34:41 devstack devstack@g-api.service[83969]: DEBUG glance.api.middleware.version_negotiation [None req-2608c6e3-03d4-492c-8cfa-d4c821b8a848 admin admin] Using url versioning {{(pid=83969) process_request /opt/stack/glance/glance/api/middleware/version_negotiation.py:57}}
Aug 11 14:34:41 devstack devstack@g-api.service[83969]: DEBUG glance.api.middleware.version_negotiation [None req-2608c6e3-03d4-492c-8cfa-d4c821b8a848 admin admin] Matched version: v2 {{(pid=83969) process_request /opt/stack/glance/glance/api/middleware/version_negotiation.py:69}}
Aug 11 14:34:41 devstack devstack@g-api.service[83969]: DEBUG glance.api.middleware.version_negotiation [None req-2608c6e3-03d4-492c-8cfa-d4c821b8a848 admin admin] new path /v2/schemas/image {{(pid=83969) process_request /opt/stack/glance/glance/api/middleware/version_negotiation.py:70}}
Aug 11 14:34:41 devstack devstack@g-api.service[83969]: [pid: 83969|app: 0|req: 7/15] 127.0.0.1 () {42 vars in 998 bytes} [Tue Aug 11 14:34:41 2026] GET /v2/schemas/image => generated 6083 bytes in 14 msecs (HTTP/1.1 200) 4 headers in 158 bytes (1 switches on core 0)
Aug 11 14:34:51 devstack devstack@g-api.service[83968]: DEBUG dbcounter [-] [83968] Writing DB stats glance:SELECT=2 {{(pid=83968) stat_writer /opt/stack/data/venv/lib/python3.12/site-packages/dbcounter.py:115}}
Aug 11 14:34:56 devstack devstack@g-api.service[83968]: DEBUG glance.api.middleware.version_negotiation [None req-c0a949f0-bbee-4f0d-a3a8-f891d53d59da tempest-AttachVolumeShelveTestJSON-1256767811 tempest-AttachVolumeShelveTestJSON-1256767811-project-member] Determining version of request: GET /v2/images/73107c80-c923-49cd-a6af-7b2e8a62ee65 Accept: */* {{(pid=83968) process_request /opt/stack/glance/glance/api/middleware/version_negotiation.py:44}}
Aug 11 14:34:56 devstack devstack@g-api.service[83968]: DEBUG glance.api.middleware.version_negotiation [None req-c0a949f0-bbee-4f0d-a3a8-f891d53d59da tempest-AttachVolumeShelveTestJSON-1256767811 tempest-AttachVolumeShelveTestJSON-1256767811-project-member] Using url versioning {{(pid=83968) process_request /opt/stack/glance/glance/api/middleware/version_negotiation.py:57}}
Aug 11 14:34:56 devstack devstack@g-api.service[83968]: DEBUG glance.api.middleware.version_negotiation [None req-c0a949f0-bbee-4f0d-a3a8-f891d53d59da tempest-AttachVolumeShelveTestJSON-1256767811 tempest-AttachVolumeShelveTestJSON-1256767811-project-member] Matched version: v2 {{(pid=83968) process_request /opt/stack/glance/glance/api/middleware/version_negotiation.py:69}}
Aug 11 14:34:56 devstack devstack@g-api.service[83968]: DEBUG glance.api.middleware.version_negotiation [None req-c0a949f0-bbee-4f0d-a3a8-f891d53d59da tempest-AttachVolumeShelveTestJSON-1256767811 tempest-AttachVolumeShelveTestJSON-1256767811-project-member] new path /v2/images/73107c80-c923-49cd-a6af-7b2e8a62ee65 {{(pid=83968) process_request /opt/stack/glance/glance/api/middleware/version_negotiation.py:70}}
Aug 11 14:34:56 devstack devstack@g-api.service[83968]: [pid: 83968|app: 0|req: 9/16] 127.0.0.1 () {42 vars in 1058 bytes} [Tue Aug 11 14:34:56 2026] GET /v2/images/73107c80-c923-49cd-a6af-7b2e8a62ee65 => generated 976 bytes in 353 msecs (HTTP/1.1 200) 4 headers in 157 bytes (1 switches on core 0)
Aug 11 14:34:56 devstack devstack@g-api.service[83969]: DEBUG glance.api.middleware.version_negotiation [None req-c0a949f0-bbee-4f0d-a3a8-f891d53d59da tempest-AttachVolumeShelveTestJSON-1256767811 tempest-AttachVolumeShelveTestJSON-1256767811-project-member] Determining version of request: GET /v2/images/73107c80-c923-49cd-a6af-7b2e8a62ee65/file Accept: */* {{(pid=83969) process_request /opt/stack/glance/glance/api/middleware/version_negotiation.py:44}}
Aug 11 14:34:56 devstack devstack@g-api.service[83969]: DEBUG glance.api.middleware.version_negotiation [None req-c0a949f0-bbee-4f0d-a3a8-f891d53d59da tempest-AttachVolumeShelveTestJSON-1256767811 tempest-AttachVolumeShelveTestJSON-1256767811-project-member] Using url versioning {{(pid=83969) process_request /opt/stack/glance/glance/api/middleware/version_negotiation.py:57}}
Aug 11 14:34:56 devstack devstack@g-api.service[83969]: DEBUG glance.api.middleware.version_negotiation [None req-c0a949f0-bbee-4f0d-a3a8-f891d53d59da tempest-AttachVolumeShelveTestJSON-1256767811 tempest-AttachVolumeShelveTestJSON-1256767811-project-member] Matched version: v2 {{(pid=83969) process_request /opt/stack/glance/glance/api/middleware/version_negotiation.py:69}}
Aug 11 14:34:56 devstack devstack@g-api.service[83969]: DEBUG glance.api.middleware.version_negotiation [None req-c0a949f0-bbee-4f0d-a3a8-f891d53d59da tempest-AttachVolumeShelveTestJSON-1256767811 tempest-AttachVolumeShelveTestJSON-1256767811-project-member] new path /v2/images/73107c80-c923-49cd-a6af-7b2e8a62ee65/file {{(pid=83969) process_request /opt/stack/glance/glance/api/middleware/version_negotiation.py:70}}
Aug 11 14:34:56 devstack devstack@g-api.service[83969]: DEBUG glance_store._drivers.filesystem [None req-c0a949f0-bbee-4f0d-a3a8-f891d53d59da tempest-AttachVolumeShelveTestJSON-1256767811 tempest-AttachVolumeShelveTestJSON-1256767811-project-member] Found image at /opt/stack/data/glance/images/73107c80-c923-49cd-a6af-7b2e8a62ee65. Returning in ChunkedFile. {{(pid=83969) get /opt/stack/data/venv/lib/python3.12/site-packages/glance_store/_drivers/filesystem.py:724}}
Aug 11 14:34:56 devstack devstack@g-api.service[83969]: DEBUG glance.image_cache [None req-c0a949f0-bbee-4f0d-a3a8-f891d53d59da tempest-AttachVolumeShelveTestJSON-1256767811 tempest-AttachVolumeShelveTestJSON-1256767811-project-member] Tee'ing image '73107c80-c923-49cd-a6af-7b2e8a62ee65' into cache {{(pid=83969) get_caching_iter /opt/stack/glance/glance/image_cache/__init__.py:356}}
Aug 11 14:34:57 devstack devstack@g-api.service[83969]: DEBUG glance.image_cache.drivers.centralized_db [None req-c0a949f0-bbee-4f0d-a3a8-f891d53d59da tempest-AttachVolumeShelveTestJSON-1256767811 tempest-AttachVolumeShelveTestJSON-1256767811-project-member] Fetch finished, moving '/opt/stack/data/glance/cache/incomplete/73107c80-c923-49cd-a6af-7b2e8a62ee65' to '/opt/stack/data/glance/cache/73107c80-c923-49cd-a6af-7b2e8a62ee65' {{(pid=83969) commit /opt/stack/glance/glance/image_cache/drivers/centralized_db.py:243}}
Aug 11 14:34:57 devstack devstack@g-api.service[83969]: DEBUG glance.image_cache.drivers.centralized_db [None req-c0a949f0-bbee-4f0d-a3a8-f891d53d59da tempest-AttachVolumeShelveTestJSON-1256767811 tempest-AttachVolumeShelveTestJSON-1256767811-project-member] Image cached successfully. {{(pid=83969) commit /opt/stack/glance/glance/image_cache/drivers/centralized_db.py:258}}
Aug 11 14:34:57 devstack devstack@g-api.service[83969]: [pid: 83969|app: 0|req: 8/17] 127.0.0.1 () {42 vars in 1068 bytes} [Tue Aug 11 14:34:56 2026] GET /v2/images/73107c80-c923-49cd-a6af-7b2e8a62ee65/file => generated 21692416 bytes in 518 msecs (HTTP/1.1 200) 4 headers in 191 bytes (336 switches on core 0)
Aug 11 14:34:57 devstack devstack@g-api.service[83968]: DEBUG glance.api.middleware.version_negotiation [None req-c0a949f0-bbee-4f0d-a3a8-f891d53d59da tempest-AttachVolumeShelveTestJSON-1256767811 tempest-AttachVolumeShelveTestJSON-1256767811-project-member] Determining version of request: GET /v2/images/73107c80-c923-49cd-a6af-7b2e8a62ee65 Accept: */* {{(pid=83968) process_request /opt/stack/glance/glance/api/middleware/version_negotiation.py:44}}
Aug 11 14:34:57 devstack devstack@g-api.service[83968]: DEBUG glance.api.middleware.version_negotiation [None req-c0a949f0-bbee-4f0d-a3a8-f891d53d59da tempest-AttachVolumeShelveTestJSON-1256767811 tempest-AttachVolumeShelveTestJSON-1256767811-project-member] Using url versioning {{(pid=83968) process_request /opt/stack/glance/glance/api/middleware/version_negotiation.py:57}}
Aug 11 14:34:57 devstack devstack@g-api.service[83968]: DEBUG glance.api.middleware.version_negotiation [None req-c0a949f0-bbee-4f0d-a3a8-f891d53d59da tempest-AttachVolumeShelveTestJSON-1256767811 tempest-AttachVolumeShelveTestJSON-1256767811-project-member] Matched version: v2 {{(pid=83968) process_request /opt/stack/glance/glance/api/middleware/version_negotiation.py:69}}
Aug 11 14:34:57 devstack devstack@g-api.service[83968]: DEBUG glance.api.middleware.version_negotiation [None req-c0a949f0-bbee-4f0d-a3a8-f891d53d59da tempest-AttachVolumeShelveTestJSON-1256767811 tempest-AttachVolumeShelveTestJSON-1256767811-project-member] new path /v2/images/73107c80-c923-49cd-a6af-7b2e8a62ee65 {{(pid=83968) process_request /opt/stack/glance/glance/api/middleware/version_negotiation.py:70}}
Aug 11 14:34:57 devstack devstack@g-api.service[83968]: [pid: 83968|app: 0|req: 10/18] 127.0.0.1 () {42 vars in 1058 bytes} [Tue Aug 11 14:34:57 2026] GET /v2/images/73107c80-c923-49cd-a6af-7b2e8a62ee65 => generated 976 bytes in 36 msecs (HTTP/1.1 200) 4 headers in 157 bytes (1 switches on core 0)
Aug 11 14:34:57 devstack devstack@g-api.service[83969]: DEBUG glance.api.middleware.version_negotiation [None req-c0a949f0-bbee-4f0d-a3a8-f891d53d59da tempest-AttachVolumeShelveTestJSON-1256767811 tempest-AttachVolumeShelveTestJSON-1256767811-project-member] Determining version of request: GET /v2/schemas/image Accept: */* {{(pid=83969) process_request /opt/stack/glance/glance/api/middleware/version_negotiation.py:44}}
Aug 11 14:34:57 devstack devstack@g-api.service[83969]: DEBUG glance.api.middleware.version_negotiation [None req-c0a949f0-bbee-4f0d-a3a8-f891d53d59da tempest-AttachVolumeShelveTestJSON-1256767811 tempest-AttachVolumeShelveTestJSON-1256767811-project-member] Using url versioning {{(pid=83969) process_request /opt/stack/glance/glance/api/middleware/version_negotiation.py:57}}
Aug 11 14:34:57 devstack devstack@g-api.service[83969]: DEBUG glance.api.middleware.version_negotiation [None req-c0a949f0-bbee-4f0d-a3a8-f891d53d59da tempest-AttachVolumeShelveTestJSON-1256767811 tempest-AttachVolumeShelveTestJSON-1256767811-project-member] Matched version: v2 {{(pid=83969) process_request /opt/stack/glance/glance/api/middleware/version_negotiation.py:69}}
Aug 11 14:34:57 devstack devstack@g-api.service[83969]: DEBUG glance.api.middleware.version_negotiation [None req-c0a949f0-bbee-4f0d-a3a8-f891d53d59da tempest-AttachVolumeShelveTestJSON-1256767811 tempest-AttachVolumeShelveTestJSON-1256767811-project-member] new path /v2/schemas/image {{(pid=83969) process_request /opt/stack/glance/glance/api/middleware/version_negotiation.py:70}}
Aug 11 14:34:57 devstack devstack@g-api.service[83969]: [pid: 83969|app: 0|req: 9/19] 127.0.0.1 () {42 vars in 998 bytes} [Tue Aug 11 14:34:57 2026] GET /v2/schemas/image => generated 6083 bytes in 9 msecs (HTTP/1.1 200) 4 headers in 158 bytes (1 switches on core 0)
Aug 11 14:35:01 devstack devstack@g-api.service[83968]: DEBUG glance.api.middleware.version_negotiation [None req-c0a949f0-bbee-4f0d-a3a8-f891d53d59da tempest-AttachVolumeShelveTestJSON-1256767811 tempest-AttachVolumeShelveTestJSON-1256767811-project-member] Determining version of request: GET /v2/images/73107c80-c923-49cd-a6af-7b2e8a62ee65 Accept: */* {{(pid=83968) process_request /opt/stack/glance/glance/api/middleware/version_negotiation.py:44}}
Aug 11 14:35:01 devstack devstack@g-api.service[83968]: DEBUG glance.api.middleware.version_negotiation [None req-c0a949f0-bbee-4f0d-a3a8-f891d53d59da tempest-AttachVolumeShelveTestJSON-1256767811 tempest-AttachVolumeShelveTestJSON-1256767811-project-member] Using url versioning {{(pid=83968) process_request /opt/stack/glance/glance/api/middleware/version_negotiation.py:57}}
Aug 11 14:35:01 devstack devstack@g-api.service[83968]: DEBUG glance.api.middleware.version_negotiation [None req-c0a949f0-bbee-4f0d-a3a8-f891d53d59da tempest-AttachVolumeShelveTestJSON-1256767811 tempest-AttachVolumeShelveTestJSON-1256767811-project-member] Matched version: v2 {{(pid=83968) process_request /opt/stack/glance/glance/api/middleware/version_negotiation.py:69}}
Aug 11 14:35:01 devstack devstack@g-api.service[83968]: DEBUG glance.api.middleware.version_negotiation [None req-c0a949f0-bbee-4f0d-a3a8-f891d53d59da tempest-AttachVolumeShelveTestJSON-1256767811 tempest-AttachVolumeShelveTestJSON-1256767811-project-member] new path /v2/images/73107c80-c923-49cd-a6af-7b2e8a62ee65 {{(pid=83968) process_request /opt/stack/glance/glance/api/middleware/version_negotiation.py:70}}
Aug 11 14:35:01 devstack devstack@g-api.service[83968]: [pid: 83968|app: 0|req: 11/20] 127.0.0.1 () {42 vars in 1058 bytes} [Tue Aug 11 14:35:01 2026] GET /v2/images/73107c80-c923-49cd-a6af-7b2e8a62ee65 => generated 976 bytes in 38 msecs (HTTP/1.1 200) 4 headers in 157 bytes (1 switches on core 0)
Aug 11 14:35:01 devstack devstack@g-api.service[83969]: DEBUG glance.api.middleware.version_negotiation [None req-c0a949f0-bbee-4f0d-a3a8-f891d53d59da tempest-AttachVolumeShelveTestJSON-1256767811 tempest-AttachVolumeShelveTestJSON-1256767811-project-member] Determining version of request: GET /v2/schemas/image Accept: */* {{(pid=83969) process_request /opt/stack/glance/glance/api/middleware/version_negotiation.py:44}}
Aug 11 14:35:01 devstack devstack@g-api.service[83969]: DEBUG glance.api.middleware.version_negotiation [None req-c0a949f0-bbee-4f0d-a3a8-f891d53d59da tempest-AttachVolumeShelveTestJSON-1256767811 tempest-AttachVolumeShelveTestJSON-1256767811-project-member] Using url versioning {{(pid=83969) process_request /opt/stack/glance/glance/api/middleware/version_negotiation.py:57}}
Aug 11 14:35:01 devstack devstack@g-api.service[83969]: DEBUG glance.api.middleware.version_negotiation [None req-c0a949f0-bbee-4f0d-a3a8-f891d53d59da tempest-AttachVolumeShelveTestJSON-1256767811 tempest-AttachVolumeShelveTestJSON-1256767811-project-member] Matched version: v2 {{(pid=83969) process_request /opt/stack/glance/glance/api/middleware/version_negotiation.py:69}}
Aug 11 14:35:01 devstack devstack@g-api.service[83969]: DEBUG glance.api.middleware.version_negotiation [None req-c0a949f0-bbee-4f0d-a3a8-f891d53d59da tempest-AttachVolumeShelveTestJSON-1256767811 tempest-AttachVolumeShelveTestJSON-1256767811-project-member] new path /v2/schemas/image {{(pid=83969) process_request /opt/stack/glance/glance/api/middleware/version_negotiation.py:70}}
Aug 11 14:35:01 devstack devstack@g-api.service[83969]: [pid: 83969|app: 0|req: 10/21] 127.0.0.1 () {42 vars in 998 bytes} [Tue Aug 11 14:35:01 2026] GET /v2/schemas/image => generated 6083 bytes in 12 msecs (HTTP/1.1 200) 4 headers in 158 bytes (1 switches on core 0)
Aug 11 14:35:06 devstack devstack@g-api.service[83968]: DEBUG glance.api.middleware.version_negotiation [None req-58abe5dc-9608-4dc7-a658-018b5a1b8adc tempest-VolumesAdminNegativeTest-960239896 tempest-VolumesAdminNegativeTest-960239896-project-member] Determining version of request: GET / Accept: application/json {{(pid=83968) process_request /opt/stack/glance/glance/api/middleware/version_negotiation.py:44}}
Aug 11 14:35:06 devstack devstack@g-api.service[83968]: DEBUG glance.api.middleware.version_negotiation [None req-58abe5dc-9608-4dc7-a658-018b5a1b8adc tempest-VolumesAdminNegativeTest-960239896 tempest-VolumesAdminNegativeTest-960239896-project-member] Using url versioning {{(pid=83968) process_request /opt/stack/glance/glance/api/middleware/version_negotiation.py:57}}
Aug 11 14:35:06 devstack devstack@g-api.service[83968]: DEBUG glance.api.middleware.version_negotiation [None req-58abe5dc-9608-4dc7-a658-018b5a1b8adc tempest-VolumesAdminNegativeTest-960239896 tempest-VolumesAdminNegativeTest-960239896-project-member] Unknown version. Returning version choices. {{(pid=83968) process_request /opt/stack/glance/glance/api/middleware/version_negotiation.py:64}}
Aug 11 14:35:06 devstack devstack@g-api.service[83968]: [pid: 83968|app: 0|req: 12/22] 127.0.0.1 () {34 vars in 502 bytes} [Tue Aug 11 14:35:06 2026] GET / => generated 1557 bytes in 8 msecs (HTTP/1.1 300) 3 headers in 106 bytes (1 switches on core 0)
Aug 11 14:35:06 devstack devstack@g-api.service[83969]: DEBUG glance.api.middleware.version_negotiation [None req-58abe5dc-9608-4dc7-a658-018b5a1b8adc tempest-VolumesAdminNegativeTest-960239896 tempest-VolumesAdminNegativeTest-960239896-project-member] Determining version of request: GET /v2/images/73107c80-c923-49cd-a6af-7b2e8a62ee65 Accept: */* {{(pid=83969) process_request /opt/stack/glance/glance/api/middleware/version_negotiation.py:44}}
Aug 11 14:35:06 devstack devstack@g-api.service[83969]: DEBUG glance.api.middleware.version_negotiation [None req-58abe5dc-9608-4dc7-a658-018b5a1b8adc tempest-VolumesAdminNegativeTest-960239896 tempest-VolumesAdminNegativeTest-960239896-project-member] Using url versioning {{(pid=83969) process_request /opt/stack/glance/glance/api/middleware/version_negotiation.py:57}}
Aug 11 14:35:06 devstack devstack@g-api.service[83969]: DEBUG glance.api.middleware.version_negotiation [None req-58abe5dc-9608-4dc7-a658-018b5a1b8adc tempest-VolumesAdminNegativeTest-960239896 tempest-VolumesAdminNegativeTest-960239896-project-member] Matched version: v2 {{(pid=83969) process_request /opt/stack/glance/glance/api/middleware/version_negotiation.py:69}}
Aug 11 14:35:06 devstack devstack@g-api.service[83969]: DEBUG glance.api.middleware.version_negotiation [None req-58abe5dc-9608-4dc7-a658-018b5a1b8adc tempest-VolumesAdminNegativeTest-960239896 tempest-VolumesAdminNegativeTest-960239896-project-member] new path /v2/images/73107c80-c923-49cd-a6af-7b2e8a62ee65 {{(pid=83969) process_request /opt/stack/glance/glance/api/middleware/version_negotiation.py:70}}
Aug 11 14:35:06 devstack devstack@g-api.service[83969]: [pid: 83969|app: 0|req: 11/23] 127.0.0.1 () {42 vars in 1058 bytes} [Tue Aug 11 14:35:06 2026] GET /v2/images/73107c80-c923-49cd-a6af-7b2e8a62ee65 => generated 976 bytes in 35 msecs (HTTP/1.1 200) 4 headers in 157 bytes (1 switches on core 0)
Aug 11 14:35:06 devstack devstack@g-api.service[83968]: DEBUG glance.api.middleware.version_negotiation [None req-58abe5dc-9608-4dc7-a658-018b5a1b8adc tempest-VolumesAdminNegativeTest-960239896 tempest-VolumesAdminNegativeTest-960239896-project-member] Determining version of request: GET /v2/schemas/image Accept: */* {{(pid=83968) process_request /opt/stack/glance/glance/api/middleware/version_negotiation.py:44}}
Aug 11 14:35:06 devstack devstack@g-api.service[83968]: DEBUG glance.api.middleware.version_negotiation [None req-58abe5dc-9608-4dc7-a658-018b5a1b8adc tempest-VolumesAdminNegativeTest-960239896 tempest-VolumesAdminNegativeTest-960239896-project-member] Using url versioning {{(pid=83968) process_request /opt/stack/glance/glance/api/middleware/version_negotiation.py:57}}
