Jul 07 22:38:54 devstack cinder-volume[88152]: DEBUG oslo_concurrency.processutils [None req-e1f6115b-67a7-4726-8761-61acb85a56d5 tempest-GroupsV314Test-87072858 None] CMD "/opt/stack/data/venv/bin/python3.12 -m oslo_concurrency.prlimit --as=1073741824 --cpu=60 -- sudo cinder-rootwrap /etc/cinder/rootwrap.conf env LC_ALL=C qemu-img info -f qcow2 --output=json --force-share /opt/stack/data/cinder/mnt/ae6a09c8ce22388f4108baa62430f096/volume-cd00209f-2311-4ddd-b24d-ff63a14e7063" returned: 0 in 0.958s {{(pid=88152) execute /opt/stack/data/venv/lib/python3.12/site-packages/oslo_concurrency/processutils.py:468}}
Jul 07 22:38:54 devstack cinder-volume[88152]: DEBUG oslo_concurrency.processutils [None req-e1f6115b-67a7-4726-8761-61acb85a56d5 tempest-GroupsV314Test-87072858 None] Running cmd (subprocess): sudo cinder-rootwrap /etc/cinder/rootwrap.conf qemu-img create -f qcow2 -o backing_file=/opt/stack/data/cinder/mnt/ae6a09c8ce22388f4108baa62430f096/volume-cd00209f-2311-4ddd-b24d-ff63a14e7063,backing_fmt=qcow2 /opt/stack/data/cinder/mnt/ae6a09c8ce22388f4108baa62430f096/volume-cd00209f-2311-4ddd-b24d-ff63a14e7063.a86575aa-17e3-46d7-9c32-e491ef34f59b 1G {{(pid=88152) execute /opt/stack/data/venv/lib/python3.12/site-packages/oslo_concurrency/processutils.py:440}}
Jul 07 22:38:54 devstack sudo[94000]: quobyte : PWD=/ ; USER=root ; COMMAND=/opt/stack/data/venv/bin/cinder-rootwrap /etc/cinder/rootwrap.conf qemu-img create -f qcow2 -o backing_file=/opt/stack/data/cinder/mnt/ae6a09c8ce22388f4108baa62430f096/volume-cd00209f-2311-4ddd-b24d-ff63a14e7063,backing_fmt=qcow2 /opt/stack/data/cinder/mnt/ae6a09c8ce22388f4108baa62430f096/volume-cd00209f-2311-4ddd-b24d-ff63a14e7063.a86575aa-17e3-46d7-9c32-e491ef34f59b 1G
Jul 07 22:38:54 devstack sudo[94000]: pam_unix(sudo:session): session opened for user root(uid=0) by (uid=1000)
Jul 07 22:38:54 devstack cinder-volume[88152]: DEBUG cinder.volume.flows.manager.create_volume [None req-6dc511e6-392f-4699-a67e-edc28d19d6a5 tempest-VolumeRetypeWithoutMigrationTest-569056820 None] Volume reschedule parameters: True retry: {'num_attempts': 1, 'backends': ['devstack@QuobyteHD#QuobyteHD'], 'hosts': ['devstack@QuobyteHD#QuobyteHD']} {{(pid=88152) get_flow /opt/stack/cinder/cinder/volume/flows/manager/create_volume.py:1397}}
Jul 07 22:38:54 devstack cinder-volume[88152]: DEBUG cinder.volume.manager [None req-6dc511e6-392f-4699-a67e-edc28d19d6a5 tempest-VolumeRetypeWithoutMigrationTest-569056820 None] Flow 'volume_create_manager' (7f9c8a08-2919-418b-b18b-05d763d08549) transitioned into state 'RUNNING' from state 'PENDING' {{(pid=88152) _flow_receiver /opt/stack/data/venv/lib/python3.12/site-packages/taskflow/listeners/logging.py:160}}
Jul 07 22:38:54 devstack cinder-volume[88152]: DEBUG cinder.volume.manager [None req-6dc511e6-392f-4699-a67e-edc28d19d6a5 tempest-VolumeRetypeWithoutMigrationTest-569056820 None] Task 'cinder.volume.flows.manager.create_volume.ExtractVolumeRefTask;volume:create' (bccc9071-91b5-4f1c-9997-5392ac44f591) transitioned into state 'RUNNING' from state 'PENDING' {{(pid=88152) _task_receiver /opt/stack/data/venv/lib/python3.12/site-packages/taskflow/listeners/logging.py:242}}
Jul 07 22:38:54 devstack sudo[93995]: pam_unix(sudo:session): session closed for user root
Jul 07 22:38:54 devstack cinder-volume[88152]: DEBUG oslo_concurrency.processutils [None req-f29d21fc-ebeb-42fe-ba5c-8997cd58c070 tempest-AttachVolumeShelveTestJSON-25861693 None] CMD "/opt/stack/data/venv/bin/python3.12 -m oslo_concurrency.prlimit --as=1073741824 --cpu=60 -- sudo cinder-rootwrap /etc/cinder/rootwrap.conf env LC_ALL=C qemu-img info -f qcow2 --output=json --force-share /opt/stack/data/cinder/mnt/ae6a09c8ce22388f4108baa62430f096/volume-0c2e121b-8293-42b6-a336-11b89abda1a4" returned: 0 in 1.185s {{(pid=88152) execute /opt/stack/data/venv/lib/python3.12/site-packages/oslo_concurrency/processutils.py:468}}
Jul 07 22:38:54 devstack cinder-volume[88152]: DEBUG oslo_concurrency.processutils [None req-f29d21fc-ebeb-42fe-ba5c-8997cd58c070 tempest-AttachVolumeShelveTestJSON-25861693 None] Running cmd (subprocess): sudo cinder-rootwrap /etc/cinder/rootwrap.conf rm -f /opt/stack/data/cinder/mnt/ae6a09c8ce22388f4108baa62430f096/volume-0c2e121b-8293-42b6-a336-11b89abda1a4 {{(pid=88152) execute /opt/stack/data/venv/lib/python3.12/site-packages/oslo_concurrency/processutils.py:440}}
Jul 07 22:38:54 devstack cinder-volume[88152]: DEBUG cinder.volume.manager [None req-6dc511e6-392f-4699-a67e-edc28d19d6a5 tempest-VolumeRetypeWithoutMigrationTest-569056820 None] Task 'cinder.volume.flows.manager.create_volume.ExtractVolumeRefTask;volume:create' (bccc9071-91b5-4f1c-9997-5392ac44f591) transitioned into state 'SUCCESS' from state 'RUNNING' with result 'Volume(_name_id=None,admin_metadata=,attach_status='detached',availability_zone='nova',bootable=False,cluster=,cluster_name=None,consistencygroup=,consistencygroup_id=None,created_at=2026-07-07T20:38:54Z,deleted=False,deleted_at=None,display_description=None,display_name='tempest-VolumeRetypeWithoutMigrationTest-Volume-760738403',ec2_id=None,encryption_key_id=None,glance_metadata=,group=,group_id=None,host='devstack@QuobyteHD#QuobyteHD',id=63ba818d-73bb-4bb1-b936-07ebe5096c2b,launched_at=None,metadata={},migration_status=None,multiattach=False,previous_status=None,project_id='66495d2ea95147459ebb7bf74dd7b5a0',provider_auth=None,provider_geometry=None,provider_id=None,provider_location=None,replication_driver_data=None,replication_extended_status=None,replication_status=None,scheduled_at=2026-07-07T20:38:55Z,service_uuid=None,shared_targets=True,size=1,snapshot_id=None,snapshots=,source_volid=None,status='creating',terminated_at=None,updated_at=2026-07-07T20:38:55Z,use_quota=True,user_id='c76c3e91721b4d63a31413a3fa04e319',volume_attachment=VolumeAttachmentList,volume_type=VolumeType(45bc4951-df36-4727-8bf1-0c698bf8727c),volume_type_id=45bc4951-df36-4727-8bf1-0c698bf8727c)' {{(pid=88152) _task_receiver /opt/stack/data/venv/lib/python3.12/site-packages/taskflow/listeners/logging.py:218}}
Jul 07 22:38:54 devstack cinder-volume[88152]: DEBUG cinder.volume.manager [None req-6dc511e6-392f-4699-a67e-edc28d19d6a5 tempest-VolumeRetypeWithoutMigrationTest-569056820 None] Task 'cinder.volume.flows.manager.create_volume.OnFailureRescheduleTask;volume:create' (3a148ba5-16e4-4463-9710-9416668b60d3) transitioned into state 'RUNNING' from state 'PENDING' {{(pid=88152) _task_receiver /opt/stack/data/venv/lib/python3.12/site-packages/taskflow/listeners/logging.py:242}}
Jul 07 22:38:54 devstack sudo[94015]: quobyte : PWD=/ ; USER=root ; COMMAND=/opt/stack/data/venv/bin/cinder-rootwrap /etc/cinder/rootwrap.conf rm -f /opt/stack/data/cinder/mnt/ae6a09c8ce22388f4108baa62430f096/volume-0c2e121b-8293-42b6-a336-11b89abda1a4
Jul 07 22:38:54 devstack cinder-volume[88152]: DEBUG cinder.volume.manager [None req-6dc511e6-392f-4699-a67e-edc28d19d6a5 tempest-VolumeRetypeWithoutMigrationTest-569056820 None] Task 'cinder.volume.flows.manager.create_volume.OnFailureRescheduleTask;volume:create' (3a148ba5-16e4-4463-9710-9416668b60d3) transitioned into state 'SUCCESS' from state 'RUNNING' with result 'None' {{(pid=88152) _task_receiver /opt/stack/data/venv/lib/python3.12/site-packages/taskflow/listeners/logging.py:218}}
Jul 07 22:38:54 devstack sudo[94015]: pam_unix(sudo:session): session opened for user root(uid=0) by (uid=1000)
Jul 07 22:38:54 devstack cinder-volume[88152]: DEBUG cinder.volume.manager [None req-6dc511e6-392f-4699-a67e-edc28d19d6a5 tempest-VolumeRetypeWithoutMigrationTest-569056820 None] Task 'cinder.volume.flows.manager.create_volume.ExtractVolumeSpecTask;volume:create' (e13178f3-7882-4db9-bae3-3ae719e40567) transitioned into state 'RUNNING' from state 'PENDING' {{(pid=88152) _task_receiver /opt/stack/data/venv/lib/python3.12/site-packages/taskflow/listeners/logging.py:242}}
Jul 07 22:38:54 devstack cinder-volume[88152]: DEBUG cinder.volume.manager [None req-6dc511e6-392f-4699-a67e-edc28d19d6a5 tempest-VolumeRetypeWithoutMigrationTest-569056820 None] Task 'cinder.volume.flows.manager.create_volume.ExtractVolumeSpecTask;volume:create' (e13178f3-7882-4db9-bae3-3ae719e40567) transitioned into state 'SUCCESS' from state 'RUNNING' with result '{'status': 'creating', 'type': 'raw', 'volume_id': '63ba818d-73bb-4bb1-b936-07ebe5096c2b', 'volume_name': 'volume-63ba818d-73bb-4bb1-b936-07ebe5096c2b', 'volume_size': 1}' {{(pid=88152) _task_receiver /opt/stack/data/venv/lib/python3.12/site-packages/taskflow/listeners/logging.py:218}}
Jul 07 22:38:54 devstack cinder-volume[88152]: DEBUG cinder.volume.manager [None req-6dc511e6-392f-4699-a67e-edc28d19d6a5 tempest-VolumeRetypeWithoutMigrationTest-569056820 None] Task 'cinder.volume.flows.manager.create_volume.NotifyVolumeActionTask;volume:create, create.start' (06031060-0c0a-4a0d-83d3-0de5c1c6ac2d) transitioned into state 'RUNNING' from state 'PENDING' {{(pid=88152) _task_receiver /opt/stack/data/venv/lib/python3.12/site-packages/taskflow/listeners/logging.py:242}}
Jul 07 22:38:54 devstack cinder-volume[88152]: DEBUG cinder.volume.manager [None req-6dc511e6-392f-4699-a67e-edc28d19d6a5 tempest-VolumeRetypeWithoutMigrationTest-569056820 None] Task 'cinder.volume.flows.manager.create_volume.NotifyVolumeActionTask;volume:create, create.start' (06031060-0c0a-4a0d-83d3-0de5c1c6ac2d) transitioned into state 'SUCCESS' from state 'RUNNING' with result 'None' {{(pid=88152) _task_receiver /opt/stack/data/venv/lib/python3.12/site-packages/taskflow/listeners/logging.py:218}}
Jul 07 22:38:54 devstack cinder-volume[88152]: DEBUG cinder.volume.manager [None req-6dc511e6-392f-4699-a67e-edc28d19d6a5 tempest-VolumeRetypeWithoutMigrationTest-569056820 None] Task 'cinder.volume.flows.manager.create_volume.CreateVolumeFromSpecTask;volume:create' (d984860e-3803-4d18-a1e6-fa2524767853) transitioned into state 'RUNNING' from state 'PENDING' {{(pid=88152) _task_receiver /opt/stack/data/venv/lib/python3.12/site-packages/taskflow/listeners/logging.py:242}}
Jul 07 22:38:54 devstack cinder-volume[88152]: INFO cinder.volume.flows.manager.create_volume [None req-6dc511e6-392f-4699-a67e-edc28d19d6a5 tempest-VolumeRetypeWithoutMigrationTest-569056820 None] Volume 63ba818d-73bb-4bb1-b936-07ebe5096c2b: being created as raw with specification: {'status': 'creating', 'volume_name': 'volume-63ba818d-73bb-4bb1-b936-07ebe5096c2b', 'volume_size': 1}
Jul 07 22:38:54 devstack cinder-volume[88152]: DEBUG oslo_concurrency.lockutils [None req-6dc511e6-392f-4699-a67e-edc28d19d6a5 tempest-VolumeRetypeWithoutMigrationTest-569056820 None] Acquiring lock "quobyte" by "cinder.volume.drivers.quobyte.QuobyteDriver.create_volume" {{(pid=88152) inner /opt/stack/data/venv/lib/python3.12/site-packages/oslo_concurrency/lockutils.py:511}}
Jul 07 22:38:55 devstack sudo[94000]: pam_unix(sudo:session): session closed for user root
Jul 07 22:38:55 devstack cinder-volume[88152]: DEBUG oslo_concurrency.processutils [None req-e1f6115b-67a7-4726-8761-61acb85a56d5 tempest-GroupsV314Test-87072858 None] CMD "sudo cinder-rootwrap /etc/cinder/rootwrap.conf qemu-img create -f qcow2 -o backing_file=/opt/stack/data/cinder/mnt/ae6a09c8ce22388f4108baa62430f096/volume-cd00209f-2311-4ddd-b24d-ff63a14e7063,backing_fmt=qcow2 /opt/stack/data/cinder/mnt/ae6a09c8ce22388f4108baa62430f096/volume-cd00209f-2311-4ddd-b24d-ff63a14e7063.a86575aa-17e3-46d7-9c32-e491ef34f59b 1G" returned: 0 in 1.178s {{(pid=88152) execute /opt/stack/data/venv/lib/python3.12/site-packages/oslo_concurrency/processutils.py:468}}
Jul 07 22:38:55 devstack cinder-volume[88152]: DEBUG oslo_concurrency.processutils [None req-e1f6115b-67a7-4726-8761-61acb85a56d5 tempest-GroupsV314Test-87072858 None] Running cmd (subprocess): sudo cinder-rootwrap /etc/cinder/rootwrap.conf qemu-img rebase -u -b volume-cd00209f-2311-4ddd-b24d-ff63a14e7063 -F qcow2 /opt/stack/data/cinder/mnt/ae6a09c8ce22388f4108baa62430f096/volume-cd00209f-2311-4ddd-b24d-ff63a14e7063.a86575aa-17e3-46d7-9c32-e491ef34f59b {{(pid=88152) execute /opt/stack/data/venv/lib/python3.12/site-packages/oslo_concurrency/processutils.py:440}}
Jul 07 22:38:55 devstack sudo[94022]: quobyte : PWD=/ ; USER=root ; COMMAND=/opt/stack/data/venv/bin/cinder-rootwrap /etc/cinder/rootwrap.conf qemu-img rebase -u -b volume-cd00209f-2311-4ddd-b24d-ff63a14e7063 -F qcow2 /opt/stack/data/cinder/mnt/ae6a09c8ce22388f4108baa62430f096/volume-cd00209f-2311-4ddd-b24d-ff63a14e7063.a86575aa-17e3-46d7-9c32-e491ef34f59b
Jul 07 22:38:55 devstack sudo[94022]: pam_unix(sudo:session): session opened for user root(uid=0) by (uid=1000)
Jul 07 22:38:55 devstack sudo[94015]: pam_unix(sudo:session): session closed for user root
Jul 07 22:38:55 devstack cinder-volume[88152]: DEBUG oslo_concurrency.processutils [None req-f29d21fc-ebeb-42fe-ba5c-8997cd58c070 tempest-AttachVolumeShelveTestJSON-25861693 None] CMD "sudo cinder-rootwrap /etc/cinder/rootwrap.conf rm -f /opt/stack/data/cinder/mnt/ae6a09c8ce22388f4108baa62430f096/volume-0c2e121b-8293-42b6-a336-11b89abda1a4" returned: 0 in 0.700s {{(pid=88152) execute /opt/stack/data/venv/lib/python3.12/site-packages/oslo_concurrency/processutils.py:468}}
Jul 07 22:38:55 devstack cinder-volume[88152]: DEBUG cinder.coordination [None req-f29d21fc-ebeb-42fe-ba5c-8997cd58c070 tempest-AttachVolumeShelveTestJSON-25861693 None] Lock "cinder-quobyte-0c2e121b-8293-42b6-a336-11b89abda1a4" released by "delete_volume" :: held 1.946s {{(pid=88152) __release /opt/stack/cinder/cinder/coordination.py:152}}
Jul 07 22:38:55 devstack cinder-volume[88152]: DEBUG cinder.quota [None req-f29d21fc-ebeb-42fe-ba5c-8997cd58c070 tempest-AttachVolumeShelveTestJSON-25861693 None] Created reservations ['53283757-da65-4b7a-a302-2fb457d1f7fa', 'c272fa6f-4c1e-4cde-8d4b-4b3ade102e9b', '9fb1293a-e6b9-4d84-913c-b21aa1c034bf', 'f692959d-f26e-458a-aede-f916a8c6a0e8'] {{(pid=88152) reserve /opt/stack/cinder/cinder/quota.py:752}}
Jul 07 22:38:55 devstack cinder-volume[88152]: DEBUG oslo_concurrency.lockutils [None req-f29d21fc-ebeb-42fe-ba5c-8997cd58c070 tempest-AttachVolumeShelveTestJSON-25861693 None] Acquiring lock "quobyte_ensure" by "cinder.volume.drivers.quobyte.QuobyteDriver._ensure_shares_mounted" {{(pid=88152) inner /opt/stack/data/venv/lib/python3.12/site-packages/oslo_concurrency/lockutils.py:511}}
Jul 07 22:38:55 devstack cinder-volume[88152]: DEBUG oslo_concurrency.lockutils [None req-f29d21fc-ebeb-42fe-ba5c-8997cd58c070 tempest-AttachVolumeShelveTestJSON-25861693 None] Lock "quobyte_ensure" acquired by "cinder.volume.drivers.quobyte.QuobyteDriver._ensure_shares_mounted" :: waited 0.001s {{(pid=88152) inner /opt/stack/data/venv/lib/python3.12/site-packages/oslo_concurrency/lockutils.py:524}}
Jul 07 22:38:55 devstack cinder-volume[88152]: DEBUG cinder.volume.drivers.quobyte [None req-f29d21fc-ebeb-42fe-ba5c-8997cd58c070 tempest-AttachVolumeShelveTestJSON-25861693 None] Quobyte Volume URL set to: {'osci02.corp.quobyte.com/cinder-vol-f720068f-7dfa-4cb6-b773-43a07c798ab5': None} {{(pid=88152) _load_shares_config /opt/stack/cinder/cinder/volume/drivers/quobyte.py:617}}
Jul 07 22:38:55 devstack cinder-volume[88152]: DEBUG cinder.volume.drivers.quobyte [None req-f29d21fc-ebeb-42fe-ba5c-8997cd58c070 tempest-AttachVolumeShelveTestJSON-25861693 None] Available shares ['osci02.corp.quobyte.com/cinder-vol-f720068f-7dfa-4cb6-b773-43a07c798ab5'] {{(pid=88152) _ensure_shares_mounted /opt/stack/cinder/cinder/volume/drivers/quobyte.py:647}}
Jul 07 22:38:55 devstack cinder-volume[88152]: DEBUG oslo_concurrency.lockutils [None req-f29d21fc-ebeb-42fe-ba5c-8997cd58c070 tempest-AttachVolumeShelveTestJSON-25861693 None] Lock "quobyte_ensure" "released" by "cinder.volume.drivers.quobyte.QuobyteDriver._ensure_shares_mounted" :: held 0.012s {{(pid=88152) inner /opt/stack/data/venv/lib/python3.12/site-packages/oslo_concurrency/lockutils.py:543}}
Jul 07 22:38:55 devstack cinder-volume[88152]: DEBUG oslo_concurrency.processutils [None req-f29d21fc-ebeb-42fe-ba5c-8997cd58c070 tempest-AttachVolumeShelveTestJSON-25861693 None] Running cmd (subprocess): sudo cinder-rootwrap /etc/cinder/rootwrap.conf df --portability --block-size 1 /opt/stack/data/cinder/mnt/ae6a09c8ce22388f4108baa62430f096 {{(pid=88152) execute /opt/stack/data/venv/lib/python3.12/site-packages/oslo_concurrency/processutils.py:440}}
Jul 07 22:38:55 devstack sudo[94025]: quobyte : PWD=/ ; USER=root ; COMMAND=/opt/stack/data/venv/bin/cinder-rootwrap /etc/cinder/rootwrap.conf df --portability --block-size 1 /opt/stack/data/cinder/mnt/ae6a09c8ce22388f4108baa62430f096
Jul 07 22:38:55 devstack sudo[94025]: pam_unix(sudo:session): session opened for user root(uid=0) by (uid=1000)
Jul 07 22:38:56 devstack sudo[94022]: pam_unix(sudo:session): session closed for user root
Jul 07 22:38:56 devstack cinder-volume[88152]: DEBUG oslo_concurrency.processutils [None req-e1f6115b-67a7-4726-8761-61acb85a56d5 tempest-GroupsV314Test-87072858 None] CMD "sudo cinder-rootwrap /etc/cinder/rootwrap.conf qemu-img rebase -u -b volume-cd00209f-2311-4ddd-b24d-ff63a14e7063 -F qcow2 /opt/stack/data/cinder/mnt/ae6a09c8ce22388f4108baa62430f096/volume-cd00209f-2311-4ddd-b24d-ff63a14e7063.a86575aa-17e3-46d7-9c32-e491ef34f59b" returned: 0 in 0.901s {{(pid=88152) execute /opt/stack/data/venv/lib/python3.12/site-packages/oslo_concurrency/processutils.py:468}}
Jul 07 22:38:56 devstack cinder-volume[88152]: WARNING cinder.volume.drivers.remotefs [None req-e1f6115b-67a7-4726-8761-61acb85a56d5 tempest-GroupsV314Test-87072858 None] /opt/stack/data/cinder/mnt/ae6a09c8ce22388f4108baa62430f096/volume-cd00209f-2311-4ddd-b24d-ff63a14e7063.a86575aa-17e3-46d7-9c32-e491ef34f59b is being set with open permissions: ugo+rw: NotImplementedError
Jul 07 22:38:56 devstack cinder-volume[88152]: DEBUG oslo_concurrency.processutils [None req-e1f6115b-67a7-4726-8761-61acb85a56d5 tempest-GroupsV314Test-87072858 None] Running cmd (subprocess): sudo cinder-rootwrap /etc/cinder/rootwrap.conf chmod ugo+rw /opt/stack/data/cinder/mnt/ae6a09c8ce22388f4108baa62430f096/volume-cd00209f-2311-4ddd-b24d-ff63a14e7063.a86575aa-17e3-46d7-9c32-e491ef34f59b {{(pid=88152) execute /opt/stack/data/venv/lib/python3.12/site-packages/oslo_concurrency/processutils.py:440}}
Jul 07 22:38:56 devstack sudo[94030]: quobyte : PWD=/ ; USER=root ; COMMAND=/opt/stack/data/venv/bin/cinder-rootwrap /etc/cinder/rootwrap.conf chmod ugo+rw /opt/stack/data/cinder/mnt/ae6a09c8ce22388f4108baa62430f096/volume-cd00209f-2311-4ddd-b24d-ff63a14e7063.a86575aa-17e3-46d7-9c32-e491ef34f59b
Jul 07 22:38:56 devstack sudo[94030]: pam_unix(sudo:session): session opened for user root(uid=0) by (uid=1000)
Jul 07 22:38:56 devstack sudo[94025]: pam_unix(sudo:session): session closed for user root
Jul 07 22:38:56 devstack cinder-volume[88152]: DEBUG oslo_concurrency.processutils [None req-f29d21fc-ebeb-42fe-ba5c-8997cd58c070 tempest-AttachVolumeShelveTestJSON-25861693 None] CMD "sudo cinder-rootwrap /etc/cinder/rootwrap.conf df --portability --block-size 1 /opt/stack/data/cinder/mnt/ae6a09c8ce22388f4108baa62430f096" returned: 0 in 0.930s {{(pid=88152) execute /opt/stack/data/venv/lib/python3.12/site-packages/oslo_concurrency/processutils.py:468}}
Jul 07 22:38:56 devstack cinder-volume[88152]: DEBUG cinder.manager [None req-f29d21fc-ebeb-42fe-ba5c-8997cd58c070 tempest-AttachVolumeShelveTestJSON-25861693 None] Notifying Schedulers of capabilities ... {{(pid=88152) _publish_service_capabilities /opt/stack/cinder/cinder/manager.py:219}}
Jul 07 22:38:56 devstack cinder-volume[88152]: INFO cinder.volume.manager [None req-f29d21fc-ebeb-42fe-ba5c-8997cd58c070 tempest-AttachVolumeShelveTestJSON-25861693 None] Deleted volume successfully.
Jul 07 22:38:56 devstack cinder-volume[88152]: DEBUG cinder.coordination [None req-f29d21fc-ebeb-42fe-ba5c-8997cd58c070 tempest-AttachVolumeShelveTestJSON-25861693 None] Lock "cinder-0c2e121b-8293-42b6-a336-11b89abda1a4-delete_volume" released by "delete_volume" :: held 3.196s {{(pid=88152) __release /opt/stack/cinder/cinder/coordination.py:152}}
Jul 07 22:38:57 devstack sudo[94030]: pam_unix(sudo:session): session closed for user root
Jul 07 22:38:57 devstack cinder-volume[88152]: DEBUG oslo_concurrency.processutils [None req-e1f6115b-67a7-4726-8761-61acb85a56d5 tempest-GroupsV314Test-87072858 None] CMD "sudo cinder-rootwrap /etc/cinder/rootwrap.conf chmod ugo+rw /opt/stack/data/cinder/mnt/ae6a09c8ce22388f4108baa62430f096/volume-cd00209f-2311-4ddd-b24d-ff63a14e7063.a86575aa-17e3-46d7-9c32-e491ef34f59b" returned: 0 in 0.928s {{(pid=88152) execute /opt/stack/data/venv/lib/python3.12/site-packages/oslo_concurrency/processutils.py:468}}
Jul 07 22:38:57 devstack cinder-volume[88152]: DEBUG oslo_concurrency.processutils [None req-e1f6115b-67a7-4726-8761-61acb85a56d5 tempest-GroupsV314Test-87072858 None] Running cmd (subprocess): sudo cinder-rootwrap /etc/cinder/rootwrap.conf truncate -s0 /opt/stack/data/cinder/mnt/ae6a09c8ce22388f4108baa62430f096/volume-cd00209f-2311-4ddd-b24d-ff63a14e7063.info {{(pid=88152) execute /opt/stack/data/venv/lib/python3.12/site-packages/oslo_concurrency/processutils.py:440}}
Jul 07 22:38:57 devstack sudo[94034]: quobyte : PWD=/ ; USER=root ; COMMAND=/opt/stack/data/venv/bin/cinder-rootwrap /etc/cinder/rootwrap.conf truncate -s0 /opt/stack/data/cinder/mnt/ae6a09c8ce22388f4108baa62430f096/volume-cd00209f-2311-4ddd-b24d-ff63a14e7063.info
Jul 07 22:38:57 devstack sudo[94034]: pam_unix(sudo:session): session opened for user root(uid=0) by (uid=1000)
Jul 07 22:38:57 devstack sudo[94034]: pam_unix(sudo:session): session closed for user root
Jul 07 22:38:57 devstack cinder-volume[88152]: DEBUG oslo_concurrency.processutils [None req-e1f6115b-67a7-4726-8761-61acb85a56d5 tempest-GroupsV314Test-87072858 None] CMD "sudo cinder-rootwrap /etc/cinder/rootwrap.conf truncate -s0 /opt/stack/data/cinder/mnt/ae6a09c8ce22388f4108baa62430f096/volume-cd00209f-2311-4ddd-b24d-ff63a14e7063.info" returned: 0 in 0.760s {{(pid=88152) execute /opt/stack/data/venv/lib/python3.12/site-packages/oslo_concurrency/processutils.py:468}}
Jul 07 22:38:57 devstack cinder-volume[88152]: WARNING cinder.volume.drivers.remotefs [None req-e1f6115b-67a7-4726-8761-61acb85a56d5 tempest-GroupsV314Test-87072858 None] /opt/stack/data/cinder/mnt/ae6a09c8ce22388f4108baa62430f096/volume-cd00209f-2311-4ddd-b24d-ff63a14e7063.info is being set with open permissions: ugo+rw: NotImplementedError
Jul 07 22:38:57 devstack cinder-volume[88152]: DEBUG oslo_concurrency.processutils [None req-e1f6115b-67a7-4726-8761-61acb85a56d5 tempest-GroupsV314Test-87072858 None] Running cmd (subprocess): sudo cinder-rootwrap /etc/cinder/rootwrap.conf chmod ugo+rw /opt/stack/data/cinder/mnt/ae6a09c8ce22388f4108baa62430f096/volume-cd00209f-2311-4ddd-b24d-ff63a14e7063.info {{(pid=88152) execute /opt/stack/data/venv/lib/python3.12/site-packages/oslo_concurrency/processutils.py:440}}
Jul 07 22:38:57 devstack sudo[94039]: quobyte : PWD=/ ; USER=root ; COMMAND=/opt/stack/data/venv/bin/cinder-rootwrap /etc/cinder/rootwrap.conf chmod ugo+rw /opt/stack/data/cinder/mnt/ae6a09c8ce22388f4108baa62430f096/volume-cd00209f-2311-4ddd-b24d-ff63a14e7063.info
Jul 07 22:38:57 devstack sudo[94039]: pam_unix(sudo:session): session opened for user root(uid=0) by (uid=1000)
Jul 07 22:38:58 devstack sudo[94039]: pam_unix(sudo:session): session closed for user root
Jul 07 22:38:58 devstack cinder-volume[88152]: DEBUG oslo_concurrency.processutils [None req-e1f6115b-67a7-4726-8761-61acb85a56d5 tempest-GroupsV314Test-87072858 None] CMD "sudo cinder-rootwrap /etc/cinder/rootwrap.conf chmod ugo+rw /opt/stack/data/cinder/mnt/ae6a09c8ce22388f4108baa62430f096/volume-cd00209f-2311-4ddd-b24d-ff63a14e7063.info" returned: 0 in 0.696s {{(pid=88152) execute /opt/stack/data/venv/lib/python3.12/site-packages/oslo_concurrency/processutils.py:468}}
Jul 07 22:38:58 devstack cinder-volume[88152]: DEBUG cinder.coordination [None req-e1f6115b-67a7-4726-8761-61acb85a56d5 tempest-GroupsV314Test-87072858 None] Acquiring lock "cinder-quobyte-f899103d-9771-4edd-8089-a5663931ccf9" by "_copy_volume_from_snapshot" {{(pid=88152) __acquire /opt/stack/cinder/cinder/coordination.py:138}}
Jul 07 22:38:58 devstack cinder-volume[88152]: DEBUG cinder.coordination [None req-e1f6115b-67a7-4726-8761-61acb85a56d5 tempest-GroupsV314Test-87072858 None] Lock "cinder-quobyte-f899103d-9771-4edd-8089-a5663931ccf9" acquired by "_copy_volume_from_snapshot" :: waited 0.016s {{(pid=88152) __acquire /opt/stack/cinder/cinder/coordination.py:141}}
Jul 07 22:38:58 devstack cinder-volume[88152]: DEBUG cinder.volume.drivers.quobyte [None req-e1f6115b-67a7-4726-8761-61acb85a56d5 tempest-GroupsV314Test-87072858 None] snapshot: a86575aa-17e3-46d7-9c32-e491ef34f59b, volume: f899103d-9771-4edd-8089-a5663931ccf9, {{(pid=88152) _copy_volume_from_snapshot /opt/stack/cinder/cinder/volume/drivers/quobyte.py:401}}
Jul 07 22:38:58 devstack cinder-volume[88152]: DEBUG oslo_concurrency.lockutils [None req-e1f6115b-67a7-4726-8761-61acb85a56d5 tempest-GroupsV314Test-87072858 None] Acquiring lock "quobyte_ensure" by "cinder.volume.drivers.quobyte.QuobyteDriver._ensure_shares_mounted" {{(pid=88152) inner /opt/stack/data/venv/lib/python3.12/site-packages/oslo_concurrency/lockutils.py:511}}
Jul 07 22:38:58 devstack cinder-volume[88152]: DEBUG oslo_concurrency.lockutils [None req-e1f6115b-67a7-4726-8761-61acb85a56d5 tempest-GroupsV314Test-87072858 None] Lock "quobyte_ensure" acquired by "cinder.volume.drivers.quobyte.QuobyteDriver._ensure_shares_mounted" :: waited 0.001s {{(pid=88152) inner /opt/stack/data/venv/lib/python3.12/site-packages/oslo_concurrency/lockutils.py:524}}
Jul 07 22:38:58 devstack cinder-volume[88152]: DEBUG cinder.volume.drivers.quobyte [None req-e1f6115b-67a7-4726-8761-61acb85a56d5 tempest-GroupsV314Test-87072858 None] Quobyte Volume URL set to: {'osci02.corp.quobyte.com/cinder-vol-f720068f-7dfa-4cb6-b773-43a07c798ab5': None} {{(pid=88152) _load_shares_config /opt/stack/cinder/cinder/volume/drivers/quobyte.py:617}}
Jul 07 22:38:58 devstack cinder-volume[88152]: DEBUG cinder.volume.drivers.quobyte [None req-e1f6115b-67a7-4726-8761-61acb85a56d5 tempest-GroupsV314Test-87072858 None] Available shares ['osci02.corp.quobyte.com/cinder-vol-f720068f-7dfa-4cb6-b773-43a07c798ab5'] {{(pid=88152) _ensure_shares_mounted /opt/stack/cinder/cinder/volume/drivers/quobyte.py:647}}
Jul 07 22:38:58 devstack cinder-volume[88152]: DEBUG oslo_concurrency.lockutils [None req-e1f6115b-67a7-4726-8761-61acb85a56d5 tempest-GroupsV314Test-87072858 None] Lock "quobyte_ensure" "released" by "cinder.volume.drivers.quobyte.QuobyteDriver._ensure_shares_mounted" :: held 0.008s {{(pid=88152) inner /opt/stack/data/venv/lib/python3.12/site-packages/oslo_concurrency/lockutils.py:543}}
Jul 07 22:38:58 devstack cinder-volume[88152]: DEBUG oslo.privsep.daemon [-] privsep: reply[421a4173-81d7-4c27-a0a3-ea683dbe742c]: (4, 'qcow2') {{(pid=89230) _call_back /opt/stack/data/venv/lib/python3.12/site-packages/oslo_privsep/daemon.py:580}}
Jul 07 22:38:58 devstack cinder-volume[88152]: DEBUG oslo_concurrency.processutils [None req-e1f6115b-67a7-4726-8761-61acb85a56d5 tempest-GroupsV314Test-87072858 None] Running cmd (subprocess): /opt/stack/data/venv/bin/python3.12 -m oslo_concurrency.prlimit --as=1073741824 --cpu=60 -- sudo cinder-rootwrap /etc/cinder/rootwrap.conf env LC_ALL=C qemu-img info -f qcow2 --output=json --force-share /opt/stack/data/cinder/mnt/ae6a09c8ce22388f4108baa62430f096/volume-cd00209f-2311-4ddd-b24d-ff63a14e7063.a86575aa-17e3-46d7-9c32-e491ef34f59b {{(pid=88152) execute /opt/stack/data/venv/lib/python3.12/site-packages/oslo_concurrency/processutils.py:440}}
Jul 07 22:38:58 devstack sudo[94043]: quobyte : PWD=/ ; USER=root ; COMMAND=/opt/stack/data/venv/bin/cinder-rootwrap /etc/cinder/rootwrap.conf env LC_ALL=C qemu-img info -f qcow2 --output=json --force-share /opt/stack/data/cinder/mnt/ae6a09c8ce22388f4108baa62430f096/volume-cd00209f-2311-4ddd-b24d-ff63a14e7063.a86575aa-17e3-46d7-9c32-e491ef34f59b
Jul 07 22:38:58 devstack sudo[94043]: pam_unix(sudo:session): session opened for user root(uid=0) by (uid=1000)
Jul 07 22:38:59 devstack sudo[94043]: pam_unix(sudo:session): session closed for user root
Jul 07 22:38:59 devstack cinder-volume[88152]: DEBUG oslo_concurrency.processutils [None req-e1f6115b-67a7-4726-8761-61acb85a56d5 tempest-GroupsV314Test-87072858 None] CMD "/opt/stack/data/venv/bin/python3.12 -m oslo_concurrency.prlimit --as=1073741824 --cpu=60 -- sudo cinder-rootwrap /etc/cinder/rootwrap.conf env LC_ALL=C qemu-img info -f qcow2 --output=json --force-share /opt/stack/data/cinder/mnt/ae6a09c8ce22388f4108baa62430f096/volume-cd00209f-2311-4ddd-b24d-ff63a14e7063.a86575aa-17e3-46d7-9c32-e491ef34f59b" returned: 0 in 0.942s {{(pid=88152) execute /opt/stack/data/venv/lib/python3.12/site-packages/oslo_concurrency/processutils.py:468}}
Jul 07 22:38:59 devstack cinder-volume[88152]: DEBUG cinder.volume.drivers.remotefs [None req-e1f6115b-67a7-4726-8761-61acb85a56d5 tempest-GroupsV314Test-87072858 None] Fetching qemu-img info with special backing_file_template: (/opt/stack/data/cinder/mnt/[0-9a-f]+/)?(volume-cd00209f-2311-4ddd-b24d-ff63a14e7063(.(tmp-snap-)?[0-9a-f-]+)?|volume_from_snapshot_cache/(tmp-snap-)?[0-9a-f-]+(.(child-|parent-)[0-9a-f-]+)?)$ {{(pid=88152) _qemu_img_info_base /opt/stack/cinder/cinder/volume/drivers/remotefs.py:896}}
Jul 07 22:38:59 devstack cinder-volume[88152]: DEBUG cinder.volume.drivers.quobyte [None req-e1f6115b-67a7-4726-8761-61acb85a56d5 tempest-GroupsV314Test-87072858 None] will copy from snapshot at /opt/stack/data/cinder/mnt/ae6a09c8ce22388f4108baa62430f096/volume-cd00209f-2311-4ddd-b24d-ff63a14e7063 {{(pid=88152) _copy_volume_from_snapshot /opt/stack/cinder/cinder/volume/drivers/quobyte.py:420}}
Jul 07 22:38:59 devstack cinder-volume[88152]: DEBUG cinder.volume.drivers.quobyte [None req-e1f6115b-67a7-4726-8761-61acb85a56d5 tempest-GroupsV314Test-87072858 None] Creating direct copy from snapshot {{(pid=88152) _copy_volume_from_snapshot /opt/stack/cinder/cinder/volume/drivers/quobyte.py:428}}
Jul 07 22:38:59 devstack cinder-volume[88152]: DEBUG oslo.privsep.daemon [-] privsep: reply[9d5dc45c-08bb-4df3-86c5-3314aaa15fae]: (4, 'qcow2') {{(pid=89230) _call_back /opt/stack/data/venv/lib/python3.12/site-packages/oslo_privsep/daemon.py:580}}
Jul 07 22:38:59 devstack cinder-volume[88152]: DEBUG oslo_concurrency.processutils [None req-e1f6115b-67a7-4726-8761-61acb85a56d5 tempest-GroupsV314Test-87072858 None] Running cmd (subprocess): /opt/stack/data/venv/bin/python3.12 -m oslo_concurrency.prlimit --as=1073741824 --cpu=60 -- sudo cinder-rootwrap /etc/cinder/rootwrap.conf env LC_ALL=C qemu-img info -f qcow2 --output=json /opt/stack/data/cinder/mnt/ae6a09c8ce22388f4108baa62430f096/volume-cd00209f-2311-4ddd-b24d-ff63a14e7063 {{(pid=88152) execute /opt/stack/data/venv/lib/python3.12/site-packages/oslo_concurrency/processutils.py:440}}
Jul 07 22:38:59 devstack sudo[94049]: quobyte : PWD=/ ; USER=root ; COMMAND=/opt/stack/data/venv/bin/cinder-rootwrap /etc/cinder/rootwrap.conf env LC_ALL=C qemu-img info -f qcow2 --output=json /opt/stack/data/cinder/mnt/ae6a09c8ce22388f4108baa62430f096/volume-cd00209f-2311-4ddd-b24d-ff63a14e7063
Jul 07 22:38:59 devstack sudo[94049]: pam_unix(sudo:session): session opened for user root(uid=0) by (uid=1000)
Jul 07 22:39:00 devstack sudo[94049]: pam_unix(sudo:session): session closed for user root
Jul 07 22:39:00 devstack cinder-volume[88152]: DEBUG oslo_concurrency.processutils [None req-e1f6115b-67a7-4726-8761-61acb85a56d5 tempest-GroupsV314Test-87072858 None] CMD "/opt/stack/data/venv/bin/python3.12 -m oslo_concurrency.prlimit --as=1073741824 --cpu=60 -- sudo cinder-rootwrap /etc/cinder/rootwrap.conf env LC_ALL=C qemu-img info -f qcow2 --output=json /opt/stack/data/cinder/mnt/ae6a09c8ce22388f4108baa62430f096/volume-cd00209f-2311-4ddd-b24d-ff63a14e7063" returned: 0 in 1.130s {{(pid=88152) execute /opt/stack/data/venv/lib/python3.12/site-packages/oslo_concurrency/processutils.py:468}}
Jul 07 22:39:00 devstack cinder-volume[88152]: DEBUG cinder.utils [None req-e1f6115b-67a7-4726-8761-61acb85a56d5 tempest-GroupsV314Test-87072858 None] Path /opt/stack/data/cinder/mnt/ae6a09c8ce22388f4108baa62430f096/volume-f899103d-9771-4edd-8089-a5663931ccf9 not found in is_blk_device check {{(pid=88152) is_blk_device /opt/stack/cinder/cinder/utils.py:615}}
Jul 07 22:39:00 devstack cinder-volume[88152]: DEBUG oslo_concurrency.processutils [None req-e1f6115b-67a7-4726-8761-61acb85a56d5 tempest-GroupsV314Test-87072858 None] Running cmd (subprocess): sudo cinder-rootwrap /etc/cinder/rootwrap.conf qemu-img convert -O qcow2 /opt/stack/data/cinder/mnt/ae6a09c8ce22388f4108baa62430f096/volume-cd00209f-2311-4ddd-b24d-ff63a14e7063 /opt/stack/data/cinder/mnt/ae6a09c8ce22388f4108baa62430f096/volume-f899103d-9771-4edd-8089-a5663931ccf9 {{(pid=88152) execute /opt/stack/data/venv/lib/python3.12/site-packages/oslo_concurrency/processutils.py:440}}
Jul 07 22:39:00 devstack sudo[94095]: quobyte : PWD=/ ; USER=root ; COMMAND=/opt/stack/data/venv/bin/cinder-rootwrap /etc/cinder/rootwrap.conf qemu-img convert -O qcow2 /opt/stack/data/cinder/mnt/ae6a09c8ce22388f4108baa62430f096/volume-cd00209f-2311-4ddd-b24d-ff63a14e7063 /opt/stack/data/cinder/mnt/ae6a09c8ce22388f4108baa62430f096/volume-f899103d-9771-4edd-8089-a5663931ccf9
Jul 07 22:39:00 devstack sudo[94095]: pam_unix(sudo:session): session opened for user root(uid=0) by (uid=1000)
Jul 07 22:39:07 devstack cinder-volume[88152]: DEBUG dbcounter [-] [88152] Writing DB stats cinder:SELECT=34,cinder:INSERT=8,cinder:UPDATE=43 {{(pid=88152) stat_writer /opt/stack/data/venv/lib/python3.12/site-packages/dbcounter.py:115}}
Jul 07 22:39:07 devstack cinder-volume[88152]: DEBUG dbcounter [-] [88152] Writing DB stats cinder:SELECT=50,cinder:INSERT=15,cinder:UPDATE=45,cinder:DELETE=4 {{(pid=88152) stat_writer /opt/stack/data/venv/lib/python3.12/site-packages/dbcounter.py:115}}
Jul 07 22:39:07 devstack sudo[94095]: pam_unix(sudo:session): session closed for user root
Jul 07 22:39:07 devstack cinder-volume[88152]: DEBUG oslo_concurrency.processutils [None req-e1f6115b-67a7-4726-8761-61acb85a56d5 tempest-GroupsV314Test-87072858 None] CMD "sudo cinder-rootwrap /etc/cinder/rootwrap.conf qemu-img convert -O qcow2 /opt/stack/data/cinder/mnt/ae6a09c8ce22388f4108baa62430f096/volume-cd00209f-2311-4ddd-b24d-ff63a14e7063 /opt/stack/data/cinder/mnt/ae6a09c8ce22388f4108baa62430f096/volume-f899103d-9771-4edd-8089-a5663931ccf9" returned: 0 in 6.696s {{(pid=88152) execute /opt/stack/data/venv/lib/python3.12/site-packages/oslo_concurrency/processutils.py:468}}
Jul 07 22:39:07 devstack cinder-volume[88152]: DEBUG oslo.privsep.daemon [-] privsep: reply[b2dc47fe-8e16-4039-89d4-5462321682dc]: (4, 'qcow2') {{(pid=89230) _call_back /opt/stack/data/venv/lib/python3.12/site-packages/oslo_privsep/daemon.py:580}}
Jul 07 22:39:07 devstack cinder-volume[88152]: DEBUG oslo_concurrency.processutils [None req-e1f6115b-67a7-4726-8761-61acb85a56d5 tempest-GroupsV314Test-87072858 None] Running cmd (subprocess): /opt/stack/data/venv/bin/python3.12 -m oslo_concurrency.prlimit --as=1073741824 --cpu=60 -- sudo cinder-rootwrap /etc/cinder/rootwrap.conf env LC_ALL=C qemu-img info -f qcow2 --output=json /opt/stack/data/cinder/mnt/ae6a09c8ce22388f4108baa62430f096/volume-cd00209f-2311-4ddd-b24d-ff63a14e7063 {{(pid=88152) execute /opt/stack/data/venv/lib/python3.12/site-packages/oslo_concurrency/processutils.py:440}}
Jul 07 22:39:07 devstack sudo[94585]: quobyte : PWD=/ ; USER=root ; COMMAND=/opt/stack/data/venv/bin/cinder-rootwrap /etc/cinder/rootwrap.conf env LC_ALL=C qemu-img info -f qcow2 --output=json /opt/stack/data/cinder/mnt/ae6a09c8ce22388f4108baa62430f096/volume-cd00209f-2311-4ddd-b24d-ff63a14e7063
Jul 07 22:39:07 devstack sudo[94585]: pam_unix(sudo:session): session opened for user root(uid=0) by (uid=1000)
Jul 07 22:39:09 devstack sudo[94585]: pam_unix(sudo:session): session closed for user root
Jul 07 22:39:09 devstack cinder-volume[88152]: DEBUG oslo_concurrency.processutils [None req-e1f6115b-67a7-4726-8761-61acb85a56d5 tempest-GroupsV314Test-87072858 None] CMD "/opt/stack/data/venv/bin/python3.12 -m oslo_concurrency.prlimit --as=1073741824 --cpu=60 -- sudo cinder-rootwrap /etc/cinder/rootwrap.conf env LC_ALL=C qemu-img info -f qcow2 --output=json /opt/stack/data/cinder/mnt/ae6a09c8ce22388f4108baa62430f096/volume-cd00209f-2311-4ddd-b24d-ff63a14e7063" returned: 0 in 1.557s {{(pid=88152) execute /opt/stack/data/venv/lib/python3.12/site-packages/oslo_concurrency/processutils.py:468}}
Jul 07 22:39:09 devstack cinder-volume[88152]: DEBUG cinder.image.image_utils [None req-e1f6115b-67a7-4726-8761-61acb85a56d5 tempest-GroupsV314Test-87072858 None] Image conversion details: src /opt/stack/data/cinder/mnt/ae6a09c8ce22388f4108baa62430f096/volume-cd00209f-2311-4ddd-b24d-ff63a14e7063, size 1024.00 MB, duration 6.70 sec, destination /opt/stack/data/cinder/mnt/ae6a09c8ce22388f4108baa62430f096/volume-f899103d-9771-4edd-8089-a5663931ccf9 {{(pid=88152) _convert_image /opt/stack/cinder/cinder/image/image_utils.py:536}}
Jul 07 22:39:09 devstack cinder-volume[88152]: INFO cinder.image.image_utils [None req-e1f6115b-67a7-4726-8761-61acb85a56d5 tempest-GroupsV314Test-87072858 None] Converted 1024.00 MB image at 152.91 MB/s
Jul 07 22:39:09 devstack cinder-volume[88152]: WARNING cinder.volume.drivers.remotefs [None req-e1f6115b-67a7-4726-8761-61acb85a56d5 tempest-GroupsV314Test-87072858 None] /opt/stack/data/cinder/mnt/ae6a09c8ce22388f4108baa62430f096/volume-f899103d-9771-4edd-8089-a5663931ccf9 is being set with open permissions: ugo+rw: NotImplementedError
Jul 07 22:39:09 devstack cinder-volume[88152]: DEBUG oslo_concurrency.processutils [None req-e1f6115b-67a7-4726-8761-61acb85a56d5 tempest-GroupsV314Test-87072858 None] Running cmd (subprocess): sudo cinder-rootwrap /etc/cinder/rootwrap.conf chmod ugo+rw /opt/stack/data/cinder/mnt/ae6a09c8ce22388f4108baa62430f096/volume-f899103d-9771-4edd-8089-a5663931ccf9 {{(pid=88152) execute /opt/stack/data/venv/lib/python3.12/site-packages/oslo_concurrency/processutils.py:440}}
Jul 07 22:39:09 devstack sudo[94592]: quobyte : PWD=/ ; USER=root ; COMMAND=/opt/stack/data/venv/bin/cinder-rootwrap /etc/cinder/rootwrap.conf chmod ugo+rw /opt/stack/data/cinder/mnt/ae6a09c8ce22388f4108baa62430f096/volume-f899103d-9771-4edd-8089-a5663931ccf9
Jul 07 22:39:09 devstack sudo[94592]: pam_unix(sudo:session): session opened for user root(uid=0) by (uid=1000)
Jul 07 22:39:09 devstack sudo[94592]: pam_unix(sudo:session): session closed for user root
Jul 07 22:39:09 devstack cinder-volume[88152]: DEBUG oslo_concurrency.processutils [None req-e1f6115b-67a7-4726-8761-61acb85a56d5 tempest-GroupsV314Test-87072858 None] CMD "sudo cinder-rootwrap /etc/cinder/rootwrap.conf chmod ugo+rw /opt/stack/data/cinder/mnt/ae6a09c8ce22388f4108baa62430f096/volume-f899103d-9771-4edd-8089-a5663931ccf9" returned: 0 in 0.853s {{(pid=88152) execute /opt/stack/data/venv/lib/python3.12/site-packages/oslo_concurrency/processutils.py:468}}
Jul 07 22:39:09 devstack cinder-volume[88152]: DEBUG cinder.coordination [None req-e1f6115b-67a7-4726-8761-61acb85a56d5 tempest-GroupsV314Test-87072858 None] Lock "cinder-quobyte-f899103d-9771-4edd-8089-a5663931ccf9" released by "_copy_volume_from_snapshot" :: held 11.293s {{(pid=88152) __release /opt/stack/cinder/cinder/coordination.py:152}}
Jul 07 22:39:09 devstack cinder-volume[88152]: DEBUG cinder.coordination [None req-e1f6115b-67a7-4726-8761-61acb85a56d5 tempest-GroupsV314Test-87072858 None] Acquiring lock "cinder-quobyte-a86575aa-17e3-46d7-9c32-e491ef34f59b" by "_delete_snapshot" {{(pid=88152) __acquire /opt/stack/cinder/cinder/coordination.py:138}}
Jul 07 22:39:09 devstack cinder-volume[88152]: DEBUG cinder.coordination [None req-e1f6115b-67a7-4726-8761-61acb85a56d5 tempest-GroupsV314Test-87072858 None] Lock "cinder-quobyte-a86575aa-17e3-46d7-9c32-e491ef34f59b" acquired by "_delete_snapshot" :: waited 0.024s {{(pid=88152) __acquire /opt/stack/cinder/cinder/coordination.py:141}}
Jul 07 22:39:09 devstack cinder-volume[88152]: DEBUG cinder.volume.drivers.remotefs [None req-e1f6115b-67a7-4726-8761-61acb85a56d5 tempest-GroupsV314Test-87072858 None] Deleting offline snapshot a86575aa-17e3-46d7-9c32-e491ef34f59b of volume cd00209f-2311-4ddd-b24d-ff63a14e7063 {{(pid=88152) _delete_snapshot /opt/stack/cinder/cinder/volume/drivers/remotefs.py:1288}}
Jul 07 22:39:09 devstack cinder-volume[88152]: DEBUG cinder.volume.drivers.remotefs [None req-e1f6115b-67a7-4726-8761-61acb85a56d5 tempest-GroupsV314Test-87072858 None] snapshot_file for this snap is: volume-cd00209f-2311-4ddd-b24d-ff63a14e7063.a86575aa-17e3-46d7-9c32-e491ef34f59b {{(pid=88152) _delete_snapshot /opt/stack/cinder/cinder/volume/drivers/remotefs.py:1317}}
Jul 07 22:39:09 devstack cinder-volume[88152]: DEBUG oslo.privsep.daemon [-] privsep: reply[ea68f0d2-f617-4ac7-ad5c-e3b30a13b241]: (4, 'qcow2') {{(pid=89230) _call_back /opt/stack/data/venv/lib/python3.12/site-packages/oslo_privsep/daemon.py:580}}
Jul 07 22:39:09 devstack cinder-volume[88152]: DEBUG oslo_concurrency.processutils [None req-e1f6115b-67a7-4726-8761-61acb85a56d5 tempest-GroupsV314Test-87072858 None] Running cmd (subprocess): /opt/stack/data/venv/bin/python3.12 -m oslo_concurrency.prlimit --as=1073741824 --cpu=60 -- sudo cinder-rootwrap /etc/cinder/rootwrap.conf env LC_ALL=C qemu-img info -f qcow2 --output=json --force-share /opt/stack/data/cinder/mnt/ae6a09c8ce22388f4108baa62430f096/volume-cd00209f-2311-4ddd-b24d-ff63a14e7063.a86575aa-17e3-46d7-9c32-e491ef34f59b {{(pid=88152) execute /opt/stack/data/venv/lib/python3.12/site-packages/oslo_concurrency/processutils.py:440}}
Jul 07 22:39:10 devstack sudo[94595]: quobyte : PWD=/ ; USER=root ; COMMAND=/opt/stack/data/venv/bin/cinder-rootwrap /etc/cinder/rootwrap.conf env LC_ALL=C qemu-img info -f qcow2 --output=json --force-share /opt/stack/data/cinder/mnt/ae6a09c8ce22388f4108baa62430f096/volume-cd00209f-2311-4ddd-b24d-ff63a14e7063.a86575aa-17e3-46d7-9c32-e491ef34f59b
Jul 07 22:39:10 devstack sudo[94595]: pam_unix(sudo:session): session opened for user root(uid=0) by (uid=1000)
Jul 07 22:39:11 devstack sudo[94595]: pam_unix(sudo:session): session closed for user root
Jul 07 22:39:11 devstack cinder-volume[88152]: DEBUG oslo_concurrency.processutils [None req-e1f6115b-67a7-4726-8761-61acb85a56d5 tempest-GroupsV314Test-87072858 None] CMD "/opt/stack/data/venv/bin/python3.12 -m oslo_concurrency.prlimit --as=1073741824 --cpu=60 -- sudo cinder-rootwrap /etc/cinder/rootwrap.conf env LC_ALL=C qemu-img info -f qcow2 --output=json --force-share /opt/stack/data/cinder/mnt/ae6a09c8ce22388f4108baa62430f096/volume-cd00209f-2311-4ddd-b24d-ff63a14e7063.a86575aa-17e3-46d7-9c32-e491ef34f59b" returned: 0 in 1.093s {{(pid=88152) execute /opt/stack/data/venv/lib/python3.12/site-packages/oslo_concurrency/processutils.py:468}}
Jul 07 22:39:11 devstack cinder-volume[88152]: DEBUG cinder.volume.drivers.remotefs [None req-e1f6115b-67a7-4726-8761-61acb85a56d5 tempest-GroupsV314Test-87072858 None] Fetching qemu-img info with special backing_file_template: (/opt/stack/data/cinder/mnt/[0-9a-f]+/)?(volume-cd00209f-2311-4ddd-b24d-ff63a14e7063(.(tmp-snap-)?[0-9a-f-]+)?|volume_from_snapshot_cache/(tmp-snap-)?[0-9a-f-]+(.(child-|parent-)[0-9a-f-]+)?)$ {{(pid=88152) _qemu_img_info_base /opt/stack/cinder/cinder/volume/drivers/remotefs.py:896}}
Jul 07 22:39:11 devstack cinder-volume[88152]: DEBUG oslo.privsep.daemon [-] privsep: reply[e320446e-4a3d-4b02-ba13-9ba811585799]: (4, 'qcow2') {{(pid=89230) _call_back /opt/stack/data/venv/lib/python3.12/site-packages/oslo_privsep/daemon.py:580}}
Jul 07 22:39:11 devstack cinder-volume[88152]: DEBUG oslo_concurrency.processutils [None req-e1f6115b-67a7-4726-8761-61acb85a56d5 tempest-GroupsV314Test-87072858 None] Running cmd (subprocess): /opt/stack/data/venv/bin/python3.12 -m oslo_concurrency.prlimit --as=1073741824 --cpu=60 -- sudo cinder-rootwrap /etc/cinder/rootwrap.conf env LC_ALL=C qemu-img info -f qcow2 --output=json --force-share /opt/stack/data/cinder/mnt/ae6a09c8ce22388f4108baa62430f096/volume-cd00209f-2311-4ddd-b24d-ff63a14e7063 {{(pid=88152) execute /opt/stack/data/venv/lib/python3.12/site-packages/oslo_concurrency/processutils.py:440}}
Jul 07 22:39:11 devstack sudo[94601]: quobyte : PWD=/ ; USER=root ; COMMAND=/opt/stack/data/venv/bin/cinder-rootwrap /etc/cinder/rootwrap.conf env LC_ALL=C qemu-img info -f qcow2 --output=json --force-share /opt/stack/data/cinder/mnt/ae6a09c8ce22388f4108baa62430f096/volume-cd00209f-2311-4ddd-b24d-ff63a14e7063
Jul 07 22:39:11 devstack sudo[94601]: pam_unix(sudo:session): session opened for user root(uid=0) by (uid=1000)
Jul 07 22:39:12 devstack sudo[94601]: pam_unix(sudo:session): session closed for user root
Jul 07 22:39:12 devstack cinder-volume[88152]: DEBUG oslo_concurrency.processutils [None req-e1f6115b-67a7-4726-8761-61acb85a56d5 tempest-GroupsV314Test-87072858 None] CMD "/opt/stack/data/venv/bin/python3.12 -m oslo_concurrency.prlimit --as=1073741824 --cpu=60 -- sudo cinder-rootwrap /etc/cinder/rootwrap.conf env LC_ALL=C qemu-img info -f qcow2 --output=json --force-share /opt/stack/data/cinder/mnt/ae6a09c8ce22388f4108baa62430f096/volume-cd00209f-2311-4ddd-b24d-ff63a14e7063" returned: 0 in 1.040s {{(pid=88152) execute /opt/stack/data/venv/lib/python3.12/site-packages/oslo_concurrency/processutils.py:468}}
Jul 07 22:39:12 devstack cinder-volume[88152]: DEBUG oslo_concurrency.processutils [None req-e1f6115b-67a7-4726-8761-61acb85a56d5 tempest-GroupsV314Test-87072858 None] Running cmd (subprocess): sudo cinder-rootwrap /etc/cinder/rootwrap.conf qemu-img commit -d /opt/stack/data/cinder/mnt/ae6a09c8ce22388f4108baa62430f096/volume-cd00209f-2311-4ddd-b24d-ff63a14e7063.a86575aa-17e3-46d7-9c32-e491ef34f59b {{(pid=88152) execute /opt/stack/data/venv/lib/python3.12/site-packages/oslo_concurrency/processutils.py:440}}
Jul 07 22:39:12 devstack sudo[94607]: quobyte : PWD=/ ; USER=root ; COMMAND=/opt/stack/data/venv/bin/cinder-rootwrap /etc/cinder/rootwrap.conf qemu-img commit -d /opt/stack/data/cinder/mnt/ae6a09c8ce22388f4108baa62430f096/volume-cd00209f-2311-4ddd-b24d-ff63a14e7063.a86575aa-17e3-46d7-9c32-e491ef34f59b
Jul 07 22:39:12 devstack sudo[94607]: pam_unix(sudo:session): session opened for user root(uid=0) by (uid=1000)
Jul 07 22:39:13 devstack sudo[94607]: pam_unix(sudo:session): session closed for user root
Jul 07 22:39:13 devstack cinder-volume[88152]: DEBUG oslo_concurrency.processutils [None req-e1f6115b-67a7-4726-8761-61acb85a56d5 tempest-GroupsV314Test-87072858 None] CMD "sudo cinder-rootwrap /etc/cinder/rootwrap.conf qemu-img commit -d /opt/stack/data/cinder/mnt/ae6a09c8ce22388f4108baa62430f096/volume-cd00209f-2311-4ddd-b24d-ff63a14e7063.a86575aa-17e3-46d7-9c32-e491ef34f59b" returned: 0 in 0.925s {{(pid=88152) execute /opt/stack/data/venv/lib/python3.12/site-packages/oslo_concurrency/processutils.py:468}}
Jul 07 22:39:13 devstack cinder-volume[88152]: DEBUG oslo_concurrency.processutils [None req-e1f6115b-67a7-4726-8761-61acb85a56d5 tempest-GroupsV314Test-87072858 None] Running cmd (subprocess): sudo cinder-rootwrap /etc/cinder/rootwrap.conf rm -f /opt/stack/data/cinder/mnt/ae6a09c8ce22388f4108baa62430f096/volume-cd00209f-2311-4ddd-b24d-ff63a14e7063.a86575aa-17e3-46d7-9c32-e491ef34f59b {{(pid=88152) execute /opt/stack/data/venv/lib/python3.12/site-packages/oslo_concurrency/processutils.py:440}}
Jul 07 22:39:13 devstack sudo[94612]: quobyte : PWD=/ ; USER=root ; COMMAND=/opt/stack/data/venv/bin/cinder-rootwrap /etc/cinder/rootwrap.conf rm -f /opt/stack/data/cinder/mnt/ae6a09c8ce22388f4108baa62430f096/volume-cd00209f-2311-4ddd-b24d-ff63a14e7063.a86575aa-17e3-46d7-9c32-e491ef34f59b
Jul 07 22:39:13 devstack sudo[94612]: pam_unix(sudo:session): session opened for user root(uid=0) by (uid=1000)
Jul 07 22:39:13 devstack sudo[94612]: pam_unix(sudo:session): session closed for user root
Jul 07 22:39:13 devstack cinder-volume[88152]: DEBUG oslo_concurrency.processutils [None req-e1f6115b-67a7-4726-8761-61acb85a56d5 tempest-GroupsV314Test-87072858 None] CMD "sudo cinder-rootwrap /etc/cinder/rootwrap.conf rm -f /opt/stack/data/cinder/mnt/ae6a09c8ce22388f4108baa62430f096/volume-cd00209f-2311-4ddd-b24d-ff63a14e7063.a86575aa-17e3-46d7-9c32-e491ef34f59b" returned: 0 in 0.862s {{(pid=88152) execute /opt/stack/data/venv/lib/python3.12/site-packages/oslo_concurrency/processutils.py:468}}
Jul 07 22:39:13 devstack cinder-volume[88152]: DEBUG cinder.coordination [None req-e1f6115b-67a7-4726-8761-61acb85a56d5 tempest-GroupsV314Test-87072858 None] Lock "cinder-quobyte-a86575aa-17e3-46d7-9c32-e491ef34f59b" released by "_delete_snapshot" :: held 4.041s {{(pid=88152) __release /opt/stack/cinder/cinder/coordination.py:152}}
Jul 07 22:39:14 devstack cinder-volume[88152]: DEBUG oslo_concurrency.lockutils [None req-e1f6115b-67a7-4726-8761-61acb85a56d5 tempest-GroupsV314Test-87072858 None] Lock "quobyte" "released" by "cinder.volume.drivers.quobyte.QuobyteDriver.create_cloned_volume" :: held 21.032s {{(pid=88152) inner /opt/stack/data/venv/lib/python3.12/site-packages/oslo_concurrency/lockutils.py:543}}
Jul 07 22:39:14 devstack cinder-volume[88152]: DEBUG oslo_concurrency.lockutils [None req-6dc511e6-392f-4699-a67e-edc28d19d6a5 tempest-VolumeRetypeWithoutMigrationTest-569056820 None] Lock "quobyte" acquired by "cinder.volume.drivers.quobyte.QuobyteDriver.create_volume" :: waited 19.130s {{(pid=88152) inner /opt/stack/data/venv/lib/python3.12/site-packages/oslo_concurrency/lockutils.py:524}}
