Sep 05 20:41:29 devstack devstack@g-api.service[77531]: DEBUG glance.common.config [None req-33c11706-d6dc-4c7e-84e8-224bac8bc0d4 None None] ******************************************************************************** {{(pid=77531) log_opt_values /opt/stack/data/venv/lib/python3.12/site-packages/oslo_config/cfg.py:3567}}
Sep 05 20:41:29 devstack devstack@g-api.service[77531]: WSGI app 0 (mountpoint='') ready in 6 seconds on interpreter 0x715c2a4a4668 pid: 77531 (default app)
Sep 05 20:41:29 devstack devstack@g-api.service[77530]: DEBUG glance.common.config [None req-1031f17b-d151-441b-a1c5-dac8aed1e1df None None] barbican.certfile = None {{(pid=77530) log_opt_values /opt/stack/data/venv/lib/python3.12/site-packages/oslo_config/cfg.py:3560}}
Sep 05 20:41:29 devstack devstack@g-api.service[77530]: DEBUG glance.common.config [None req-1031f17b-d151-441b-a1c5-dac8aed1e1df None None] barbican.collect_timing = False {{(pid=77530) log_opt_values /opt/stack/data/venv/lib/python3.12/site-packages/oslo_config/cfg.py:3560}}
Sep 05 20:41:29 devstack devstack@g-api.service[77530]: DEBUG glance.common.config [None req-1031f17b-d151-441b-a1c5-dac8aed1e1df None None] barbican.insecure = False {{(pid=77530) log_opt_values /opt/stack/data/venv/lib/python3.12/site-packages/oslo_config/cfg.py:3560}}
Sep 05 20:41:29 devstack devstack@g-api.service[77531]: DEBUG glance.api.middleware.version_negotiation [None req-33c11706-d6dc-4c7e-84e8-224bac8bc0d4 None None] Determining version of request: GET / Accept: */* {{(pid=77531) process_request /opt/stack/glance/glance/api/middleware/version_negotiation.py:44}}
Sep 05 20:41:29 devstack devstack@g-api.service[77530]: DEBUG glance.common.config [None req-1031f17b-d151-441b-a1c5-dac8aed1e1df None None] barbican.keyfile = None {{(pid=77530) log_opt_values /opt/stack/data/venv/lib/python3.12/site-packages/oslo_config/cfg.py:3560}}
Sep 05 20:41:29 devstack devstack@g-api.service[77531]: DEBUG glance.api.middleware.version_negotiation [None req-33c11706-d6dc-4c7e-84e8-224bac8bc0d4 None None] Using url versioning {{(pid=77531) process_request /opt/stack/glance/glance/api/middleware/version_negotiation.py:57}}
Sep 05 20:41:29 devstack devstack@g-api.service[77530]: DEBUG glance.common.config [None req-1031f17b-d151-441b-a1c5-dac8aed1e1df None None] barbican.number_of_retries = 60 {{(pid=77530) log_opt_values /opt/stack/data/venv/lib/python3.12/site-packages/oslo_config/cfg.py:3560}}
Sep 05 20:41:29 devstack devstack@g-api.service[77531]: DEBUG glance.api.middleware.version_negotiation [None req-33c11706-d6dc-4c7e-84e8-224bac8bc0d4 None None] Unknown version. Returning version choices. {{(pid=77531) process_request /opt/stack/glance/glance/api/middleware/version_negotiation.py:64}}
Sep 05 20:41:29 devstack devstack@g-api.service[77530]: DEBUG glance.common.config [None req-1031f17b-d151-441b-a1c5-dac8aed1e1df None None] barbican.retry_delay = 1 {{(pid=77530) log_opt_values /opt/stack/data/venv/lib/python3.12/site-packages/oslo_config/cfg.py:3560}}
Sep 05 20:41:29 devstack devstack@g-api.service[77530]: DEBUG glance.common.config [None req-1031f17b-d151-441b-a1c5-dac8aed1e1df None None] barbican.send_service_user_token = False {{(pid=77530) log_opt_values /opt/stack/data/venv/lib/python3.12/site-packages/oslo_config/cfg.py:3560}}
Sep 05 20:41:29 devstack devstack@g-api.service[77530]: DEBUG glance.common.config [None req-1031f17b-d151-441b-a1c5-dac8aed1e1df None None] barbican.split_loggers = False {{(pid=77530) log_opt_values /opt/stack/data/venv/lib/python3.12/site-packages/oslo_config/cfg.py:3560}}
Sep 05 20:41:29 devstack devstack@g-api.service[77530]: DEBUG glance.common.config [None req-1031f17b-d151-441b-a1c5-dac8aed1e1df None None] barbican.timeout = None {{(pid=77530) log_opt_values /opt/stack/data/venv/lib/python3.12/site-packages/oslo_config/cfg.py:3560}}
Sep 05 20:41:29 devstack devstack@g-api.service[77531]: [pid: 77531|app: 0|req: 1/1] 127.0.0.1 () {32 vars in 401 bytes} [Sat Sep 5 20:41:29 2026] GET / => generated 1571 bytes in 3 msecs (HTTP/1.1 300) 3 headers in 106 bytes (1 switches on core 0)
Sep 05 20:41:29 devstack devstack@g-api.service[77530]: DEBUG glance.common.config [None req-1031f17b-d151-441b-a1c5-dac8aed1e1df None None] barbican.tls_ciphers = None {{(pid=77530) log_opt_values /opt/stack/data/venv/lib/python3.12/site-packages/oslo_config/cfg.py:3560}}
Sep 05 20:41:29 devstack devstack@g-api.service[77530]: DEBUG glance.common.config [None req-1031f17b-d151-441b-a1c5-dac8aed1e1df None None] barbican.tls_min_version = None {{(pid=77530) log_opt_values /opt/stack/data/venv/lib/python3.12/site-packages/oslo_config/cfg.py:3560}}
Sep 05 20:41:29 devstack devstack@g-api.service[77530]: DEBUG glance.common.config [None req-1031f17b-d151-441b-a1c5-dac8aed1e1df None None] barbican.verify_ssl = True {{(pid=77530) log_opt_values /opt/stack/data/venv/lib/python3.12/site-packages/oslo_config/cfg.py:3560}}
Sep 05 20:41:29 devstack devstack@g-api.service[77530]: DEBUG glance.common.config [None req-1031f17b-d151-441b-a1c5-dac8aed1e1df None None] barbican.verify_ssl_path = None {{(pid=77530) log_opt_values /opt/stack/data/venv/lib/python3.12/site-packages/oslo_config/cfg.py:3560}}
Sep 05 20:41:29 devstack devstack@g-api.service[77530]: DEBUG glance.common.config [None req-1031f17b-d151-441b-a1c5-dac8aed1e1df None None] barbican_service_user.auth_section = None {{(pid=77530) log_opt_values /opt/stack/data/venv/lib/python3.12/site-packages/oslo_config/cfg.py:3560}}
Sep 05 20:41:29 devstack devstack@g-api.service[77530]: DEBUG glance.common.config [None req-1031f17b-d151-441b-a1c5-dac8aed1e1df None None] barbican_service_user.auth_type = None {{(pid=77530) log_opt_values /opt/stack/data/venv/lib/python3.12/site-packages/oslo_config/cfg.py:3560}}
Sep 05 20:41:29 devstack devstack@g-api.service[77530]: DEBUG glance.common.config [None req-1031f17b-d151-441b-a1c5-dac8aed1e1df None None] barbican_service_user.cafile = None {{(pid=77530) log_opt_values /opt/stack/data/venv/lib/python3.12/site-packages/oslo_config/cfg.py:3560}}
Sep 05 20:41:29 devstack devstack@g-api.service[77530]: DEBUG glance.common.config [None req-1031f17b-d151-441b-a1c5-dac8aed1e1df None None] barbican_service_user.certfile = None {{(pid=77530) log_opt_values /opt/stack/data/venv/lib/python3.12/site-packages/oslo_config/cfg.py:3560}}
Sep 05 20:41:29 devstack devstack@g-api.service[77530]: DEBUG glance.common.config [None req-1031f17b-d151-441b-a1c5-dac8aed1e1df None None] barbican_service_user.collect_timing = False {{(pid=77530) log_opt_values /opt/stack/data/venv/lib/python3.12/site-packages/oslo_config/cfg.py:3560}}
Sep 05 20:41:29 devstack devstack@g-api.service[77530]: DEBUG glance.common.config [None req-1031f17b-d151-441b-a1c5-dac8aed1e1df None None] barbican_service_user.insecure = False {{(pid=77530) log_opt_values /opt/stack/data/venv/lib/python3.12/site-packages/oslo_config/cfg.py:3560}}
Sep 05 20:41:29 devstack devstack@g-api.service[77530]: DEBUG glance.common.config [None req-1031f17b-d151-441b-a1c5-dac8aed1e1df None None] barbican_service_user.keyfile = None {{(pid=77530) log_opt_values /opt/stack/data/venv/lib/python3.12/site-packages/oslo_config/cfg.py:3560}}
Sep 05 20:41:29 devstack devstack@g-api.service[77530]: DEBUG glance.common.config [None req-1031f17b-d151-441b-a1c5-dac8aed1e1df None None] barbican_service_user.split_loggers = False {{(pid=77530) log_opt_values /opt/stack/data/venv/lib/python3.12/site-packages/oslo_config/cfg.py:3560}}
Sep 05 20:41:29 devstack devstack@g-api.service[77530]: DEBUG glance.common.config [None req-1031f17b-d151-441b-a1c5-dac8aed1e1df None None] barbican_service_user.timeout = None {{(pid=77530) log_opt_values /opt/stack/data/venv/lib/python3.12/site-packages/oslo_config/cfg.py:3560}}
Sep 05 20:41:29 devstack devstack@g-api.service[77530]: DEBUG glance.common.config [None req-1031f17b-d151-441b-a1c5-dac8aed1e1df None None] barbican_service_user.tls_ciphers = None {{(pid=77530) log_opt_values /opt/stack/data/venv/lib/python3.12/site-packages/oslo_config/cfg.py:3560}}
Sep 05 20:41:29 devstack devstack@g-api.service[77530]: DEBUG glance.common.config [None req-1031f17b-d151-441b-a1c5-dac8aed1e1df None None] barbican_service_user.tls_min_version = None {{(pid=77530) log_opt_values /opt/stack/data/venv/lib/python3.12/site-packages/oslo_config/cfg.py:3560}}
Sep 05 20:41:29 devstack devstack@g-api.service[77530]: DEBUG glance.common.config [None req-1031f17b-d151-441b-a1c5-dac8aed1e1df None None] database.asyncio_connection = **** {{(pid=77530) log_opt_values /opt/stack/data/venv/lib/python3.12/site-packages/oslo_config/cfg.py:3560}}
Sep 05 20:41:29 devstack devstack@g-api.service[77530]: DEBUG glance.common.config [None req-1031f17b-d151-441b-a1c5-dac8aed1e1df None None] database.asyncio_slave_connection = **** {{(pid=77530) log_opt_values /opt/stack/data/venv/lib/python3.12/site-packages/oslo_config/cfg.py:3560}}
Sep 05 20:41:29 devstack devstack@g-api.service[77530]: DEBUG glance.common.config [None req-1031f17b-d151-441b-a1c5-dac8aed1e1df None None] database.backend = sqlalchemy {{(pid=77530) log_opt_values /opt/stack/data/venv/lib/python3.12/site-packages/oslo_config/cfg.py:3560}}
Sep 05 20:41:29 devstack devstack@g-api.service[77530]: DEBUG glance.common.config [None req-1031f17b-d151-441b-a1c5-dac8aed1e1df None None] database.connection = **** {{(pid=77530) log_opt_values /opt/stack/data/venv/lib/python3.12/site-packages/oslo_config/cfg.py:3560}}
Sep 05 20:41:29 devstack devstack@g-api.service[77530]: DEBUG glance.common.config [None req-1031f17b-d151-441b-a1c5-dac8aed1e1df None None] database.connection_debug = 0 {{(pid=77530) log_opt_values /opt/stack/data/venv/lib/python3.12/site-packages/oslo_config/cfg.py:3560}}
Sep 05 20:41:29 devstack devstack@g-api.service[77530]: DEBUG glance.common.config [None req-1031f17b-d151-441b-a1c5-dac8aed1e1df None None] database.connection_parameters = {{(pid=77530) log_opt_values /opt/stack/data/venv/lib/python3.12/site-packages/oslo_config/cfg.py:3560}}
Sep 05 20:41:29 devstack devstack@g-api.service[77530]: DEBUG glance.common.config [None req-1031f17b-d151-441b-a1c5-dac8aed1e1df None None] database.connection_recycle_time = 3600 {{(pid=77530) log_opt_values /opt/stack/data/venv/lib/python3.12/site-packages/oslo_config/cfg.py:3560}}
Sep 05 20:41:29 devstack devstack@g-api.service[77530]: DEBUG glance.common.config [None req-1031f17b-d151-441b-a1c5-dac8aed1e1df None None] database.connection_trace = False {{(pid=77530) log_opt_values /opt/stack/data/venv/lib/python3.12/site-packages/oslo_config/cfg.py:3560}}
Sep 05 20:41:29 devstack devstack@g-api.service[77530]: DEBUG glance.common.config [None req-1031f17b-d151-441b-a1c5-dac8aed1e1df None None] database.db_inc_retry_interval = True {{(pid=77530) log_opt_values /opt/stack/data/venv/lib/python3.12/site-packages/oslo_config/cfg.py:3560}}
Sep 05 20:41:29 devstack devstack@g-api.service[77530]: DEBUG glance.common.config [None req-1031f17b-d151-441b-a1c5-dac8aed1e1df None None] database.db_max_retries = 20 {{(pid=77530) log_opt_values /opt/stack/data/venv/lib/python3.12/site-packages/oslo_config/cfg.py:3560}}
Sep 05 20:41:29 devstack devstack@g-api.service[77530]: DEBUG glance.common.config [None req-1031f17b-d151-441b-a1c5-dac8aed1e1df None None] database.db_max_retry_interval = 10 {{(pid=77530) log_opt_values /opt/stack/data/venv/lib/python3.12/site-packages/oslo_config/cfg.py:3560}}
Sep 05 20:41:29 devstack devstack@g-api.service[77530]: DEBUG glance.common.config [None req-1031f17b-d151-441b-a1c5-dac8aed1e1df None None] database.db_retry_interval = 1 {{(pid=77530) log_opt_values /opt/stack/data/venv/lib/python3.12/site-packages/oslo_config/cfg.py:3560}}
Sep 05 20:41:29 devstack devstack@g-api.service[77530]: DEBUG glance.common.config [None req-1031f17b-d151-441b-a1c5-dac8aed1e1df None None] database.max_overflow = 50 {{(pid=77530) log_opt_values /opt/stack/data/venv/lib/python3.12/site-packages/oslo_config/cfg.py:3560}}
Sep 05 20:41:29 devstack devstack@g-api.service[77530]: DEBUG glance.common.config [None req-1031f17b-d151-441b-a1c5-dac8aed1e1df None None] database.max_pool_size = 5 {{(pid=77530) log_opt_values /opt/stack/data/venv/lib/python3.12/site-packages/oslo_config/cfg.py:3560}}
Sep 05 20:41:29 devstack devstack@g-api.service[77530]: DEBUG glance.common.config [None req-1031f17b-d151-441b-a1c5-dac8aed1e1df None None] database.max_retries = 10 {{(pid=77530) log_opt_values /opt/stack/data/venv/lib/python3.12/site-packages/oslo_config/cfg.py:3560}}
Sep 05 20:41:29 devstack devstack@g-api.service[77530]: DEBUG glance.common.config [None req-1031f17b-d151-441b-a1c5-dac8aed1e1df None None] database.mysql_sql_mode = TRADITIONAL {{(pid=77530) log_opt_values /opt/stack/data/venv/lib/python3.12/site-packages/oslo_config/cfg.py:3560}}
Sep 05 20:41:29 devstack devstack@g-api.service[77530]: DEBUG glance.common.config [None req-1031f17b-d151-441b-a1c5-dac8aed1e1df None None] database.mysql_wsrep_sync_wait = None {{(pid=77530) log_opt_values /opt/stack/data/venv/lib/python3.12/site-packages/oslo_config/cfg.py:3560}}
Sep 05 20:41:29 devstack devstack@g-api.service[77530]: DEBUG glance.common.config [None req-1031f17b-d151-441b-a1c5-dac8aed1e1df None None] database.pool_timeout = None {{(pid=77530) log_opt_values /opt/stack/data/venv/lib/python3.12/site-packages/oslo_config/cfg.py:3560}}
Sep 05 20:41:29 devstack devstack@g-api.service[77530]: DEBUG glance.common.config [None req-1031f17b-d151-441b-a1c5-dac8aed1e1df None None] database.retry_interval = 10 {{(pid=77530) log_opt_values /opt/stack/data/venv/lib/python3.12/site-packages/oslo_config/cfg.py:3560}}
Sep 05 20:41:29 devstack devstack@g-api.service[77530]: DEBUG glance.common.config [None req-1031f17b-d151-441b-a1c5-dac8aed1e1df None None] database.slave_connection = **** {{(pid=77530) log_opt_values /opt/stack/data/venv/lib/python3.12/site-packages/oslo_config/cfg.py:3560}}
Sep 05 20:41:29 devstack devstack@g-api.service[77530]: DEBUG glance.common.config [None req-1031f17b-d151-441b-a1c5-dac8aed1e1df None None] database.sqlite_synchronous = True {{(pid=77530) log_opt_values /opt/stack/data/venv/lib/python3.12/site-packages/oslo_config/cfg.py:3560}}
Sep 05 20:41:29 devstack devstack@g-api.service[77530]: DEBUG glance.common.config [None req-1031f17b-d151-441b-a1c5-dac8aed1e1df None None] database.synchronous_reader = True {{(pid=77530) log_opt_values /opt/stack/data/venv/lib/python3.12/site-packages/oslo_config/cfg.py:3560}}
Sep 05 20:41:29 devstack devstack@g-api.service[77530]: DEBUG glance.common.config [None req-1031f17b-d151-441b-a1c5-dac8aed1e1df None None] database.use_db_reconnect = False {{(pid=77530) log_opt_values /opt/stack/data/venv/lib/python3.12/site-packages/oslo_config/cfg.py:3560}}
Sep 05 20:41:29 devstack devstack@g-api.service[77530]: DEBUG glance.common.config [None req-1031f17b-d151-441b-a1c5-dac8aed1e1df None None] healthcheck.allowed_source_ranges = [] {{(pid=77530) log_opt_values /opt/stack/data/venv/lib/python3.12/site-packages/oslo_config/cfg.py:3560}}
Sep 05 20:41:29 devstack devstack@g-api.service[77530]: DEBUG glance.common.config [None req-1031f17b-d151-441b-a1c5-dac8aed1e1df None None] healthcheck.backends = ['disable_by_file'] {{(pid=77530) log_opt_values /opt/stack/data/venv/lib/python3.12/site-packages/oslo_config/cfg.py:3560}}
Sep 05 20:41:29 devstack devstack@g-api.service[77530]: DEBUG glance.common.config [None req-1031f17b-d151-441b-a1c5-dac8aed1e1df None None] healthcheck.detailed = False {{(pid=77530) log_opt_values /opt/stack/data/venv/lib/python3.12/site-packages/oslo_config/cfg.py:3560}}
Sep 05 20:41:29 devstack devstack@g-api.service[77530]: DEBUG glance.common.config [None req-1031f17b-d151-441b-a1c5-dac8aed1e1df None None] healthcheck.disable_by_file_path = None {{(pid=77530) log_opt_values /opt/stack/data/venv/lib/python3.12/site-packages/oslo_config/cfg.py:3560}}
Sep 05 20:41:29 devstack devstack@g-api.service[77530]: DEBUG glance.common.config [None req-1031f17b-d151-441b-a1c5-dac8aed1e1df None None] healthcheck.ignore_proxied_requests = False {{(pid=77530) log_opt_values /opt/stack/data/venv/lib/python3.12/site-packages/oslo_config/cfg.py:3560}}
Sep 05 20:41:29 devstack devstack@g-api.service[77530]: DEBUG glance.common.config [None req-1031f17b-d151-441b-a1c5-dac8aed1e1df None None] ******************************************************************************** {{(pid=77530) log_opt_values /opt/stack/data/venv/lib/python3.12/site-packages/oslo_config/cfg.py:3567}}
Sep 05 20:41:29 devstack devstack@g-api.service[77530]: WSGI app 0 (mountpoint='') ready in 6 seconds on interpreter 0x715c2a4a4668 pid: 77530 (default app)
Sep 05 20:41:33 devstack devstack@g-api.service[77531]: DEBUG glance.api.middleware.version_negotiation [None req-33c11706-d6dc-4c7e-84e8-224bac8bc0d4 None None] Determining version of request: GET / Accept: application/json {{(pid=77531) process_request /opt/stack/glance/glance/api/middleware/version_negotiation.py:44}}
Sep 05 20:41:33 devstack devstack@g-api.service[77531]: DEBUG glance.api.middleware.version_negotiation [None req-33c11706-d6dc-4c7e-84e8-224bac8bc0d4 None None] Using url versioning {{(pid=77531) process_request /opt/stack/glance/glance/api/middleware/version_negotiation.py:57}}
Sep 05 20:41:33 devstack devstack@g-api.service[77531]: DEBUG glance.api.middleware.version_negotiation [None req-33c11706-d6dc-4c7e-84e8-224bac8bc0d4 None None] Unknown version. Returning version choices. {{(pid=77531) process_request /opt/stack/glance/glance/api/middleware/version_negotiation.py:64}}
Sep 05 20:41:33 devstack devstack@g-api.service[77531]: [pid: 77531|app: 0|req: 2/2] 127.0.0.1 () {34 vars in 519 bytes} [Sat Sep 5 20:41:33 2026] GET / => generated 1571 bytes in 2 msecs (HTTP/1.1 300) 3 headers in 106 bytes (1 switches on core 0)
Sep 05 20:41:33 devstack devstack@g-api.service[77530]: DEBUG glance.api.middleware.version_negotiation [None req-1031f17b-d151-441b-a1c5-dac8aed1e1df None None] Determining version of request: POST /v2/images Accept: */* {{(pid=77530) process_request /opt/stack/glance/glance/api/middleware/version_negotiation.py:44}}
Sep 05 20:41:33 devstack devstack@g-api.service[77530]: DEBUG glance.api.middleware.version_negotiation [None req-1031f17b-d151-441b-a1c5-dac8aed1e1df None None] Using url versioning {{(pid=77530) process_request /opt/stack/glance/glance/api/middleware/version_negotiation.py:57}}
Sep 05 20:41:33 devstack devstack@g-api.service[77530]: DEBUG glance.api.middleware.version_negotiation [None req-1031f17b-d151-441b-a1c5-dac8aed1e1df None None] Matched version: v2 {{(pid=77530) process_request /opt/stack/glance/glance/api/middleware/version_negotiation.py:69}}
Sep 05 20:41:33 devstack devstack@g-api.service[77530]: DEBUG glance.api.middleware.version_negotiation [None req-1031f17b-d151-441b-a1c5-dac8aed1e1df None None] new path /v2/images {{(pid=77530) process_request /opt/stack/glance/glance/api/middleware/version_negotiation.py:70}}
Sep 05 20:41:34 devstack devstack@g-api.service[77530]: [pid: 77530|app: 0|req: 1/3] 127.0.0.1 () {40 vars in 782 bytes} [Sat Sep 5 20:41:33 2026] POST /v2/images => generated 807 bytes in 1167 msecs (HTTP/1.1 201) 6 headers in 314 bytes (1 switches on core 0)
Sep 05 20:41:34 devstack devstack@g-api.service[77531]: DEBUG glance.api.middleware.version_negotiation [None req-33c11706-d6dc-4c7e-84e8-224bac8bc0d4 None None] Determining version of request: PUT /v2/images/2d84e6ed-7ef2-4e37-a91d-20dfb060d3df/file Accept: {{(pid=77531) process_request /opt/stack/glance/glance/api/middleware/version_negotiation.py:44}}
Sep 05 20:41:34 devstack devstack@g-api.service[77531]: DEBUG glance.api.middleware.version_negotiation [None req-33c11706-d6dc-4c7e-84e8-224bac8bc0d4 None None] Using url versioning {{(pid=77531) process_request /opt/stack/glance/glance/api/middleware/version_negotiation.py:57}}
Sep 05 20:41:34 devstack devstack@g-api.service[77531]: DEBUG glance.api.middleware.version_negotiation [None req-33c11706-d6dc-4c7e-84e8-224bac8bc0d4 None None] Matched version: v2 {{(pid=77531) process_request /opt/stack/glance/glance/api/middleware/version_negotiation.py:69}}
Sep 05 20:41:34 devstack devstack@g-api.service[77531]: DEBUG glance.api.middleware.version_negotiation [None req-33c11706-d6dc-4c7e-84e8-224bac8bc0d4 None None] new path /v2/images/2d84e6ed-7ef2-4e37-a91d-20dfb060d3df/file {{(pid=77531) process_request /opt/stack/glance/glance/api/middleware/version_negotiation.py:70}}
Sep 05 20:41:35 devstack devstack@g-api.service[77531]: INFO glance.api.v2.image_data [None req-5b641a76-a58c-47b4-bb3d-4e006de39e2e admin admin] Unable to create trust: no such option collect_timing in group [keystone_authtoken] Use the existing user token.
Sep 05 20:41:35 devstack devstack@g-api.service[77531]: DEBUG glance.location [None req-5b641a76-a58c-47b4-bb3d-4e006de39e2e admin admin] Enabling in-flight format inspection for qcow2 {{(pid=77531) set_data /opt/stack/glance/glance/location.py:601}}
Sep 05 20:41:35 devstack devstack@g-api.service[77531]: DEBUG oslo_utils.imageutils.format_inspector [None req-5b641a76-a58c-47b4-bb3d-4e006de39e2e admin admin] Format inspector for vmdk does not match, excluding from consideration (Signature KDMV not found: b'QFI\xfb') {{(pid=77531) _process_chunk /opt/stack/data/venv/lib/python3.12/site-packages/oslo_utils/imageutils/format_inspector.py:1758}}
Sep 05 20:41:35 devstack devstack@g-api.service[77531]: DEBUG oslo_utils.imageutils.format_inspector [None req-5b641a76-a58c-47b4-bb3d-4e006de39e2e admin admin] Format inspector for vhdx does not match, excluding from consideration (Region signature not found at 30000) {{(pid=77531) _process_chunk /opt/stack/data/venv/lib/python3.12/site-packages/oslo_utils/imageutils/format_inspector.py:1758}}
Sep 05 20:41:36 devstack devstack@g-api.service[77531]: DEBUG glance_store._drivers.filesystem [None req-5b641a76-a58c-47b4-bb3d-4e006de39e2e admin admin] Wrote 21692416 bytes to /opt/stack/data/glance/images/2d84e6ed-7ef2-4e37-a91d-20dfb060d3df with checksum 87617e24a5e30cb3b87fda8c0764838f and multihash 9a9bce0083a00939ec17c11febbfc767aa211aaa54f51e75c5a8b271a9b5637c77205a518b7a2007cb391d23cceb01e0e4e8d64832317151bc85b734b92a7be0 {{(pid=77531) add /opt/stack/data/venv/lib/python3.12/site-packages/glance_store/_drivers/filesystem.py:899}}
Sep 05 20:41:36 devstack devstack@g-api.service[77531]: INFO glance.location [None req-5b641a76-a58c-47b4-bb3d-4e006de39e2e admin admin] Image format matched and virtual size computed: 117440512
Sep 05 20:41:36 devstack devstack@g-api.service[77531]: DEBUG glance_store.backend [None req-5b641a76-a58c-47b4-bb3d-4e006de39e2e admin admin] Skipping store.set_acls... not implemented. {{(pid=77531) set_acls /opt/stack/data/venv/lib/python3.12/site-packages/glance_store/backend.py:507}}
Sep 05 20:41:36 devstack devstack@g-api.service[77531]: [pid: 77531|app: 0|req: 3/4] 127.0.0.1 () {42 vars in 914 bytes} [Sat Sep 5 20:41:34 2026] PUT /v2/images/2d84e6ed-7ef2-4e37-a91d-20dfb060d3df/file => generated 0 bytes in 1770 msecs (HTTP/1.1 204) 4 headers in 171 bytes (1 switches on core 0)
Sep 05 20:41:36 devstack devstack@g-api.service[77530]: DEBUG glance.api.middleware.version_negotiation [None req-1bd511b5-7fc6-46b1-8a22-b03d5f97124f admin admin] Determining version of request: GET /v2/images/2d84e6ed-7ef2-4e37-a91d-20dfb060d3df Accept: */* {{(pid=77530) process_request /opt/stack/glance/glance/api/middleware/version_negotiation.py:44}}
Sep 05 20:41:36 devstack devstack@g-api.service[77530]: DEBUG glance.api.middleware.version_negotiation [None req-1bd511b5-7fc6-46b1-8a22-b03d5f97124f admin admin] Using url versioning {{(pid=77530) process_request /opt/stack/glance/glance/api/middleware/version_negotiation.py:57}}
Sep 05 20:41:36 devstack devstack@g-api.service[77530]: DEBUG glance.api.middleware.version_negotiation [None req-1bd511b5-7fc6-46b1-8a22-b03d5f97124f admin admin] Matched version: v2 {{(pid=77530) process_request /opt/stack/glance/glance/api/middleware/version_negotiation.py:69}}
Sep 05 20:41:36 devstack devstack@g-api.service[77530]: DEBUG glance.api.middleware.version_negotiation [None req-1bd511b5-7fc6-46b1-8a22-b03d5f97124f admin admin] new path /v2/images/2d84e6ed-7ef2-4e37-a91d-20dfb060d3df {{(pid=77530) process_request /opt/stack/glance/glance/api/middleware/version_negotiation.py:70}}
Sep 05 20:41:36 devstack devstack@g-api.service[77530]: [pid: 77530|app: 0|req: 2/5] 127.0.0.1 () {36 vars in 802 bytes} [Sat Sep 5 20:41:36 2026] GET /v2/images/2d84e6ed-7ef2-4e37-a91d-20dfb060d3df => generated 976 bytes in 21 msecs (HTTP/1.1 200) 4 headers in 157 bytes (1 switches on core 0)
Sep 05 20:41:46 devstack devstack@g-api.service[77531]: DEBUG dbcounter [-] [77531] Writing DB stats glance:INSERT=5,glance:SELECT=16,glance:UPDATE=2 {{(pid=77531) stat_writer /opt/stack/data/venv/lib/python3.12/site-packages/dbcounter.py:115}}
Sep 05 20:41:46 devstack devstack@g-api.service[77530]: DEBUG dbcounter [-] [77530] Writing DB stats glance:INSERT=9,glance:SELECT=6 {{(pid=77530) stat_writer /opt/stack/data/venv/lib/python3.12/site-packages/dbcounter.py:115}}
Sep 05 20:42:18 devstack devstack@g-api.service[77531]: DEBUG glance.api.middleware.version_negotiation [None req-5b641a76-a58c-47b4-bb3d-4e006de39e2e admin admin] Determining version of request: GET / Accept: application/json {{(pid=77531) process_request /opt/stack/glance/glance/api/middleware/version_negotiation.py:44}}
Sep 05 20:42:18 devstack devstack@g-api.service[77531]: DEBUG glance.api.middleware.version_negotiation [None req-5b641a76-a58c-47b4-bb3d-4e006de39e2e admin admin] Using url versioning {{(pid=77531) process_request /opt/stack/glance/glance/api/middleware/version_negotiation.py:57}}
Sep 05 20:42:18 devstack devstack@g-api.service[77531]: DEBUG glance.api.middleware.version_negotiation [None req-5b641a76-a58c-47b4-bb3d-4e006de39e2e admin admin] Unknown version. Returning version choices. {{(pid=77531) process_request /opt/stack/glance/glance/api/middleware/version_negotiation.py:64}}
Sep 05 20:42:18 devstack devstack@g-api.service[77531]: [pid: 77531|app: 0|req: 4/6] 127.0.0.1 () {34 vars in 519 bytes} [Sat Sep 5 20:42:18 2026] GET / => generated 1571 bytes in 3 msecs (HTTP/1.1 300) 3 headers in 106 bytes (1 switches on core 0)
Sep 05 20:42:18 devstack devstack@g-api.service[77530]: DEBUG glance.api.middleware.version_negotiation [None req-7761441c-4404-4475-85f1-1c3ba0630055 admin admin] Determining version of request: GET /v2/images Accept: application/json {{(pid=77530) process_request /opt/stack/glance/glance/api/middleware/version_negotiation.py:44}}
Sep 05 20:42:18 devstack devstack@g-api.service[77530]: DEBUG glance.api.middleware.version_negotiation [None req-7761441c-4404-4475-85f1-1c3ba0630055 admin admin] Using url versioning {{(pid=77530) process_request /opt/stack/glance/glance/api/middleware/version_negotiation.py:57}}
Sep 05 20:42:18 devstack devstack@g-api.service[77530]: DEBUG glance.api.middleware.version_negotiation [None req-7761441c-4404-4475-85f1-1c3ba0630055 admin admin] Matched version: v2 {{(pid=77530) process_request /opt/stack/glance/glance/api/middleware/version_negotiation.py:69}}
Sep 05 20:42:18 devstack devstack@g-api.service[77530]: DEBUG glance.api.middleware.version_negotiation [None req-7761441c-4404-4475-85f1-1c3ba0630055 admin admin] new path /v2/images {{(pid=77530) process_request /opt/stack/glance/glance/api/middleware/version_negotiation.py:70}}
Sep 05 20:42:18 devstack devstack@g-api.service[77530]: [pid: 77530|app: 0|req: 3/7] 127.0.0.1 () {36 vars in 741 bytes} [Sat Sep 5 20:42:18 2026] GET /v2/images => generated 1045 bytes in 94 msecs (HTTP/1.1 200) 4 headers in 158 bytes (1 switches on core 0)
Sep 05 20:42:27 devstack devstack@g-api.service[77531]: DEBUG glance.api.middleware.version_negotiation [None req-5b641a76-a58c-47b4-bb3d-4e006de39e2e admin admin] Determining version of request: GET / Accept: application/json {{(pid=77531) process_request /opt/stack/glance/glance/api/middleware/version_negotiation.py:44}}
Sep 05 20:42:27 devstack devstack@g-api.service[77531]: DEBUG glance.api.middleware.version_negotiation [None req-5b641a76-a58c-47b4-bb3d-4e006de39e2e admin admin] Using url versioning {{(pid=77531) process_request /opt/stack/glance/glance/api/middleware/version_negotiation.py:57}}
Sep 05 20:42:27 devstack devstack@g-api.service[77531]: DEBUG glance.api.middleware.version_negotiation [None req-5b641a76-a58c-47b4-bb3d-4e006de39e2e admin admin] Unknown version. Returning version choices. {{(pid=77531) process_request /opt/stack/glance/glance/api/middleware/version_negotiation.py:64}}
Sep 05 20:42:27 devstack devstack@g-api.service[77531]: [pid: 77531|app: 0|req: 5/8] 127.0.0.1 () {34 vars in 519 bytes} [Sat Sep 5 20:42:27 2026] GET / => generated 1571 bytes in 3 msecs (HTTP/1.1 300) 3 headers in 106 bytes (1 switches on core 0)
Sep 05 20:42:27 devstack devstack@g-api.service[77530]: DEBUG glance.api.middleware.version_negotiation [None req-51b3d2e7-368a-4ad8-a10d-9b50f29472de admin admin] Determining version of request: GET /v2/images/2d84e6ed-7ef2-4e37-a91d-20dfb060d3df Accept: */* {{(pid=77530) process_request /opt/stack/glance/glance/api/middleware/version_negotiation.py:44}}
Sep 05 20:42:27 devstack devstack@g-api.service[77530]: DEBUG glance.api.middleware.version_negotiation [None req-51b3d2e7-368a-4ad8-a10d-9b50f29472de admin admin] Using url versioning {{(pid=77530) process_request /opt/stack/glance/glance/api/middleware/version_negotiation.py:57}}
Sep 05 20:42:27 devstack devstack@g-api.service[77530]: DEBUG glance.api.middleware.version_negotiation [None req-51b3d2e7-368a-4ad8-a10d-9b50f29472de admin admin] Matched version: v2 {{(pid=77530) process_request /opt/stack/glance/glance/api/middleware/version_negotiation.py:69}}
Sep 05 20:42:27 devstack devstack@g-api.service[77530]: DEBUG glance.api.middleware.version_negotiation [None req-51b3d2e7-368a-4ad8-a10d-9b50f29472de admin admin] new path /v2/images/2d84e6ed-7ef2-4e37-a91d-20dfb060d3df {{(pid=77530) process_request /opt/stack/glance/glance/api/middleware/version_negotiation.py:70}}
Sep 05 20:42:28 devstack devstack@g-api.service[77530]: [pid: 77530|app: 0|req: 4/9] 127.0.0.1 () {36 vars in 802 bytes} [Sat Sep 5 20:42:27 2026] GET /v2/images/2d84e6ed-7ef2-4e37-a91d-20dfb060d3df => generated 976 bytes in 73 msecs (HTTP/1.1 200) 4 headers in 157 bytes (1 switches on core 0)
Sep 05 20:42:34 devstack devstack@g-api.service[77531]: DEBUG glance.api.middleware.version_negotiation [None req-5b641a76-a58c-47b4-bb3d-4e006de39e2e admin admin] Determining version of request: GET / Accept: application/json {{(pid=77531) process_request /opt/stack/glance/glance/api/middleware/version_negotiation.py:44}}
Sep 05 20:42:34 devstack devstack@g-api.service[77531]: DEBUG glance.api.middleware.version_negotiation [None req-5b641a76-a58c-47b4-bb3d-4e006de39e2e admin admin] Using url versioning {{(pid=77531) process_request /opt/stack/glance/glance/api/middleware/version_negotiation.py:57}}
Sep 05 20:42:34 devstack devstack@g-api.service[77531]: DEBUG glance.api.middleware.version_negotiation [None req-5b641a76-a58c-47b4-bb3d-4e006de39e2e admin admin] Unknown version. Returning version choices. {{(pid=77531) process_request /opt/stack/glance/glance/api/middleware/version_negotiation.py:64}}
Sep 05 20:42:34 devstack devstack@g-api.service[77531]: [pid: 77531|app: 0|req: 6/10] 127.0.0.1 () {34 vars in 519 bytes} [Sat Sep 5 20:42:34 2026] GET / => generated 1571 bytes in 2 msecs (HTTP/1.1 300) 3 headers in 106 bytes (1 switches on core 0)
Sep 05 20:42:34 devstack devstack@g-api.service[77530]: DEBUG glance.api.middleware.version_negotiation [None req-94057475-e2e1-4502-b1f2-89ba55c04b7a admin admin] Determining version of request: GET /v2/images/2d84e6ed-7ef2-4e37-a91d-20dfb060d3df Accept: */* {{(pid=77530) process_request /opt/stack/glance/glance/api/middleware/version_negotiation.py:44}}
Sep 05 20:42:34 devstack devstack@g-api.service[77530]: DEBUG glance.api.middleware.version_negotiation [None req-94057475-e2e1-4502-b1f2-89ba55c04b7a admin admin] Using url versioning {{(pid=77530) process_request /opt/stack/glance/glance/api/middleware/version_negotiation.py:57}}
Sep 05 20:42:34 devstack devstack@g-api.service[77530]: DEBUG glance.api.middleware.version_negotiation [None req-94057475-e2e1-4502-b1f2-89ba55c04b7a admin admin] Matched version: v2 {{(pid=77530) process_request /opt/stack/glance/glance/api/middleware/version_negotiation.py:69}}
Sep 05 20:42:34 devstack devstack@g-api.service[77530]: DEBUG glance.api.middleware.version_negotiation [None req-94057475-e2e1-4502-b1f2-89ba55c04b7a admin admin] new path /v2/images/2d84e6ed-7ef2-4e37-a91d-20dfb060d3df {{(pid=77530) process_request /opt/stack/glance/glance/api/middleware/version_negotiation.py:70}}
Sep 05 20:42:34 devstack devstack@g-api.service[77530]: [pid: 77530|app: 0|req: 5/11] 127.0.0.1 () {36 vars in 802 bytes} [Sat Sep 5 20:42:34 2026] GET /v2/images/2d84e6ed-7ef2-4e37-a91d-20dfb060d3df => generated 976 bytes in 75 msecs (HTTP/1.1 200) 4 headers in 157 bytes (1 switches on core 0)
Sep 05 20:42:44 devstack devstack@g-api.service[77530]: DEBUG dbcounter [-] [77530] Writing DB stats glance:SELECT=5 {{(pid=77530) stat_writer /opt/stack/data/venv/lib/python3.12/site-packages/dbcounter.py:115}}
Sep 05 20:43:52 devstack devstack@g-api.service[77531]: DEBUG glance.api.middleware.version_negotiation [None req-5b641a76-a58c-47b4-bb3d-4e006de39e2e admin admin] Determining version of request: GET / Accept: application/json {{(pid=77531) process_request /opt/stack/glance/glance/api/middleware/version_negotiation.py:44}}
Sep 05 20:43:52 devstack devstack@g-api.service[77531]: DEBUG glance.api.middleware.version_negotiation [None req-5b641a76-a58c-47b4-bb3d-4e006de39e2e admin admin] Using url versioning {{(pid=77531) process_request /opt/stack/glance/glance/api/middleware/version_negotiation.py:57}}
Sep 05 20:43:52 devstack devstack@g-api.service[77531]: DEBUG glance.api.middleware.version_negotiation [None req-5b641a76-a58c-47b4-bb3d-4e006de39e2e admin admin] Unknown version. Returning version choices. {{(pid=77531) process_request /opt/stack/glance/glance/api/middleware/version_negotiation.py:64}}
Sep 05 20:43:52 devstack devstack@g-api.service[77531]: [pid: 77531|app: 0|req: 7/12] 127.0.0.1 () {36 vars in 488 bytes} [Sat Sep 5 20:43:52 2026] GET / => generated 1571 bytes in 2 msecs (HTTP/1.1 300) 3 headers in 106 bytes (1 switches on core 0)
Sep 05 20:46:58 devstack devstack@g-api.service[77530]: DEBUG glance.api.middleware.version_negotiation [None req-2fab933a-bc94-415d-bdce-6d8e395d681d admin admin] Determining version of request: GET / Accept: application/json {{(pid=77530) process_request /opt/stack/glance/glance/api/middleware/version_negotiation.py:44}}
Sep 05 20:46:58 devstack devstack@g-api.service[77530]: DEBUG glance.api.middleware.version_negotiation [None req-2fab933a-bc94-415d-bdce-6d8e395d681d admin admin] Using url versioning {{(pid=77530) process_request /opt/stack/glance/glance/api/middleware/version_negotiation.py:57}}
Sep 05 20:46:58 devstack devstack@g-api.service[77530]: DEBUG glance.api.middleware.version_negotiation [None req-2fab933a-bc94-415d-bdce-6d8e395d681d admin admin] Unknown version. Returning version choices. {{(pid=77530) process_request /opt/stack/glance/glance/api/middleware/version_negotiation.py:64}}
Sep 05 20:46:58 devstack devstack@g-api.service[77530]: [pid: 77530|app: 0|req: 6/13] 127.0.0.1 () {34 vars in 505 bytes} [Sat Sep 5 20:46:58 2026] GET / => generated 1571 bytes in 5 msecs (HTTP/1.1 300) 3 headers in 106 bytes (1 switches on core 0)
Sep 05 20:46:58 devstack devstack@g-api.service[77531]: DEBUG glance.api.middleware.version_negotiation [None req-5b641a76-a58c-47b4-bb3d-4e006de39e2e admin admin] Determining version of request: GET /v2/images/2d84e6ed-7ef2-4e37-a91d-20dfb060d3df Accept: */* {{(pid=77531) process_request /opt/stack/glance/glance/api/middleware/version_negotiation.py:44}}
Sep 05 20:46:58 devstack devstack@g-api.service[77531]: DEBUG glance.api.middleware.version_negotiation [None req-5b641a76-a58c-47b4-bb3d-4e006de39e2e admin admin] Using url versioning {{(pid=77531) process_request /opt/stack/glance/glance/api/middleware/version_negotiation.py:57}}
Sep 05 20:46:58 devstack devstack@g-api.service[77531]: DEBUG glance.api.middleware.version_negotiation [None req-5b641a76-a58c-47b4-bb3d-4e006de39e2e admin admin] Matched version: v2 {{(pid=77531) process_request /opt/stack/glance/glance/api/middleware/version_negotiation.py:69}}
Sep 05 20:46:58 devstack devstack@g-api.service[77531]: DEBUG glance.api.middleware.version_negotiation [None req-5b641a76-a58c-47b4-bb3d-4e006de39e2e admin admin] new path /v2/images/2d84e6ed-7ef2-4e37-a91d-20dfb060d3df {{(pid=77531) process_request /opt/stack/glance/glance/api/middleware/version_negotiation.py:70}}
Sep 05 20:46:59 devstack devstack@g-api.service[77531]: [pid: 77531|app: 0|req: 8/14] 127.0.0.1 () {42 vars in 1061 bytes} [Sat Sep 5 20:46:58 2026] GET /v2/images/2d84e6ed-7ef2-4e37-a91d-20dfb060d3df => generated 976 bytes in 478 msecs (HTTP/1.1 200) 4 headers in 157 bytes (1 switches on core 0)
Sep 05 20:46:59 devstack devstack@g-api.service[77530]: DEBUG glance.api.middleware.version_negotiation [None req-2fab933a-bc94-415d-bdce-6d8e395d681d admin admin] Determining version of request: GET /v2/schemas/image Accept: */* {{(pid=77530) process_request /opt/stack/glance/glance/api/middleware/version_negotiation.py:44}}
Sep 05 20:46:59 devstack devstack@g-api.service[77530]: DEBUG glance.api.middleware.version_negotiation [None req-2fab933a-bc94-415d-bdce-6d8e395d681d admin admin] Using url versioning {{(pid=77530) process_request /opt/stack/glance/glance/api/middleware/version_negotiation.py:57}}
Sep 05 20:46:59 devstack devstack@g-api.service[77530]: DEBUG glance.api.middleware.version_negotiation [None req-2fab933a-bc94-415d-bdce-6d8e395d681d admin admin] Matched version: v2 {{(pid=77530) process_request /opt/stack/glance/glance/api/middleware/version_negotiation.py:69}}
Sep 05 20:46:59 devstack devstack@g-api.service[77530]: DEBUG glance.api.middleware.version_negotiation [None req-2fab933a-bc94-415d-bdce-6d8e395d681d admin admin] new path /v2/schemas/image {{(pid=77530) process_request /opt/stack/glance/glance/api/middleware/version_negotiation.py:70}}
Sep 05 20:46:59 devstack devstack@g-api.service[77530]: [pid: 77530|app: 0|req: 7/15] 127.0.0.1 () {42 vars in 1001 bytes} [Sat Sep 5 20:46:59 2026] GET /v2/schemas/image => generated 6083 bytes in 20 msecs (HTTP/1.1 200) 4 headers in 158 bytes (1 switches on core 0)
Sep 05 20:46:59 devstack devstack@g-api.service[77531]: DEBUG glance.api.middleware.version_negotiation [None req-c757de7b-e325-4648-bbec-2d5e0363be0e tempest-AttachVolumeNegativeTest-1302627189 tempest-AttachVolumeNegativeTest-1302627189-project-member] Determining version of request: GET / Accept: application/json {{(pid=77531) process_request /opt/stack/glance/glance/api/middleware/version_negotiation.py:44}}
Sep 05 20:46:59 devstack devstack@g-api.service[77531]: DEBUG glance.api.middleware.version_negotiation [None req-c757de7b-e325-4648-bbec-2d5e0363be0e tempest-AttachVolumeNegativeTest-1302627189 tempest-AttachVolumeNegativeTest-1302627189-project-member] Using url versioning {{(pid=77531) process_request /opt/stack/glance/glance/api/middleware/version_negotiation.py:57}}
Sep 05 20:46:59 devstack devstack@g-api.service[77531]: DEBUG glance.api.middleware.version_negotiation [None req-c757de7b-e325-4648-bbec-2d5e0363be0e tempest-AttachVolumeNegativeTest-1302627189 tempest-AttachVolumeNegativeTest-1302627189-project-member] Unknown version. Returning version choices. {{(pid=77531) process_request /opt/stack/glance/glance/api/middleware/version_negotiation.py:64}}
Sep 05 20:46:59 devstack devstack@g-api.service[77531]: [pid: 77531|app: 0|req: 9/16] 127.0.0.1 () {34 vars in 505 bytes} [Sat Sep 5 20:46:59 2026] GET / => generated 1571 bytes in 3 msecs (HTTP/1.1 300) 3 headers in 106 bytes (1 switches on core 0)
Sep 05 20:46:59 devstack devstack@g-api.service[77530]: DEBUG glance.api.middleware.version_negotiation [None req-c757de7b-e325-4648-bbec-2d5e0363be0e tempest-AttachVolumeNegativeTest-1302627189 tempest-AttachVolumeNegativeTest-1302627189-project-member] Determining version of request: GET /v2/images/2d84e6ed-7ef2-4e37-a91d-20dfb060d3df Accept: */* {{(pid=77530) process_request /opt/stack/glance/glance/api/middleware/version_negotiation.py:44}}
Sep 05 20:46:59 devstack devstack@g-api.service[77530]: DEBUG glance.api.middleware.version_negotiation [None req-c757de7b-e325-4648-bbec-2d5e0363be0e tempest-AttachVolumeNegativeTest-1302627189 tempest-AttachVolumeNegativeTest-1302627189-project-member] Using url versioning {{(pid=77530) process_request /opt/stack/glance/glance/api/middleware/version_negotiation.py:57}}
Sep 05 20:46:59 devstack devstack@g-api.service[77530]: DEBUG glance.api.middleware.version_negotiation [None req-c757de7b-e325-4648-bbec-2d5e0363be0e tempest-AttachVolumeNegativeTest-1302627189 tempest-AttachVolumeNegativeTest-1302627189-project-member] Matched version: v2 {{(pid=77530) process_request /opt/stack/glance/glance/api/middleware/version_negotiation.py:69}}
Sep 05 20:46:59 devstack devstack@g-api.service[77530]: DEBUG glance.api.middleware.version_negotiation [None req-c757de7b-e325-4648-bbec-2d5e0363be0e tempest-AttachVolumeNegativeTest-1302627189 tempest-AttachVolumeNegativeTest-1302627189-project-member] new path /v2/images/2d84e6ed-7ef2-4e37-a91d-20dfb060d3df {{(pid=77530) process_request /opt/stack/glance/glance/api/middleware/version_negotiation.py:70}}
Sep 05 20:47:00 devstack devstack@g-api.service[77530]: [pid: 77530|app: 0|req: 8/17] 127.0.0.1 () {42 vars in 1061 bytes} [Sat Sep 5 20:46:59 2026] GET /v2/images/2d84e6ed-7ef2-4e37-a91d-20dfb060d3df => generated 976 bytes in 144 msecs (HTTP/1.1 200) 4 headers in 157 bytes (1 switches on core 0)
Sep 05 20:47:00 devstack devstack@g-api.service[77531]: DEBUG glance.api.middleware.version_negotiation [None req-c757de7b-e325-4648-bbec-2d5e0363be0e tempest-AttachVolumeNegativeTest-1302627189 tempest-AttachVolumeNegativeTest-1302627189-project-member] Determining version of request: GET /v2/schemas/image Accept: */* {{(pid=77531) process_request /opt/stack/glance/glance/api/middleware/version_negotiation.py:44}}
Sep 05 20:47:00 devstack devstack@g-api.service[77531]: DEBUG glance.api.middleware.version_negotiation [None req-c757de7b-e325-4648-bbec-2d5e0363be0e tempest-AttachVolumeNegativeTest-1302627189 tempest-AttachVolumeNegativeTest-1302627189-project-member] Using url versioning {{(pid=77531) process_request /opt/stack/glance/glance/api/middleware/version_negotiation.py:57}}
Sep 05 20:47:00 devstack devstack@g-api.service[77531]: DEBUG glance.api.middleware.version_negotiation [None req-c757de7b-e325-4648-bbec-2d5e0363be0e tempest-AttachVolumeNegativeTest-1302627189 tempest-AttachVolumeNegativeTest-1302627189-project-member] Matched version: v2 {{(pid=77531) process_request /opt/stack/glance/glance/api/middleware/version_negotiation.py:69}}
Sep 05 20:47:00 devstack devstack@g-api.service[77531]: DEBUG glance.api.middleware.version_negotiation [None req-c757de7b-e325-4648-bbec-2d5e0363be0e tempest-AttachVolumeNegativeTest-1302627189 tempest-AttachVolumeNegativeTest-1302627189-project-member] new path /v2/schemas/image {{(pid=77531) process_request /opt/stack/glance/glance/api/middleware/version_negotiation.py:70}}
Sep 05 20:47:00 devstack devstack@g-api.service[77531]: [pid: 77531|app: 0|req: 10/18] 127.0.0.1 () {42 vars in 1001 bytes} [Sat Sep 5 20:47:00 2026] GET /v2/schemas/image => generated 6083 bytes in 9 msecs (HTTP/1.1 200) 4 headers in 158 bytes (1 switches on core 0)
Sep 05 20:47:09 devstack devstack@g-api.service[77531]: DEBUG dbcounter [-] [77531] Writing DB stats glance:SELECT=2 {{(pid=77531) stat_writer /opt/stack/data/venv/lib/python3.12/site-packages/dbcounter.py:115}}
Sep 05 20:47:10 devstack devstack@g-api.service[77530]: DEBUG dbcounter [-] [77530] Writing DB stats glance:SELECT=2 {{(pid=77530) stat_writer /opt/stack/data/venv/lib/python3.12/site-packages/dbcounter.py:115}}
Sep 05 20:47:15 devstack devstack@g-api.service[77530]: DEBUG glance.api.middleware.version_negotiation [None req-80305de0-0779-4d58-b77e-8fceb830ded5 tempest-ServerActionsTestOtherA-839199023 tempest-ServerActionsTestOtherA-839199023-project-member] Determining version of request: GET /v2/images/2d84e6ed-7ef2-4e37-a91d-20dfb060d3df Accept: */* {{(pid=77530) process_request /opt/stack/glance/glance/api/middleware/version_negotiation.py:44}}
Sep 05 20:47:15 devstack devstack@g-api.service[77530]: DEBUG glance.api.middleware.version_negotiation [None req-80305de0-0779-4d58-b77e-8fceb830ded5 tempest-ServerActionsTestOtherA-839199023 tempest-ServerActionsTestOtherA-839199023-project-member] Using url versioning {{(pid=77530) process_request /opt/stack/glance/glance/api/middleware/version_negotiation.py:57}}
Sep 05 20:47:15 devstack devstack@g-api.service[77530]: DEBUG glance.api.middleware.version_negotiation [None req-80305de0-0779-4d58-b77e-8fceb830ded5 tempest-ServerActionsTestOtherA-839199023 tempest-ServerActionsTestOtherA-839199023-project-member] Matched version: v2 {{(pid=77530) process_request /opt/stack/glance/glance/api/middleware/version_negotiation.py:69}}
Sep 05 20:47:15 devstack devstack@g-api.service[77530]: DEBUG glance.api.middleware.version_negotiation [None req-80305de0-0779-4d58-b77e-8fceb830ded5 tempest-ServerActionsTestOtherA-839199023 tempest-ServerActionsTestOtherA-839199023-project-member] new path /v2/images/2d84e6ed-7ef2-4e37-a91d-20dfb060d3df {{(pid=77530) process_request /opt/stack/glance/glance/api/middleware/version_negotiation.py:70}}
Sep 05 20:47:16 devstack devstack@g-api.service[77530]: [pid: 77530|app: 0|req: 9/19] 127.0.0.1 () {42 vars in 1061 bytes} [Sat Sep 5 20:47:15 2026] GET /v2/images/2d84e6ed-7ef2-4e37-a91d-20dfb060d3df => generated 976 bytes in 335 msecs (HTTP/1.1 200) 4 headers in 157 bytes (1 switches on core 0)
Sep 05 20:47:16 devstack devstack@g-api.service[77531]: DEBUG glance.api.middleware.version_negotiation [None req-80305de0-0779-4d58-b77e-8fceb830ded5 tempest-ServerActionsTestOtherA-839199023 tempest-ServerActionsTestOtherA-839199023-project-member] Determining version of request: GET /v2/images/2d84e6ed-7ef2-4e37-a91d-20dfb060d3df/file Accept: */* {{(pid=77531) process_request /opt/stack/glance/glance/api/middleware/version_negotiation.py:44}}
Sep 05 20:47:16 devstack devstack@g-api.service[77531]: DEBUG glance.api.middleware.version_negotiation [None req-80305de0-0779-4d58-b77e-8fceb830ded5 tempest-ServerActionsTestOtherA-839199023 tempest-ServerActionsTestOtherA-839199023-project-member] Using url versioning {{(pid=77531) process_request /opt/stack/glance/glance/api/middleware/version_negotiation.py:57}}
Sep 05 20:47:16 devstack devstack@g-api.service[77531]: DEBUG glance.api.middleware.version_negotiation [None req-80305de0-0779-4d58-b77e-8fceb830ded5 tempest-ServerActionsTestOtherA-839199023 tempest-ServerActionsTestOtherA-839199023-project-member] Matched version: v2 {{(pid=77531) process_request /opt/stack/glance/glance/api/middleware/version_negotiation.py:69}}
Sep 05 20:47:16 devstack devstack@g-api.service[77531]: DEBUG glance.api.middleware.version_negotiation [None req-80305de0-0779-4d58-b77e-8fceb830ded5 tempest-ServerActionsTestOtherA-839199023 tempest-ServerActionsTestOtherA-839199023-project-member] new path /v2/images/2d84e6ed-7ef2-4e37-a91d-20dfb060d3df/file {{(pid=77531) process_request /opt/stack/glance/glance/api/middleware/version_negotiation.py:70}}
Sep 05 20:47:16 devstack devstack@g-api.service[77531]: DEBUG glance_store._drivers.filesystem [None req-c757de7b-e325-4648-bbec-2d5e0363be0e tempest-AttachVolumeNegativeTest-1302627189 tempest-AttachVolumeNegativeTest-1302627189-project-member] Found image at /opt/stack/data/glance/images/2d84e6ed-7ef2-4e37-a91d-20dfb060d3df. Returning in ChunkedFile. {{(pid=77531) get /opt/stack/data/venv/lib/python3.12/site-packages/glance_store/_drivers/filesystem.py:724}}
Sep 05 20:47:16 devstack devstack@g-api.service[77531]: DEBUG glance.image_cache [None req-c757de7b-e325-4648-bbec-2d5e0363be0e tempest-AttachVolumeNegativeTest-1302627189 tempest-AttachVolumeNegativeTest-1302627189-project-member] Tee'ing image '2d84e6ed-7ef2-4e37-a91d-20dfb060d3df' into cache {{(pid=77531) get_caching_iter /opt/stack/glance/glance/image_cache/__init__.py:356}}
Sep 05 20:47:16 devstack devstack@g-api.service[77531]: DEBUG glance.image_cache.drivers.centralized_db [None req-c757de7b-e325-4648-bbec-2d5e0363be0e tempest-AttachVolumeNegativeTest-1302627189 tempest-AttachVolumeNegativeTest-1302627189-project-member] Fetch finished, moving '/opt/stack/data/glance/cache/incomplete/2d84e6ed-7ef2-4e37-a91d-20dfb060d3df' to '/opt/stack/data/glance/cache/2d84e6ed-7ef2-4e37-a91d-20dfb060d3df' {{(pid=77531) commit /opt/stack/glance/glance/image_cache/drivers/centralized_db.py:243}}
Sep 05 20:47:16 devstack devstack@g-api.service[77531]: DEBUG glance.image_cache.drivers.centralized_db [None req-c757de7b-e325-4648-bbec-2d5e0363be0e tempest-AttachVolumeNegativeTest-1302627189 tempest-AttachVolumeNegativeTest-1302627189-project-member] Image cached successfully. {{(pid=77531) commit /opt/stack/glance/glance/image_cache/drivers/centralized_db.py:258}}
Sep 05 20:47:16 devstack devstack@g-api.service[77531]: [pid: 77531|app: 0|req: 11/20] 127.0.0.1 () {42 vars in 1071 bytes} [Sat Sep 5 20:47:16 2026] GET /v2/images/2d84e6ed-7ef2-4e37-a91d-20dfb060d3df/file => generated 21692416 bytes in 478 msecs (HTTP/1.1 200) 4 headers in 191 bytes (335 switches on core 0)
