Sep 07 10:47:26 devstack devstack@c-api.service[86959]: DEBUG cinder.api.extensions [-] Ext updated: 2011-08-24T00:00:00+00:00 {{(pid=86959) _check_extension /opt/stack/cinder/cinder/api/extensions.py:178}}
Sep 07 10:47:26 devstack devstack@c-api.service[86959]: DEBUG cinder.api.extensions [-] Loaded extension: os-types-manage {{(pid=86959) register /opt/stack/cinder/cinder/api/extensions.py:135}}
Sep 07 10:47:26 devstack devstack@c-api.service[86959]: DEBUG cinder.api.extensions [-] Loading extension cinder.api.contrib.volume_mig_status_attribute.Volume_mig_status_attribute {{(pid=86959) load_extension /opt/stack/cinder/cinder/api/extensions.py:194}}
Sep 07 10:47:26 devstack devstack@c-api.service[86959]: DEBUG cinder.api.extensions [-] Calling extension factory cinder.api.contrib.volume_mig_status_attribute.Volume_mig_status_attribute {{(pid=86959) load_extension /opt/stack/cinder/cinder/api/extensions.py:200}}
Sep 07 10:47:26 devstack devstack@c-api.service[86959]: DEBUG cinder.api.extensions [-] Ext name: VolumeMigStatusAttribute {{(pid=86959) _check_extension /opt/stack/cinder/cinder/api/extensions.py:174}}
Sep 07 10:47:26 devstack devstack@c-api.service[86959]: DEBUG cinder.api.extensions [-] Ext alias: os-vol-mig-status-attr {{(pid=86959) _check_extension /opt/stack/cinder/cinder/api/extensions.py:175}}
Sep 07 10:47:26 devstack devstack@c-api.service[86959]: DEBUG cinder.api.extensions [-] Ext description: Expose migration_status as an attribute of a volume. {{(pid=86959) _check_extension /opt/stack/cinder/cinder/api/extensions.py:176}}
Sep 07 10:47:26 devstack devstack@c-api.service[86959]: DEBUG cinder.api.extensions [-] Ext updated: 2013-08-08T00:00:00+00:00 {{(pid=86959) _check_extension /opt/stack/cinder/cinder/api/extensions.py:178}}
Sep 07 10:47:26 devstack devstack@c-api.service[86959]: DEBUG cinder.api.extensions [-] Loaded extension: os-vol-mig-status-attr {{(pid=86959) register /opt/stack/cinder/cinder/api/extensions.py:135}}
Sep 07 10:47:26 devstack devstack@c-api.service[86959]: DEBUG cinder.api.extensions [-] Loading extension cinder.api.contrib.cgsnapshots.Cgsnapshots {{(pid=86959) load_extension /opt/stack/cinder/cinder/api/extensions.py:194}}
Sep 07 10:47:26 devstack devstack@c-api.service[86959]: DEBUG cinder.api.extensions [-] Calling extension factory cinder.api.contrib.cgsnapshots.Cgsnapshots {{(pid=86959) load_extension /opt/stack/cinder/cinder/api/extensions.py:200}}
Sep 07 10:47:26 devstack devstack@c-api.service[86959]: DEBUG cinder.api.extensions [-] Ext name: Cgsnapshots {{(pid=86959) _check_extension /opt/stack/cinder/cinder/api/extensions.py:174}}
Sep 07 10:47:26 devstack devstack@c-api.service[86959]: DEBUG cinder.api.extensions [-] Ext alias: cgsnapshots {{(pid=86959) _check_extension /opt/stack/cinder/cinder/api/extensions.py:175}}
Sep 07 10:47:26 devstack devstack@c-api.service[86959]: DEBUG cinder.api.extensions [-] Ext description: cgsnapshots support. {{(pid=86959) _check_extension /opt/stack/cinder/cinder/api/extensions.py:176}}
Sep 07 10:47:26 devstack devstack@c-api.service[86959]: DEBUG cinder.api.extensions [-] Ext updated: 2014-08-18T00:00:00+00:00 {{(pid=86959) _check_extension /opt/stack/cinder/cinder/api/extensions.py:178}}
Sep 07 10:47:26 devstack devstack@c-api.service[86959]: DEBUG cinder.api.extensions [-] Loaded extension: cgsnapshots {{(pid=86959) register /opt/stack/cinder/cinder/api/extensions.py:135}}
Sep 07 10:47:26 devstack devstack@c-api.service[86959]: DEBUG cinder.api.extensions [-] Loading extension cinder.api.contrib.snapshot_actions.Snapshot_actions {{(pid=86959) load_extension /opt/stack/cinder/cinder/api/extensions.py:194}}
Sep 07 10:47:26 devstack devstack@c-api.service[86959]: DEBUG cinder.api.extensions [-] Calling extension factory cinder.api.contrib.snapshot_actions.Snapshot_actions {{(pid=86959) load_extension /opt/stack/cinder/cinder/api/extensions.py:200}}
Sep 07 10:47:26 devstack devstack@c-api.service[86959]: DEBUG cinder.api.extensions [-] Ext name: SnapshotActions {{(pid=86959) _check_extension /opt/stack/cinder/cinder/api/extensions.py:174}}
Sep 07 10:47:26 devstack devstack@c-api.service[86959]: DEBUG cinder.api.extensions [-] Ext alias: os-snapshot-actions {{(pid=86959) _check_extension /opt/stack/cinder/cinder/api/extensions.py:175}}
Sep 07 10:47:26 devstack devstack@c-api.service[86959]: DEBUG cinder.api.extensions [-] Ext description: Enable snapshot manager actions. {{(pid=86959) _check_extension /opt/stack/cinder/cinder/api/extensions.py:176}}
Sep 07 10:47:26 devstack devstack@c-api.service[86959]: DEBUG cinder.api.extensions [-] Ext updated: 2013-07-16T00:00:00+00:00 {{(pid=86959) _check_extension /opt/stack/cinder/cinder/api/extensions.py:178}}
Sep 07 10:47:26 devstack devstack@c-api.service[86959]: DEBUG cinder.api.extensions [-] Loaded extension: os-snapshot-actions {{(pid=86959) register /opt/stack/cinder/cinder/api/extensions.py:135}}
Sep 07 10:47:26 devstack devstack@c-api.service[86959]: DEBUG cinder.api.extensions [-] Loading extension cinder.api.contrib.volume_type_access.Volume_type_access {{(pid=86959) load_extension /opt/stack/cinder/cinder/api/extensions.py:194}}
Sep 07 10:47:26 devstack devstack@c-api.service[86959]: DEBUG cinder.api.extensions [-] Calling extension factory cinder.api.contrib.volume_type_access.Volume_type_access {{(pid=86959) load_extension /opt/stack/cinder/cinder/api/extensions.py:200}}
Sep 07 10:47:26 devstack devstack@c-api.service[86959]: DEBUG cinder.api.extensions [-] Ext name: VolumeTypeAccess {{(pid=86959) _check_extension /opt/stack/cinder/cinder/api/extensions.py:174}}
Sep 07 10:47:26 devstack devstack@c-api.service[86959]: DEBUG cinder.api.extensions [-] Ext alias: os-volume-type-access {{(pid=86959) _check_extension /opt/stack/cinder/cinder/api/extensions.py:175}}
Sep 07 10:47:26 devstack devstack@c-api.service[86959]: DEBUG cinder.api.extensions [-] Ext description: Volume type access support. {{(pid=86959) _check_extension /opt/stack/cinder/cinder/api/extensions.py:176}}
Sep 07 10:47:26 devstack devstack@c-api.service[86959]: DEBUG cinder.api.extensions [-] Ext updated: 2014-06-26T00:00:00Z {{(pid=86959) _check_extension /opt/stack/cinder/cinder/api/extensions.py:178}}
Sep 07 10:47:26 devstack devstack@c-api.service[86959]: DEBUG cinder.api.extensions [-] Loaded extension: os-volume-type-access {{(pid=86959) register /opt/stack/cinder/cinder/api/extensions.py:135}}
Sep 07 10:47:26 devstack devstack@c-api.service[86959]: DEBUG cinder.api.extensions [-] Loading extension cinder.api.contrib.consistencygroups.Consistencygroups {{(pid=86959) load_extension /opt/stack/cinder/cinder/api/extensions.py:194}}
Sep 07 10:47:26 devstack devstack@c-api.service[86959]: DEBUG cinder.api.extensions [-] Calling extension factory cinder.api.contrib.consistencygroups.Consistencygroups {{(pid=86959) load_extension /opt/stack/cinder/cinder/api/extensions.py:200}}
Sep 07 10:47:26 devstack devstack@c-api.service[86959]: DEBUG cinder.api.extensions [-] Ext name: Consistencygroups {{(pid=86959) _check_extension /opt/stack/cinder/cinder/api/extensions.py:174}}
Sep 07 10:47:26 devstack devstack@c-api.service[86959]: DEBUG cinder.api.extensions [-] Ext alias: consistencygroups {{(pid=86959) _check_extension /opt/stack/cinder/cinder/api/extensions.py:175}}
Sep 07 10:47:26 devstack devstack@c-api.service[86959]: DEBUG cinder.api.extensions [-] Ext description: consistency groups support. {{(pid=86959) _check_extension /opt/stack/cinder/cinder/api/extensions.py:176}}
Sep 07 10:47:26 devstack devstack@c-api.service[86959]: DEBUG cinder.api.extensions [-] Ext updated: 2014-08-18T00:00:00+00:00 {{(pid=86959) _check_extension /opt/stack/cinder/cinder/api/extensions.py:178}}
Sep 07 10:47:26 devstack devstack@c-api.service[86959]: DEBUG cinder.api.extensions [-] Loaded extension: consistencygroups {{(pid=86959) register /opt/stack/cinder/cinder/api/extensions.py:135}}
Sep 07 10:47:26 devstack devstack@c-api.service[86959]: DEBUG cinder.api.extensions [-] Loading extension cinder.api.contrib.volume_transfer.Volume_transfer {{(pid=86959) load_extension /opt/stack/cinder/cinder/api/extensions.py:194}}
Sep 07 10:47:26 devstack devstack@c-api.service[86959]: DEBUG cinder.api.extensions [-] Calling extension factory cinder.api.contrib.volume_transfer.Volume_transfer {{(pid=86959) load_extension /opt/stack/cinder/cinder/api/extensions.py:200}}
Sep 07 10:47:26 devstack devstack@c-api.service[86959]: DEBUG cinder.api.extensions [-] Ext name: VolumeTransfer {{(pid=86959) _check_extension /opt/stack/cinder/cinder/api/extensions.py:174}}
Sep 07 10:47:26 devstack devstack@c-api.service[86959]: DEBUG cinder.api.extensions [-] Ext alias: os-volume-transfer {{(pid=86959) _check_extension /opt/stack/cinder/cinder/api/extensions.py:175}}
Sep 07 10:47:26 devstack devstack@c-api.service[86959]: DEBUG cinder.api.extensions [-] Ext description: Volume transfer management support. {{(pid=86959) _check_extension /opt/stack/cinder/cinder/api/extensions.py:176}}
Sep 07 10:47:26 devstack devstack@c-api.service[86959]: DEBUG cinder.api.extensions [-] Ext updated: 2013-05-29T00:00:00+00:00 {{(pid=86959) _check_extension /opt/stack/cinder/cinder/api/extensions.py:178}}
Sep 07 10:47:26 devstack devstack@c-api.service[86959]: DEBUG cinder.api.extensions [-] Loaded extension: os-volume-transfer {{(pid=86959) register /opt/stack/cinder/cinder/api/extensions.py:135}}
Sep 07 10:47:26 devstack devstack@c-api.service[86959]: DEBUG cinder.api.extensions [-] Loading extension cinder.api.contrib.snapshot_manage.Snapshot_manage {{(pid=86959) load_extension /opt/stack/cinder/cinder/api/extensions.py:194}}
Sep 07 10:47:26 devstack devstack@c-api.service[86959]: DEBUG cinder.api.extensions [-] Calling extension factory cinder.api.contrib.snapshot_manage.Snapshot_manage {{(pid=86959) load_extension /opt/stack/cinder/cinder/api/extensions.py:200}}
Sep 07 10:47:26 devstack devstack@c-api.service[86959]: DEBUG cinder.api.extensions [-] Ext name: SnapshotManage {{(pid=86959) _check_extension /opt/stack/cinder/cinder/api/extensions.py:174}}
Sep 07 10:47:26 devstack devstack@c-api.service[86959]: DEBUG cinder.api.extensions [-] Ext alias: os-snapshot-manage {{(pid=86959) _check_extension /opt/stack/cinder/cinder/api/extensions.py:175}}
Sep 07 10:47:26 devstack devstack@c-api.service[86959]: DEBUG cinder.api.extensions [-] Ext description: Allows existing backend storage to be 'managed' by Cinder. {{(pid=86959) _check_extension /opt/stack/cinder/cinder/api/extensions.py:176}}
Sep 07 10:47:26 devstack devstack@c-api.service[86959]: DEBUG cinder.api.extensions [-] Ext updated: 2014-12-31T00:00:00+00:00 {{(pid=86959) _check_extension /opt/stack/cinder/cinder/api/extensions.py:178}}
Sep 07 10:47:26 devstack devstack@c-api.service[86959]: DEBUG cinder.api.extensions [-] Loaded extension: os-snapshot-manage {{(pid=86959) register /opt/stack/cinder/cinder/api/extensions.py:135}}
Sep 07 10:47:26 devstack devstack@c-api.service[86958]: DEBUG oslo_db.sqlalchemy.engines [None req-74cebf07-869a-4490-848b-ebc9dc4a2bb4 None None] MySQL server mode set to STRICT_TRANS_TABLES,STRICT_ALL_TABLES,NO_ZERO_IN_DATE,NO_ZERO_DATE,ERROR_FOR_DIVISION_BY_ZERO,TRADITIONAL,NO_ENGINE_SUBSTITUTION {{(pid=86958) _check_effective_sql_mode /opt/stack/data/venv/lib/python3.12/site-packages/oslo_db/sqlalchemy/engines.py:325}}
Sep 07 10:47:26 devstack devstack@c-api.service[86959]: INFO dbcounter [None req-1b63a10d-7884-476a-b5c3-a5903568c699 None None] Registered counter for database cinder
Sep 07 10:47:26 devstack devstack@c-api.service[86959]: DEBUG oslo_db.sqlalchemy.engines [None req-1b63a10d-7884-476a-b5c3-a5903568c699 None None] MySQL server mode set to STRICT_TRANS_TABLES,STRICT_ALL_TABLES,NO_ZERO_IN_DATE,NO_ZERO_DATE,ERROR_FOR_DIVISION_BY_ZERO,TRADITIONAL,NO_ENGINE_SUBSTITUTION {{(pid=86959) _check_effective_sql_mode /opt/stack/data/venv/lib/python3.12/site-packages/oslo_db/sqlalchemy/engines.py:325}}
Sep 07 10:47:26 devstack devstack@c-api.service[86958]: DEBUG dbcounter [-] [86958] Writer thread running {{(pid=86958) stat_writer /opt/stack/data/venv/lib/python3.12/site-packages/dbcounter.py:102}}
Sep 07 10:47:26 devstack devstack@c-api.service[86958]: /opt/stack/cinder/cinder/objects/service.py:243: DeprecationWarning: Passing item_cls to obj_make_list() is deprecated. The item class is now derived from the list object's field definition.
Sep 07 10:47:26 devstack devstack@c-api.service[86958]: return base.obj_make_list(context, cls(context), objects.Service,
Sep 07 10:47:26 devstack devstack@c-api.service[86958]: INFO cinder.rpc [None req-74cebf07-869a-4490-848b-ebc9dc4a2bb4 None None] Automatically selected cinder-scheduler objects version 1.39 as minimum service version.
Sep 07 10:47:26 devstack devstack@c-api.service[86958]: INFO cinder.rpc [None req-74cebf07-869a-4490-848b-ebc9dc4a2bb4 None None] Automatically selected cinder-scheduler RPC version 3.12 as minimum service version.
Sep 07 10:47:26 devstack devstack@c-api.service[86958]: INFO cinder.rpc [None req-74cebf07-869a-4490-848b-ebc9dc4a2bb4 None None] Automatically selected cinder-volume objects version 1.39 as minimum service version.
Sep 07 10:47:26 devstack devstack@c-api.service[86958]: INFO cinder.rpc [None req-74cebf07-869a-4490-848b-ebc9dc4a2bb4 None None] Automatically selected cinder-volume RPC version 3.20 as minimum service version.
Sep 07 10:47:26 devstack devstack@c-api.service[86958]: WARNING stevedore.named [None req-74cebf07-869a-4490-848b-ebc9dc4a2bb4 None None] Could not load cinder.keymgr.conf_key_mgr.ConfKeyManager
Sep 07 10:47:26 devstack devstack@c-api.service[86958]: WARNING castellan.key_manager [None req-74cebf07-869a-4490-848b-ebc9dc4a2bb4 None None] Deprecation Warning : cinder.keymgr.conf_key_mgr.ConfKeyManager is not a stevedore based driver, trying to load it as a class: stevedore.exception.NoMatches: No 'castellan.drivers' driver found, looking for 'cinder.keymgr.conf_key_mgr.ConfKeyManager'
Sep 07 10:47:26 devstack devstack@c-api.service[86958]: WARNING cinder.keymgr.conf_key_mgr [None req-74cebf07-869a-4490-848b-ebc9dc4a2bb4 None None] This key manager is insecure and is not recommended for production deployments: stevedore.exception.NoMatches: No 'castellan.drivers' driver found, looking for 'cinder.keymgr.conf_key_mgr.ConfKeyManager'
Sep 07 10:47:26 devstack devstack@c-api.service[86958]: WARNING stevedore.named [None req-74cebf07-869a-4490-848b-ebc9dc4a2bb4 None None] Could not load cinder.keymgr.conf_key_mgr.ConfKeyManager
Sep 07 10:47:26 devstack devstack@c-api.service[86958]: WARNING castellan.key_manager [None req-74cebf07-869a-4490-848b-ebc9dc4a2bb4 None None] Deprecation Warning : cinder.keymgr.conf_key_mgr.ConfKeyManager is not a stevedore based driver, trying to load it as a class: stevedore.exception.NoMatches: No 'castellan.drivers' driver found, looking for 'cinder.keymgr.conf_key_mgr.ConfKeyManager'
Sep 07 10:47:26 devstack devstack@c-api.service[86958]: DEBUG oslo_db.sqlalchemy.engines [None req-74cebf07-869a-4490-848b-ebc9dc4a2bb4 None None] MySQL server mode set to STRICT_TRANS_TABLES,STRICT_ALL_TABLES,NO_ZERO_IN_DATE,NO_ZERO_DATE,ERROR_FOR_DIVISION_BY_ZERO,TRADITIONAL,NO_ENGINE_SUBSTITUTION {{(pid=86958) _check_effective_sql_mode /opt/stack/data/venv/lib/python3.12/site-packages/oslo_db/sqlalchemy/engines.py:325}}
Sep 07 10:47:26 devstack devstack@c-api.service[86958]: INFO cinder.rpc [None req-74cebf07-869a-4490-848b-ebc9dc4a2bb4 None None] Automatically selected cinder-backup objects version 1.39 as minimum service version.
Sep 07 10:47:26 devstack devstack@c-api.service[86958]: INFO cinder.rpc [None req-74cebf07-869a-4490-848b-ebc9dc4a2bb4 None None] Automatically selected cinder-backup RPC version 2.4 as minimum service version.
Sep 07 10:47:26 devstack devstack@c-api.service[86958]: WARNING stevedore.named [None req-74cebf07-869a-4490-848b-ebc9dc4a2bb4 None None] Could not load cinder.keymgr.conf_key_mgr.ConfKeyManager
Sep 07 10:47:26 devstack devstack@c-api.service[86958]: WARNING castellan.key_manager [None req-74cebf07-869a-4490-848b-ebc9dc4a2bb4 None None] Deprecation Warning : cinder.keymgr.conf_key_mgr.ConfKeyManager is not a stevedore based driver, trying to load it as a class: stevedore.exception.NoMatches: No 'castellan.drivers' driver found, looking for 'cinder.keymgr.conf_key_mgr.ConfKeyManager'
Sep 07 10:47:26 devstack devstack@c-api.service[86959]: DEBUG dbcounter [-] [86959] Writer thread running {{(pid=86959) stat_writer /opt/stack/data/venv/lib/python3.12/site-packages/dbcounter.py:102}}
Sep 07 10:47:26 devstack devstack@c-api.service[86958]: WARNING stevedore.named [None req-74cebf07-869a-4490-848b-ebc9dc4a2bb4 None None] Could not load cinder.keymgr.conf_key_mgr.ConfKeyManager
Sep 07 10:47:26 devstack devstack@c-api.service[86958]: WARNING castellan.key_manager [None req-74cebf07-869a-4490-848b-ebc9dc4a2bb4 None None] Deprecation Warning : cinder.keymgr.conf_key_mgr.ConfKeyManager is not a stevedore based driver, trying to load it as a class: stevedore.exception.NoMatches: No 'castellan.drivers' driver found, looking for 'cinder.keymgr.conf_key_mgr.ConfKeyManager'
Sep 07 10:47:26 devstack devstack@c-api.service[86959]: /opt/stack/cinder/cinder/objects/service.py:243: DeprecationWarning: Passing item_cls to obj_make_list() is deprecated. The item class is now derived from the list object's field definition.
Sep 07 10:47:26 devstack devstack@c-api.service[86959]: return base.obj_make_list(context, cls(context), objects.Service,
Sep 07 10:47:26 devstack devstack@c-api.service[86959]: INFO cinder.rpc [None req-1b63a10d-7884-476a-b5c3-a5903568c699 None None] Automatically selected cinder-scheduler objects version 1.39 as minimum service version.
Sep 07 10:47:26 devstack devstack@c-api.service[86958]: WARNING stevedore.named [None req-74cebf07-869a-4490-848b-ebc9dc4a2bb4 None None] Could not load cinder.keymgr.conf_key_mgr.ConfKeyManager
Sep 07 10:47:26 devstack devstack@c-api.service[86958]: WARNING castellan.key_manager [None req-74cebf07-869a-4490-848b-ebc9dc4a2bb4 None None] Deprecation Warning : cinder.keymgr.conf_key_mgr.ConfKeyManager is not a stevedore based driver, trying to load it as a class: stevedore.exception.NoMatches: No 'castellan.drivers' driver found, looking for 'cinder.keymgr.conf_key_mgr.ConfKeyManager'
Sep 07 10:47:26 devstack devstack@c-api.service[86959]: INFO cinder.rpc [None req-1b63a10d-7884-476a-b5c3-a5903568c699 None None] Automatically selected cinder-scheduler RPC version 3.12 as minimum service version.
Sep 07 10:47:26 devstack devstack@c-api.service[86959]: INFO cinder.rpc [None req-1b63a10d-7884-476a-b5c3-a5903568c699 None None] Automatically selected cinder-volume objects version 1.39 as minimum service version.
Sep 07 10:47:26 devstack devstack@c-api.service[86958]: WARNING stevedore.named [None req-74cebf07-869a-4490-848b-ebc9dc4a2bb4 None None] Could not load cinder.keymgr.conf_key_mgr.ConfKeyManager
Sep 07 10:47:26 devstack devstack@c-api.service[86958]: WARNING castellan.key_manager [None req-74cebf07-869a-4490-848b-ebc9dc4a2bb4 None None] Deprecation Warning : cinder.keymgr.conf_key_mgr.ConfKeyManager is not a stevedore based driver, trying to load it as a class: stevedore.exception.NoMatches: No 'castellan.drivers' driver found, looking for 'cinder.keymgr.conf_key_mgr.ConfKeyManager'
Sep 07 10:47:26 devstack devstack@c-api.service[86959]: INFO cinder.rpc [None req-1b63a10d-7884-476a-b5c3-a5903568c699 None None] Automatically selected cinder-volume RPC version 3.20 as minimum service version.
Sep 07 10:47:26 devstack devstack@c-api.service[86959]: WARNING stevedore.named [None req-1b63a10d-7884-476a-b5c3-a5903568c699 None None] Could not load cinder.keymgr.conf_key_mgr.ConfKeyManager
Sep 07 10:47:26 devstack devstack@c-api.service[86959]: WARNING castellan.key_manager [None req-1b63a10d-7884-476a-b5c3-a5903568c699 None None] Deprecation Warning : cinder.keymgr.conf_key_mgr.ConfKeyManager is not a stevedore based driver, trying to load it as a class: stevedore.exception.NoMatches: No 'castellan.drivers' driver found, looking for 'cinder.keymgr.conf_key_mgr.ConfKeyManager'
Sep 07 10:47:26 devstack devstack@c-api.service[86959]: WARNING cinder.keymgr.conf_key_mgr [None req-1b63a10d-7884-476a-b5c3-a5903568c699 None None] This key manager is insecure and is not recommended for production deployments: stevedore.exception.NoMatches: No 'castellan.drivers' driver found, looking for 'cinder.keymgr.conf_key_mgr.ConfKeyManager'
Sep 07 10:47:26 devstack devstack@c-api.service[86959]: WARNING stevedore.named [None req-1b63a10d-7884-476a-b5c3-a5903568c699 None None] Could not load cinder.keymgr.conf_key_mgr.ConfKeyManager
Sep 07 10:47:26 devstack devstack@c-api.service[86959]: WARNING castellan.key_manager [None req-1b63a10d-7884-476a-b5c3-a5903568c699 None None] Deprecation Warning : cinder.keymgr.conf_key_mgr.ConfKeyManager is not a stevedore based driver, trying to load it as a class: stevedore.exception.NoMatches: No 'castellan.drivers' driver found, looking for 'cinder.keymgr.conf_key_mgr.ConfKeyManager'
Sep 07 10:47:26 devstack devstack@c-api.service[86958]: WARNING stevedore.named [None req-74cebf07-869a-4490-848b-ebc9dc4a2bb4 None None] Could not load cinder.keymgr.conf_key_mgr.ConfKeyManager
Sep 07 10:47:26 devstack devstack@c-api.service[86958]: WARNING castellan.key_manager [None req-74cebf07-869a-4490-848b-ebc9dc4a2bb4 None None] Deprecation Warning : cinder.keymgr.conf_key_mgr.ConfKeyManager is not a stevedore based driver, trying to load it as a class: stevedore.exception.NoMatches: No 'castellan.drivers' driver found, looking for 'cinder.keymgr.conf_key_mgr.ConfKeyManager'
Sep 07 10:47:26 devstack devstack@c-api.service[86958]: WARNING stevedore.named [None req-74cebf07-869a-4490-848b-ebc9dc4a2bb4 None None] Could not load cinder.keymgr.conf_key_mgr.ConfKeyManager
Sep 07 10:47:26 devstack devstack@c-api.service[86958]: WARNING castellan.key_manager [None req-74cebf07-869a-4490-848b-ebc9dc4a2bb4 None None] Deprecation Warning : cinder.keymgr.conf_key_mgr.ConfKeyManager is not a stevedore based driver, trying to load it as a class: stevedore.exception.NoMatches: No 'castellan.drivers' driver found, looking for 'cinder.keymgr.conf_key_mgr.ConfKeyManager'
Sep 07 10:47:26 devstack devstack@c-api.service[86958]: WARNING stevedore.named [None req-74cebf07-869a-4490-848b-ebc9dc4a2bb4 None None] Could not load cinder.keymgr.conf_key_mgr.ConfKeyManager
Sep 07 10:47:26 devstack devstack@c-api.service[86958]: WARNING castellan.key_manager [None req-74cebf07-869a-4490-848b-ebc9dc4a2bb4 None None] Deprecation Warning : cinder.keymgr.conf_key_mgr.ConfKeyManager is not a stevedore based driver, trying to load it as a class: stevedore.exception.NoMatches: No 'castellan.drivers' driver found, looking for 'cinder.keymgr.conf_key_mgr.ConfKeyManager'
Sep 07 10:47:26 devstack devstack@c-api.service[86958]: WARNING stevedore.named [None req-74cebf07-869a-4490-848b-ebc9dc4a2bb4 None None] Could not load cinder.keymgr.conf_key_mgr.ConfKeyManager
Sep 07 10:47:26 devstack devstack@c-api.service[86958]: WARNING castellan.key_manager [None req-74cebf07-869a-4490-848b-ebc9dc4a2bb4 None None] Deprecation Warning : cinder.keymgr.conf_key_mgr.ConfKeyManager is not a stevedore based driver, trying to load it as a class: stevedore.exception.NoMatches: No 'castellan.drivers' driver found, looking for 'cinder.keymgr.conf_key_mgr.ConfKeyManager'
Sep 07 10:47:26 devstack devstack@c-api.service[86958]: WARNING stevedore.named [None req-74cebf07-869a-4490-848b-ebc9dc4a2bb4 None None] Could not load cinder.keymgr.conf_key_mgr.ConfKeyManager
Sep 07 10:47:26 devstack devstack@c-api.service[86958]: WARNING castellan.key_manager [None req-74cebf07-869a-4490-848b-ebc9dc4a2bb4 None None] Deprecation Warning : cinder.keymgr.conf_key_mgr.ConfKeyManager is not a stevedore based driver, trying to load it as a class: stevedore.exception.NoMatches: No 'castellan.drivers' driver found, looking for 'cinder.keymgr.conf_key_mgr.ConfKeyManager'
Sep 07 10:47:26 devstack devstack@c-api.service[86958]: WARNING stevedore.named [None req-74cebf07-869a-4490-848b-ebc9dc4a2bb4 None None] Could not load cinder.keymgr.conf_key_mgr.ConfKeyManager
Sep 07 10:47:26 devstack devstack@c-api.service[86958]: WARNING castellan.key_manager [None req-74cebf07-869a-4490-848b-ebc9dc4a2bb4 None None] Deprecation Warning : cinder.keymgr.conf_key_mgr.ConfKeyManager is not a stevedore based driver, trying to load it as a class: stevedore.exception.NoMatches: No 'castellan.drivers' driver found, looking for 'cinder.keymgr.conf_key_mgr.ConfKeyManager'
Sep 07 10:47:26 devstack devstack@c-api.service[86958]: WARNING stevedore.named [None req-74cebf07-869a-4490-848b-ebc9dc4a2bb4 None None] Could not load cinder.keymgr.conf_key_mgr.ConfKeyManager
Sep 07 10:47:26 devstack devstack@c-api.service[86958]: WARNING castellan.key_manager [None req-74cebf07-869a-4490-848b-ebc9dc4a2bb4 None None] Deprecation Warning : cinder.keymgr.conf_key_mgr.ConfKeyManager is not a stevedore based driver, trying to load it as a class: stevedore.exception.NoMatches: No 'castellan.drivers' driver found, looking for 'cinder.keymgr.conf_key_mgr.ConfKeyManager'
Sep 07 10:47:26 devstack devstack@c-api.service[86958]: WARNING stevedore.named [None req-74cebf07-869a-4490-848b-ebc9dc4a2bb4 None None] Could not load cinder.keymgr.conf_key_mgr.ConfKeyManager
Sep 07 10:47:26 devstack devstack@c-api.service[86958]: WARNING castellan.key_manager [None req-74cebf07-869a-4490-848b-ebc9dc4a2bb4 None None] Deprecation Warning : cinder.keymgr.conf_key_mgr.ConfKeyManager is not a stevedore based driver, trying to load it as a class: stevedore.exception.NoMatches: No 'castellan.drivers' driver found, looking for 'cinder.keymgr.conf_key_mgr.ConfKeyManager'
Sep 07 10:47:26 devstack devstack@c-api.service[86958]: WARNING stevedore.named [None req-74cebf07-869a-4490-848b-ebc9dc4a2bb4 None None] Could not load cinder.keymgr.conf_key_mgr.ConfKeyManager
Sep 07 10:47:26 devstack devstack@c-api.service[86958]: WARNING castellan.key_manager [None req-74cebf07-869a-4490-848b-ebc9dc4a2bb4 None None] Deprecation Warning : cinder.keymgr.conf_key_mgr.ConfKeyManager is not a stevedore based driver, trying to load it as a class: stevedore.exception.NoMatches: No 'castellan.drivers' driver found, looking for 'cinder.keymgr.conf_key_mgr.ConfKeyManager'
Sep 07 10:47:26 devstack devstack@c-api.service[86959]: DEBUG oslo_db.sqlalchemy.engines [None req-1b63a10d-7884-476a-b5c3-a5903568c699 None None] MySQL server mode set to STRICT_TRANS_TABLES,STRICT_ALL_TABLES,NO_ZERO_IN_DATE,NO_ZERO_DATE,ERROR_FOR_DIVISION_BY_ZERO,TRADITIONAL,NO_ENGINE_SUBSTITUTION {{(pid=86959) _check_effective_sql_mode /opt/stack/data/venv/lib/python3.12/site-packages/oslo_db/sqlalchemy/engines.py:325}}
Sep 07 10:47:26 devstack devstack@c-api.service[86958]: WARNING stevedore.named [None req-74cebf07-869a-4490-848b-ebc9dc4a2bb4 None None] Could not load cinder.keymgr.conf_key_mgr.ConfKeyManager
Sep 07 10:47:26 devstack devstack@c-api.service[86958]: WARNING castellan.key_manager [None req-74cebf07-869a-4490-848b-ebc9dc4a2bb4 None None] Deprecation Warning : cinder.keymgr.conf_key_mgr.ConfKeyManager is not a stevedore based driver, trying to load it as a class: stevedore.exception.NoMatches: No 'castellan.drivers' driver found, looking for 'cinder.keymgr.conf_key_mgr.ConfKeyManager'
Sep 07 10:47:26 devstack devstack@c-api.service[86958]: WARNING stevedore.named [None req-74cebf07-869a-4490-848b-ebc9dc4a2bb4 None None] Could not load cinder.keymgr.conf_key_mgr.ConfKeyManager
Sep 07 10:47:26 devstack devstack@c-api.service[86958]: WARNING castellan.key_manager [None req-74cebf07-869a-4490-848b-ebc9dc4a2bb4 None None] Deprecation Warning : cinder.keymgr.conf_key_mgr.ConfKeyManager is not a stevedore based driver, trying to load it as a class: stevedore.exception.NoMatches: No 'castellan.drivers' driver found, looking for 'cinder.keymgr.conf_key_mgr.ConfKeyManager'
Sep 07 10:47:26 devstack devstack@c-api.service[86959]: INFO cinder.rpc [None req-1b63a10d-7884-476a-b5c3-a5903568c699 None None] Automatically selected cinder-backup objects version 1.39 as minimum service version.
Sep 07 10:47:26 devstack devstack@c-api.service[86958]: WARNING cinder.api.contrib.hosts [None req-74cebf07-869a-4490-848b-ebc9dc4a2bb4 None None] Deprecated: The Host API is deprecated and will be be removed in a future version.
Sep 07 10:47:26 devstack devstack@c-api.service[86958]: WARNING stevedore.named [None req-74cebf07-869a-4490-848b-ebc9dc4a2bb4 None None] Could not load cinder.keymgr.conf_key_mgr.ConfKeyManager
Sep 07 10:47:26 devstack devstack@c-api.service[86958]: WARNING castellan.key_manager [None req-74cebf07-869a-4490-848b-ebc9dc4a2bb4 None None] Deprecation Warning : cinder.keymgr.conf_key_mgr.ConfKeyManager is not a stevedore based driver, trying to load it as a class: stevedore.exception.NoMatches: No 'castellan.drivers' driver found, looking for 'cinder.keymgr.conf_key_mgr.ConfKeyManager'
Sep 07 10:47:26 devstack devstack@c-api.service[86958]: WARNING stevedore.named [None req-74cebf07-869a-4490-848b-ebc9dc4a2bb4 None None] Could not load cinder.keymgr.conf_key_mgr.ConfKeyManager
Sep 07 10:47:26 devstack devstack@c-api.service[86958]: WARNING castellan.key_manager [None req-74cebf07-869a-4490-848b-ebc9dc4a2bb4 None None] Deprecation Warning : cinder.keymgr.conf_key_mgr.ConfKeyManager is not a stevedore based driver, trying to load it as a class: stevedore.exception.NoMatches: No 'castellan.drivers' driver found, looking for 'cinder.keymgr.conf_key_mgr.ConfKeyManager'
Sep 07 10:47:26 devstack devstack@c-api.service[86958]: WARNING stevedore.named [None req-74cebf07-869a-4490-848b-ebc9dc4a2bb4 None None] Could not load cinder.keymgr.conf_key_mgr.ConfKeyManager
Sep 07 10:47:26 devstack devstack@c-api.service[86958]: WARNING castellan.key_manager [None req-74cebf07-869a-4490-848b-ebc9dc4a2bb4 None None] Deprecation Warning : cinder.keymgr.conf_key_mgr.ConfKeyManager is not a stevedore based driver, trying to load it as a class: stevedore.exception.NoMatches: No 'castellan.drivers' driver found, looking for 'cinder.keymgr.conf_key_mgr.ConfKeyManager'
Sep 07 10:47:26 devstack devstack@c-api.service[86959]: INFO cinder.rpc [None req-1b63a10d-7884-476a-b5c3-a5903568c699 None None] Automatically selected cinder-backup RPC version 2.4 as minimum service version.
Sep 07 10:47:26 devstack devstack@c-api.service[86959]: WARNING stevedore.named [None req-1b63a10d-7884-476a-b5c3-a5903568c699 None None] Could not load cinder.keymgr.conf_key_mgr.ConfKeyManager
Sep 07 10:47:26 devstack devstack@c-api.service[86958]: WARNING stevedore.named [None req-74cebf07-869a-4490-848b-ebc9dc4a2bb4 None None] Could not load cinder.keymgr.conf_key_mgr.ConfKeyManager
Sep 07 10:47:26 devstack devstack@c-api.service[86959]: WARNING castellan.key_manager [None req-1b63a10d-7884-476a-b5c3-a5903568c699 None None] Deprecation Warning : cinder.keymgr.conf_key_mgr.ConfKeyManager is not a stevedore based driver, trying to load it as a class: stevedore.exception.NoMatches: No 'castellan.drivers' driver found, looking for 'cinder.keymgr.conf_key_mgr.ConfKeyManager'
Sep 07 10:47:26 devstack devstack@c-api.service[86958]: WARNING castellan.key_manager [None req-74cebf07-869a-4490-848b-ebc9dc4a2bb4 None None] Deprecation Warning : cinder.keymgr.conf_key_mgr.ConfKeyManager is not a stevedore based driver, trying to load it as a class: stevedore.exception.NoMatches: No 'castellan.drivers' driver found, looking for 'cinder.keymgr.conf_key_mgr.ConfKeyManager'
Sep 07 10:47:26 devstack devstack@c-api.service[86958]: WARNING stevedore.named [None req-74cebf07-869a-4490-848b-ebc9dc4a2bb4 None None] Could not load cinder.keymgr.conf_key_mgr.ConfKeyManager
Sep 07 10:47:26 devstack devstack@c-api.service[86958]: WARNING castellan.key_manager [None req-74cebf07-869a-4490-848b-ebc9dc4a2bb4 None None] Deprecation Warning : cinder.keymgr.conf_key_mgr.ConfKeyManager is not a stevedore based driver, trying to load it as a class: stevedore.exception.NoMatches: No 'castellan.drivers' driver found, looking for 'cinder.keymgr.conf_key_mgr.ConfKeyManager'
Sep 07 10:47:26 devstack devstack@c-api.service[86958]: WARNING stevedore.named [None req-74cebf07-869a-4490-848b-ebc9dc4a2bb4 None None] Could not load cinder.keymgr.conf_key_mgr.ConfKeyManager
Sep 07 10:47:26 devstack devstack@c-api.service[86958]: WARNING castellan.key_manager [None req-74cebf07-869a-4490-848b-ebc9dc4a2bb4 None None] Deprecation Warning : cinder.keymgr.conf_key_mgr.ConfKeyManager is not a stevedore based driver, trying to load it as a class: stevedore.exception.NoMatches: No 'castellan.drivers' driver found, looking for 'cinder.keymgr.conf_key_mgr.ConfKeyManager'
Sep 07 10:47:26 devstack devstack@c-api.service[86958]: WARNING stevedore.named [None req-74cebf07-869a-4490-848b-ebc9dc4a2bb4 None None] Could not load cinder.keymgr.conf_key_mgr.ConfKeyManager
Sep 07 10:47:26 devstack devstack@c-api.service[86958]: WARNING castellan.key_manager [None req-74cebf07-869a-4490-848b-ebc9dc4a2bb4 None None] Deprecation Warning : cinder.keymgr.conf_key_mgr.ConfKeyManager is not a stevedore based driver, trying to load it as a class: stevedore.exception.NoMatches: No 'castellan.drivers' driver found, looking for 'cinder.keymgr.conf_key_mgr.ConfKeyManager'
Sep 07 10:47:26 devstack devstack@c-api.service[86958]: DEBUG cinder.api.v3.router [None req-74cebf07-869a-4490-848b-ebc9dc4a2bb4 None None] Extended resource: extensions {{(pid=86958) _setup_ext_routes /opt/stack/cinder/cinder/api/v3/router.py:122}}
Sep 07 10:47:26 devstack devstack@c-api.service[86958]: DEBUG cinder.api.v3.router [None req-74cebf07-869a-4490-848b-ebc9dc4a2bb4 None None] Extended resource: os-volume-manage {{(pid=86958) _setup_ext_routes /opt/stack/cinder/cinder/api/v3/router.py:122}}
Sep 07 10:47:26 devstack devstack@c-api.service[86958]: DEBUG cinder.api.v3.router [None req-74cebf07-869a-4490-848b-ebc9dc4a2bb4 None None] Extended resource: os-quota-class-sets {{(pid=86958) _setup_ext_routes /opt/stack/cinder/cinder/api/v3/router.py:122}}
Sep 07 10:47:26 devstack devstack@c-api.service[86958]: DEBUG cinder.api.v3.router [None req-74cebf07-869a-4490-848b-ebc9dc4a2bb4 None None] Extended resource: os-hosts {{(pid=86958) _setup_ext_routes /opt/stack/cinder/cinder/api/v3/router.py:122}}
Sep 07 10:47:26 devstack devstack@c-api.service[86959]: WARNING stevedore.named [None req-1b63a10d-7884-476a-b5c3-a5903568c699 None None] Could not load cinder.keymgr.conf_key_mgr.ConfKeyManager
Sep 07 10:47:26 devstack devstack@c-api.service[86959]: WARNING castellan.key_manager [None req-1b63a10d-7884-476a-b5c3-a5903568c699 None None] Deprecation Warning : cinder.keymgr.conf_key_mgr.ConfKeyManager is not a stevedore based driver, trying to load it as a class: stevedore.exception.NoMatches: No 'castellan.drivers' driver found, looking for 'cinder.keymgr.conf_key_mgr.ConfKeyManager'
Sep 07 10:47:26 devstack devstack@c-api.service[86958]: DEBUG cinder.api.v3.router [None req-74cebf07-869a-4490-848b-ebc9dc4a2bb4 None None] Extended resource: capabilities {{(pid=86958) _setup_ext_routes /opt/stack/cinder/cinder/api/v3/router.py:122}}
Sep 07 10:47:26 devstack devstack@c-api.service[86958]: DEBUG cinder.api.v3.router [None req-74cebf07-869a-4490-848b-ebc9dc4a2bb4 None None] Extended resource: encryption {{(pid=86958) _setup_ext_routes /opt/stack/cinder/cinder/api/v3/router.py:122}}
Sep 07 10:47:26 devstack devstack@c-api.service[86959]: WARNING stevedore.named [None req-1b63a10d-7884-476a-b5c3-a5903568c699 None None] Could not load cinder.keymgr.conf_key_mgr.ConfKeyManager
Sep 07 10:47:26 devstack devstack@c-api.service[86959]: WARNING castellan.key_manager [None req-1b63a10d-7884-476a-b5c3-a5903568c699 None None] Deprecation Warning : cinder.keymgr.conf_key_mgr.ConfKeyManager is not a stevedore based driver, trying to load it as a class: stevedore.exception.NoMatches: No 'castellan.drivers' driver found, looking for 'cinder.keymgr.conf_key_mgr.ConfKeyManager'
Sep 07 10:47:26 devstack devstack@c-api.service[86958]: DEBUG cinder.api.v3.router [None req-74cebf07-869a-4490-848b-ebc9dc4a2bb4 None None] Extended resource: scheduler-stats {{(pid=86958) _setup_ext_routes /opt/stack/cinder/cinder/api/v3/router.py:122}}
Sep 07 10:47:26 devstack devstack@c-api.service[86958]: DEBUG cinder.api.v3.router [None req-74cebf07-869a-4490-848b-ebc9dc4a2bb4 None None] Extended resource: os-quota-sets {{(pid=86958) _setup_ext_routes /opt/stack/cinder/cinder/api/v3/router.py:122}}
Sep 07 10:47:26 devstack devstack@c-api.service[86959]: WARNING stevedore.named [None req-1b63a10d-7884-476a-b5c3-a5903568c699 None None] Could not load cinder.keymgr.conf_key_mgr.ConfKeyManager
Sep 07 10:47:26 devstack devstack@c-api.service[86959]: WARNING castellan.key_manager [None req-1b63a10d-7884-476a-b5c3-a5903568c699 None None] Deprecation Warning : cinder.keymgr.conf_key_mgr.ConfKeyManager is not a stevedore based driver, trying to load it as a class: stevedore.exception.NoMatches: No 'castellan.drivers' driver found, looking for 'cinder.keymgr.conf_key_mgr.ConfKeyManager'
Sep 07 10:47:26 devstack devstack@c-api.service[86958]: DEBUG cinder.api.v3.router [None req-74cebf07-869a-4490-848b-ebc9dc4a2bb4 None None] Extended resource: os-availability-zone {{(pid=86958) _setup_ext_routes /opt/stack/cinder/cinder/api/v3/router.py:122}}
Sep 07 10:47:26 devstack devstack@c-api.service[86958]: DEBUG cinder.api.v3.router [None req-74cebf07-869a-4490-848b-ebc9dc4a2bb4 None None] Extended resource: qos-specs {{(pid=86958) _setup_ext_routes /opt/stack/cinder/cinder/api/v3/router.py:122}}
Sep 07 10:47:26 devstack devstack@c-api.service[86959]: WARNING stevedore.named [None req-1b63a10d-7884-476a-b5c3-a5903568c699 None None] Could not load cinder.keymgr.conf_key_mgr.ConfKeyManager
Sep 07 10:47:26 devstack devstack@c-api.service[86959]: WARNING castellan.key_manager [None req-1b63a10d-7884-476a-b5c3-a5903568c699 None None] Deprecation Warning : cinder.keymgr.conf_key_mgr.ConfKeyManager is not a stevedore based driver, trying to load it as a class: stevedore.exception.NoMatches: No 'castellan.drivers' driver found, looking for 'cinder.keymgr.conf_key_mgr.ConfKeyManager'
Sep 07 10:47:26 devstack devstack@c-api.service[86958]: DEBUG cinder.api.v3.router [None req-74cebf07-869a-4490-848b-ebc9dc4a2bb4 None None] Extended resource: extra_specs {{(pid=86958) _setup_ext_routes /opt/stack/cinder/cinder/api/v3/router.py:122}}
Sep 07 10:47:26 devstack devstack@c-api.service[86958]: DEBUG cinder.api.v3.router [None req-74cebf07-869a-4490-848b-ebc9dc4a2bb4 None None] Extended resource: backups {{(pid=86958) _setup_ext_routes /opt/stack/cinder/cinder/api/v3/router.py:122}}
Sep 07 10:47:26 devstack devstack@c-api.service[86959]: WARNING stevedore.named [None req-1b63a10d-7884-476a-b5c3-a5903568c699 None None] Could not load cinder.keymgr.conf_key_mgr.ConfKeyManager
Sep 07 10:47:26 devstack devstack@c-api.service[86959]: WARNING castellan.key_manager [None req-1b63a10d-7884-476a-b5c3-a5903568c699 None None] Deprecation Warning : cinder.keymgr.conf_key_mgr.ConfKeyManager is not a stevedore based driver, trying to load it as a class: stevedore.exception.NoMatches: No 'castellan.drivers' driver found, looking for 'cinder.keymgr.conf_key_mgr.ConfKeyManager'
Sep 07 10:47:26 devstack devstack@c-api.service[86958]: DEBUG cinder.api.v3.router [None req-74cebf07-869a-4490-848b-ebc9dc4a2bb4 None None] Extended resource: encryption {{(pid=86958) _setup_ext_routes /opt/stack/cinder/cinder/api/v3/router.py:122}}
Sep 07 10:47:26 devstack devstack@c-api.service[86959]: WARNING stevedore.named [None req-1b63a10d-7884-476a-b5c3-a5903568c699 None None] Could not load cinder.keymgr.conf_key_mgr.ConfKeyManager
Sep 07 10:47:26 devstack devstack@c-api.service[86959]: WARNING castellan.key_manager [None req-1b63a10d-7884-476a-b5c3-a5903568c699 None None] Deprecation Warning : cinder.keymgr.conf_key_mgr.ConfKeyManager is not a stevedore based driver, trying to load it as a class: stevedore.exception.NoMatches: No 'castellan.drivers' driver found, looking for 'cinder.keymgr.conf_key_mgr.ConfKeyManager'
Sep 07 10:47:26 devstack devstack@c-api.service[86958]: DEBUG cinder.api.v3.router [None req-74cebf07-869a-4490-848b-ebc9dc4a2bb4 None None] Extended resource: cgsnapshots {{(pid=86958) _setup_ext_routes /opt/stack/cinder/cinder/api/v3/router.py:122}}
Sep 07 10:47:26 devstack devstack@c-api.service[86958]: DEBUG cinder.api.v3.router [None req-74cebf07-869a-4490-848b-ebc9dc4a2bb4 None None] Extended resource: os-volume-type-access {{(pid=86958) _setup_ext_routes /opt/stack/cinder/cinder/api/v3/router.py:122}}
Sep 07 10:47:26 devstack devstack@c-api.service[86959]: WARNING stevedore.named [None req-1b63a10d-7884-476a-b5c3-a5903568c699 None None] Could not load cinder.keymgr.conf_key_mgr.ConfKeyManager
Sep 07 10:47:26 devstack devstack@c-api.service[86958]: DEBUG cinder.api.v3.router [None req-74cebf07-869a-4490-848b-ebc9dc4a2bb4 None None] Extended resource: consistencygroups {{(pid=86958) _setup_ext_routes /opt/stack/cinder/cinder/api/v3/router.py:122}}
Sep 07 10:47:26 devstack devstack@c-api.service[86959]: WARNING castellan.key_manager [None req-1b63a10d-7884-476a-b5c3-a5903568c699 None None] Deprecation Warning : cinder.keymgr.conf_key_mgr.ConfKeyManager is not a stevedore based driver, trying to load it as a class: stevedore.exception.NoMatches: No 'castellan.drivers' driver found, looking for 'cinder.keymgr.conf_key_mgr.ConfKeyManager'
Sep 07 10:47:26 devstack devstack@c-api.service[86958]: DEBUG cinder.api.v3.router [None req-74cebf07-869a-4490-848b-ebc9dc4a2bb4 None None] Extended resource: os-volume-transfer {{(pid=86958) _setup_ext_routes /opt/stack/cinder/cinder/api/v3/router.py:122}}
Sep 07 10:47:26 devstack devstack@c-api.service[86959]: WARNING stevedore.named [None req-1b63a10d-7884-476a-b5c3-a5903568c699 None None] Could not load cinder.keymgr.conf_key_mgr.ConfKeyManager
Sep 07 10:47:26 devstack devstack@c-api.service[86959]: WARNING castellan.key_manager [None req-1b63a10d-7884-476a-b5c3-a5903568c699 None None] Deprecation Warning : cinder.keymgr.conf_key_mgr.ConfKeyManager is not a stevedore based driver, trying to load it as a class: stevedore.exception.NoMatches: No 'castellan.drivers' driver found, looking for 'cinder.keymgr.conf_key_mgr.ConfKeyManager'
Sep 07 10:47:26 devstack devstack@c-api.service[86958]: DEBUG cinder.api.v3.router [None req-74cebf07-869a-4490-848b-ebc9dc4a2bb4 None None] Extended resource: os-snapshot-manage {{(pid=86958) _setup_ext_routes /opt/stack/cinder/cinder/api/v3/router.py:122}}
Sep 07 10:47:26 devstack devstack@c-api.service[86958]: WARNING stevedore.named [None req-74cebf07-869a-4490-848b-ebc9dc4a2bb4 None None] Could not load cinder.keymgr.conf_key_mgr.ConfKeyManager
Sep 07 10:47:26 devstack devstack@c-api.service[86958]: WARNING castellan.key_manager [None req-74cebf07-869a-4490-848b-ebc9dc4a2bb4 None None] Deprecation Warning : cinder.keymgr.conf_key_mgr.ConfKeyManager is not a stevedore based driver, trying to load it as a class: stevedore.exception.NoMatches: No 'castellan.drivers' driver found, looking for 'cinder.keymgr.conf_key_mgr.ConfKeyManager'
Sep 07 10:47:26 devstack devstack@c-api.service[86959]: WARNING stevedore.named [None req-1b63a10d-7884-476a-b5c3-a5903568c699 None None] Could not load cinder.keymgr.conf_key_mgr.ConfKeyManager
Sep 07 10:47:26 devstack devstack@c-api.service[86959]: WARNING castellan.key_manager [None req-1b63a10d-7884-476a-b5c3-a5903568c699 None None] Deprecation Warning : cinder.keymgr.conf_key_mgr.ConfKeyManager is not a stevedore based driver, trying to load it as a class: stevedore.exception.NoMatches: No 'castellan.drivers' driver found, looking for 'cinder.keymgr.conf_key_mgr.ConfKeyManager'
Sep 07 10:47:26 devstack devstack@c-api.service[86958]: WARNING stevedore.named [None req-74cebf07-869a-4490-848b-ebc9dc4a2bb4 None None] Could not load cinder.keymgr.conf_key_mgr.ConfKeyManager
Sep 07 10:47:26 devstack devstack@c-api.service[86959]: WARNING stevedore.named [None req-1b63a10d-7884-476a-b5c3-a5903568c699 None None] Could not load cinder.keymgr.conf_key_mgr.ConfKeyManager
Sep 07 10:47:26 devstack devstack@c-api.service[86958]: WARNING castellan.key_manager [None req-74cebf07-869a-4490-848b-ebc9dc4a2bb4 None None] Deprecation Warning : cinder.keymgr.conf_key_mgr.ConfKeyManager is not a stevedore based driver, trying to load it as a class: stevedore.exception.NoMatches: No 'castellan.drivers' driver found, looking for 'cinder.keymgr.conf_key_mgr.ConfKeyManager'
Sep 07 10:47:26 devstack devstack@c-api.service[86959]: WARNING castellan.key_manager [None req-1b63a10d-7884-476a-b5c3-a5903568c699 None None] Deprecation Warning : cinder.keymgr.conf_key_mgr.ConfKeyManager is not a stevedore based driver, trying to load it as a class: stevedore.exception.NoMatches: No 'castellan.drivers' driver found, looking for 'cinder.keymgr.conf_key_mgr.ConfKeyManager'
Sep 07 10:47:26 devstack devstack@c-api.service[86958]: WARNING stevedore.named [None req-74cebf07-869a-4490-848b-ebc9dc4a2bb4 None None] Could not load cinder.keymgr.conf_key_mgr.ConfKeyManager
Sep 07 10:47:26 devstack devstack@c-api.service[86958]: WARNING castellan.key_manager [None req-74cebf07-869a-4490-848b-ebc9dc4a2bb4 None None] Deprecation Warning : cinder.keymgr.conf_key_mgr.ConfKeyManager is not a stevedore based driver, trying to load it as a class: stevedore.exception.NoMatches: No 'castellan.drivers' driver found, looking for 'cinder.keymgr.conf_key_mgr.ConfKeyManager'
Sep 07 10:47:26 devstack devstack@c-api.service[86958]: WARNING stevedore.named [None req-74cebf07-869a-4490-848b-ebc9dc4a2bb4 None None] Could not load cinder.keymgr.conf_key_mgr.ConfKeyManager
Sep 07 10:47:26 devstack devstack@c-api.service[86959]: WARNING stevedore.named [None req-1b63a10d-7884-476a-b5c3-a5903568c699 None None] Could not load cinder.keymgr.conf_key_mgr.ConfKeyManager
Sep 07 10:47:26 devstack devstack@c-api.service[86958]: WARNING castellan.key_manager [None req-74cebf07-869a-4490-848b-ebc9dc4a2bb4 None None] Deprecation Warning : cinder.keymgr.conf_key_mgr.ConfKeyManager is not a stevedore based driver, trying to load it as a class: stevedore.exception.NoMatches: No 'castellan.drivers' driver found, looking for 'cinder.keymgr.conf_key_mgr.ConfKeyManager'
Sep 07 10:47:26 devstack devstack@c-api.service[86959]: WARNING castellan.key_manager [None req-1b63a10d-7884-476a-b5c3-a5903568c699 None None] Deprecation Warning : cinder.keymgr.conf_key_mgr.ConfKeyManager is not a stevedore based driver, trying to load it as a class: stevedore.exception.NoMatches: No 'castellan.drivers' driver found, looking for 'cinder.keymgr.conf_key_mgr.ConfKeyManager'
Sep 07 10:47:26 devstack devstack@c-api.service[86958]: WARNING stevedore.named [None req-74cebf07-869a-4490-848b-ebc9dc4a2bb4 None None] Could not load cinder.keymgr.conf_key_mgr.ConfKeyManager
Sep 07 10:47:26 devstack devstack@c-api.service[86958]: WARNING castellan.key_manager [None req-74cebf07-869a-4490-848b-ebc9dc4a2bb4 None None] Deprecation Warning : cinder.keymgr.conf_key_mgr.ConfKeyManager is not a stevedore based driver, trying to load it as a class: stevedore.exception.NoMatches: No 'castellan.drivers' driver found, looking for 'cinder.keymgr.conf_key_mgr.ConfKeyManager'
Sep 07 10:47:26 devstack devstack@c-api.service[86958]: WARNING stevedore.named [None req-74cebf07-869a-4490-848b-ebc9dc4a2bb4 None None] Could not load cinder.keymgr.conf_key_mgr.ConfKeyManager
Sep 07 10:47:26 devstack devstack@c-api.service[86958]: WARNING castellan.key_manager [None req-74cebf07-869a-4490-848b-ebc9dc4a2bb4 None None] Deprecation Warning : cinder.keymgr.conf_key_mgr.ConfKeyManager is not a stevedore based driver, trying to load it as a class: stevedore.exception.NoMatches: No 'castellan.drivers' driver found, looking for 'cinder.keymgr.conf_key_mgr.ConfKeyManager'
Sep 07 10:47:26 devstack devstack@c-api.service[86958]: WARNING stevedore.named [None req-74cebf07-869a-4490-848b-ebc9dc4a2bb4 None None] Could not load cinder.keymgr.conf_key_mgr.ConfKeyManager
Sep 07 10:47:26 devstack devstack@c-api.service[86958]: WARNING castellan.key_manager [None req-74cebf07-869a-4490-848b-ebc9dc4a2bb4 None None] Deprecation Warning : cinder.keymgr.conf_key_mgr.ConfKeyManager is not a stevedore based driver, trying to load it as a class: stevedore.exception.NoMatches: No 'castellan.drivers' driver found, looking for 'cinder.keymgr.conf_key_mgr.ConfKeyManager'
Sep 07 10:47:26 devstack devstack@c-api.service[86958]: DEBUG cinder.api.contrib.snapshot_actions [None req-74cebf07-869a-4490-848b-ebc9dc4a2bb4 None None] SnapshotActionsController initialized {{(pid=86958) __init__ /opt/stack/cinder/cinder/api/contrib/snapshot_actions.py:33}}
Sep 07 10:47:26 devstack devstack@c-api.service[86958]: DEBUG cinder.api.v3.router [None req-74cebf07-869a-4490-848b-ebc9dc4a2bb4 None None] Extension VolumeHostAttribute extending resource: volumes {{(pid=86958) _setup_extensions /opt/stack/cinder/cinder/api/v3/router.py:155}}
Sep 07 10:47:26 devstack devstack@c-api.service[86958]: DEBUG cinder.api.v3.router [None req-74cebf07-869a-4490-848b-ebc9dc4a2bb4 None None] Extension AdminActions extending resource: volumes {{(pid=86958) _setup_extensions /opt/stack/cinder/cinder/api/v3/router.py:155}}
Sep 07 10:47:26 devstack devstack@c-api.service[86958]: DEBUG cinder.api.v3.router [None req-74cebf07-869a-4490-848b-ebc9dc4a2bb4 None None] Extension AdminActions extending resource: snapshots {{(pid=86958) _setup_extensions /opt/stack/cinder/cinder/api/v3/router.py:155}}
Sep 07 10:47:26 devstack devstack@c-api.service[86958]: DEBUG cinder.api.v3.router [None req-74cebf07-869a-4490-848b-ebc9dc4a2bb4 None None] Extension AdminActions extending resource: backups {{(pid=86958) _setup_extensions /opt/stack/cinder/cinder/api/v3/router.py:155}}
