Jun 25 18:15:32 devstack cinder-volume[93917]: DEBUG oslo_concurrency.processutils [None req-faff41c0-f0d3-45e0-aaa3-6ba82daea41f tempest-SnapshotsActionsTest-287704721 None] CMD "/opt/stack/data/venv/bin/python3.12 -m oslo_concurrency.prlimit --as=1073741824 --cpu=60 -- sudo cinder-rootwrap /etc/cinder/rootwrap.conf env LC_ALL=C qemu-img info -f qcow2 --output=json --force-share /opt/stack/data/cinder/mnt/8f827b5f43c2336d1145b529d4eef10d/volume-3cf2c7a4-a55e-4848-9d76-aca2019e6559.a21b3a73-09eb-4dad-928e-6094b3ff4778" returned: 0 in 1.139s {{(pid=93917) execute /opt/stack/data/venv/lib/python3.12/site-packages/oslo_concurrency/processutils.py:468}}
Jun 25 18:15:32 devstack cinder-volume[93917]: DEBUG cinder.volume.drivers.remotefs [None req-faff41c0-f0d3-45e0-aaa3-6ba82daea41f tempest-SnapshotsActionsTest-287704721 None] Fetching qemu-img info with special backing_file_template: (/opt/stack/data/cinder/mnt/[0-9a-f]+/)?(volume-3cf2c7a4-a55e-4848-9d76-aca2019e6559(.(tmp-snap-)?[0-9a-f-]+)?|volume_from_snapshot_cache/(tmp-snap-)?[0-9a-f-]+(.(child-|parent-)[0-9a-f-]+)?)$ {{(pid=93917) _qemu_img_info_base /opt/stack/cinder/cinder/volume/drivers/remotefs.py:896}}
Jun 25 18:15:32 devstack cinder-volume[93917]: DEBUG oslo_concurrency.processutils [None req-faff41c0-f0d3-45e0-aaa3-6ba82daea41f tempest-SnapshotsActionsTest-287704721 None] Running cmd (subprocess): sudo cinder-rootwrap /etc/cinder/rootwrap.conf qemu-img create -f qcow2 -o backing_file=/opt/stack/data/cinder/mnt/8f827b5f43c2336d1145b529d4eef10d/volume-3cf2c7a4-a55e-4848-9d76-aca2019e6559.a21b3a73-09eb-4dad-928e-6094b3ff4778,backing_fmt=qcow2 /opt/stack/data/cinder/mnt/8f827b5f43c2336d1145b529d4eef10d/volume-3cf2c7a4-a55e-4848-9d76-aca2019e6559.bbf0da1d-3838-44ff-98ef-8af6abb80356 1G {{(pid=93917) execute /opt/stack/data/venv/lib/python3.12/site-packages/oslo_concurrency/processutils.py:440}}
Jun 25 18:15:32 devstack sudo[98597]: quobyte : PWD=/ ; USER=root ; COMMAND=/opt/stack/data/venv/bin/cinder-rootwrap /etc/cinder/rootwrap.conf qemu-img create -f qcow2 -o backing_file=/opt/stack/data/cinder/mnt/8f827b5f43c2336d1145b529d4eef10d/volume-3cf2c7a4-a55e-4848-9d76-aca2019e6559.a21b3a73-09eb-4dad-928e-6094b3ff4778,backing_fmt=qcow2 /opt/stack/data/cinder/mnt/8f827b5f43c2336d1145b529d4eef10d/volume-3cf2c7a4-a55e-4848-9d76-aca2019e6559.bbf0da1d-3838-44ff-98ef-8af6abb80356 1G
Jun 25 18:15:32 devstack sudo[98597]: pam_unix(sudo:session): session opened for user root(uid=0) by (uid=1000)
Jun 25 18:15:32 devstack cinder-volume[93917]: INFO cinder.volume.manager [req-c49c5276-5c83-4fcf-8462-59ad3ec91b08 req-e0abf7de-fcd5-4c33-b40c-4cc47c064088 tempest-AttachVolumeTestJSON-1369430033 None] Terminate volume connection completed successfully.
Jun 25 18:15:32 devstack cinder-volume[93917]: DEBUG cinder.volume.manager [req-c49c5276-5c83-4fcf-8462-59ad3ec91b08 req-e0abf7de-fcd5-4c33-b40c-4cc47c064088 tempest-AttachVolumeTestJSON-1369430033 None] Deleting attachment 274c87d5-9886-42d1-92e1-80798a4a384e. {{(pid=93917) attachment_delete /opt/stack/cinder/cinder/volume/manager.py:5687}}
Jun 25 18:15:33 devstack sudo[98597]: pam_unix(sudo:session): session closed for user root
Jun 25 18:15:33 devstack cinder-volume[93917]: DEBUG oslo_concurrency.processutils [None req-faff41c0-f0d3-45e0-aaa3-6ba82daea41f tempest-SnapshotsActionsTest-287704721 None] CMD "sudo cinder-rootwrap /etc/cinder/rootwrap.conf qemu-img create -f qcow2 -o backing_file=/opt/stack/data/cinder/mnt/8f827b5f43c2336d1145b529d4eef10d/volume-3cf2c7a4-a55e-4848-9d76-aca2019e6559.a21b3a73-09eb-4dad-928e-6094b3ff4778,backing_fmt=qcow2 /opt/stack/data/cinder/mnt/8f827b5f43c2336d1145b529d4eef10d/volume-3cf2c7a4-a55e-4848-9d76-aca2019e6559.bbf0da1d-3838-44ff-98ef-8af6abb80356 1G" returned: 0 in 1.188s {{(pid=93917) execute /opt/stack/data/venv/lib/python3.12/site-packages/oslo_concurrency/processutils.py:468}}
Jun 25 18:15:33 devstack cinder-volume[93917]: DEBUG oslo_concurrency.processutils [None req-faff41c0-f0d3-45e0-aaa3-6ba82daea41f tempest-SnapshotsActionsTest-287704721 None] Running cmd (subprocess): sudo cinder-rootwrap /etc/cinder/rootwrap.conf qemu-img rebase -u -b volume-3cf2c7a4-a55e-4848-9d76-aca2019e6559.a21b3a73-09eb-4dad-928e-6094b3ff4778 -F qcow2 /opt/stack/data/cinder/mnt/8f827b5f43c2336d1145b529d4eef10d/volume-3cf2c7a4-a55e-4848-9d76-aca2019e6559.bbf0da1d-3838-44ff-98ef-8af6abb80356 {{(pid=93917) execute /opt/stack/data/venv/lib/python3.12/site-packages/oslo_concurrency/processutils.py:440}}
Jun 25 18:15:33 devstack sudo[98612]: quobyte : PWD=/ ; USER=root ; COMMAND=/opt/stack/data/venv/bin/cinder-rootwrap /etc/cinder/rootwrap.conf qemu-img rebase -u -b volume-3cf2c7a4-a55e-4848-9d76-aca2019e6559.a21b3a73-09eb-4dad-928e-6094b3ff4778 -F qcow2 /opt/stack/data/cinder/mnt/8f827b5f43c2336d1145b529d4eef10d/volume-3cf2c7a4-a55e-4848-9d76-aca2019e6559.bbf0da1d-3838-44ff-98ef-8af6abb80356
Jun 25 18:15:33 devstack sudo[98612]: pam_unix(sudo:session): session opened for user root(uid=0) by (uid=1000)
Jun 25 18:15:34 devstack sudo[98612]: pam_unix(sudo:session): session closed for user root
Jun 25 18:15:34 devstack cinder-volume[93917]: DEBUG oslo_concurrency.processutils [None req-faff41c0-f0d3-45e0-aaa3-6ba82daea41f tempest-SnapshotsActionsTest-287704721 None] CMD "sudo cinder-rootwrap /etc/cinder/rootwrap.conf qemu-img rebase -u -b volume-3cf2c7a4-a55e-4848-9d76-aca2019e6559.a21b3a73-09eb-4dad-928e-6094b3ff4778 -F qcow2 /opt/stack/data/cinder/mnt/8f827b5f43c2336d1145b529d4eef10d/volume-3cf2c7a4-a55e-4848-9d76-aca2019e6559.bbf0da1d-3838-44ff-98ef-8af6abb80356" returned: 0 in 1.382s {{(pid=93917) execute /opt/stack/data/venv/lib/python3.12/site-packages/oslo_concurrency/processutils.py:468}}
Jun 25 18:15:34 devstack cinder-volume[93917]: WARNING cinder.volume.drivers.remotefs [None req-faff41c0-f0d3-45e0-aaa3-6ba82daea41f tempest-SnapshotsActionsTest-287704721 None] /opt/stack/data/cinder/mnt/8f827b5f43c2336d1145b529d4eef10d/volume-3cf2c7a4-a55e-4848-9d76-aca2019e6559.bbf0da1d-3838-44ff-98ef-8af6abb80356 is being set with open permissions: ugo+rw
Jun 25 18:15:34 devstack cinder-volume[93917]: DEBUG oslo_concurrency.processutils [None req-faff41c0-f0d3-45e0-aaa3-6ba82daea41f tempest-SnapshotsActionsTest-287704721 None] Running cmd (subprocess): sudo cinder-rootwrap /etc/cinder/rootwrap.conf chmod ugo+rw /opt/stack/data/cinder/mnt/8f827b5f43c2336d1145b529d4eef10d/volume-3cf2c7a4-a55e-4848-9d76-aca2019e6559.bbf0da1d-3838-44ff-98ef-8af6abb80356 {{(pid=93917) execute /opt/stack/data/venv/lib/python3.12/site-packages/oslo_concurrency/processutils.py:440}}
Jun 25 18:15:34 devstack sudo[98633]: quobyte : PWD=/ ; USER=root ; COMMAND=/opt/stack/data/venv/bin/cinder-rootwrap /etc/cinder/rootwrap.conf chmod ugo+rw /opt/stack/data/cinder/mnt/8f827b5f43c2336d1145b529d4eef10d/volume-3cf2c7a4-a55e-4848-9d76-aca2019e6559.bbf0da1d-3838-44ff-98ef-8af6abb80356
Jun 25 18:15:34 devstack sudo[98633]: pam_unix(sudo:session): session opened for user root(uid=0) by (uid=1000)
Jun 25 18:15:35 devstack cinder-volume[93917]: INFO cinder.volume.manager [req-108c6470-ac49-4064-899a-4c0f4badd823 req-ab71746f-c014-4d70-ab51-111f235b712a tempest-ServerActionsTestOtherA-2123423316 None] Terminate volume connection completed successfully.
Jun 25 18:15:35 devstack cinder-volume[93917]: DEBUG cinder.volume.manager [req-108c6470-ac49-4064-899a-4c0f4badd823 req-ab71746f-c014-4d70-ab51-111f235b712a tempest-ServerActionsTestOtherA-2123423316 None] Deleting attachment d003f732-c0ae-450b-8005-b6cc3cb89857. {{(pid=93917) attachment_delete /opt/stack/cinder/cinder/volume/manager.py:5687}}
Jun 25 18:15:35 devstack sudo[98633]: pam_unix(sudo:session): session closed for user root
Jun 25 18:15:35 devstack cinder-volume[93917]: DEBUG oslo_concurrency.processutils [None req-faff41c0-f0d3-45e0-aaa3-6ba82daea41f tempest-SnapshotsActionsTest-287704721 None] CMD "sudo cinder-rootwrap /etc/cinder/rootwrap.conf chmod ugo+rw /opt/stack/data/cinder/mnt/8f827b5f43c2336d1145b529d4eef10d/volume-3cf2c7a4-a55e-4848-9d76-aca2019e6559.bbf0da1d-3838-44ff-98ef-8af6abb80356" returned: 0 in 0.910s {{(pid=93917) execute /opt/stack/data/venv/lib/python3.12/site-packages/oslo_concurrency/processutils.py:468}}
Jun 25 18:15:35 devstack cinder-volume[93917]: DEBUG oslo_concurrency.lockutils [None req-faff41c0-f0d3-45e0-aaa3-6ba82daea41f tempest-SnapshotsActionsTest-287704721 None] Lock "quobyte" "released" by "cinder.volume.drivers.quobyte.QuobyteDriver.create_snapshot" :: held 4.785s {{(pid=93917) inner /opt/stack/data/venv/lib/python3.12/site-packages/oslo_concurrency/lockutils.py:543}}
Jun 25 18:15:35 devstack cinder-volume[93917]: INFO cinder.volume.manager [None req-faff41c0-f0d3-45e0-aaa3-6ba82daea41f tempest-SnapshotsActionsTest-287704721 None] Create snapshot completed successfully
Jun 25 18:15:36 devstack cinder-volume[93917]: DEBUG cinder.coordination [None req-cd59c187-5e76-4a8c-bbb2-b67f4141b136 tempest-SnapshotsActionsTest-2146004003 None] Acquiring lock "cinder-bbf0da1d-3838-44ff-98ef-8af6abb80356-delete_snapshot" by "delete_snapshot" {{(pid=93917) __acquire /opt/stack/cinder/cinder/coordination.py:138}}
Jun 25 18:15:36 devstack cinder-volume[93917]: DEBUG cinder.coordination [None req-cd59c187-5e76-4a8c-bbb2-b67f4141b136 tempest-SnapshotsActionsTest-2146004003 None] Lock "cinder-bbf0da1d-3838-44ff-98ef-8af6abb80356-delete_snapshot" acquired by "delete_snapshot" :: waited 0.059s {{(pid=93917) __acquire /opt/stack/cinder/cinder/coordination.py:141}}
Jun 25 18:15:36 devstack cinder-volume[93917]: DEBUG cinder.coordination [None req-cd59c187-5e76-4a8c-bbb2-b67f4141b136 tempest-SnapshotsActionsTest-2146004003 None] Acquiring lock "cinder-quobyte-3cf2c7a4-a55e-4848-9d76-aca2019e6559" by "delete_snapshot" {{(pid=93917) __acquire /opt/stack/cinder/cinder/coordination.py:138}}
Jun 25 18:15:36 devstack cinder-volume[93917]: DEBUG cinder.coordination [None req-cd59c187-5e76-4a8c-bbb2-b67f4141b136 tempest-SnapshotsActionsTest-2146004003 None] Lock "cinder-quobyte-3cf2c7a4-a55e-4848-9d76-aca2019e6559" acquired by "delete_snapshot" :: waited 0.030s {{(pid=93917) __acquire /opt/stack/cinder/cinder/coordination.py:141}}
Jun 25 18:15:36 devstack cinder-volume[93917]: DEBUG cinder.coordination [None req-cd59c187-5e76-4a8c-bbb2-b67f4141b136 tempest-SnapshotsActionsTest-2146004003 None] Acquiring lock "cinder-quobyte-bbf0da1d-3838-44ff-98ef-8af6abb80356" by "_delete_snapshot" {{(pid=93917) __acquire /opt/stack/cinder/cinder/coordination.py:138}}
Jun 25 18:15:36 devstack cinder-volume[93917]: DEBUG cinder.coordination [None req-cd59c187-5e76-4a8c-bbb2-b67f4141b136 tempest-SnapshotsActionsTest-2146004003 None] Lock "cinder-quobyte-bbf0da1d-3838-44ff-98ef-8af6abb80356" acquired by "_delete_snapshot" :: waited 0.023s {{(pid=93917) __acquire /opt/stack/cinder/cinder/coordination.py:141}}
Jun 25 18:15:36 devstack cinder-volume[93917]: DEBUG cinder.volume.drivers.remotefs [None req-cd59c187-5e76-4a8c-bbb2-b67f4141b136 tempest-SnapshotsActionsTest-2146004003 None] Deleting offline snapshot bbf0da1d-3838-44ff-98ef-8af6abb80356 of volume 3cf2c7a4-a55e-4848-9d76-aca2019e6559 {{(pid=93917) _delete_snapshot /opt/stack/cinder/cinder/volume/drivers/remotefs.py:1288}}
Jun 25 18:15:36 devstack cinder-volume[93917]: DEBUG cinder.volume.drivers.remotefs [None req-cd59c187-5e76-4a8c-bbb2-b67f4141b136 tempest-SnapshotsActionsTest-2146004003 None] snapshot_file for this snap is: volume-3cf2c7a4-a55e-4848-9d76-aca2019e6559.bbf0da1d-3838-44ff-98ef-8af6abb80356 {{(pid=93917) _delete_snapshot /opt/stack/cinder/cinder/volume/drivers/remotefs.py:1317}}
Jun 25 18:15:36 devstack cinder-volume[93917]: DEBUG oslo.privsep.daemon [-] privsep: reply[83e1e424-3235-4097-874a-bd242d48567a]: (4, 'qcow2') {{(pid=95376) _call_back /opt/stack/data/venv/lib/python3.12/site-packages/oslo_privsep/daemon.py:580}}
Jun 25 18:15:36 devstack cinder-volume[93917]: DEBUG oslo_concurrency.processutils [None req-cd59c187-5e76-4a8c-bbb2-b67f4141b136 tempest-SnapshotsActionsTest-2146004003 None] Running cmd (subprocess): /opt/stack/data/venv/bin/python3.12 -m oslo_concurrency.prlimit --as=1073741824 --cpu=60 -- sudo cinder-rootwrap /etc/cinder/rootwrap.conf env LC_ALL=C qemu-img info -f qcow2 --output=json --force-share /opt/stack/data/cinder/mnt/8f827b5f43c2336d1145b529d4eef10d/volume-3cf2c7a4-a55e-4848-9d76-aca2019e6559.bbf0da1d-3838-44ff-98ef-8af6abb80356 {{(pid=93917) execute /opt/stack/data/venv/lib/python3.12/site-packages/oslo_concurrency/processutils.py:440}}
Jun 25 18:15:36 devstack sudo[98719]: quobyte : PWD=/ ; USER=root ; COMMAND=/opt/stack/data/venv/bin/cinder-rootwrap /etc/cinder/rootwrap.conf env LC_ALL=C qemu-img info -f qcow2 --output=json --force-share /opt/stack/data/cinder/mnt/8f827b5f43c2336d1145b529d4eef10d/volume-3cf2c7a4-a55e-4848-9d76-aca2019e6559.bbf0da1d-3838-44ff-98ef-8af6abb80356
Jun 25 18:15:36 devstack sudo[98719]: pam_unix(sudo:session): session opened for user root(uid=0) by (uid=1000)
Jun 25 18:15:37 devstack sudo[98719]: pam_unix(sudo:session): session closed for user root
Jun 25 18:15:37 devstack cinder-volume[93917]: DEBUG oslo_concurrency.processutils [None req-cd59c187-5e76-4a8c-bbb2-b67f4141b136 tempest-SnapshotsActionsTest-2146004003 None] CMD "/opt/stack/data/venv/bin/python3.12 -m oslo_concurrency.prlimit --as=1073741824 --cpu=60 -- sudo cinder-rootwrap /etc/cinder/rootwrap.conf env LC_ALL=C qemu-img info -f qcow2 --output=json --force-share /opt/stack/data/cinder/mnt/8f827b5f43c2336d1145b529d4eef10d/volume-3cf2c7a4-a55e-4848-9d76-aca2019e6559.bbf0da1d-3838-44ff-98ef-8af6abb80356" returned: 0 in 1.152s {{(pid=93917) execute /opt/stack/data/venv/lib/python3.12/site-packages/oslo_concurrency/processutils.py:468}}
Jun 25 18:15:37 devstack cinder-volume[93917]: DEBUG cinder.volume.drivers.remotefs [None req-cd59c187-5e76-4a8c-bbb2-b67f4141b136 tempest-SnapshotsActionsTest-2146004003 None] Fetching qemu-img info with special backing_file_template: (/opt/stack/data/cinder/mnt/[0-9a-f]+/)?(volume-3cf2c7a4-a55e-4848-9d76-aca2019e6559(.(tmp-snap-)?[0-9a-f-]+)?|volume_from_snapshot_cache/(tmp-snap-)?[0-9a-f-]+(.(child-|parent-)[0-9a-f-]+)?)$ {{(pid=93917) _qemu_img_info_base /opt/stack/cinder/cinder/volume/drivers/remotefs.py:896}}
Jun 25 18:15:37 devstack cinder-volume[93917]: DEBUG oslo.privsep.daemon [-] privsep: reply[c5fb3989-afa4-4358-a668-f1d76bccd6d2]: (4, 'qcow2') {{(pid=95376) _call_back /opt/stack/data/venv/lib/python3.12/site-packages/oslo_privsep/daemon.py:580}}
Jun 25 18:15:37 devstack cinder-volume[93917]: DEBUG oslo_concurrency.processutils [None req-cd59c187-5e76-4a8c-bbb2-b67f4141b136 tempest-SnapshotsActionsTest-2146004003 None] Running cmd (subprocess): /opt/stack/data/venv/bin/python3.12 -m oslo_concurrency.prlimit --as=1073741824 --cpu=60 -- sudo cinder-rootwrap /etc/cinder/rootwrap.conf env LC_ALL=C qemu-img info -f qcow2 --output=json --force-share /opt/stack/data/cinder/mnt/8f827b5f43c2336d1145b529d4eef10d/volume-3cf2c7a4-a55e-4848-9d76-aca2019e6559.a21b3a73-09eb-4dad-928e-6094b3ff4778 {{(pid=93917) execute /opt/stack/data/venv/lib/python3.12/site-packages/oslo_concurrency/processutils.py:440}}
Jun 25 18:15:38 devstack sudo[98728]: quobyte : PWD=/ ; USER=root ; COMMAND=/opt/stack/data/venv/bin/cinder-rootwrap /etc/cinder/rootwrap.conf env LC_ALL=C qemu-img info -f qcow2 --output=json --force-share /opt/stack/data/cinder/mnt/8f827b5f43c2336d1145b529d4eef10d/volume-3cf2c7a4-a55e-4848-9d76-aca2019e6559.a21b3a73-09eb-4dad-928e-6094b3ff4778
Jun 25 18:15:38 devstack sudo[98728]: pam_unix(sudo:session): session opened for user root(uid=0) by (uid=1000)
Jun 25 18:15:38 devstack cinder-volume[93917]: DEBUG oslo_concurrency.lockutils [req-108c6470-ac49-4064-899a-4c0f4badd823 req-a19e7503-4ecb-4306-8ba5-46a538b4a321 tempest-ServerActionsTestOtherA-2123423316 None] Acquiring lock "quobyte" by "cinder.volume.drivers.quobyte.QuobyteDriver.initialize_connection" {{(pid=93917) inner /opt/stack/data/venv/lib/python3.12/site-packages/oslo_concurrency/lockutils.py:511}}
Jun 25 18:15:38 devstack cinder-volume[93917]: DEBUG oslo_concurrency.lockutils [req-108c6470-ac49-4064-899a-4c0f4badd823 req-a19e7503-4ecb-4306-8ba5-46a538b4a321 tempest-ServerActionsTestOtherA-2123423316 None] Lock "quobyte" acquired by "cinder.volume.drivers.quobyte.QuobyteDriver.initialize_connection" :: waited 0.003s {{(pid=93917) inner /opt/stack/data/venv/lib/python3.12/site-packages/oslo_concurrency/lockutils.py:524}}
Jun 25 18:15:38 devstack cinder-volume[93917]: DEBUG oslo.privsep.daemon [-] privsep: reply[aab8ac1c-7a1b-49ec-9e68-06d7834786eb]: (4, 'qcow2') {{(pid=95376) _call_back /opt/stack/data/venv/lib/python3.12/site-packages/oslo_privsep/daemon.py:580}}
Jun 25 18:15:38 devstack cinder-volume[93917]: DEBUG oslo_concurrency.processutils [req-108c6470-ac49-4064-899a-4c0f4badd823 req-a19e7503-4ecb-4306-8ba5-46a538b4a321 tempest-ServerActionsTestOtherA-2123423316 None] Running cmd (subprocess): /opt/stack/data/venv/bin/python3.12 -m oslo_concurrency.prlimit --as=1073741824 --cpu=60 -- sudo cinder-rootwrap /etc/cinder/rootwrap.conf env LC_ALL=C qemu-img info -f qcow2 --output=json --force-share /opt/stack/data/cinder/mnt/8f827b5f43c2336d1145b529d4eef10d/volume-bcb84927-a123-4499-a2ca-c695386d00e7 {{(pid=93917) execute /opt/stack/data/venv/lib/python3.12/site-packages/oslo_concurrency/processutils.py:440}}
Jun 25 18:15:38 devstack sudo[98740]: quobyte : PWD=/ ; USER=root ; COMMAND=/opt/stack/data/venv/bin/cinder-rootwrap /etc/cinder/rootwrap.conf env LC_ALL=C qemu-img info -f qcow2 --output=json --force-share /opt/stack/data/cinder/mnt/8f827b5f43c2336d1145b529d4eef10d/volume-bcb84927-a123-4499-a2ca-c695386d00e7
Jun 25 18:15:38 devstack sudo[98740]: pam_unix(sudo:session): session opened for user root(uid=0) by (uid=1000)
Jun 25 18:15:39 devstack sudo[98728]: pam_unix(sudo:session): session closed for user root
Jun 25 18:15:39 devstack cinder-volume[93917]: DEBUG oslo_concurrency.processutils [None req-cd59c187-5e76-4a8c-bbb2-b67f4141b136 tempest-SnapshotsActionsTest-2146004003 None] CMD "/opt/stack/data/venv/bin/python3.12 -m oslo_concurrency.prlimit --as=1073741824 --cpu=60 -- sudo cinder-rootwrap /etc/cinder/rootwrap.conf env LC_ALL=C qemu-img info -f qcow2 --output=json --force-share /opt/stack/data/cinder/mnt/8f827b5f43c2336d1145b529d4eef10d/volume-3cf2c7a4-a55e-4848-9d76-aca2019e6559.a21b3a73-09eb-4dad-928e-6094b3ff4778" returned: 0 in 1.325s {{(pid=93917) execute /opt/stack/data/venv/lib/python3.12/site-packages/oslo_concurrency/processutils.py:468}}
Jun 25 18:15:39 devstack cinder-volume[93917]: DEBUG cinder.volume.drivers.remotefs [None req-cd59c187-5e76-4a8c-bbb2-b67f4141b136 tempest-SnapshotsActionsTest-2146004003 None] Fetching qemu-img info with special backing_file_template: (/opt/stack/data/cinder/mnt/[0-9a-f]+/)?(volume-3cf2c7a4-a55e-4848-9d76-aca2019e6559(.(tmp-snap-)?[0-9a-f-]+)?|volume_from_snapshot_cache/(tmp-snap-)?[0-9a-f-]+(.(child-|parent-)[0-9a-f-]+)?)$ {{(pid=93917) _qemu_img_info_base /opt/stack/cinder/cinder/volume/drivers/remotefs.py:896}}
Jun 25 18:15:39 devstack cinder-volume[93917]: DEBUG oslo_concurrency.processutils [None req-cd59c187-5e76-4a8c-bbb2-b67f4141b136 tempest-SnapshotsActionsTest-2146004003 None] Running cmd (subprocess): sudo cinder-rootwrap /etc/cinder/rootwrap.conf qemu-img commit -d /opt/stack/data/cinder/mnt/8f827b5f43c2336d1145b529d4eef10d/volume-3cf2c7a4-a55e-4848-9d76-aca2019e6559.bbf0da1d-3838-44ff-98ef-8af6abb80356 {{(pid=93917) execute /opt/stack/data/venv/lib/python3.12/site-packages/oslo_concurrency/processutils.py:440}}
Jun 25 18:15:39 devstack sudo[98749]: quobyte : PWD=/ ; USER=root ; COMMAND=/opt/stack/data/venv/bin/cinder-rootwrap /etc/cinder/rootwrap.conf qemu-img commit -d /opt/stack/data/cinder/mnt/8f827b5f43c2336d1145b529d4eef10d/volume-3cf2c7a4-a55e-4848-9d76-aca2019e6559.bbf0da1d-3838-44ff-98ef-8af6abb80356
Jun 25 18:15:39 devstack sudo[98749]: pam_unix(sudo:session): session opened for user root(uid=0) by (uid=1000)
Jun 25 18:15:39 devstack sudo[98740]: pam_unix(sudo:session): session closed for user root
Jun 25 18:15:39 devstack cinder-volume[93917]: DEBUG oslo_concurrency.processutils [req-108c6470-ac49-4064-899a-4c0f4badd823 req-a19e7503-4ecb-4306-8ba5-46a538b4a321 tempest-ServerActionsTestOtherA-2123423316 None] CMD "/opt/stack/data/venv/bin/python3.12 -m oslo_concurrency.prlimit --as=1073741824 --cpu=60 -- sudo cinder-rootwrap /etc/cinder/rootwrap.conf env LC_ALL=C qemu-img info -f qcow2 --output=json --force-share /opt/stack/data/cinder/mnt/8f827b5f43c2336d1145b529d4eef10d/volume-bcb84927-a123-4499-a2ca-c695386d00e7" returned: 0 in 1.077s {{(pid=93917) execute /opt/stack/data/venv/lib/python3.12/site-packages/oslo_concurrency/processutils.py:468}}
Jun 25 18:15:39 devstack cinder-volume[93917]: DEBUG oslo_concurrency.lockutils [req-108c6470-ac49-4064-899a-4c0f4badd823 req-a19e7503-4ecb-4306-8ba5-46a538b4a321 tempest-ServerActionsTestOtherA-2123423316 None] Lock "quobyte" "released" by "cinder.volume.drivers.quobyte.QuobyteDriver.initialize_connection" :: held 1.111s {{(pid=93917) inner /opt/stack/data/venv/lib/python3.12/site-packages/oslo_concurrency/lockutils.py:543}}
Jun 25 18:15:39 devstack cinder-volume[93917]: DEBUG cinder.volume.manager [req-108c6470-ac49-4064-899a-4c0f4badd823 req-a19e7503-4ecb-4306-8ba5-46a538b4a321 tempest-ServerActionsTestOtherA-2123423316 None] Connection info returned from driver {'export': 'osci02.corp.quobyte.com/cinder-vol-9aa0e7db-261c-400d-b5de-7d8310fdce72', 'name': 'volume-bcb84927-a123-4499-a2ca-c695386d00e7', 'options': None, 'format': 'qcow2', 'qos_specs': None, 'access_mode': 'rw', 'encrypted': False, 'cacheable': False, 'driver_volume_type': 'quobyte', 'mount_point_base': '/opt/stack/data/cinder/mnt', 'attachment_id': '2d77e16b-2ad2-433d-bdf3-38db9519e44c', 'enforce_multipath': True} {{(pid=93917) _connection_create /opt/stack/cinder/cinder/volume/manager.py:5556}}
Jun 25 18:15:39 devstack cinder-volume[93917]: INFO cinder.volume.manager [req-108c6470-ac49-4064-899a-4c0f4badd823 req-a19e7503-4ecb-4306-8ba5-46a538b4a321 tempest-ServerActionsTestOtherA-2123423316 None] attachment_update completed successfully.
Jun 25 18:15:40 devstack sudo[98749]: pam_unix(sudo:session): session closed for user root
Jun 25 18:15:40 devstack cinder-volume[93917]: DEBUG oslo_concurrency.processutils [None req-cd59c187-5e76-4a8c-bbb2-b67f4141b136 tempest-SnapshotsActionsTest-2146004003 None] CMD "sudo cinder-rootwrap /etc/cinder/rootwrap.conf qemu-img commit -d /opt/stack/data/cinder/mnt/8f827b5f43c2336d1145b529d4eef10d/volume-3cf2c7a4-a55e-4848-9d76-aca2019e6559.bbf0da1d-3838-44ff-98ef-8af6abb80356" returned: 0 in 1.294s {{(pid=93917) execute /opt/stack/data/venv/lib/python3.12/site-packages/oslo_concurrency/processutils.py:468}}
Jun 25 18:15:40 devstack cinder-volume[93917]: DEBUG oslo_concurrency.processutils [None req-cd59c187-5e76-4a8c-bbb2-b67f4141b136 tempest-SnapshotsActionsTest-2146004003 None] Running cmd (subprocess): sudo cinder-rootwrap /etc/cinder/rootwrap.conf rm -f /opt/stack/data/cinder/mnt/8f827b5f43c2336d1145b529d4eef10d/volume-3cf2c7a4-a55e-4848-9d76-aca2019e6559.bbf0da1d-3838-44ff-98ef-8af6abb80356 {{(pid=93917) execute /opt/stack/data/venv/lib/python3.12/site-packages/oslo_concurrency/processutils.py:440}}
Jun 25 18:15:40 devstack sudo[98757]: quobyte : PWD=/ ; USER=root ; COMMAND=/opt/stack/data/venv/bin/cinder-rootwrap /etc/cinder/rootwrap.conf rm -f /opt/stack/data/cinder/mnt/8f827b5f43c2336d1145b529d4eef10d/volume-3cf2c7a4-a55e-4848-9d76-aca2019e6559.bbf0da1d-3838-44ff-98ef-8af6abb80356
Jun 25 18:15:40 devstack sudo[98757]: pam_unix(sudo:session): session opened for user root(uid=0) by (uid=1000)
Jun 25 18:15:41 devstack sudo[98757]: pam_unix(sudo:session): session closed for user root
Jun 25 18:15:41 devstack cinder-volume[93917]: DEBUG oslo_concurrency.processutils [None req-cd59c187-5e76-4a8c-bbb2-b67f4141b136 tempest-SnapshotsActionsTest-2146004003 None] CMD "sudo cinder-rootwrap /etc/cinder/rootwrap.conf rm -f /opt/stack/data/cinder/mnt/8f827b5f43c2336d1145b529d4eef10d/volume-3cf2c7a4-a55e-4848-9d76-aca2019e6559.bbf0da1d-3838-44ff-98ef-8af6abb80356" returned: 0 in 0.869s {{(pid=93917) execute /opt/stack/data/venv/lib/python3.12/site-packages/oslo_concurrency/processutils.py:468}}
Jun 25 18:15:41 devstack cinder-volume[93917]: DEBUG cinder.coordination [None req-cd59c187-5e76-4a8c-bbb2-b67f4141b136 tempest-SnapshotsActionsTest-2146004003 None] Lock "cinder-quobyte-bbf0da1d-3838-44ff-98ef-8af6abb80356" released by "_delete_snapshot" :: held 4.841s {{(pid=93917) __release /opt/stack/cinder/cinder/coordination.py:152}}
Jun 25 18:15:41 devstack cinder-volume[93917]: DEBUG cinder.coordination [None req-cd59c187-5e76-4a8c-bbb2-b67f4141b136 tempest-SnapshotsActionsTest-2146004003 None] Lock "cinder-quobyte-3cf2c7a4-a55e-4848-9d76-aca2019e6559" released by "delete_snapshot" :: held 4.880s {{(pid=93917) __release /opt/stack/cinder/cinder/coordination.py:152}}
Jun 25 18:15:41 devstack cinder-volume[93917]: DEBUG cinder.quota [None req-cd59c187-5e76-4a8c-bbb2-b67f4141b136 tempest-SnapshotsActionsTest-2146004003 None] Created reservations ['9a0fd005-9ec6-45ef-b933-a9cd88102c50', '09eeda57-a07d-4aca-9cf0-5f0d382045eb', 'ffe7a1cf-0640-4e2c-9ced-e89a9f55ccf9', '3e1882b3-168a-4b27-9b3b-05ecab96f6bd'] {{(pid=93917) reserve /opt/stack/cinder/cinder/quota.py:752}}
Jun 25 18:15:41 devstack cinder-volume[93917]: INFO cinder.volume.manager [None req-cd59c187-5e76-4a8c-bbb2-b67f4141b136 tempest-SnapshotsActionsTest-2146004003 None] Delete snapshot completed successfully.
Jun 25 18:15:41 devstack cinder-volume[93917]: DEBUG cinder.coordination [None req-cd59c187-5e76-4a8c-bbb2-b67f4141b136 tempest-SnapshotsActionsTest-2146004003 None] Lock "cinder-bbf0da1d-3838-44ff-98ef-8af6abb80356-delete_snapshot" released by "delete_snapshot" :: held 5.172s {{(pid=93917) __release /opt/stack/cinder/cinder/coordination.py:152}}
Jun 25 18:15:42 devstack cinder-volume[93917]: DEBUG oslo_concurrency.lockutils [None req-2af76e1b-9d70-4d21-97cc-220b33add9de tempest-SnapshotsActionsTest-287704721 None] Acquiring lock "quobyte" by "cinder.volume.drivers.quobyte.QuobyteDriver.create_snapshot" {{(pid=93917) inner /opt/stack/data/venv/lib/python3.12/site-packages/oslo_concurrency/lockutils.py:511}}
Jun 25 18:15:42 devstack cinder-volume[93917]: DEBUG oslo_concurrency.lockutils [None req-2af76e1b-9d70-4d21-97cc-220b33add9de tempest-SnapshotsActionsTest-287704721 None] Lock "quobyte" acquired by "cinder.volume.drivers.quobyte.QuobyteDriver.create_snapshot" :: waited 0.001s {{(pid=93917) inner /opt/stack/data/venv/lib/python3.12/site-packages/oslo_concurrency/lockutils.py:524}}
Jun 25 18:15:42 devstack cinder-volume[93917]: DEBUG cinder.volume.drivers.remotefs [None req-2af76e1b-9d70-4d21-97cc-220b33add9de tempest-SnapshotsActionsTest-287704721 None] Creating offline snapshot 0b0c0660-6e56-4086-a731-a8d6d911ea8d of volume 3cf2c7a4-a55e-4848-9d76-aca2019e6559 {{(pid=93917) _create_snapshot /opt/stack/cinder/cinder/volume/drivers/remotefs.py:1816}}
Jun 25 18:15:42 devstack cinder-volume[93917]: DEBUG oslo.privsep.daemon [-] privsep: reply[ed6619da-fe86-40a6-a117-757580a45ba4]: (4, 'qcow2') {{(pid=95376) _call_back /opt/stack/data/venv/lib/python3.12/site-packages/oslo_privsep/daemon.py:580}}
Jun 25 18:15:42 devstack cinder-volume[93917]: DEBUG oslo_concurrency.processutils [None req-2af76e1b-9d70-4d21-97cc-220b33add9de tempest-SnapshotsActionsTest-287704721 None] Running cmd (subprocess): /opt/stack/data/venv/bin/python3.12 -m oslo_concurrency.prlimit --as=1073741824 --cpu=60 -- sudo cinder-rootwrap /etc/cinder/rootwrap.conf env LC_ALL=C qemu-img info -f qcow2 --output=json --force-share /opt/stack/data/cinder/mnt/8f827b5f43c2336d1145b529d4eef10d/volume-3cf2c7a4-a55e-4848-9d76-aca2019e6559.a21b3a73-09eb-4dad-928e-6094b3ff4778 {{(pid=93917) execute /opt/stack/data/venv/lib/python3.12/site-packages/oslo_concurrency/processutils.py:440}}
Jun 25 18:15:42 devstack sudo[98777]: quobyte : PWD=/ ; USER=root ; COMMAND=/opt/stack/data/venv/bin/cinder-rootwrap /etc/cinder/rootwrap.conf env LC_ALL=C qemu-img info -f qcow2 --output=json --force-share /opt/stack/data/cinder/mnt/8f827b5f43c2336d1145b529d4eef10d/volume-3cf2c7a4-a55e-4848-9d76-aca2019e6559.a21b3a73-09eb-4dad-928e-6094b3ff4778
Jun 25 18:15:42 devstack sudo[98777]: pam_unix(sudo:session): session opened for user root(uid=0) by (uid=1000)
Jun 25 18:15:43 devstack sudo[98777]: pam_unix(sudo:session): session closed for user root
Jun 25 18:15:43 devstack cinder-volume[93917]: DEBUG oslo_concurrency.processutils [None req-2af76e1b-9d70-4d21-97cc-220b33add9de tempest-SnapshotsActionsTest-287704721 None] CMD "/opt/stack/data/venv/bin/python3.12 -m oslo_concurrency.prlimit --as=1073741824 --cpu=60 -- sudo cinder-rootwrap /etc/cinder/rootwrap.conf env LC_ALL=C qemu-img info -f qcow2 --output=json --force-share /opt/stack/data/cinder/mnt/8f827b5f43c2336d1145b529d4eef10d/volume-3cf2c7a4-a55e-4848-9d76-aca2019e6559.a21b3a73-09eb-4dad-928e-6094b3ff4778" returned: 0 in 1.116s {{(pid=93917) execute /opt/stack/data/venv/lib/python3.12/site-packages/oslo_concurrency/processutils.py:468}}
Jun 25 18:15:43 devstack cinder-volume[93917]: DEBUG cinder.volume.drivers.remotefs [None req-2af76e1b-9d70-4d21-97cc-220b33add9de tempest-SnapshotsActionsTest-287704721 None] Fetching qemu-img info with special backing_file_template: (/opt/stack/data/cinder/mnt/[0-9a-f]+/)?(volume-3cf2c7a4-a55e-4848-9d76-aca2019e6559(.(tmp-snap-)?[0-9a-f-]+)?|volume_from_snapshot_cache/(tmp-snap-)?[0-9a-f-]+(.(child-|parent-)[0-9a-f-]+)?)$ {{(pid=93917) _qemu_img_info_base /opt/stack/cinder/cinder/volume/drivers/remotefs.py:896}}
Jun 25 18:15:43 devstack cinder-volume[93917]: DEBUG oslo_concurrency.processutils [None req-2af76e1b-9d70-4d21-97cc-220b33add9de tempest-SnapshotsActionsTest-287704721 None] Running cmd (subprocess): sudo cinder-rootwrap /etc/cinder/rootwrap.conf qemu-img create -f qcow2 -o backing_file=/opt/stack/data/cinder/mnt/8f827b5f43c2336d1145b529d4eef10d/volume-3cf2c7a4-a55e-4848-9d76-aca2019e6559.a21b3a73-09eb-4dad-928e-6094b3ff4778,backing_fmt=qcow2 /opt/stack/data/cinder/mnt/8f827b5f43c2336d1145b529d4eef10d/volume-3cf2c7a4-a55e-4848-9d76-aca2019e6559.0b0c0660-6e56-4086-a731-a8d6d911ea8d 1G {{(pid=93917) execute /opt/stack/data/venv/lib/python3.12/site-packages/oslo_concurrency/processutils.py:440}}
Jun 25 18:15:43 devstack sudo[98851]: quobyte : PWD=/ ; USER=root ; COMMAND=/opt/stack/data/venv/bin/cinder-rootwrap /etc/cinder/rootwrap.conf qemu-img create -f qcow2 -o backing_file=/opt/stack/data/cinder/mnt/8f827b5f43c2336d1145b529d4eef10d/volume-3cf2c7a4-a55e-4848-9d76-aca2019e6559.a21b3a73-09eb-4dad-928e-6094b3ff4778,backing_fmt=qcow2 /opt/stack/data/cinder/mnt/8f827b5f43c2336d1145b529d4eef10d/volume-3cf2c7a4-a55e-4848-9d76-aca2019e6559.0b0c0660-6e56-4086-a731-a8d6d911ea8d 1G
Jun 25 18:15:43 devstack sudo[98851]: pam_unix(sudo:session): session opened for user root(uid=0) by (uid=1000)
Jun 25 18:15:44 devstack sudo[98851]: pam_unix(sudo:session): session closed for user root
Jun 25 18:15:44 devstack cinder-volume[93917]: DEBUG oslo_concurrency.processutils [None req-2af76e1b-9d70-4d21-97cc-220b33add9de tempest-SnapshotsActionsTest-287704721 None] CMD "sudo cinder-rootwrap /etc/cinder/rootwrap.conf qemu-img create -f qcow2 -o backing_file=/opt/stack/data/cinder/mnt/8f827b5f43c2336d1145b529d4eef10d/volume-3cf2c7a4-a55e-4848-9d76-aca2019e6559.a21b3a73-09eb-4dad-928e-6094b3ff4778,backing_fmt=qcow2 /opt/stack/data/cinder/mnt/8f827b5f43c2336d1145b529d4eef10d/volume-3cf2c7a4-a55e-4848-9d76-aca2019e6559.0b0c0660-6e56-4086-a731-a8d6d911ea8d 1G" returned: 0 in 1.257s {{(pid=93917) execute /opt/stack/data/venv/lib/python3.12/site-packages/oslo_concurrency/processutils.py:468}}
Jun 25 18:15:44 devstack cinder-volume[93917]: DEBUG oslo_concurrency.processutils [None req-2af76e1b-9d70-4d21-97cc-220b33add9de tempest-SnapshotsActionsTest-287704721 None] Running cmd (subprocess): sudo cinder-rootwrap /etc/cinder/rootwrap.conf qemu-img rebase -u -b volume-3cf2c7a4-a55e-4848-9d76-aca2019e6559.a21b3a73-09eb-4dad-928e-6094b3ff4778 -F qcow2 /opt/stack/data/cinder/mnt/8f827b5f43c2336d1145b529d4eef10d/volume-3cf2c7a4-a55e-4848-9d76-aca2019e6559.0b0c0660-6e56-4086-a731-a8d6d911ea8d {{(pid=93917) execute /opt/stack/data/venv/lib/python3.12/site-packages/oslo_concurrency/processutils.py:440}}
Jun 25 18:15:44 devstack sudo[98871]: quobyte : PWD=/ ; USER=root ; COMMAND=/opt/stack/data/venv/bin/cinder-rootwrap /etc/cinder/rootwrap.conf qemu-img rebase -u -b volume-3cf2c7a4-a55e-4848-9d76-aca2019e6559.a21b3a73-09eb-4dad-928e-6094b3ff4778 -F qcow2 /opt/stack/data/cinder/mnt/8f827b5f43c2336d1145b529d4eef10d/volume-3cf2c7a4-a55e-4848-9d76-aca2019e6559.0b0c0660-6e56-4086-a731-a8d6d911ea8d
Jun 25 18:15:44 devstack sudo[98871]: pam_unix(sudo:session): session opened for user root(uid=0) by (uid=1000)
Jun 25 18:15:45 devstack sudo[98871]: pam_unix(sudo:session): session closed for user root
Jun 25 18:15:45 devstack cinder-volume[93917]: DEBUG oslo_concurrency.processutils [None req-2af76e1b-9d70-4d21-97cc-220b33add9de tempest-SnapshotsActionsTest-287704721 None] CMD "sudo cinder-rootwrap /etc/cinder/rootwrap.conf qemu-img rebase -u -b volume-3cf2c7a4-a55e-4848-9d76-aca2019e6559.a21b3a73-09eb-4dad-928e-6094b3ff4778 -F qcow2 /opt/stack/data/cinder/mnt/8f827b5f43c2336d1145b529d4eef10d/volume-3cf2c7a4-a55e-4848-9d76-aca2019e6559.0b0c0660-6e56-4086-a731-a8d6d911ea8d" returned: 0 in 0.991s {{(pid=93917) execute /opt/stack/data/venv/lib/python3.12/site-packages/oslo_concurrency/processutils.py:468}}
Jun 25 18:15:45 devstack cinder-volume[93917]: WARNING cinder.volume.drivers.remotefs [None req-2af76e1b-9d70-4d21-97cc-220b33add9de tempest-SnapshotsActionsTest-287704721 None] /opt/stack/data/cinder/mnt/8f827b5f43c2336d1145b529d4eef10d/volume-3cf2c7a4-a55e-4848-9d76-aca2019e6559.0b0c0660-6e56-4086-a731-a8d6d911ea8d is being set with open permissions: ugo+rw
Jun 25 18:15:45 devstack cinder-volume[93917]: DEBUG oslo_concurrency.processutils [None req-2af76e1b-9d70-4d21-97cc-220b33add9de tempest-SnapshotsActionsTest-287704721 None] Running cmd (subprocess): sudo cinder-rootwrap /etc/cinder/rootwrap.conf chmod ugo+rw /opt/stack/data/cinder/mnt/8f827b5f43c2336d1145b529d4eef10d/volume-3cf2c7a4-a55e-4848-9d76-aca2019e6559.0b0c0660-6e56-4086-a731-a8d6d911ea8d {{(pid=93917) execute /opt/stack/data/venv/lib/python3.12/site-packages/oslo_concurrency/processutils.py:440}}
Jun 25 18:15:45 devstack sudo[99200]: quobyte : PWD=/ ; USER=root ; COMMAND=/opt/stack/data/venv/bin/cinder-rootwrap /etc/cinder/rootwrap.conf chmod ugo+rw /opt/stack/data/cinder/mnt/8f827b5f43c2336d1145b529d4eef10d/volume-3cf2c7a4-a55e-4848-9d76-aca2019e6559.0b0c0660-6e56-4086-a731-a8d6d911ea8d
Jun 25 18:15:45 devstack sudo[99200]: pam_unix(sudo:session): session opened for user root(uid=0) by (uid=1000)
Jun 25 18:15:46 devstack sudo[99200]: pam_unix(sudo:session): session closed for user root
Jun 25 18:15:46 devstack cinder-volume[93917]: DEBUG oslo_concurrency.processutils [None req-2af76e1b-9d70-4d21-97cc-220b33add9de tempest-SnapshotsActionsTest-287704721 None] CMD "sudo cinder-rootwrap /etc/cinder/rootwrap.conf chmod ugo+rw /opt/stack/data/cinder/mnt/8f827b5f43c2336d1145b529d4eef10d/volume-3cf2c7a4-a55e-4848-9d76-aca2019e6559.0b0c0660-6e56-4086-a731-a8d6d911ea8d" returned: 0 in 0.894s {{(pid=93917) execute /opt/stack/data/venv/lib/python3.12/site-packages/oslo_concurrency/processutils.py:468}}
Jun 25 18:15:46 devstack cinder-volume[93917]: DEBUG oslo_concurrency.lockutils [None req-2af76e1b-9d70-4d21-97cc-220b33add9de tempest-SnapshotsActionsTest-287704721 None] Lock "quobyte" "released" by "cinder.volume.drivers.quobyte.QuobyteDriver.create_snapshot" :: held 4.436s {{(pid=93917) inner /opt/stack/data/venv/lib/python3.12/site-packages/oslo_concurrency/lockutils.py:543}}
Jun 25 18:15:46 devstack cinder-volume[93917]: INFO cinder.volume.manager [None req-2af76e1b-9d70-4d21-97cc-220b33add9de tempest-SnapshotsActionsTest-287704721 None] Create snapshot completed successfully
Jun 25 18:15:48 devstack cinder-volume[93917]: DEBUG cinder.coordination [None req-8b937db4-660c-456c-8ef9-38fcaf5625b9 tempest-SnapshotsActionsTest-2146004003 None] Acquiring lock "cinder-0b0c0660-6e56-4086-a731-a8d6d911ea8d-delete_snapshot" by "delete_snapshot" {{(pid=93917) __acquire /opt/stack/cinder/cinder/coordination.py:138}}
Jun 25 18:15:48 devstack cinder-volume[93917]: DEBUG cinder.coordination [None req-8b937db4-660c-456c-8ef9-38fcaf5625b9 tempest-SnapshotsActionsTest-2146004003 None] Lock "cinder-0b0c0660-6e56-4086-a731-a8d6d911ea8d-delete_snapshot" acquired by "delete_snapshot" :: waited 0.040s {{(pid=93917) __acquire /opt/stack/cinder/cinder/coordination.py:141}}
Jun 25 18:15:48 devstack cinder-volume[93917]: DEBUG cinder.coordination [None req-8b937db4-660c-456c-8ef9-38fcaf5625b9 tempest-SnapshotsActionsTest-2146004003 None] Acquiring lock "cinder-quobyte-3cf2c7a4-a55e-4848-9d76-aca2019e6559" by "delete_snapshot" {{(pid=93917) __acquire /opt/stack/cinder/cinder/coordination.py:138}}
Jun 25 18:15:48 devstack cinder-volume[93917]: DEBUG cinder.coordination [None req-8b937db4-660c-456c-8ef9-38fcaf5625b9 tempest-SnapshotsActionsTest-2146004003 None] Lock "cinder-quobyte-3cf2c7a4-a55e-4848-9d76-aca2019e6559" acquired by "delete_snapshot" :: waited 0.036s {{(pid=93917) __acquire /opt/stack/cinder/cinder/coordination.py:141}}
Jun 25 18:15:48 devstack cinder-volume[93917]: DEBUG cinder.coordination [None req-8b937db4-660c-456c-8ef9-38fcaf5625b9 tempest-SnapshotsActionsTest-2146004003 None] Acquiring lock "cinder-quobyte-0b0c0660-6e56-4086-a731-a8d6d911ea8d" by "_delete_snapshot" {{(pid=93917) __acquire /opt/stack/cinder/cinder/coordination.py:138}}
Jun 25 18:15:48 devstack cinder-volume[93917]: DEBUG cinder.coordination [None req-8b937db4-660c-456c-8ef9-38fcaf5625b9 tempest-SnapshotsActionsTest-2146004003 None] Lock "cinder-quobyte-0b0c0660-6e56-4086-a731-a8d6d911ea8d" acquired by "_delete_snapshot" :: waited 0.065s {{(pid=93917) __acquire /opt/stack/cinder/cinder/coordination.py:141}}
Jun 25 18:15:48 devstack cinder-volume[93917]: DEBUG cinder.volume.drivers.remotefs [None req-8b937db4-660c-456c-8ef9-38fcaf5625b9 tempest-SnapshotsActionsTest-2146004003 None] Deleting offline snapshot 0b0c0660-6e56-4086-a731-a8d6d911ea8d of volume 3cf2c7a4-a55e-4848-9d76-aca2019e6559 {{(pid=93917) _delete_snapshot /opt/stack/cinder/cinder/volume/drivers/remotefs.py:1288}}
Jun 25 18:15:48 devstack cinder-volume[93917]: DEBUG cinder.volume.drivers.remotefs [None req-8b937db4-660c-456c-8ef9-38fcaf5625b9 tempest-SnapshotsActionsTest-2146004003 None] snapshot_file for this snap is: volume-3cf2c7a4-a55e-4848-9d76-aca2019e6559.0b0c0660-6e56-4086-a731-a8d6d911ea8d {{(pid=93917) _delete_snapshot /opt/stack/cinder/cinder/volume/drivers/remotefs.py:1317}}
Jun 25 18:15:48 devstack cinder-volume[93917]: DEBUG oslo.privsep.daemon [-] privsep: reply[51a2385f-5cf2-4dcb-9905-98139a2ef2df]: (4, 'qcow2') {{(pid=95376) _call_back /opt/stack/data/venv/lib/python3.12/site-packages/oslo_privsep/daemon.py:580}}
Jun 25 18:15:48 devstack cinder-volume[93917]: DEBUG oslo_concurrency.processutils [None req-8b937db4-660c-456c-8ef9-38fcaf5625b9 tempest-SnapshotsActionsTest-2146004003 None] Running cmd (subprocess): /opt/stack/data/venv/bin/python3.12 -m oslo_concurrency.prlimit --as=1073741824 --cpu=60 -- sudo cinder-rootwrap /etc/cinder/rootwrap.conf env LC_ALL=C qemu-img info -f qcow2 --output=json --force-share /opt/stack/data/cinder/mnt/8f827b5f43c2336d1145b529d4eef10d/volume-3cf2c7a4-a55e-4848-9d76-aca2019e6559.0b0c0660-6e56-4086-a731-a8d6d911ea8d {{(pid=93917) execute /opt/stack/data/venv/lib/python3.12/site-packages/oslo_concurrency/processutils.py:440}}
Jun 25 18:15:48 devstack sudo[99284]: quobyte : PWD=/ ; USER=root ; COMMAND=/opt/stack/data/venv/bin/cinder-rootwrap /etc/cinder/rootwrap.conf env LC_ALL=C qemu-img info -f qcow2 --output=json --force-share /opt/stack/data/cinder/mnt/8f827b5f43c2336d1145b529d4eef10d/volume-3cf2c7a4-a55e-4848-9d76-aca2019e6559.0b0c0660-6e56-4086-a731-a8d6d911ea8d
Jun 25 18:15:48 devstack sudo[99284]: pam_unix(sudo:session): session opened for user root(uid=0) by (uid=1000)
Jun 25 18:15:49 devstack sudo[99284]: pam_unix(sudo:session): session closed for user root
Jun 25 18:15:49 devstack cinder-volume[93917]: DEBUG oslo_concurrency.processutils [None req-8b937db4-660c-456c-8ef9-38fcaf5625b9 tempest-SnapshotsActionsTest-2146004003 None] CMD "/opt/stack/data/venv/bin/python3.12 -m oslo_concurrency.prlimit --as=1073741824 --cpu=60 -- sudo cinder-rootwrap /etc/cinder/rootwrap.conf env LC_ALL=C qemu-img info -f qcow2 --output=json --force-share /opt/stack/data/cinder/mnt/8f827b5f43c2336d1145b529d4eef10d/volume-3cf2c7a4-a55e-4848-9d76-aca2019e6559.0b0c0660-6e56-4086-a731-a8d6d911ea8d" returned: 0 in 1.551s {{(pid=93917) execute /opt/stack/data/venv/lib/python3.12/site-packages/oslo_concurrency/processutils.py:468}}
Jun 25 18:15:49 devstack cinder-volume[93917]: DEBUG cinder.volume.drivers.remotefs [None req-8b937db4-660c-456c-8ef9-38fcaf5625b9 tempest-SnapshotsActionsTest-2146004003 None] Fetching qemu-img info with special backing_file_template: (/opt/stack/data/cinder/mnt/[0-9a-f]+/)?(volume-3cf2c7a4-a55e-4848-9d76-aca2019e6559(.(tmp-snap-)?[0-9a-f-]+)?|volume_from_snapshot_cache/(tmp-snap-)?[0-9a-f-]+(.(child-|parent-)[0-9a-f-]+)?)$ {{(pid=93917) _qemu_img_info_base /opt/stack/cinder/cinder/volume/drivers/remotefs.py:896}}
Jun 25 18:15:49 devstack cinder-volume[93917]: DEBUG oslo.privsep.daemon [-] privsep: reply[12987021-a182-4e71-9c13-d4d93d3a34ae]: (4, 'qcow2') {{(pid=95376) _call_back /opt/stack/data/venv/lib/python3.12/site-packages/oslo_privsep/daemon.py:580}}
Jun 25 18:15:49 devstack cinder-volume[93917]: DEBUG oslo_concurrency.processutils [None req-8b937db4-660c-456c-8ef9-38fcaf5625b9 tempest-SnapshotsActionsTest-2146004003 None] Running cmd (subprocess): /opt/stack/data/venv/bin/python3.12 -m oslo_concurrency.prlimit --as=1073741824 --cpu=60 -- sudo cinder-rootwrap /etc/cinder/rootwrap.conf env LC_ALL=C qemu-img info -f qcow2 --output=json --force-share /opt/stack/data/cinder/mnt/8f827b5f43c2336d1145b529d4eef10d/volume-3cf2c7a4-a55e-4848-9d76-aca2019e6559.a21b3a73-09eb-4dad-928e-6094b3ff4778 {{(pid=93917) execute /opt/stack/data/venv/lib/python3.12/site-packages/oslo_concurrency/processutils.py:440}}
Jun 25 18:15:50 devstack sudo[99354]: quobyte : PWD=/ ; USER=root ; COMMAND=/opt/stack/data/venv/bin/cinder-rootwrap /etc/cinder/rootwrap.conf env LC_ALL=C qemu-img info -f qcow2 --output=json --force-share /opt/stack/data/cinder/mnt/8f827b5f43c2336d1145b529d4eef10d/volume-3cf2c7a4-a55e-4848-9d76-aca2019e6559.a21b3a73-09eb-4dad-928e-6094b3ff4778
Jun 25 18:15:50 devstack sudo[99354]: pam_unix(sudo:session): session opened for user root(uid=0) by (uid=1000)
Jun 25 18:15:52 devstack sudo[99354]: pam_unix(sudo:session): session closed for user root
Jun 25 18:15:52 devstack cinder-volume[93917]: DEBUG oslo_concurrency.processutils [None req-8b937db4-660c-456c-8ef9-38fcaf5625b9 tempest-SnapshotsActionsTest-2146004003 None] CMD "/opt/stack/data/venv/bin/python3.12 -m oslo_concurrency.prlimit --as=1073741824 --cpu=60 -- sudo cinder-rootwrap /etc/cinder/rootwrap.conf env LC_ALL=C qemu-img info -f qcow2 --output=json --force-share /opt/stack/data/cinder/mnt/8f827b5f43c2336d1145b529d4eef10d/volume-3cf2c7a4-a55e-4848-9d76-aca2019e6559.a21b3a73-09eb-4dad-928e-6094b3ff4778" returned: 0 in 2.278s {{(pid=93917) execute /opt/stack/data/venv/lib/python3.12/site-packages/oslo_concurrency/processutils.py:468}}
Jun 25 18:15:52 devstack cinder-volume[93917]: DEBUG cinder.volume.drivers.remotefs [None req-8b937db4-660c-456c-8ef9-38fcaf5625b9 tempest-SnapshotsActionsTest-2146004003 None] Fetching qemu-img info with special backing_file_template: (/opt/stack/data/cinder/mnt/[0-9a-f]+/)?(volume-3cf2c7a4-a55e-4848-9d76-aca2019e6559(.(tmp-snap-)?[0-9a-f-]+)?|volume_from_snapshot_cache/(tmp-snap-)?[0-9a-f-]+(.(child-|parent-)[0-9a-f-]+)?)$ {{(pid=93917) _qemu_img_info_base /opt/stack/cinder/cinder/volume/drivers/remotefs.py:896}}
Jun 25 18:15:52 devstack cinder-volume[93917]: DEBUG oslo_concurrency.processutils [None req-8b937db4-660c-456c-8ef9-38fcaf5625b9 tempest-SnapshotsActionsTest-2146004003 None] Running cmd (subprocess): sudo cinder-rootwrap /etc/cinder/rootwrap.conf qemu-img commit -d /opt/stack/data/cinder/mnt/8f827b5f43c2336d1145b529d4eef10d/volume-3cf2c7a4-a55e-4848-9d76-aca2019e6559.0b0c0660-6e56-4086-a731-a8d6d911ea8d {{(pid=93917) execute /opt/stack/data/venv/lib/python3.12/site-packages/oslo_concurrency/processutils.py:440}}
Jun 25 18:15:52 devstack sudo[99364]: quobyte : PWD=/ ; USER=root ; COMMAND=/opt/stack/data/venv/bin/cinder-rootwrap /etc/cinder/rootwrap.conf qemu-img commit -d /opt/stack/data/cinder/mnt/8f827b5f43c2336d1145b529d4eef10d/volume-3cf2c7a4-a55e-4848-9d76-aca2019e6559.0b0c0660-6e56-4086-a731-a8d6d911ea8d
Jun 25 18:15:52 devstack sudo[99364]: pam_unix(sudo:session): session opened for user root(uid=0) by (uid=1000)
Jun 25 18:15:54 devstack sudo[99364]: pam_unix(sudo:session): session closed for user root
Jun 25 18:15:54 devstack cinder-volume[93917]: DEBUG oslo_concurrency.processutils [None req-8b937db4-660c-456c-8ef9-38fcaf5625b9 tempest-SnapshotsActionsTest-2146004003 None] CMD "sudo cinder-rootwrap /etc/cinder/rootwrap.conf qemu-img commit -d /opt/stack/data/cinder/mnt/8f827b5f43c2336d1145b529d4eef10d/volume-3cf2c7a4-a55e-4848-9d76-aca2019e6559.0b0c0660-6e56-4086-a731-a8d6d911ea8d" returned: 0 in 1.881s {{(pid=93917) execute /opt/stack/data/venv/lib/python3.12/site-packages/oslo_concurrency/processutils.py:468}}
Jun 25 18:15:54 devstack cinder-volume[93917]: DEBUG oslo_concurrency.processutils [None req-8b937db4-660c-456c-8ef9-38fcaf5625b9 tempest-SnapshotsActionsTest-2146004003 None] Running cmd (subprocess): sudo cinder-rootwrap /etc/cinder/rootwrap.conf rm -f /opt/stack/data/cinder/mnt/8f827b5f43c2336d1145b529d4eef10d/volume-3cf2c7a4-a55e-4848-9d76-aca2019e6559.0b0c0660-6e56-4086-a731-a8d6d911ea8d {{(pid=93917) execute /opt/stack/data/venv/lib/python3.12/site-packages/oslo_concurrency/processutils.py:440}}
Jun 25 18:15:54 devstack sudo[99389]: quobyte : PWD=/ ; USER=root ; COMMAND=/opt/stack/data/venv/bin/cinder-rootwrap /etc/cinder/rootwrap.conf rm -f /opt/stack/data/cinder/mnt/8f827b5f43c2336d1145b529d4eef10d/volume-3cf2c7a4-a55e-4848-9d76-aca2019e6559.0b0c0660-6e56-4086-a731-a8d6d911ea8d
Jun 25 18:15:54 devstack sudo[99389]: pam_unix(sudo:session): session opened for user root(uid=0) by (uid=1000)
Jun 25 18:15:55 devstack sudo[99389]: pam_unix(sudo:session): session closed for user root
Jun 25 18:15:55 devstack cinder-volume[93917]: DEBUG oslo_concurrency.processutils [None req-8b937db4-660c-456c-8ef9-38fcaf5625b9 tempest-SnapshotsActionsTest-2146004003 None] CMD "sudo cinder-rootwrap /etc/cinder/rootwrap.conf rm -f /opt/stack/data/cinder/mnt/8f827b5f43c2336d1145b529d4eef10d/volume-3cf2c7a4-a55e-4848-9d76-aca2019e6559.0b0c0660-6e56-4086-a731-a8d6d911ea8d" returned: 0 in 1.139s {{(pid=93917) execute /opt/stack/data/venv/lib/python3.12/site-packages/oslo_concurrency/processutils.py:468}}
Jun 25 18:15:55 devstack cinder-volume[93917]: DEBUG cinder.coordination [None req-8b937db4-660c-456c-8ef9-38fcaf5625b9 tempest-SnapshotsActionsTest-2146004003 None] Lock "cinder-quobyte-0b0c0660-6e56-4086-a731-a8d6d911ea8d" released by "_delete_snapshot" :: held 7.037s {{(pid=93917) __release /opt/stack/cinder/cinder/coordination.py:152}}
Jun 25 18:15:55 devstack cinder-volume[93917]: DEBUG cinder.coordination [None req-8b937db4-660c-456c-8ef9-38fcaf5625b9 tempest-SnapshotsActionsTest-2146004003 None] Lock "cinder-quobyte-3cf2c7a4-a55e-4848-9d76-aca2019e6559" released by "delete_snapshot" :: held 7.109s {{(pid=93917) __release /opt/stack/cinder/cinder/coordination.py:152}}
Jun 25 18:15:55 devstack cinder-volume[93917]: DEBUG dbcounter [-] [93917] Writing DB stats cinder:SELECT=53,cinder:UPDATE=35,cinder:DELETE=4,cinder:INSERT=10 {{(pid=93917) stat_writer /opt/stack/data/venv/lib/python3.12/site-packages/dbcounter.py:115}}
Jun 25 18:15:55 devstack cinder-volume[93917]: DEBUG dbcounter [-] [93917] Writing DB stats cinder:SELECT=43,cinder:UPDATE=37,cinder:INSERT=8,cinder:DELETE=3 {{(pid=93917) stat_writer /opt/stack/data/venv/lib/python3.12/site-packages/dbcounter.py:115}}
Jun 25 18:15:55 devstack cinder-volume[93917]: DEBUG cinder.quota [None req-8b937db4-660c-456c-8ef9-38fcaf5625b9 tempest-SnapshotsActionsTest-2146004003 None] Created reservations ['1ec3808f-026a-41b3-857f-c8fe41e8d294', 'd547d45b-5c45-4cdd-bc2d-7d59c64beb2a', 'ed7f39db-4a47-41d4-8ef5-57e117e1227f', 'db5c71e8-e6f4-4d10-adc0-8d57eb7fbdb0'] {{(pid=93917) reserve /opt/stack/cinder/cinder/quota.py:752}}
Jun 25 18:15:55 devstack cinder-volume[93917]: INFO cinder.volume.manager [None req-8b937db4-660c-456c-8ef9-38fcaf5625b9 tempest-SnapshotsActionsTest-2146004003 None] Delete snapshot completed successfully.
Jun 25 18:15:55 devstack cinder-volume[93917]: DEBUG cinder.coordination [None req-8b937db4-660c-456c-8ef9-38fcaf5625b9 tempest-SnapshotsActionsTest-2146004003 None] Lock "cinder-0b0c0660-6e56-4086-a731-a8d6d911ea8d-delete_snapshot" released by "delete_snapshot" :: held 7.317s {{(pid=93917) __release /opt/stack/cinder/cinder/coordination.py:152}}
Jun 25 18:15:56 devstack cinder-volume[93917]: DEBUG cinder.coordination [None req-8892d980-4cc4-4f2f-892b-55be9db961ab tempest-SnapshotsActionsTest-287704721 None] Acquiring lock "cinder-a21b3a73-09eb-4dad-928e-6094b3ff4778-delete_snapshot" by "delete_snapshot" {{(pid=93917) __acquire /opt/stack/cinder/cinder/coordination.py:138}}
