Jan 23 12:30:04 devstack cinder-volume[83115]: DEBUG oslo.privsep.daemon [-] privsep: reply[0465b36b-0711-4488-83b7-e596bcfb5c93]: (4, 'qcow2') {{(pid=83969) _call_back /opt/stack/data/venv/lib/python3.10/site-packages/oslo_privsep/daemon.py:515}}
Jan 23 12:30:04 devstack cinder-volume[83115]: DEBUG oslo_concurrency.processutils [None req-e5591be3-5206-4c56-b7ec-552c693b6dff tempest-SnapshotsActionsTest-879311650 None] Running cmd (subprocess): /opt/stack/data/venv/bin/python3.10 -m oslo_concurrency.prlimit --as=1073741824 --cpu=60 -- sudo cinder-rootwrap /etc/cinder/rootwrap.conf env LC_ALL=C qemu-img info -f qcow2 --output=json --force-share /opt/stack/data/cinder/mnt/d75b0f2d5f053395ee30ba9c8201d971/volume-5bfbd383-f57a-4f5a-a2d0-96292f2ec7e9.5af105e2-19ce-462f-9b7f-b5ca00ee4259 {{(pid=83115) execute /opt/stack/data/venv/lib/python3.10/site-packages/oslo_concurrency/processutils.py:349}}
Jan 23 12:30:04 devstack sudo[91606]: quobyte : PWD=/ ; USER=root ; COMMAND=/opt/stack/data/venv/bin/cinder-rootwrap /etc/cinder/rootwrap.conf env LC_ALL=C qemu-img info -f qcow2 --output=json --force-share /opt/stack/data/cinder/mnt/d75b0f2d5f053395ee30ba9c8201d971/volume-5bfbd383-f57a-4f5a-a2d0-96292f2ec7e9.5af105e2-19ce-462f-9b7f-b5ca00ee4259
Jan 23 12:30:04 devstack sudo[91606]: pam_unix(sudo:session): session opened for user root(uid=0) by (uid=1000)
Jan 23 12:30:04 devstack sudo[91606]: pam_unix(sudo:session): session closed for user root
Jan 23 12:30:04 devstack cinder-volume[83115]: DEBUG oslo_concurrency.processutils [None req-e5591be3-5206-4c56-b7ec-552c693b6dff tempest-SnapshotsActionsTest-879311650 None] CMD "/opt/stack/data/venv/bin/python3.10 -m oslo_concurrency.prlimit --as=1073741824 --cpu=60 -- sudo cinder-rootwrap /etc/cinder/rootwrap.conf env LC_ALL=C qemu-img info -f qcow2 --output=json --force-share /opt/stack/data/cinder/mnt/d75b0f2d5f053395ee30ba9c8201d971/volume-5bfbd383-f57a-4f5a-a2d0-96292f2ec7e9.5af105e2-19ce-462f-9b7f-b5ca00ee4259" returned: 0 in 0.613s {{(pid=83115) execute /opt/stack/data/venv/lib/python3.10/site-packages/oslo_concurrency/processutils.py:372}}
Jan 23 12:30:04 devstack cinder-volume[83115]: DEBUG cinder.volume.drivers.remotefs [None req-e5591be3-5206-4c56-b7ec-552c693b6dff tempest-SnapshotsActionsTest-879311650 None] Fetching qemu-img info with special backing_file_template: (/opt/stack/data/cinder/mnt/[0-9a-f]+/)?(volume-5bfbd383-f57a-4f5a-a2d0-96292f2ec7e9(.(tmp-snap-)?[0-9a-f-]+)?|volume_from_snapshot_cache/(tmp-snap-)?[0-9a-f-]+(.(child-|parent-)[0-9a-f-]+)?)$ {{(pid=83115) _qemu_img_info_base /opt/stack/cinder/cinder/volume/drivers/remotefs.py:898}}
Jan 23 12:30:04 devstack cinder-volume[83115]: DEBUG oslo.privsep.daemon [-] privsep: reply[2e616699-4a87-432d-b2db-6f190970b836]: (4, 'qcow2') {{(pid=83969) _call_back /opt/stack/data/venv/lib/python3.10/site-packages/oslo_privsep/daemon.py:515}}
Jan 23 12:30:04 devstack cinder-volume[83115]: DEBUG oslo_concurrency.processutils [None req-e5591be3-5206-4c56-b7ec-552c693b6dff tempest-SnapshotsActionsTest-879311650 None] Running cmd (subprocess): /opt/stack/data/venv/bin/python3.10 -m oslo_concurrency.prlimit --as=1073741824 --cpu=60 -- sudo cinder-rootwrap /etc/cinder/rootwrap.conf env LC_ALL=C qemu-img info -f qcow2 --output=json --force-share /opt/stack/data/cinder/mnt/d75b0f2d5f053395ee30ba9c8201d971/volume-5bfbd383-f57a-4f5a-a2d0-96292f2ec7e9.739db38c-57a0-4c4e-9912-6102cb0c0f8c {{(pid=83115) execute /opt/stack/data/venv/lib/python3.10/site-packages/oslo_concurrency/processutils.py:349}}
Jan 23 12:30:05 devstack sudo[91632]: quobyte : PWD=/ ; USER=root ; COMMAND=/opt/stack/data/venv/bin/cinder-rootwrap /etc/cinder/rootwrap.conf env LC_ALL=C qemu-img info -f qcow2 --output=json --force-share /opt/stack/data/cinder/mnt/d75b0f2d5f053395ee30ba9c8201d971/volume-5bfbd383-f57a-4f5a-a2d0-96292f2ec7e9.739db38c-57a0-4c4e-9912-6102cb0c0f8c
Jan 23 12:30:05 devstack sudo[91632]: pam_unix(sudo:session): session opened for user root(uid=0) by (uid=1000)
Jan 23 12:30:05 devstack sudo[91632]: pam_unix(sudo:session): session closed for user root
Jan 23 12:30:05 devstack cinder-volume[83115]: DEBUG oslo_concurrency.processutils [None req-e5591be3-5206-4c56-b7ec-552c693b6dff tempest-SnapshotsActionsTest-879311650 None] CMD "/opt/stack/data/venv/bin/python3.10 -m oslo_concurrency.prlimit --as=1073741824 --cpu=60 -- sudo cinder-rootwrap /etc/cinder/rootwrap.conf env LC_ALL=C qemu-img info -f qcow2 --output=json --force-share /opt/stack/data/cinder/mnt/d75b0f2d5f053395ee30ba9c8201d971/volume-5bfbd383-f57a-4f5a-a2d0-96292f2ec7e9.739db38c-57a0-4c4e-9912-6102cb0c0f8c" returned: 0 in 0.822s {{(pid=83115) execute /opt/stack/data/venv/lib/python3.10/site-packages/oslo_concurrency/processutils.py:372}}
Jan 23 12:30:05 devstack cinder-volume[83115]: DEBUG cinder.volume.drivers.remotefs [None req-e5591be3-5206-4c56-b7ec-552c693b6dff tempest-SnapshotsActionsTest-879311650 None] Fetching qemu-img info with special backing_file_template: (/opt/stack/data/cinder/mnt/[0-9a-f]+/)?(volume-5bfbd383-f57a-4f5a-a2d0-96292f2ec7e9(.(tmp-snap-)?[0-9a-f-]+)?|volume_from_snapshot_cache/(tmp-snap-)?[0-9a-f-]+(.(child-|parent-)[0-9a-f-]+)?)$ {{(pid=83115) _qemu_img_info_base /opt/stack/cinder/cinder/volume/drivers/remotefs.py:898}}
Jan 23 12:30:05 devstack cinder-volume[83115]: DEBUG oslo_concurrency.processutils [None req-e5591be3-5206-4c56-b7ec-552c693b6dff tempest-SnapshotsActionsTest-879311650 None] Running cmd (subprocess): sudo cinder-rootwrap /etc/cinder/rootwrap.conf qemu-img commit -d /opt/stack/data/cinder/mnt/d75b0f2d5f053395ee30ba9c8201d971/volume-5bfbd383-f57a-4f5a-a2d0-96292f2ec7e9.5af105e2-19ce-462f-9b7f-b5ca00ee4259 {{(pid=83115) execute /opt/stack/data/venv/lib/python3.10/site-packages/oslo_concurrency/processutils.py:349}}
Jan 23 12:30:05 devstack sudo[91647]: quobyte : PWD=/ ; USER=root ; COMMAND=/opt/stack/data/venv/bin/cinder-rootwrap /etc/cinder/rootwrap.conf qemu-img commit -d /opt/stack/data/cinder/mnt/d75b0f2d5f053395ee30ba9c8201d971/volume-5bfbd383-f57a-4f5a-a2d0-96292f2ec7e9.5af105e2-19ce-462f-9b7f-b5ca00ee4259
Jan 23 12:30:05 devstack sudo[91647]: pam_unix(sudo:session): session opened for user root(uid=0) by (uid=1000)
Jan 23 12:30:06 devstack sudo[91647]: pam_unix(sudo:session): session closed for user root
Jan 23 12:30:06 devstack cinder-volume[83115]: DEBUG oslo_concurrency.processutils [None req-e5591be3-5206-4c56-b7ec-552c693b6dff tempest-SnapshotsActionsTest-879311650 None] CMD "sudo cinder-rootwrap /etc/cinder/rootwrap.conf qemu-img commit -d /opt/stack/data/cinder/mnt/d75b0f2d5f053395ee30ba9c8201d971/volume-5bfbd383-f57a-4f5a-a2d0-96292f2ec7e9.5af105e2-19ce-462f-9b7f-b5ca00ee4259" returned: 0 in 0.981s {{(pid=83115) execute /opt/stack/data/venv/lib/python3.10/site-packages/oslo_concurrency/processutils.py:372}}
Jan 23 12:30:06 devstack cinder-volume[83115]: DEBUG oslo_concurrency.processutils [None req-e5591be3-5206-4c56-b7ec-552c693b6dff tempest-SnapshotsActionsTest-879311650 None] Running cmd (subprocess): sudo cinder-rootwrap /etc/cinder/rootwrap.conf rm -f /opt/stack/data/cinder/mnt/d75b0f2d5f053395ee30ba9c8201d971/volume-5bfbd383-f57a-4f5a-a2d0-96292f2ec7e9.5af105e2-19ce-462f-9b7f-b5ca00ee4259 {{(pid=83115) execute /opt/stack/data/venv/lib/python3.10/site-packages/oslo_concurrency/processutils.py:349}}
Jan 23 12:30:06 devstack sudo[91686]: quobyte : PWD=/ ; USER=root ; COMMAND=/opt/stack/data/venv/bin/cinder-rootwrap /etc/cinder/rootwrap.conf rm -f /opt/stack/data/cinder/mnt/d75b0f2d5f053395ee30ba9c8201d971/volume-5bfbd383-f57a-4f5a-a2d0-96292f2ec7e9.5af105e2-19ce-462f-9b7f-b5ca00ee4259
Jan 23 12:30:06 devstack sudo[91686]: pam_unix(sudo:session): session opened for user root(uid=0) by (uid=1000)
Jan 23 12:30:07 devstack sudo[91686]: pam_unix(sudo:session): session closed for user root
Jan 23 12:30:07 devstack cinder-volume[83115]: DEBUG oslo_concurrency.processutils [None req-e5591be3-5206-4c56-b7ec-552c693b6dff tempest-SnapshotsActionsTest-879311650 None] CMD "sudo cinder-rootwrap /etc/cinder/rootwrap.conf rm -f /opt/stack/data/cinder/mnt/d75b0f2d5f053395ee30ba9c8201d971/volume-5bfbd383-f57a-4f5a-a2d0-96292f2ec7e9.5af105e2-19ce-462f-9b7f-b5ca00ee4259" returned: 0 in 0.504s {{(pid=83115) execute /opt/stack/data/venv/lib/python3.10/site-packages/oslo_concurrency/processutils.py:372}}
Jan 23 12:30:07 devstack cinder-volume[83115]: DEBUG cinder.coordination [None req-e5591be3-5206-4c56-b7ec-552c693b6dff tempest-SnapshotsActionsTest-879311650 None] Lock "cinder-quobyte-5af105e2-19ce-462f-9b7f-b5ca00ee4259" released by "_delete_snapshot" :: held 2.987s {{(pid=83115) __release /opt/stack/cinder/cinder/coordination.py:157}}
Jan 23 12:30:07 devstack cinder-volume[83115]: DEBUG cinder.coordination [None req-e5591be3-5206-4c56-b7ec-552c693b6dff tempest-SnapshotsActionsTest-879311650 None] Lock "cinder-quobyte-5bfbd383-f57a-4f5a-a2d0-96292f2ec7e9" released by "delete_snapshot" :: held 3.002s {{(pid=83115) __release /opt/stack/cinder/cinder/coordination.py:157}}
Jan 23 12:30:07 devstack cinder-volume[83115]: DEBUG cinder.quota [None req-e5591be3-5206-4c56-b7ec-552c693b6dff tempest-SnapshotsActionsTest-879311650 None] Created reservations ['169a164b-1039-4f6b-8977-555cdadef2a7', 'dc14df7e-b934-47f2-bf67-756e5de8abb5', '6c574a5d-9e78-4fa9-93f8-5a2d3850704b', 'd997adf8-f377-45df-8e0e-2edba9a2142c'] {{(pid=83115) reserve /opt/stack/cinder/cinder/quota.py:752}}
Jan 23 12:30:07 devstack cinder-volume[83115]: INFO cinder.volume.manager [None req-e5591be3-5206-4c56-b7ec-552c693b6dff tempest-SnapshotsActionsTest-879311650 None] Delete snapshot completed successfully.
Jan 23 12:30:07 devstack cinder-volume[83115]: DEBUG cinder.coordination [None req-e5591be3-5206-4c56-b7ec-552c693b6dff tempest-SnapshotsActionsTest-879311650 None] Lock "cinder-5af105e2-19ce-462f-9b7f-b5ca00ee4259-delete_snapshot" released by "delete_snapshot" :: held 3.097s {{(pid=83115) __release /opt/stack/cinder/cinder/coordination.py:157}}
Jan 23 12:30:07 devstack cinder-volume[83115]: DEBUG dbcounter [-] [83115] Writing DB stats cinder:SELECT=95,cinder:UPDATE=113,cinder:DELETE=7,cinder:INSERT=19 {{(pid=83115) stat_writer /opt/stack/data/venv/lib/python3.10/site-packages/dbcounter.py:115}}
Jan 23 12:30:07 devstack cinder-volume[83115]: WARNING cinder.volume.volume_utils [None req-3eae961d-d74c-4ba5-8ead-c399f0cdc539 tempest-SnapshotsActionsTest-1890229769 None] Volume driver (QuobyteDriver 1.1.13) is currently unsupported and may be removed in the next release of OpenStack. Use at your own risk.
Jan 23 12:30:07 devstack cinder-volume[83115]: DEBUG oslo_concurrency.lockutils [None req-3eae961d-d74c-4ba5-8ead-c399f0cdc539 tempest-SnapshotsActionsTest-1890229769 None] Acquiring lock "quobyte" by "cinder.volume.drivers.quobyte.QuobyteDriver.create_snapshot" {{(pid=83115) inner /opt/stack/data/venv/lib/python3.10/site-packages/oslo_concurrency/lockutils.py:405}}
Jan 23 12:30:07 devstack cinder-volume[83115]: DEBUG oslo_concurrency.lockutils [None req-3eae961d-d74c-4ba5-8ead-c399f0cdc539 tempest-SnapshotsActionsTest-1890229769 None] Lock "quobyte" acquired by "cinder.volume.drivers.quobyte.QuobyteDriver.create_snapshot" :: waited 0.000s {{(pid=83115) inner /opt/stack/data/venv/lib/python3.10/site-packages/oslo_concurrency/lockutils.py:410}}
Jan 23 12:30:07 devstack cinder-volume[83115]: DEBUG cinder.volume.drivers.remotefs [None req-3eae961d-d74c-4ba5-8ead-c399f0cdc539 tempest-SnapshotsActionsTest-1890229769 None] Creating offline snapshot 3230cfcc-31dc-4ccd-a9c6-e7b716518da8 of volume 5bfbd383-f57a-4f5a-a2d0-96292f2ec7e9 {{(pid=83115) _create_snapshot /opt/stack/cinder/cinder/volume/drivers/remotefs.py:1817}}
Jan 23 12:30:07 devstack cinder-volume[83115]: DEBUG oslo.privsep.daemon [-] privsep: reply[28d08f5d-d5d8-40e6-8cf3-6266fd6014b2]: (4, 'qcow2') {{(pid=83969) _call_back /opt/stack/data/venv/lib/python3.10/site-packages/oslo_privsep/daemon.py:515}}
Jan 23 12:30:07 devstack cinder-volume[83115]: DEBUG oslo_concurrency.processutils [None req-3eae961d-d74c-4ba5-8ead-c399f0cdc539 tempest-SnapshotsActionsTest-1890229769 None] Running cmd (subprocess): /opt/stack/data/venv/bin/python3.10 -m oslo_concurrency.prlimit --as=1073741824 --cpu=60 -- sudo cinder-rootwrap /etc/cinder/rootwrap.conf env LC_ALL=C qemu-img info -f qcow2 --output=json --force-share /opt/stack/data/cinder/mnt/d75b0f2d5f053395ee30ba9c8201d971/volume-5bfbd383-f57a-4f5a-a2d0-96292f2ec7e9.739db38c-57a0-4c4e-9912-6102cb0c0f8c {{(pid=83115) execute /opt/stack/data/venv/lib/python3.10/site-packages/oslo_concurrency/processutils.py:349}}
Jan 23 12:30:08 devstack sudo[91689]: quobyte : PWD=/ ; USER=root ; COMMAND=/opt/stack/data/venv/bin/cinder-rootwrap /etc/cinder/rootwrap.conf env LC_ALL=C qemu-img info -f qcow2 --output=json --force-share /opt/stack/data/cinder/mnt/d75b0f2d5f053395ee30ba9c8201d971/volume-5bfbd383-f57a-4f5a-a2d0-96292f2ec7e9.739db38c-57a0-4c4e-9912-6102cb0c0f8c
Jan 23 12:30:08 devstack sudo[91689]: pam_unix(sudo:session): session opened for user root(uid=0) by (uid=1000)
Jan 23 12:30:08 devstack sudo[91689]: pam_unix(sudo:session): session closed for user root
Jan 23 12:30:08 devstack cinder-volume[83115]: DEBUG oslo_concurrency.processutils [None req-3eae961d-d74c-4ba5-8ead-c399f0cdc539 tempest-SnapshotsActionsTest-1890229769 None] CMD "/opt/stack/data/venv/bin/python3.10 -m oslo_concurrency.prlimit --as=1073741824 --cpu=60 -- sudo cinder-rootwrap /etc/cinder/rootwrap.conf env LC_ALL=C qemu-img info -f qcow2 --output=json --force-share /opt/stack/data/cinder/mnt/d75b0f2d5f053395ee30ba9c8201d971/volume-5bfbd383-f57a-4f5a-a2d0-96292f2ec7e9.739db38c-57a0-4c4e-9912-6102cb0c0f8c" returned: 0 in 0.698s {{(pid=83115) execute /opt/stack/data/venv/lib/python3.10/site-packages/oslo_concurrency/processutils.py:372}}
Jan 23 12:30:08 devstack cinder-volume[83115]: DEBUG cinder.volume.drivers.remotefs [None req-3eae961d-d74c-4ba5-8ead-c399f0cdc539 tempest-SnapshotsActionsTest-1890229769 None] Fetching qemu-img info with special backing_file_template: (/opt/stack/data/cinder/mnt/[0-9a-f]+/)?(volume-5bfbd383-f57a-4f5a-a2d0-96292f2ec7e9(.(tmp-snap-)?[0-9a-f-]+)?|volume_from_snapshot_cache/(tmp-snap-)?[0-9a-f-]+(.(child-|parent-)[0-9a-f-]+)?)$ {{(pid=83115) _qemu_img_info_base /opt/stack/cinder/cinder/volume/drivers/remotefs.py:898}}
Jan 23 12:30:08 devstack cinder-volume[83115]: DEBUG oslo_concurrency.processutils [None req-3eae961d-d74c-4ba5-8ead-c399f0cdc539 tempest-SnapshotsActionsTest-1890229769 None] Running cmd (subprocess): sudo cinder-rootwrap /etc/cinder/rootwrap.conf qemu-img create -f qcow2 -o backing_file=/opt/stack/data/cinder/mnt/d75b0f2d5f053395ee30ba9c8201d971/volume-5bfbd383-f57a-4f5a-a2d0-96292f2ec7e9.739db38c-57a0-4c4e-9912-6102cb0c0f8c,backing_fmt=qcow2 /opt/stack/data/cinder/mnt/d75b0f2d5f053395ee30ba9c8201d971/volume-5bfbd383-f57a-4f5a-a2d0-96292f2ec7e9.3230cfcc-31dc-4ccd-a9c6-e7b716518da8 1G {{(pid=83115) execute /opt/stack/data/venv/lib/python3.10/site-packages/oslo_concurrency/processutils.py:349}}
Jan 23 12:30:08 devstack sudo[91694]: quobyte : PWD=/ ; USER=root ; COMMAND=/opt/stack/data/venv/bin/cinder-rootwrap /etc/cinder/rootwrap.conf qemu-img create -f qcow2 -o backing_file=/opt/stack/data/cinder/mnt/d75b0f2d5f053395ee30ba9c8201d971/volume-5bfbd383-f57a-4f5a-a2d0-96292f2ec7e9.739db38c-57a0-4c4e-9912-6102cb0c0f8c,backing_fmt=qcow2 /opt/stack/data/cinder/mnt/d75b0f2d5f053395ee30ba9c8201d971/volume-5bfbd383-f57a-4f5a-a2d0-96292f2ec7e9.3230cfcc-31dc-4ccd-a9c6-e7b716518da8 1G
Jan 23 12:30:08 devstack sudo[91694]: pam_unix(sudo:session): session opened for user root(uid=0) by (uid=1000)
Jan 23 12:30:09 devstack sudo[91694]: pam_unix(sudo:session): session closed for user root
Jan 23 12:30:09 devstack cinder-volume[83115]: DEBUG oslo_concurrency.processutils [None req-3eae961d-d74c-4ba5-8ead-c399f0cdc539 tempest-SnapshotsActionsTest-1890229769 None] CMD "sudo cinder-rootwrap /etc/cinder/rootwrap.conf qemu-img create -f qcow2 -o backing_file=/opt/stack/data/cinder/mnt/d75b0f2d5f053395ee30ba9c8201d971/volume-5bfbd383-f57a-4f5a-a2d0-96292f2ec7e9.739db38c-57a0-4c4e-9912-6102cb0c0f8c,backing_fmt=qcow2 /opt/stack/data/cinder/mnt/d75b0f2d5f053395ee30ba9c8201d971/volume-5bfbd383-f57a-4f5a-a2d0-96292f2ec7e9.3230cfcc-31dc-4ccd-a9c6-e7b716518da8 1G" returned: 0 in 0.671s {{(pid=83115) execute /opt/stack/data/venv/lib/python3.10/site-packages/oslo_concurrency/processutils.py:372}}
Jan 23 12:30:09 devstack cinder-volume[83115]: DEBUG oslo_concurrency.processutils [None req-3eae961d-d74c-4ba5-8ead-c399f0cdc539 tempest-SnapshotsActionsTest-1890229769 None] Running cmd (subprocess): sudo cinder-rootwrap /etc/cinder/rootwrap.conf qemu-img rebase -u -b volume-5bfbd383-f57a-4f5a-a2d0-96292f2ec7e9.739db38c-57a0-4c4e-9912-6102cb0c0f8c -F qcow2 /opt/stack/data/cinder/mnt/d75b0f2d5f053395ee30ba9c8201d971/volume-5bfbd383-f57a-4f5a-a2d0-96292f2ec7e9.3230cfcc-31dc-4ccd-a9c6-e7b716518da8 {{(pid=83115) execute /opt/stack/data/venv/lib/python3.10/site-packages/oslo_concurrency/processutils.py:349}}
Jan 23 12:30:09 devstack sudo[91699]: quobyte : PWD=/ ; USER=root ; COMMAND=/opt/stack/data/venv/bin/cinder-rootwrap /etc/cinder/rootwrap.conf qemu-img rebase -u -b volume-5bfbd383-f57a-4f5a-a2d0-96292f2ec7e9.739db38c-57a0-4c4e-9912-6102cb0c0f8c -F qcow2 /opt/stack/data/cinder/mnt/d75b0f2d5f053395ee30ba9c8201d971/volume-5bfbd383-f57a-4f5a-a2d0-96292f2ec7e9.3230cfcc-31dc-4ccd-a9c6-e7b716518da8
Jan 23 12:30:09 devstack sudo[91699]: pam_unix(sudo:session): session opened for user root(uid=0) by (uid=1000)
Jan 23 12:30:09 devstack sudo[91699]: pam_unix(sudo:session): session closed for user root
Jan 23 12:30:09 devstack cinder-volume[83115]: DEBUG oslo_concurrency.processutils [None req-3eae961d-d74c-4ba5-8ead-c399f0cdc539 tempest-SnapshotsActionsTest-1890229769 None] CMD "sudo cinder-rootwrap /etc/cinder/rootwrap.conf qemu-img rebase -u -b volume-5bfbd383-f57a-4f5a-a2d0-96292f2ec7e9.739db38c-57a0-4c4e-9912-6102cb0c0f8c -F qcow2 /opt/stack/data/cinder/mnt/d75b0f2d5f053395ee30ba9c8201d971/volume-5bfbd383-f57a-4f5a-a2d0-96292f2ec7e9.3230cfcc-31dc-4ccd-a9c6-e7b716518da8" returned: 0 in 0.566s {{(pid=83115) execute /opt/stack/data/venv/lib/python3.10/site-packages/oslo_concurrency/processutils.py:372}}
Jan 23 12:30:09 devstack cinder-volume[83115]: WARNING cinder.volume.drivers.remotefs [None req-3eae961d-d74c-4ba5-8ead-c399f0cdc539 tempest-SnapshotsActionsTest-1890229769 None] /opt/stack/data/cinder/mnt/d75b0f2d5f053395ee30ba9c8201d971/volume-5bfbd383-f57a-4f5a-a2d0-96292f2ec7e9.3230cfcc-31dc-4ccd-a9c6-e7b716518da8 is being set with open permissions: ugo+rw
Jan 23 12:30:09 devstack cinder-volume[83115]: DEBUG oslo_concurrency.processutils [None req-3eae961d-d74c-4ba5-8ead-c399f0cdc539 tempest-SnapshotsActionsTest-1890229769 None] Running cmd (subprocess): sudo cinder-rootwrap /etc/cinder/rootwrap.conf chmod ugo+rw /opt/stack/data/cinder/mnt/d75b0f2d5f053395ee30ba9c8201d971/volume-5bfbd383-f57a-4f5a-a2d0-96292f2ec7e9.3230cfcc-31dc-4ccd-a9c6-e7b716518da8 {{(pid=83115) execute /opt/stack/data/venv/lib/python3.10/site-packages/oslo_concurrency/processutils.py:349}}
Jan 23 12:30:09 devstack sudo[91704]: quobyte : PWD=/ ; USER=root ; COMMAND=/opt/stack/data/venv/bin/cinder-rootwrap /etc/cinder/rootwrap.conf chmod ugo+rw /opt/stack/data/cinder/mnt/d75b0f2d5f053395ee30ba9c8201d971/volume-5bfbd383-f57a-4f5a-a2d0-96292f2ec7e9.3230cfcc-31dc-4ccd-a9c6-e7b716518da8
Jan 23 12:30:09 devstack sudo[91704]: pam_unix(sudo:session): session opened for user root(uid=0) by (uid=1000)
Jan 23 12:30:10 devstack sudo[91704]: pam_unix(sudo:session): session closed for user root
Jan 23 12:30:10 devstack cinder-volume[83115]: DEBUG oslo_concurrency.processutils [None req-3eae961d-d74c-4ba5-8ead-c399f0cdc539 tempest-SnapshotsActionsTest-1890229769 None] CMD "sudo cinder-rootwrap /etc/cinder/rootwrap.conf chmod ugo+rw /opt/stack/data/cinder/mnt/d75b0f2d5f053395ee30ba9c8201d971/volume-5bfbd383-f57a-4f5a-a2d0-96292f2ec7e9.3230cfcc-31dc-4ccd-a9c6-e7b716518da8" returned: 0 in 0.565s {{(pid=83115) execute /opt/stack/data/venv/lib/python3.10/site-packages/oslo_concurrency/processutils.py:372}}
Jan 23 12:30:10 devstack cinder-volume[83115]: DEBUG oslo_concurrency.lockutils [None req-3eae961d-d74c-4ba5-8ead-c399f0cdc539 tempest-SnapshotsActionsTest-1890229769 None] Lock "quobyte" "released" by "cinder.volume.drivers.quobyte.QuobyteDriver.create_snapshot" :: held 2.632s {{(pid=83115) inner /opt/stack/data/venv/lib/python3.10/site-packages/oslo_concurrency/lockutils.py:424}}
Jan 23 12:30:10 devstack cinder-volume[83115]: INFO cinder.volume.manager [None req-3eae961d-d74c-4ba5-8ead-c399f0cdc539 tempest-SnapshotsActionsTest-1890229769 None] Create snapshot completed successfully
Jan 23 12:30:10 devstack cinder-volume[83115]: DEBUG cinder.coordination [None req-cc503f99-a0c5-4eb4-bef2-785c0d3c2e57 tempest-SnapshotsActionsTest-879311650 None] Acquiring lock "cinder-3230cfcc-31dc-4ccd-a9c6-e7b716518da8-delete_snapshot" by "delete_snapshot" {{(pid=83115) __acquire /opt/stack/cinder/cinder/coordination.py:143}}
Jan 23 12:30:10 devstack cinder-volume[83115]: DEBUG cinder.coordination [None req-cc503f99-a0c5-4eb4-bef2-785c0d3c2e57 tempest-SnapshotsActionsTest-879311650 None] Lock "cinder-3230cfcc-31dc-4ccd-a9c6-e7b716518da8-delete_snapshot" acquired by "delete_snapshot" :: waited 0.015s {{(pid=83115) __acquire /opt/stack/cinder/cinder/coordination.py:146}}
Jan 23 12:30:10 devstack cinder-volume[83115]: WARNING cinder.volume.volume_utils [None req-cc503f99-a0c5-4eb4-bef2-785c0d3c2e57 tempest-SnapshotsActionsTest-879311650 None] Volume driver (QuobyteDriver 1.1.13) is currently unsupported and may be removed in the next release of OpenStack. Use at your own risk.
Jan 23 12:30:10 devstack cinder-volume[83115]: DEBUG cinder.coordination [None req-cc503f99-a0c5-4eb4-bef2-785c0d3c2e57 tempest-SnapshotsActionsTest-879311650 None] Acquiring lock "cinder-quobyte-5bfbd383-f57a-4f5a-a2d0-96292f2ec7e9" by "delete_snapshot" {{(pid=83115) __acquire /opt/stack/cinder/cinder/coordination.py:143}}
Jan 23 12:30:11 devstack cinder-volume[83115]: DEBUG cinder.coordination [None req-cc503f99-a0c5-4eb4-bef2-785c0d3c2e57 tempest-SnapshotsActionsTest-879311650 None] Lock "cinder-quobyte-5bfbd383-f57a-4f5a-a2d0-96292f2ec7e9" acquired by "delete_snapshot" :: waited 0.010s {{(pid=83115) __acquire /opt/stack/cinder/cinder/coordination.py:146}}
Jan 23 12:30:11 devstack cinder-volume[83115]: DEBUG cinder.coordination [None req-cc503f99-a0c5-4eb4-bef2-785c0d3c2e57 tempest-SnapshotsActionsTest-879311650 None] Acquiring lock "cinder-quobyte-3230cfcc-31dc-4ccd-a9c6-e7b716518da8" by "_delete_snapshot" {{(pid=83115) __acquire /opt/stack/cinder/cinder/coordination.py:143}}
Jan 23 12:30:11 devstack cinder-volume[83115]: DEBUG cinder.coordination [None req-cc503f99-a0c5-4eb4-bef2-785c0d3c2e57 tempest-SnapshotsActionsTest-879311650 None] Lock "cinder-quobyte-3230cfcc-31dc-4ccd-a9c6-e7b716518da8" acquired by "_delete_snapshot" :: waited 0.008s {{(pid=83115) __acquire /opt/stack/cinder/cinder/coordination.py:146}}
Jan 23 12:30:11 devstack cinder-volume[83115]: DEBUG cinder.volume.drivers.remotefs [None req-cc503f99-a0c5-4eb4-bef2-785c0d3c2e57 tempest-SnapshotsActionsTest-879311650 None] Deleting offline snapshot 3230cfcc-31dc-4ccd-a9c6-e7b716518da8 of volume 5bfbd383-f57a-4f5a-a2d0-96292f2ec7e9 {{(pid=83115) _delete_snapshot /opt/stack/cinder/cinder/volume/drivers/remotefs.py:1290}}
Jan 23 12:30:11 devstack cinder-volume[83115]: DEBUG cinder.volume.drivers.remotefs [None req-cc503f99-a0c5-4eb4-bef2-785c0d3c2e57 tempest-SnapshotsActionsTest-879311650 None] snapshot_file for this snap is: volume-5bfbd383-f57a-4f5a-a2d0-96292f2ec7e9.3230cfcc-31dc-4ccd-a9c6-e7b716518da8 {{(pid=83115) _delete_snapshot /opt/stack/cinder/cinder/volume/drivers/remotefs.py:1319}}
Jan 23 12:30:11 devstack cinder-volume[83115]: DEBUG oslo.privsep.daemon [-] privsep: reply[42636e7d-23a4-4e66-9918-9b51183c8874]: (4, 'qcow2') {{(pid=83969) _call_back /opt/stack/data/venv/lib/python3.10/site-packages/oslo_privsep/daemon.py:515}}
Jan 23 12:30:11 devstack cinder-volume[83115]: DEBUG oslo_concurrency.processutils [None req-cc503f99-a0c5-4eb4-bef2-785c0d3c2e57 tempest-SnapshotsActionsTest-879311650 None] Running cmd (subprocess): /opt/stack/data/venv/bin/python3.10 -m oslo_concurrency.prlimit --as=1073741824 --cpu=60 -- sudo cinder-rootwrap /etc/cinder/rootwrap.conf env LC_ALL=C qemu-img info -f qcow2 --output=json --force-share /opt/stack/data/cinder/mnt/d75b0f2d5f053395ee30ba9c8201d971/volume-5bfbd383-f57a-4f5a-a2d0-96292f2ec7e9.3230cfcc-31dc-4ccd-a9c6-e7b716518da8 {{(pid=83115) execute /opt/stack/data/venv/lib/python3.10/site-packages/oslo_concurrency/processutils.py:349}}
Jan 23 12:30:11 devstack sudo[91762]: quobyte : PWD=/ ; USER=root ; COMMAND=/opt/stack/data/venv/bin/cinder-rootwrap /etc/cinder/rootwrap.conf env LC_ALL=C qemu-img info -f qcow2 --output=json --force-share /opt/stack/data/cinder/mnt/d75b0f2d5f053395ee30ba9c8201d971/volume-5bfbd383-f57a-4f5a-a2d0-96292f2ec7e9.3230cfcc-31dc-4ccd-a9c6-e7b716518da8
Jan 23 12:30:11 devstack sudo[91762]: pam_unix(sudo:session): session opened for user root(uid=0) by (uid=1000)
Jan 23 12:30:11 devstack sudo[91762]: pam_unix(sudo:session): session closed for user root
Jan 23 12:30:11 devstack cinder-volume[83115]: DEBUG oslo_concurrency.processutils [None req-cc503f99-a0c5-4eb4-bef2-785c0d3c2e57 tempest-SnapshotsActionsTest-879311650 None] CMD "/opt/stack/data/venv/bin/python3.10 -m oslo_concurrency.prlimit --as=1073741824 --cpu=60 -- sudo cinder-rootwrap /etc/cinder/rootwrap.conf env LC_ALL=C qemu-img info -f qcow2 --output=json --force-share /opt/stack/data/cinder/mnt/d75b0f2d5f053395ee30ba9c8201d971/volume-5bfbd383-f57a-4f5a-a2d0-96292f2ec7e9.3230cfcc-31dc-4ccd-a9c6-e7b716518da8" returned: 0 in 0.635s {{(pid=83115) execute /opt/stack/data/venv/lib/python3.10/site-packages/oslo_concurrency/processutils.py:372}}
Jan 23 12:30:11 devstack cinder-volume[83115]: DEBUG cinder.volume.drivers.remotefs [None req-cc503f99-a0c5-4eb4-bef2-785c0d3c2e57 tempest-SnapshotsActionsTest-879311650 None] Fetching qemu-img info with special backing_file_template: (/opt/stack/data/cinder/mnt/[0-9a-f]+/)?(volume-5bfbd383-f57a-4f5a-a2d0-96292f2ec7e9(.(tmp-snap-)?[0-9a-f-]+)?|volume_from_snapshot_cache/(tmp-snap-)?[0-9a-f-]+(.(child-|parent-)[0-9a-f-]+)?)$ {{(pid=83115) _qemu_img_info_base /opt/stack/cinder/cinder/volume/drivers/remotefs.py:898}}
Jan 23 12:30:11 devstack cinder-volume[83115]: DEBUG oslo.privsep.daemon [-] privsep: reply[543a7fb3-ac0f-44b7-a987-058f8955d59e]: (4, 'qcow2') {{(pid=83969) _call_back /opt/stack/data/venv/lib/python3.10/site-packages/oslo_privsep/daemon.py:515}}
Jan 23 12:30:11 devstack cinder-volume[83115]: DEBUG oslo_concurrency.processutils [None req-cc503f99-a0c5-4eb4-bef2-785c0d3c2e57 tempest-SnapshotsActionsTest-879311650 None] Running cmd (subprocess): /opt/stack/data/venv/bin/python3.10 -m oslo_concurrency.prlimit --as=1073741824 --cpu=60 -- sudo cinder-rootwrap /etc/cinder/rootwrap.conf env LC_ALL=C qemu-img info -f qcow2 --output=json --force-share /opt/stack/data/cinder/mnt/d75b0f2d5f053395ee30ba9c8201d971/volume-5bfbd383-f57a-4f5a-a2d0-96292f2ec7e9.739db38c-57a0-4c4e-9912-6102cb0c0f8c {{(pid=83115) execute /opt/stack/data/venv/lib/python3.10/site-packages/oslo_concurrency/processutils.py:349}}
Jan 23 12:30:11 devstack sudo[91771]: quobyte : PWD=/ ; USER=root ; COMMAND=/opt/stack/data/venv/bin/cinder-rootwrap /etc/cinder/rootwrap.conf env LC_ALL=C qemu-img info -f qcow2 --output=json --force-share /opt/stack/data/cinder/mnt/d75b0f2d5f053395ee30ba9c8201d971/volume-5bfbd383-f57a-4f5a-a2d0-96292f2ec7e9.739db38c-57a0-4c4e-9912-6102cb0c0f8c
Jan 23 12:30:11 devstack sudo[91771]: pam_unix(sudo:session): session opened for user root(uid=0) by (uid=1000)
Jan 23 12:30:12 devstack sudo[91771]: pam_unix(sudo:session): session closed for user root
Jan 23 12:30:12 devstack cinder-volume[83115]: DEBUG oslo_concurrency.processutils [None req-cc503f99-a0c5-4eb4-bef2-785c0d3c2e57 tempest-SnapshotsActionsTest-879311650 None] CMD "/opt/stack/data/venv/bin/python3.10 -m oslo_concurrency.prlimit --as=1073741824 --cpu=60 -- sudo cinder-rootwrap /etc/cinder/rootwrap.conf env LC_ALL=C qemu-img info -f qcow2 --output=json --force-share /opt/stack/data/cinder/mnt/d75b0f2d5f053395ee30ba9c8201d971/volume-5bfbd383-f57a-4f5a-a2d0-96292f2ec7e9.739db38c-57a0-4c4e-9912-6102cb0c0f8c" returned: 0 in 0.661s {{(pid=83115) execute /opt/stack/data/venv/lib/python3.10/site-packages/oslo_concurrency/processutils.py:372}}
Jan 23 12:30:12 devstack cinder-volume[83115]: DEBUG cinder.volume.drivers.remotefs [None req-cc503f99-a0c5-4eb4-bef2-785c0d3c2e57 tempest-SnapshotsActionsTest-879311650 None] Fetching qemu-img info with special backing_file_template: (/opt/stack/data/cinder/mnt/[0-9a-f]+/)?(volume-5bfbd383-f57a-4f5a-a2d0-96292f2ec7e9(.(tmp-snap-)?[0-9a-f-]+)?|volume_from_snapshot_cache/(tmp-snap-)?[0-9a-f-]+(.(child-|parent-)[0-9a-f-]+)?)$ {{(pid=83115) _qemu_img_info_base /opt/stack/cinder/cinder/volume/drivers/remotefs.py:898}}
Jan 23 12:30:12 devstack cinder-volume[83115]: DEBUG oslo_concurrency.processutils [None req-cc503f99-a0c5-4eb4-bef2-785c0d3c2e57 tempest-SnapshotsActionsTest-879311650 None] Running cmd (subprocess): sudo cinder-rootwrap /etc/cinder/rootwrap.conf qemu-img commit -d /opt/stack/data/cinder/mnt/d75b0f2d5f053395ee30ba9c8201d971/volume-5bfbd383-f57a-4f5a-a2d0-96292f2ec7e9.3230cfcc-31dc-4ccd-a9c6-e7b716518da8 {{(pid=83115) execute /opt/stack/data/venv/lib/python3.10/site-packages/oslo_concurrency/processutils.py:349}}
Jan 23 12:30:12 devstack sudo[91777]: quobyte : PWD=/ ; USER=root ; COMMAND=/opt/stack/data/venv/bin/cinder-rootwrap /etc/cinder/rootwrap.conf qemu-img commit -d /opt/stack/data/cinder/mnt/d75b0f2d5f053395ee30ba9c8201d971/volume-5bfbd383-f57a-4f5a-a2d0-96292f2ec7e9.3230cfcc-31dc-4ccd-a9c6-e7b716518da8
Jan 23 12:30:12 devstack sudo[91777]: pam_unix(sudo:session): session opened for user root(uid=0) by (uid=1000)
Jan 23 12:30:12 devstack cinder-volume[83115]: DEBUG oslo_service.periodic_task [None req-5893a6b0-824f-4fdd-9e03-76137188f50b None None] Running periodic task VolumeManager.publish_service_capabilities {{(pid=83115) run_periodic_tasks /opt/stack/data/venv/lib/python3.10/site-packages/oslo_service/periodic_task.py:210}}
Jan 23 12:30:12 devstack cinder-volume[83115]: DEBUG oslo_concurrency.lockutils [None req-5893a6b0-824f-4fdd-9e03-76137188f50b None None] Acquiring lock "quobyte_ensure" by "cinder.volume.drivers.quobyte.QuobyteDriver._ensure_shares_mounted" {{(pid=83115) inner /opt/stack/data/venv/lib/python3.10/site-packages/oslo_concurrency/lockutils.py:405}}
Jan 23 12:30:12 devstack cinder-volume[83115]: DEBUG oslo_concurrency.lockutils [None req-5893a6b0-824f-4fdd-9e03-76137188f50b None None] Lock "quobyte_ensure" acquired by "cinder.volume.drivers.quobyte.QuobyteDriver._ensure_shares_mounted" :: waited 0.000s {{(pid=83115) inner /opt/stack/data/venv/lib/python3.10/site-packages/oslo_concurrency/lockutils.py:410}}
Jan 23 12:30:12 devstack cinder-volume[83115]: DEBUG cinder.volume.drivers.quobyte [None req-5893a6b0-824f-4fdd-9e03-76137188f50b None None] Quobyte Volume URL set to: {'osci02.corp.quobyte.com/cinder-vol-e275827d-3f5c-4afe-b685-7387784771fc': None} {{(pid=83115) _load_shares_config /opt/stack/cinder/cinder/volume/drivers/quobyte.py:611}}
Jan 23 12:30:12 devstack cinder-volume[83115]: DEBUG cinder.volume.drivers.quobyte [None req-5893a6b0-824f-4fdd-9e03-76137188f50b None None] Available shares ['osci02.corp.quobyte.com/cinder-vol-e275827d-3f5c-4afe-b685-7387784771fc'] {{(pid=83115) _ensure_shares_mounted /opt/stack/cinder/cinder/volume/drivers/quobyte.py:641}}
Jan 23 12:30:12 devstack cinder-volume[83115]: DEBUG oslo_concurrency.lockutils [None req-5893a6b0-824f-4fdd-9e03-76137188f50b None None] Lock "quobyte_ensure" "released" by "cinder.volume.drivers.quobyte.QuobyteDriver._ensure_shares_mounted" :: held 0.003s {{(pid=83115) inner /opt/stack/data/venv/lib/python3.10/site-packages/oslo_concurrency/lockutils.py:424}}
Jan 23 12:30:12 devstack cinder-volume[83115]: DEBUG oslo_concurrency.processutils [None req-5893a6b0-824f-4fdd-9e03-76137188f50b None None] Running cmd (subprocess): sudo cinder-rootwrap /etc/cinder/rootwrap.conf df --portability --block-size 1 /opt/stack/data/cinder/mnt/d75b0f2d5f053395ee30ba9c8201d971 {{(pid=83115) execute /opt/stack/data/venv/lib/python3.10/site-packages/oslo_concurrency/processutils.py:349}}
Jan 23 12:30:12 devstack sudo[91782]: quobyte : PWD=/ ; USER=root ; COMMAND=/opt/stack/data/venv/bin/cinder-rootwrap /etc/cinder/rootwrap.conf df --portability --block-size 1 /opt/stack/data/cinder/mnt/d75b0f2d5f053395ee30ba9c8201d971
Jan 23 12:30:12 devstack sudo[91782]: pam_unix(sudo:session): session opened for user root(uid=0) by (uid=1000)
Jan 23 12:30:12 devstack sudo[91777]: pam_unix(sudo:session): session closed for user root
Jan 23 12:30:12 devstack cinder-volume[83115]: DEBUG oslo_concurrency.processutils [None req-cc503f99-a0c5-4eb4-bef2-785c0d3c2e57 tempest-SnapshotsActionsTest-879311650 None] CMD "sudo cinder-rootwrap /etc/cinder/rootwrap.conf qemu-img commit -d /opt/stack/data/cinder/mnt/d75b0f2d5f053395ee30ba9c8201d971/volume-5bfbd383-f57a-4f5a-a2d0-96292f2ec7e9.3230cfcc-31dc-4ccd-a9c6-e7b716518da8" returned: 0 in 0.537s {{(pid=83115) execute /opt/stack/data/venv/lib/python3.10/site-packages/oslo_concurrency/processutils.py:372}}
Jan 23 12:30:12 devstack cinder-volume[83115]: DEBUG oslo_concurrency.processutils [None req-cc503f99-a0c5-4eb4-bef2-785c0d3c2e57 tempest-SnapshotsActionsTest-879311650 None] Running cmd (subprocess): sudo cinder-rootwrap /etc/cinder/rootwrap.conf rm -f /opt/stack/data/cinder/mnt/d75b0f2d5f053395ee30ba9c8201d971/volume-5bfbd383-f57a-4f5a-a2d0-96292f2ec7e9.3230cfcc-31dc-4ccd-a9c6-e7b716518da8 {{(pid=83115) execute /opt/stack/data/venv/lib/python3.10/site-packages/oslo_concurrency/processutils.py:349}}
Jan 23 12:30:12 devstack sudo[91784]: quobyte : PWD=/ ; USER=root ; COMMAND=/opt/stack/data/venv/bin/cinder-rootwrap /etc/cinder/rootwrap.conf rm -f /opt/stack/data/cinder/mnt/d75b0f2d5f053395ee30ba9c8201d971/volume-5bfbd383-f57a-4f5a-a2d0-96292f2ec7e9.3230cfcc-31dc-4ccd-a9c6-e7b716518da8
Jan 23 12:30:12 devstack sudo[91784]: pam_unix(sudo:session): session opened for user root(uid=0) by (uid=1000)
Jan 23 12:30:13 devstack sudo[91782]: pam_unix(sudo:session): session closed for user root
Jan 23 12:30:13 devstack cinder-volume[83115]: DEBUG oslo_concurrency.processutils [None req-5893a6b0-824f-4fdd-9e03-76137188f50b None None] CMD "sudo cinder-rootwrap /etc/cinder/rootwrap.conf df --portability --block-size 1 /opt/stack/data/cinder/mnt/d75b0f2d5f053395ee30ba9c8201d971" returned: 0 in 0.497s {{(pid=83115) execute /opt/stack/data/venv/lib/python3.10/site-packages/oslo_concurrency/processutils.py:372}}
Jan 23 12:30:13 devstack cinder-volume[83115]: DEBUG cinder.manager [None req-5893a6b0-824f-4fdd-9e03-76137188f50b None None] Notifying Schedulers of capabilities ... {{(pid=83115) _publish_service_capabilities /opt/stack/cinder/cinder/manager.py:202}}
Jan 23 12:30:13 devstack sudo[91784]: pam_unix(sudo:session): session closed for user root
Jan 23 12:30:13 devstack cinder-volume[83115]: DEBUG oslo_concurrency.processutils [None req-cc503f99-a0c5-4eb4-bef2-785c0d3c2e57 tempest-SnapshotsActionsTest-879311650 None] CMD "sudo cinder-rootwrap /etc/cinder/rootwrap.conf rm -f /opt/stack/data/cinder/mnt/d75b0f2d5f053395ee30ba9c8201d971/volume-5bfbd383-f57a-4f5a-a2d0-96292f2ec7e9.3230cfcc-31dc-4ccd-a9c6-e7b716518da8" returned: 0 in 0.534s {{(pid=83115) execute /opt/stack/data/venv/lib/python3.10/site-packages/oslo_concurrency/processutils.py:372}}
Jan 23 12:30:13 devstack cinder-volume[83115]: DEBUG cinder.coordination [None req-cc503f99-a0c5-4eb4-bef2-785c0d3c2e57 tempest-SnapshotsActionsTest-879311650 None] Lock "cinder-quobyte-3230cfcc-31dc-4ccd-a9c6-e7b716518da8" released by "_delete_snapshot" :: held 2.430s {{(pid=83115) __release /opt/stack/cinder/cinder/coordination.py:157}}
Jan 23 12:30:13 devstack cinder-volume[83115]: DEBUG cinder.coordination [None req-cc503f99-a0c5-4eb4-bef2-785c0d3c2e57 tempest-SnapshotsActionsTest-879311650 None] Lock "cinder-quobyte-5bfbd383-f57a-4f5a-a2d0-96292f2ec7e9" released by "delete_snapshot" :: held 2.442s {{(pid=83115) __release /opt/stack/cinder/cinder/coordination.py:157}}
Jan 23 12:30:13 devstack cinder-volume[83115]: DEBUG cinder.quota [None req-cc503f99-a0c5-4eb4-bef2-785c0d3c2e57 tempest-SnapshotsActionsTest-879311650 None] Created reservations ['a660ae32-57fc-4fe2-b302-764831bff380', '9fc4e0cc-75d9-4a59-a843-06942887bea3', '46dce42d-dcb8-43a7-be22-74558eff1b8e', '78af2026-2861-4b8c-aece-29884ffdfd53'] {{(pid=83115) reserve /opt/stack/cinder/cinder/quota.py:752}}
Jan 23 12:30:13 devstack cinder-volume[83115]: INFO cinder.volume.manager [None req-cc503f99-a0c5-4eb4-bef2-785c0d3c2e57 tempest-SnapshotsActionsTest-879311650 None] Delete snapshot completed successfully.
Jan 23 12:30:13 devstack cinder-volume[83115]: DEBUG cinder.coordination [None req-cc503f99-a0c5-4eb4-bef2-785c0d3c2e57 tempest-SnapshotsActionsTest-879311650 None] Lock "cinder-3230cfcc-31dc-4ccd-a9c6-e7b716518da8-delete_snapshot" released by "delete_snapshot" :: held 2.539s {{(pid=83115) __release /opt/stack/cinder/cinder/coordination.py:157}}
Jan 23 12:30:14 devstack cinder-volume[83115]: DEBUG cinder.coordination [None req-45b39a17-4dcd-4255-9de0-1a411d6970c2 tempest-SnapshotsActionsTest-1890229769 None] Acquiring lock "cinder-739db38c-57a0-4c4e-9912-6102cb0c0f8c-delete_snapshot" by "delete_snapshot" {{(pid=83115) __acquire /opt/stack/cinder/cinder/coordination.py:143}}
Jan 23 12:30:14 devstack cinder-volume[83115]: DEBUG cinder.coordination [None req-45b39a17-4dcd-4255-9de0-1a411d6970c2 tempest-SnapshotsActionsTest-1890229769 None] Lock "cinder-739db38c-57a0-4c4e-9912-6102cb0c0f8c-delete_snapshot" acquired by "delete_snapshot" :: waited 0.018s {{(pid=83115) __acquire /opt/stack/cinder/cinder/coordination.py:146}}
Jan 23 12:30:14 devstack cinder-volume[83115]: WARNING cinder.volume.volume_utils [None req-45b39a17-4dcd-4255-9de0-1a411d6970c2 tempest-SnapshotsActionsTest-1890229769 None] Volume driver (QuobyteDriver 1.1.13) is currently unsupported and may be removed in the next release of OpenStack. Use at your own risk.
Jan 23 12:30:14 devstack cinder-volume[83115]: DEBUG cinder.coordination [None req-45b39a17-4dcd-4255-9de0-1a411d6970c2 tempest-SnapshotsActionsTest-1890229769 None] Acquiring lock "cinder-quobyte-5bfbd383-f57a-4f5a-a2d0-96292f2ec7e9" by "delete_snapshot" {{(pid=83115) __acquire /opt/stack/cinder/cinder/coordination.py:143}}
Jan 23 12:30:14 devstack cinder-volume[83115]: DEBUG cinder.coordination [None req-45b39a17-4dcd-4255-9de0-1a411d6970c2 tempest-SnapshotsActionsTest-1890229769 None] Lock "cinder-quobyte-5bfbd383-f57a-4f5a-a2d0-96292f2ec7e9" acquired by "delete_snapshot" :: waited 0.013s {{(pid=83115) __acquire /opt/stack/cinder/cinder/coordination.py:146}}
Jan 23 12:30:14 devstack cinder-volume[83115]: DEBUG cinder.coordination [None req-45b39a17-4dcd-4255-9de0-1a411d6970c2 tempest-SnapshotsActionsTest-1890229769 None] Acquiring lock "cinder-quobyte-739db38c-57a0-4c4e-9912-6102cb0c0f8c" by "_delete_snapshot" {{(pid=83115) __acquire /opt/stack/cinder/cinder/coordination.py:143}}
Jan 23 12:30:14 devstack cinder-volume[83115]: DEBUG cinder.coordination [None req-45b39a17-4dcd-4255-9de0-1a411d6970c2 tempest-SnapshotsActionsTest-1890229769 None] Lock "cinder-quobyte-739db38c-57a0-4c4e-9912-6102cb0c0f8c" acquired by "_delete_snapshot" :: waited 0.009s {{(pid=83115) __acquire /opt/stack/cinder/cinder/coordination.py:146}}
Jan 23 12:30:14 devstack cinder-volume[83115]: DEBUG cinder.volume.drivers.remotefs [None req-45b39a17-4dcd-4255-9de0-1a411d6970c2 tempest-SnapshotsActionsTest-1890229769 None] Deleting offline snapshot 739db38c-57a0-4c4e-9912-6102cb0c0f8c of volume 5bfbd383-f57a-4f5a-a2d0-96292f2ec7e9 {{(pid=83115) _delete_snapshot /opt/stack/cinder/cinder/volume/drivers/remotefs.py:1290}}
Jan 23 12:30:14 devstack cinder-volume[83115]: DEBUG cinder.volume.drivers.remotefs [None req-45b39a17-4dcd-4255-9de0-1a411d6970c2 tempest-SnapshotsActionsTest-1890229769 None] snapshot_file for this snap is: volume-5bfbd383-f57a-4f5a-a2d0-96292f2ec7e9.739db38c-57a0-4c4e-9912-6102cb0c0f8c {{(pid=83115) _delete_snapshot /opt/stack/cinder/cinder/volume/drivers/remotefs.py:1319}}
Jan 23 12:30:14 devstack cinder-volume[83115]: DEBUG oslo.privsep.daemon [-] privsep: reply[a7ec9d08-715c-415b-98ab-f5097c50a6b5]: (4, 'qcow2') {{(pid=83969) _call_back /opt/stack/data/venv/lib/python3.10/site-packages/oslo_privsep/daemon.py:515}}
Jan 23 12:30:14 devstack cinder-volume[83115]: DEBUG oslo_concurrency.processutils [None req-45b39a17-4dcd-4255-9de0-1a411d6970c2 tempest-SnapshotsActionsTest-1890229769 None] Running cmd (subprocess): /opt/stack/data/venv/bin/python3.10 -m oslo_concurrency.prlimit --as=1073741824 --cpu=60 -- sudo cinder-rootwrap /etc/cinder/rootwrap.conf env LC_ALL=C qemu-img info -f qcow2 --output=json --force-share /opt/stack/data/cinder/mnt/d75b0f2d5f053395ee30ba9c8201d971/volume-5bfbd383-f57a-4f5a-a2d0-96292f2ec7e9.739db38c-57a0-4c4e-9912-6102cb0c0f8c {{(pid=83115) execute /opt/stack/data/venv/lib/python3.10/site-packages/oslo_concurrency/processutils.py:349}}
Jan 23 12:30:14 devstack sudo[91796]: quobyte : PWD=/ ; USER=root ; COMMAND=/opt/stack/data/venv/bin/cinder-rootwrap /etc/cinder/rootwrap.conf env LC_ALL=C qemu-img info -f qcow2 --output=json --force-share /opt/stack/data/cinder/mnt/d75b0f2d5f053395ee30ba9c8201d971/volume-5bfbd383-f57a-4f5a-a2d0-96292f2ec7e9.739db38c-57a0-4c4e-9912-6102cb0c0f8c
Jan 23 12:30:14 devstack sudo[91796]: pam_unix(sudo:session): session opened for user root(uid=0) by (uid=1000)
Jan 23 12:30:15 devstack sudo[91796]: pam_unix(sudo:session): session closed for user root
Jan 23 12:30:15 devstack cinder-volume[83115]: DEBUG oslo_concurrency.processutils [None req-45b39a17-4dcd-4255-9de0-1a411d6970c2 tempest-SnapshotsActionsTest-1890229769 None] CMD "/opt/stack/data/venv/bin/python3.10 -m oslo_concurrency.prlimit --as=1073741824 --cpu=60 -- sudo cinder-rootwrap /etc/cinder/rootwrap.conf env LC_ALL=C qemu-img info -f qcow2 --output=json --force-share /opt/stack/data/cinder/mnt/d75b0f2d5f053395ee30ba9c8201d971/volume-5bfbd383-f57a-4f5a-a2d0-96292f2ec7e9.739db38c-57a0-4c4e-9912-6102cb0c0f8c" returned: 0 in 0.580s {{(pid=83115) execute /opt/stack/data/venv/lib/python3.10/site-packages/oslo_concurrency/processutils.py:372}}
Jan 23 12:30:15 devstack cinder-volume[83115]: DEBUG cinder.volume.drivers.remotefs [None req-45b39a17-4dcd-4255-9de0-1a411d6970c2 tempest-SnapshotsActionsTest-1890229769 None] Fetching qemu-img info with special backing_file_template: (/opt/stack/data/cinder/mnt/[0-9a-f]+/)?(volume-5bfbd383-f57a-4f5a-a2d0-96292f2ec7e9(.(tmp-snap-)?[0-9a-f-]+)?|volume_from_snapshot_cache/(tmp-snap-)?[0-9a-f-]+(.(child-|parent-)[0-9a-f-]+)?)$ {{(pid=83115) _qemu_img_info_base /opt/stack/cinder/cinder/volume/drivers/remotefs.py:898}}
Jan 23 12:30:15 devstack cinder-volume[83115]: DEBUG oslo.privsep.daemon [-] privsep: reply[e4b8138b-7c86-46ee-b2eb-f73e4e49be09]: (4, 'qcow2') {{(pid=83969) _call_back /opt/stack/data/venv/lib/python3.10/site-packages/oslo_privsep/daemon.py:515}}
Jan 23 12:30:15 devstack cinder-volume[83115]: DEBUG oslo_concurrency.processutils [None req-45b39a17-4dcd-4255-9de0-1a411d6970c2 tempest-SnapshotsActionsTest-1890229769 None] Running cmd (subprocess): /opt/stack/data/venv/bin/python3.10 -m oslo_concurrency.prlimit --as=1073741824 --cpu=60 -- sudo cinder-rootwrap /etc/cinder/rootwrap.conf env LC_ALL=C qemu-img info -f qcow2 --output=json --force-share /opt/stack/data/cinder/mnt/d75b0f2d5f053395ee30ba9c8201d971/volume-5bfbd383-f57a-4f5a-a2d0-96292f2ec7e9 {{(pid=83115) execute /opt/stack/data/venv/lib/python3.10/site-packages/oslo_concurrency/processutils.py:349}}
Jan 23 12:30:15 devstack sudo[91802]: quobyte : PWD=/ ; USER=root ; COMMAND=/opt/stack/data/venv/bin/cinder-rootwrap /etc/cinder/rootwrap.conf env LC_ALL=C qemu-img info -f qcow2 --output=json --force-share /opt/stack/data/cinder/mnt/d75b0f2d5f053395ee30ba9c8201d971/volume-5bfbd383-f57a-4f5a-a2d0-96292f2ec7e9
Jan 23 12:30:15 devstack sudo[91802]: pam_unix(sudo:session): session opened for user root(uid=0) by (uid=1000)
Jan 23 12:30:15 devstack cinder-volume[83115]: WARNING cinder.volume.volume_utils [None req-35c1239c-5cb2-47c3-87d2-3af2c9930018 tempest-ServersNegativeTestJSON-2085459004 None] Volume driver (QuobyteDriver 1.1.13) is currently unsupported and may be removed in the next release of OpenStack. Use at your own risk.
Jan 23 12:30:15 devstack cinder-volume[83115]: DEBUG cinder.volume.flows.manager.create_volume [None req-35c1239c-5cb2-47c3-87d2-3af2c9930018 tempest-ServersNegativeTestJSON-2085459004 None] Volume reschedule parameters: True retry: {'num_attempts': 1, 'backends': ['devstack@QuobyteHD#QuobyteHD'], 'hosts': ['devstack@QuobyteHD#QuobyteHD']} {{(pid=83115) get_flow /opt/stack/cinder/cinder/volume/flows/manager/create_volume.py:1388}}
Jan 23 12:30:15 devstack sudo[91802]: pam_unix(sudo:session): session closed for user root
Jan 23 12:30:15 devstack cinder-volume[83115]: DEBUG cinder.volume.manager [None req-35c1239c-5cb2-47c3-87d2-3af2c9930018 tempest-ServersNegativeTestJSON-2085459004 None] Flow 'volume_create_manager' (6c19fc45-8ad2-47d7-984b-92a970106ba6) transitioned into state 'RUNNING' from state 'PENDING' {{(pid=83115) _flow_receiver /opt/stack/data/venv/lib/python3.10/site-packages/taskflow/listeners/logging.py:145}}
Jan 23 12:30:15 devstack cinder-volume[83115]: DEBUG cinder.volume.manager [None req-35c1239c-5cb2-47c3-87d2-3af2c9930018 tempest-ServersNegativeTestJSON-2085459004 None] Task 'cinder.volume.flows.manager.create_volume.ExtractVolumeRefTask;volume:create' (3f157e8e-a9a6-46c7-ad25-c7d7fedf90be) transitioned into state 'RUNNING' from state 'PENDING' {{(pid=83115) _task_receiver /opt/stack/data/venv/lib/python3.10/site-packages/taskflow/listeners/logging.py:194}}
Jan 23 12:30:15 devstack cinder-volume[83115]: DEBUG oslo_concurrency.processutils [None req-45b39a17-4dcd-4255-9de0-1a411d6970c2 tempest-SnapshotsActionsTest-1890229769 None] CMD "/opt/stack/data/venv/bin/python3.10 -m oslo_concurrency.prlimit --as=1073741824 --cpu=60 -- sudo cinder-rootwrap /etc/cinder/rootwrap.conf env LC_ALL=C qemu-img info -f qcow2 --output=json --force-share /opt/stack/data/cinder/mnt/d75b0f2d5f053395ee30ba9c8201d971/volume-5bfbd383-f57a-4f5a-a2d0-96292f2ec7e9" returned: 0 in 0.720s {{(pid=83115) execute /opt/stack/data/venv/lib/python3.10/site-packages/oslo_concurrency/processutils.py:372}}
Jan 23 12:30:15 devstack cinder-volume[83115]: DEBUG oslo_concurrency.processutils [None req-45b39a17-4dcd-4255-9de0-1a411d6970c2 tempest-SnapshotsActionsTest-1890229769 None] Running cmd (subprocess): sudo cinder-rootwrap /etc/cinder/rootwrap.conf qemu-img commit -d /opt/stack/data/cinder/mnt/d75b0f2d5f053395ee30ba9c8201d971/volume-5bfbd383-f57a-4f5a-a2d0-96292f2ec7e9.739db38c-57a0-4c4e-9912-6102cb0c0f8c {{(pid=83115) execute /opt/stack/data/venv/lib/python3.10/site-packages/oslo_concurrency/processutils.py:349}}
Jan 23 12:30:15 devstack cinder-volume[83115]: DEBUG cinder.volume.manager [None req-35c1239c-5cb2-47c3-87d2-3af2c9930018 tempest-ServersNegativeTestJSON-2085459004 None] Task 'cinder.volume.flows.manager.create_volume.ExtractVolumeRefTask;volume:create' (3f157e8e-a9a6-46c7-ad25-c7d7fedf90be) transitioned into state 'SUCCESS' from state 'RUNNING' with result 'Volume(_name_id=None,admin_metadata=,attach_status='detached',availability_zone='nova',bootable=False,cluster=,cluster_name=None,consistencygroup=,consistencygroup_id=None,created_at=2026-01-23T11:30:16Z,deleted=False,deleted_at=None,display_description=None,display_name='tempest-ServersNegativeTestJSON-volume-57167112',ec2_id=None,encryption_key_id=None,glance_metadata=,group=,group_id=None,host='devstack@QuobyteHD#QuobyteHD',id=dfef0c23-115b-44ae-aff8-1794f1852912,launched_at=None,metadata={},migration_status=None,multiattach=False,previous_status=None,project_id='da3b76056090498a81f1e665c7b782e0',provider_auth=None,provider_geometry=None,provider_id=None,provider_location=None,replication_driver_data=None,replication_extended_status=None,replication_status=None,scheduled_at=2026-01-23T11:30:16Z,service_uuid=None,shared_targets=True,size=1,snapshot_id=None,snapshots=,source_volid=None,status='creating',terminated_at=None,updated_at=2026-01-23T11:30:16Z,use_quota=True,user_id='b3fd69727ce44ba39370179f4158ea8e',volume_attachment=VolumeAttachmentList,volume_type=VolumeType(67128b01-5925-4538-b510-6f1a09c361b2),volume_type_id=67128b01-5925-4538-b510-6f1a09c361b2)' {{(pid=83115) _task_receiver /opt/stack/data/venv/lib/python3.10/site-packages/taskflow/listeners/logging.py:182}}
Jan 23 12:30:15 devstack cinder-volume[83115]: DEBUG cinder.volume.manager [None req-35c1239c-5cb2-47c3-87d2-3af2c9930018 tempest-ServersNegativeTestJSON-2085459004 None] Task 'cinder.volume.flows.manager.create_volume.OnFailureRescheduleTask;volume:create' (584c3196-c405-4321-9d46-62bf62879714) transitioned into state 'RUNNING' from state 'PENDING' {{(pid=83115) _task_receiver /opt/stack/data/venv/lib/python3.10/site-packages/taskflow/listeners/logging.py:194}}
Jan 23 12:30:15 devstack cinder-volume[83115]: DEBUG cinder.volume.manager [None req-35c1239c-5cb2-47c3-87d2-3af2c9930018 tempest-ServersNegativeTestJSON-2085459004 None] Task 'cinder.volume.flows.manager.create_volume.OnFailureRescheduleTask;volume:create' (584c3196-c405-4321-9d46-62bf62879714) transitioned into state 'SUCCESS' from state 'RUNNING' with result 'None' {{(pid=83115) _task_receiver /opt/stack/data/venv/lib/python3.10/site-packages/taskflow/listeners/logging.py:182}}
