Aug 03 21:36:38 devstack devstack@c-api.service[88851]: DEBUG cinder.api.openstack.wsgi [None req-68982eb4-e0ae-4854-abe2-2a97685e78c1 tempest-VolumesTestJSON-364777745 tempest-VolumesTestJSON-364777745-project-member] Action: 'create', calling method: create, body: {"volume": {"metadata": {"Type": "work"}, "size": 1, "display_name": "tempest-VolumesTestJSON-volume-805737644"}} {{(pid=88851) _process_stack /opt/stack/cinder/cinder/api/openstack/wsgi.py:876}}
Aug 03 21:36:38 devstack devstack@c-api.service[88851]: DEBUG cinder.api.v3.volumes [None req-68982eb4-e0ae-4854-abe2-2a97685e78c1 tempest-VolumesTestJSON-364777745 tempest-VolumesTestJSON-364777745-project-member] Create volume request body: {'volume': {'metadata': {'Type': 'work'}, 'size': 1, 'display_name': 'tempest-VolumesTestJSON-volume-805737644'}} {{(pid=88851) create /opt/stack/cinder/cinder/api/v3/volumes.py:368}}
Aug 03 21:36:38 devstack devstack@c-api.service[88851]: INFO cinder.api.v3.volumes [None req-68982eb4-e0ae-4854-abe2-2a97685e78c1 tempest-VolumesTestJSON-364777745 tempest-VolumesTestJSON-364777745-project-member] Create volume of 1 GB
Aug 03 21:36:38 devstack devstack@c-api.service[88851]: INFO cinder.volume.api [None req-68982eb4-e0ae-4854-abe2-2a97685e78c1 tempest-VolumesTestJSON-364777745 tempest-VolumesTestJSON-364777745-project-member] Availability Zones retrieved successfully.
Aug 03 21:36:38 devstack devstack@c-api.service[88851]: DEBUG cinder.volume.api [None req-68982eb4-e0ae-4854-abe2-2a97685e78c1 tempest-VolumesTestJSON-364777745 tempest-VolumesTestJSON-364777745-project-member] Flow 'volume_create_api' (7cde83ce-1063-488a-b60e-53a3cbe8e8b8) transitioned into state 'RUNNING' from state 'PENDING' {{(pid=88851) _flow_receiver /opt/stack/data/venv/lib/python3.12/site-packages/taskflow/listeners/logging.py:160}}
Aug 03 21:36:38 devstack devstack@c-api.service[88851]: DEBUG cinder.volume.api [None req-68982eb4-e0ae-4854-abe2-2a97685e78c1 tempest-VolumesTestJSON-364777745 tempest-VolumesTestJSON-364777745-project-member] Task 'cinder.volume.flows.api.create_volume.ExtractVolumeRequestTask;volume:create' (d18c144e-19f6-4fde-8dad-9dd2afb69edc) transitioned into state 'RUNNING' from state 'PENDING' {{(pid=88851) _task_receiver /opt/stack/data/venv/lib/python3.12/site-packages/taskflow/listeners/logging.py:242}}
Aug 03 21:36:38 devstack devstack@c-api.service[88851]: DEBUG cinder.volume.flows.api.create_volume [None req-68982eb4-e0ae-4854-abe2-2a97685e78c1 tempest-VolumesTestJSON-364777745 tempest-VolumesTestJSON-364777745-project-member] Validating volume size '1' using validate_int {{(pid=88851) _extract_size /opt/stack/cinder/cinder/volume/flows/api/create_volume.py:226}}
Aug 03 21:36:38 devstack devstack@c-api.service[88850]: DEBUG cinder.api.middleware.request_id [None req-bd040749-6946-40df-a684-1163fce28793 None None] RequestId filter calling following filter/app {{(pid=88850) _context_setter /opt/stack/cinder/cinder/api/middleware/request_id.py:62}}
Aug 03 21:36:38 devstack devstack@c-api.service[88850]: INFO cinder.api.openstack.wsgi [None req-bd040749-6946-40df-a684-1163fce28793 tempest-GroupsTest-179933651 tempest-GroupsTest-179933651-project-member] GET http://192.168.122.208/volume/v3/volumes/286633ed-c9db-401a-ab47-a4b36cf9aee5
Aug 03 21:36:38 devstack devstack@c-api.service[88850]: DEBUG cinder.api.openstack.wsgi [None req-bd040749-6946-40df-a684-1163fce28793 tempest-GroupsTest-179933651 tempest-GroupsTest-179933651-project-member] Empty body provided in request {{(pid=88850) get_body /opt/stack/cinder/cinder/api/openstack/wsgi.py:725}}
Aug 03 21:36:38 devstack devstack@c-api.service[88850]: DEBUG cinder.api.openstack.wsgi [None req-bd040749-6946-40df-a684-1163fce28793 tempest-GroupsTest-179933651 tempest-GroupsTest-179933651-project-member] Calling method 'show' {{(pid=88850) _process_stack /opt/stack/cinder/cinder/api/openstack/wsgi.py:878}}
Aug 03 21:36:38 devstack devstack@c-api.service[88850]: INFO cinder.api.openstack.wsgi [None req-bd040749-6946-40df-a684-1163fce28793 tempest-GroupsTest-179933651 tempest-GroupsTest-179933651-project-member] http://192.168.122.208/volume/v3/volumes/286633ed-c9db-401a-ab47-a4b36cf9aee5 returned with HTTP 404
Aug 03 21:36:38 devstack devstack@c-api.service[88850]: [pid: 88850|app: 0|req: 178/352] 192.168.122.208 () {60 vars in 1273 bytes} [Mon Aug 3 21:36:38 2026] GET /volume/v3/volumes/286633ed-c9db-401a-ab47-a4b36cf9aee5 => generated 109 bytes in 37 msecs (HTTP/1.1 404) 7 headers in 293 bytes (1 switches on core 0)
Aug 03 21:36:38 devstack devstack@c-api.service[88850]: DEBUG cinder.api.middleware.request_id [None req-546cf68e-f423-49cc-8316-8680f36a35ef None None] RequestId filter calling following filter/app {{(pid=88850) _context_setter /opt/stack/cinder/cinder/api/middleware/request_id.py:62}}
Aug 03 21:36:38 devstack devstack@c-api.service[88850]: INFO cinder.api.openstack.wsgi [None req-546cf68e-f423-49cc-8316-8680f36a35ef tempest-GroupsTest-179933651 tempest-GroupsTest-179933651-project-member] GET http://192.168.122.208/volume/v3/groups/f785bee9-85ef-40b0-a494-8e4df001bbc7
Aug 03 21:36:38 devstack devstack@c-api.service[88850]: DEBUG cinder.api.openstack.wsgi [None req-546cf68e-f423-49cc-8316-8680f36a35ef tempest-GroupsTest-179933651 tempest-GroupsTest-179933651-project-member] Empty body provided in request {{(pid=88850) get_body /opt/stack/cinder/cinder/api/openstack/wsgi.py:725}}
Aug 03 21:36:38 devstack devstack@c-api.service[88850]: DEBUG cinder.api.openstack.wsgi [None req-546cf68e-f423-49cc-8316-8680f36a35ef tempest-GroupsTest-179933651 tempest-GroupsTest-179933651-project-member] Calling method 'version_select' {{(pid=88850) _process_stack /opt/stack/cinder/cinder/api/openstack/wsgi.py:878}}
Aug 03 21:36:38 devstack devstack@c-api.service[88851]: DEBUG cinder.volume.api [None req-68982eb4-e0ae-4854-abe2-2a97685e78c1 tempest-VolumesTestJSON-364777745 tempest-VolumesTestJSON-364777745-project-member] Task 'cinder.volume.flows.api.create_volume.ExtractVolumeRequestTask;volume:create' (d18c144e-19f6-4fde-8dad-9dd2afb69edc) transitioned into state 'SUCCESS' from state 'RUNNING' with result '{'size': 1, 'snapshot_id': None, 'source_volid': None, 'volume_type': VolumeType(created_at=2026-08-03T19:29:49Z,deleted=False,deleted_at=None,description=None,extra_specs={},id=c8d6e06d-fd0f-4652-a42f-b0d3f8f822bb,is_public=True,name='QuobyteHD',projects=[],qos_specs=,qos_specs_id=None,updated_at=None), 'volume_type_id': 'c8d6e06d-fd0f-4652-a42f-b0d3f8f822bb', 'encryption_key_id': None, 'qos_specs': None, 'consistencygroup_id': None, 'cgsnapshot_id': None, 'group_id': None, 'replication_status': 'disabled', 'refresh_az': False, 'backup_id': None, 'multiattach': False, 'availability_zones': ['nova']}' {{(pid=88851) _task_receiver /opt/stack/data/venv/lib/python3.12/site-packages/taskflow/listeners/logging.py:218}}
Aug 03 21:36:38 devstack devstack@c-api.service[88851]: DEBUG cinder.volume.api [None req-68982eb4-e0ae-4854-abe2-2a97685e78c1 tempest-VolumesTestJSON-364777745 tempest-VolumesTestJSON-364777745-project-member] Task 'cinder.volume.flows.api.create_volume.QuotaReserveTask;volume:create' (85a8b894-2953-4945-9b75-2c322662b682) transitioned into state 'RUNNING' from state 'PENDING' {{(pid=88851) _task_receiver /opt/stack/data/venv/lib/python3.12/site-packages/taskflow/listeners/logging.py:242}}
Aug 03 21:36:38 devstack devstack@c-api.service[88850]: DEBUG cinder.api.v3.groups [None req-546cf68e-f423-49cc-8316-8680f36a35ef tempest-GroupsTest-179933651 tempest-GroupsTest-179933651-project-member] show called for member f785bee9-85ef-40b0-a494-8e4df001bbc7 {{(pid=88850) show /opt/stack/cinder/cinder/api/v3/groups.py:58}}
Aug 03 21:36:39 devstack devstack@c-api.service[88850]: INFO cinder.api.openstack.wsgi [None req-546cf68e-f423-49cc-8316-8680f36a35ef tempest-GroupsTest-179933651 tempest-GroupsTest-179933651-project-member] http://192.168.122.208/volume/v3/groups/f785bee9-85ef-40b0-a494-8e4df001bbc7 returned with HTTP 404
Aug 03 21:36:39 devstack devstack@c-api.service[88850]: [pid: 88850|app: 0|req: 179/353] 192.168.122.208 () {60 vars in 1270 bytes} [Mon Aug 3 21:36:38 2026] GET /volume/v3/groups/f785bee9-85ef-40b0-a494-8e4df001bbc7 => generated 108 bytes in 39 msecs (HTTP/1.1 404) 7 headers in 293 bytes (1 switches on core 0)
Aug 03 21:36:39 devstack devstack@c-api.service[88850]: DEBUG cinder.api.middleware.request_id [None req-4d2e11c5-cfe1-46e2-9420-ee52314ecffc None None] RequestId filter calling following filter/app {{(pid=88850) _context_setter /opt/stack/cinder/cinder/api/middleware/request_id.py:62}}
Aug 03 21:36:39 devstack devstack@c-api.service[88850]: INFO cinder.api.openstack.wsgi [None req-4d2e11c5-cfe1-46e2-9420-ee52314ecffc tempest-GroupsTest-179933651 tempest-GroupsTest-179933651-project-member] POST http://192.168.122.208/volume/v3/groups/70aa026c-1380-40a4-a015-723898b25e58/action
Aug 03 21:36:39 devstack devstack@c-api.service[88850]: DEBUG cinder.api.openstack.wsgi [None req-4d2e11c5-cfe1-46e2-9420-ee52314ecffc tempest-GroupsTest-179933651 tempest-GroupsTest-179933651-project-member] Action body: b'{"delete": {"delete-volumes": false}}' {{(pid=88850) get_method /opt/stack/cinder/cinder/api/openstack/wsgi.py:993}}
Aug 03 21:36:39 devstack devstack@c-api.service[88850]: DEBUG cinder.api.openstack.wsgi [None req-4d2e11c5-cfe1-46e2-9420-ee52314ecffc tempest-GroupsTest-179933651 tempest-GroupsTest-179933651-project-member] Action: 'action', calling method: delete_group, body: {"delete": {"delete-volumes": false}} {{(pid=88850) _process_stack /opt/stack/cinder/cinder/api/openstack/wsgi.py:876}}
Aug 03 21:36:39 devstack devstack@c-api.service[88850]: DEBUG cinder.api.v3.groups [None req-4d2e11c5-cfe1-46e2-9420-ee52314ecffc tempest-GroupsTest-179933651 tempest-GroupsTest-179933651-project-member] delete called for group 70aa026c-1380-40a4-a015-723898b25e58 {{(pid=88850) _delete /opt/stack/cinder/cinder/api/v3/groups.py:117}}
Aug 03 21:36:39 devstack devstack@c-api.service[88850]: INFO cinder.api.v3.groups [None req-4d2e11c5-cfe1-46e2-9420-ee52314ecffc tempest-GroupsTest-179933651 tempest-GroupsTest-179933651-project-member] Delete group with id: 70aa026c-1380-40a4-a015-723898b25e58
Aug 03 21:36:39 devstack devstack@c-api.service[88850]: /opt/stack/data/venv/lib/python3.12/site-packages/oslo_context/context.py:102: DeprecationWarning: Policy enforcement is depending on the value of is_admin. This key is deprecated. Please update your policy file to use the standard policy values.
Aug 03 21:36:39 devstack devstack@c-api.service[88850]: warnings.warn(
Aug 03 21:36:39 devstack devstack@c-api.service[88851]: DEBUG cinder.quota [None req-68982eb4-e0ae-4854-abe2-2a97685e78c1 tempest-VolumesTestJSON-364777745 tempest-VolumesTestJSON-364777745-project-member] Created reservations ['8b434efa-9020-4600-b9d4-809e62e45c98', '523280d5-485f-4ec8-b013-1f33ebd9f039', 'f2721f79-e87a-4d41-9c8a-6576573389b1', 'cad98f27-b4f6-4e46-995c-b8b33cb62e8d'] {{(pid=88851) reserve /opt/stack/cinder/cinder/quota.py:752}}
Aug 03 21:36:39 devstack devstack@c-api.service[88851]: DEBUG cinder.volume.api [None req-68982eb4-e0ae-4854-abe2-2a97685e78c1 tempest-VolumesTestJSON-364777745 tempest-VolumesTestJSON-364777745-project-member] Task 'cinder.volume.flows.api.create_volume.QuotaReserveTask;volume:create' (85a8b894-2953-4945-9b75-2c322662b682) transitioned into state 'SUCCESS' from state 'RUNNING' with result '{'reservations': ['8b434efa-9020-4600-b9d4-809e62e45c98', '523280d5-485f-4ec8-b013-1f33ebd9f039', 'f2721f79-e87a-4d41-9c8a-6576573389b1', 'cad98f27-b4f6-4e46-995c-b8b33cb62e8d']}' {{(pid=88851) _task_receiver /opt/stack/data/venv/lib/python3.12/site-packages/taskflow/listeners/logging.py:218}}
Aug 03 21:36:39 devstack devstack@c-api.service[88851]: DEBUG cinder.volume.api [None req-68982eb4-e0ae-4854-abe2-2a97685e78c1 tempest-VolumesTestJSON-364777745 tempest-VolumesTestJSON-364777745-project-member] Task 'cinder.volume.flows.api.create_volume.EntryCreateTask;volume:create' (4af8d2d8-68e5-4dbf-8028-627c04f950e3) transitioned into state 'RUNNING' from state 'PENDING' {{(pid=88851) _task_receiver /opt/stack/data/venv/lib/python3.12/site-packages/taskflow/listeners/logging.py:242}}
Aug 03 21:36:39 devstack devstack@c-api.service[88850]: INFO cinder.api.openstack.wsgi [None req-4d2e11c5-cfe1-46e2-9420-ee52314ecffc tempest-GroupsTest-179933651 tempest-GroupsTest-179933651-project-member] http://192.168.122.208/volume/v3/groups/70aa026c-1380-40a4-a015-723898b25e58/action returned with HTTP 202
Aug 03 21:36:39 devstack devstack@c-api.service[88850]: [pid: 88850|app: 0|req: 180/354] 192.168.122.208 () {62 vars in 1312 bytes} [Mon Aug 3 21:36:39 2026] POST /volume/v3/groups/70aa026c-1380-40a4-a015-723898b25e58/action => generated 0 bytes in 146 msecs (HTTP/1.1 202) 6 headers in 234 bytes (1 switches on core 0)
Aug 03 21:36:39 devstack devstack@c-api.service[88850]: DEBUG cinder.api.middleware.request_id [None req-d57c20e3-1463-4212-8add-e3d17cbc94d0 None None] RequestId filter calling following filter/app {{(pid=88850) _context_setter /opt/stack/cinder/cinder/api/middleware/request_id.py:62}}
Aug 03 21:36:39 devstack devstack@c-api.service[88850]: INFO cinder.api.openstack.wsgi [None req-d57c20e3-1463-4212-8add-e3d17cbc94d0 tempest-GroupsTest-179933651 tempest-GroupsTest-179933651-project-member] GET http://192.168.122.208/volume/v3/groups/70aa026c-1380-40a4-a015-723898b25e58
Aug 03 21:36:39 devstack devstack@c-api.service[88851]: DEBUG cinder.volume.api [None req-68982eb4-e0ae-4854-abe2-2a97685e78c1 tempest-VolumesTestJSON-364777745 tempest-VolumesTestJSON-364777745-project-member] Task 'cinder.volume.flows.api.create_volume.EntryCreateTask;volume:create' (4af8d2d8-68e5-4dbf-8028-627c04f950e3) transitioned into state 'SUCCESS' from state 'RUNNING' with result '{'volume_id': '5ab44f5d-16df-4e32-acd3-d154fbb40fae', 'volume_properties': VolumeProperties(attach_status='detached',availability_zone='nova',cgsnapshot_id=None,consistencygroup_id=None,display_description=None,display_name='tempest-VolumesTestJSON-volume-805737644',encryption_key_id=None,group_id=None,group_type_id=,metadata={Type='work'},multiattach=False,project_id='7eb91a129d604f239fac19ca13f7b839',qos_specs=None,replication_status=,reservations=['8b434efa-9020-4600-b9d4-809e62e45c98','523280d5-485f-4ec8-b013-1f33ebd9f039','f2721f79-e87a-4d41-9c8a-6576573389b1','cad98f27-b4f6-4e46-995c-b8b33cb62e8d'],size=1,snapshot_id=None,source_replicaid=,source_volid=None,status='creating',user_id='6e6e0467f89b4153ae25349b8eda8c40',volume_type_id=c8d6e06d-fd0f-4652-a42f-b0d3f8f822bb), 'volume': Volume(_name_id=None,admin_metadata=,attach_status='detached',availability_zone='nova',bootable=False,cluster=,cluster_name=None,consistencygroup=,consistencygroup_id=None,created_at=2026-08-03T19:36:39Z,deleted=False,deleted_at=None,display_description=None,display_name='tempest-VolumesTestJSON-volume-805737644',ec2_id=None,encryption_key_id=None,glance_metadata=,group=,group_id=None,host=None,id=5ab44f5d-16df-4e32-acd3-d154fbb40fae,launched_at=None,metadata={Type='work'},migration_status=None,multiattach=False,previous_status=None,project_id='7eb91a129d604f239fac19ca13f7b839',provider_auth=None,provider_geometry=None,provider_id=None,provider_location=None,replication_driver_data=None,replication_extended_status=None,replication_status=None,scheduled_at=None,service_uuid=None,shared_targets=True,size=1,snapshot_id=None,snapshots=,source_volid=None,status='creating',terminated_at=None,updated_at=None,use_quota=True,user_id='6e6e0467f89b4153ae25349b8eda8c40',volume_attachment=VolumeAttachmentList,volume_type=VolumeType(c8d6e06d-fd0f-4652-a42f-b0d3f8f822bb),volume_type_id=c8d6e06d-fd0f-4652-a42f-b0d3f8f822bb)}' {{(pid=88851) _task_receiver /opt/stack/data/venv/lib/python3.12/site-packages/taskflow/listeners/logging.py:218}}
Aug 03 21:36:39 devstack devstack@c-api.service[88851]: DEBUG cinder.volume.api [None req-68982eb4-e0ae-4854-abe2-2a97685e78c1 tempest-VolumesTestJSON-364777745 tempest-VolumesTestJSON-364777745-project-member] Task 'cinder.volume.flows.api.create_volume.QuotaCommitTask;volume:create' (38e0713f-49b5-4160-92e4-56223d0d3c33) transitioned into state 'RUNNING' from state 'PENDING' {{(pid=88851) _task_receiver /opt/stack/data/venv/lib/python3.12/site-packages/taskflow/listeners/logging.py:242}}
Aug 03 21:36:39 devstack devstack@c-api.service[88850]: DEBUG cinder.api.openstack.wsgi [None req-d57c20e3-1463-4212-8add-e3d17cbc94d0 tempest-GroupsTest-179933651 tempest-GroupsTest-179933651-project-member] Empty body provided in request {{(pid=88850) get_body /opt/stack/cinder/cinder/api/openstack/wsgi.py:725}}
Aug 03 21:36:39 devstack devstack@c-api.service[88850]: DEBUG cinder.api.openstack.wsgi [None req-d57c20e3-1463-4212-8add-e3d17cbc94d0 tempest-GroupsTest-179933651 tempest-GroupsTest-179933651-project-member] Calling method 'version_select' {{(pid=88850) _process_stack /opt/stack/cinder/cinder/api/openstack/wsgi.py:878}}
Aug 03 21:36:39 devstack devstack@c-api.service[88850]: DEBUG cinder.api.v3.groups [None req-d57c20e3-1463-4212-8add-e3d17cbc94d0 tempest-GroupsTest-179933651 tempest-GroupsTest-179933651-project-member] show called for member 70aa026c-1380-40a4-a015-723898b25e58 {{(pid=88850) show /opt/stack/cinder/cinder/api/v3/groups.py:58}}
Aug 03 21:36:39 devstack devstack@c-api.service[88850]: /opt/stack/data/venv/lib/python3.12/site-packages/oslo_context/context.py:102: DeprecationWarning: Policy enforcement is depending on the value of is_admin. This key is deprecated. Please update your policy file to use the standard policy values.
Aug 03 21:36:39 devstack devstack@c-api.service[88850]: warnings.warn(
Aug 03 21:36:39 devstack devstack@c-api.service[88850]: INFO cinder.api.openstack.wsgi [None req-d57c20e3-1463-4212-8add-e3d17cbc94d0 tempest-GroupsTest-179933651 tempest-GroupsTest-179933651-project-member] http://192.168.122.208/volume/v3/groups/70aa026c-1380-40a4-a015-723898b25e58 returned with HTTP 200
Aug 03 21:36:39 devstack devstack@c-api.service[88850]: [pid: 88850|app: 0|req: 181/355] 192.168.122.208 () {60 vars in 1270 bytes} [Mon Aug 3 21:36:39 2026] GET /volume/v3/groups/70aa026c-1380-40a4-a015-723898b25e58 => generated 321 bytes in 87 msecs (HTTP/1.1 200) 7 headers in 286 bytes (1 switches on core 0)
Aug 03 21:36:39 devstack devstack@c-api.service[88851]: DEBUG cinder.volume.api [None req-68982eb4-e0ae-4854-abe2-2a97685e78c1 tempest-VolumesTestJSON-364777745 tempest-VolumesTestJSON-364777745-project-member] Task 'cinder.volume.flows.api.create_volume.QuotaCommitTask;volume:create' (38e0713f-49b5-4160-92e4-56223d0d3c33) transitioned into state 'SUCCESS' from state 'RUNNING' with result '{'volume_properties': VolumeProperties(attach_status='detached',availability_zone='nova',cgsnapshot_id=None,consistencygroup_id=None,display_description=None,display_name='tempest-VolumesTestJSON-volume-805737644',encryption_key_id=None,group_id=None,group_type_id=,metadata={Type='work'},multiattach=False,project_id='7eb91a129d604f239fac19ca13f7b839',qos_specs=None,replication_status=,reservations=['8b434efa-9020-4600-b9d4-809e62e45c98','523280d5-485f-4ec8-b013-1f33ebd9f039','f2721f79-e87a-4d41-9c8a-6576573389b1','cad98f27-b4f6-4e46-995c-b8b33cb62e8d'],size=1,snapshot_id=None,source_replicaid=,source_volid=None,status='creating',user_id='6e6e0467f89b4153ae25349b8eda8c40',volume_type_id=c8d6e06d-fd0f-4652-a42f-b0d3f8f822bb)}' {{(pid=88851) _task_receiver /opt/stack/data/venv/lib/python3.12/site-packages/taskflow/listeners/logging.py:218}}
Aug 03 21:36:39 devstack devstack@c-api.service[88851]: DEBUG cinder.volume.api [None req-68982eb4-e0ae-4854-abe2-2a97685e78c1 tempest-VolumesTestJSON-364777745 tempest-VolumesTestJSON-364777745-project-member] Task 'cinder.volume.flows.api.create_volume.VolumeCastTask;volume:create' (f8f64c26-a306-418e-8b31-16051a067ca8) transitioned into state 'RUNNING' from state 'PENDING' {{(pid=88851) _task_receiver /opt/stack/data/venv/lib/python3.12/site-packages/taskflow/listeners/logging.py:242}}
Aug 03 21:36:39 devstack devstack@c-api.service[88851]: DEBUG cinder.volume.api [None req-68982eb4-e0ae-4854-abe2-2a97685e78c1 tempest-VolumesTestJSON-364777745 tempest-VolumesTestJSON-364777745-project-member] Task 'cinder.volume.flows.api.create_volume.VolumeCastTask;volume:create' (f8f64c26-a306-418e-8b31-16051a067ca8) transitioned into state 'SUCCESS' from state 'RUNNING' with result 'None' {{(pid=88851) _task_receiver /opt/stack/data/venv/lib/python3.12/site-packages/taskflow/listeners/logging.py:218}}
Aug 03 21:36:39 devstack devstack@c-api.service[88851]: DEBUG cinder.volume.api [None req-68982eb4-e0ae-4854-abe2-2a97685e78c1 tempest-VolumesTestJSON-364777745 tempest-VolumesTestJSON-364777745-project-member] Flow 'volume_create_api' (7cde83ce-1063-488a-b60e-53a3cbe8e8b8) transitioned into state 'SUCCESS' from state 'RUNNING' {{(pid=88851) _flow_receiver /opt/stack/data/venv/lib/python3.12/site-packages/taskflow/listeners/logging.py:160}}
Aug 03 21:36:39 devstack devstack@c-api.service[88851]: INFO cinder.volume.api [None req-68982eb4-e0ae-4854-abe2-2a97685e78c1 tempest-VolumesTestJSON-364777745 tempest-VolumesTestJSON-364777745-project-member] Create volume request issued successfully.
Aug 03 21:36:39 devstack devstack@c-api.service[88851]: INFO cinder.api.openstack.wsgi [None req-68982eb4-e0ae-4854-abe2-2a97685e78c1 tempest-VolumesTestJSON-364777745 tempest-VolumesTestJSON-364777745-project-member] http://192.168.122.208/volume/v3/volumes returned with HTTP 202
Aug 03 21:36:39 devstack devstack@c-api.service[88851]: [pid: 88851|app: 0|req: 175/356] 192.168.122.208 () {60 vars in 1143 bytes} [Mon Aug 3 21:36:38 2026] POST /volume/v3/volumes => generated 768 bytes in 494 msecs (HTTP/1.1 202) 7 headers in 291 bytes (1 switches on core 0)
Aug 03 21:36:39 devstack devstack@c-api.service[88850]: DEBUG cinder.api.middleware.request_id [None req-a038ad26-fe3e-4b13-bbea-50135967b24c None None] RequestId filter calling following filter/app {{(pid=88850) _context_setter /opt/stack/cinder/cinder/api/middleware/request_id.py:62}}
Aug 03 21:36:39 devstack devstack@c-api.service[88850]: INFO cinder.api.openstack.wsgi [None req-a038ad26-fe3e-4b13-bbea-50135967b24c tempest-VolumesTestJSON-364777745 tempest-VolumesTestJSON-364777745-project-member] GET http://192.168.122.208/volume/v3/volumes/5ab44f5d-16df-4e32-acd3-d154fbb40fae
Aug 03 21:36:39 devstack devstack@c-api.service[88850]: DEBUG cinder.api.openstack.wsgi [None req-a038ad26-fe3e-4b13-bbea-50135967b24c tempest-VolumesTestJSON-364777745 tempest-VolumesTestJSON-364777745-project-member] Empty body provided in request {{(pid=88850) get_body /opt/stack/cinder/cinder/api/openstack/wsgi.py:725}}
Aug 03 21:36:39 devstack devstack@c-api.service[88850]: DEBUG cinder.api.openstack.wsgi [None req-a038ad26-fe3e-4b13-bbea-50135967b24c tempest-VolumesTestJSON-364777745 tempest-VolumesTestJSON-364777745-project-member] Calling method 'show' {{(pid=88850) _process_stack /opt/stack/cinder/cinder/api/openstack/wsgi.py:878}}
Aug 03 21:36:39 devstack devstack@c-api.service[88850]: /opt/stack/data/venv/lib/python3.12/site-packages/oslo_context/context.py:102: DeprecationWarning: Policy enforcement is depending on the value of is_admin. This key is deprecated. Please update your policy file to use the standard policy values.
Aug 03 21:36:39 devstack devstack@c-api.service[88850]: warnings.warn(
Aug 03 21:36:39 devstack devstack@c-api.service[88850]: INFO cinder.volume.api [None req-a038ad26-fe3e-4b13-bbea-50135967b24c tempest-VolumesTestJSON-364777745 tempest-VolumesTestJSON-364777745-project-member] Volume info retrieved successfully.
Aug 03 21:36:39 devstack devstack@c-api.service[88850]: INFO cinder.api.openstack.wsgi [None req-a038ad26-fe3e-4b13-bbea-50135967b24c tempest-VolumesTestJSON-364777745 tempest-VolumesTestJSON-364777745-project-member] http://192.168.122.208/volume/v3/volumes/5ab44f5d-16df-4e32-acd3-d154fbb40fae returned with HTTP 200
Aug 03 21:36:39 devstack devstack@c-api.service[88850]: [pid: 88850|app: 0|req: 182/357] 192.168.122.208 () {58 vars in 1232 bytes} [Mon Aug 3 21:36:39 2026] GET /volume/v3/volumes/5ab44f5d-16df-4e32-acd3-d154fbb40fae => generated 836 bytes in 101 msecs (HTTP/1.1 200) 7 headers in 285 bytes (1 switches on core 0)
Aug 03 21:36:40 devstack devstack@c-api.service[88851]: DEBUG cinder.api.middleware.request_id [None req-144a4e01-bb9c-47ed-9953-598c9d09c0bb None None] RequestId filter calling following filter/app {{(pid=88851) _context_setter /opt/stack/cinder/cinder/api/middleware/request_id.py:62}}
Aug 03 21:36:40 devstack devstack@c-api.service[88851]: INFO cinder.api.openstack.wsgi [None req-144a4e01-bb9c-47ed-9953-598c9d09c0bb tempest-VolumesCloneTest-1764185459 tempest-VolumesCloneTest-1764185459-project-member] POST http://192.168.122.208/volume/v3/volumes
Aug 03 21:36:40 devstack devstack@c-api.service[88850]: DEBUG cinder.api.middleware.request_id [None req-fefcc02f-73be-4b57-b34d-0f67ce0850b7 None None] RequestId filter calling following filter/app {{(pid=88850) _context_setter /opt/stack/cinder/cinder/api/middleware/request_id.py:62}}
Aug 03 21:36:40 devstack devstack@c-api.service[88851]: DEBUG cinder.api.openstack.wsgi [None req-144a4e01-bb9c-47ed-9953-598c9d09c0bb tempest-VolumesCloneTest-1764185459 tempest-VolumesCloneTest-1764185459-project-member] Action: 'create', calling method: create, body: {"volume": {"size": 1, "name": "tempest-VolumesCloneTest-Volume-1660921036"}} {{(pid=88851) _process_stack /opt/stack/cinder/cinder/api/openstack/wsgi.py:876}}
Aug 03 21:36:40 devstack devstack@c-api.service[88850]: INFO cinder.api.openstack.wsgi [None req-fefcc02f-73be-4b57-b34d-0f67ce0850b7 tempest-GroupsTest-179933651 tempest-GroupsTest-179933651-project-member] GET http://192.168.122.208/volume/v3/groups/70aa026c-1380-40a4-a015-723898b25e58
Aug 03 21:36:40 devstack devstack@c-api.service[88851]: DEBUG cinder.api.v3.volumes [None req-144a4e01-bb9c-47ed-9953-598c9d09c0bb tempest-VolumesCloneTest-1764185459 tempest-VolumesCloneTest-1764185459-project-member] Create volume request body: {'volume': {'size': 1, 'name': 'tempest-VolumesCloneTest-Volume-1660921036'}} {{(pid=88851) create /opt/stack/cinder/cinder/api/v3/volumes.py:368}}
Aug 03 21:36:40 devstack devstack@c-api.service[88851]: INFO cinder.api.v3.volumes [None req-144a4e01-bb9c-47ed-9953-598c9d09c0bb tempest-VolumesCloneTest-1764185459 tempest-VolumesCloneTest-1764185459-project-member] Create volume of 1 GB
Aug 03 21:36:40 devstack devstack@c-api.service[88850]: DEBUG cinder.api.openstack.wsgi [None req-fefcc02f-73be-4b57-b34d-0f67ce0850b7 tempest-GroupsTest-179933651 tempest-GroupsTest-179933651-project-member] Empty body provided in request {{(pid=88850) get_body /opt/stack/cinder/cinder/api/openstack/wsgi.py:725}}
Aug 03 21:36:40 devstack devstack@c-api.service[88850]: DEBUG cinder.api.openstack.wsgi [None req-fefcc02f-73be-4b57-b34d-0f67ce0850b7 tempest-GroupsTest-179933651 tempest-GroupsTest-179933651-project-member] Calling method 'version_select' {{(pid=88850) _process_stack /opt/stack/cinder/cinder/api/openstack/wsgi.py:878}}
Aug 03 21:36:40 devstack devstack@c-api.service[88850]: DEBUG cinder.api.v3.groups [None req-fefcc02f-73be-4b57-b34d-0f67ce0850b7 tempest-GroupsTest-179933651 tempest-GroupsTest-179933651-project-member] show called for member 70aa026c-1380-40a4-a015-723898b25e58 {{(pid=88850) show /opt/stack/cinder/cinder/api/v3/groups.py:58}}
Aug 03 21:36:40 devstack devstack@c-api.service[88851]: /opt/stack/data/venv/lib/python3.12/site-packages/oslo_context/context.py:102: DeprecationWarning: Policy enforcement is depending on the value of is_admin. This key is deprecated. Please update your policy file to use the standard policy values.
Aug 03 21:36:40 devstack devstack@c-api.service[88851]: warnings.warn(
Aug 03 21:36:40 devstack devstack@c-api.service[88850]: INFO cinder.api.openstack.wsgi [None req-fefcc02f-73be-4b57-b34d-0f67ce0850b7 tempest-GroupsTest-179933651 tempest-GroupsTest-179933651-project-member] http://192.168.122.208/volume/v3/groups/70aa026c-1380-40a4-a015-723898b25e58 returned with HTTP 404
Aug 03 21:36:40 devstack devstack@c-api.service[88850]: [pid: 88850|app: 0|req: 183/358] 192.168.122.208 () {60 vars in 1270 bytes} [Mon Aug 3 21:36:40 2026] GET /volume/v3/groups/70aa026c-1380-40a4-a015-723898b25e58 => generated 108 bytes in 18 msecs (HTTP/1.1 404) 7 headers in 293 bytes (1 switches on core 0)
Aug 03 21:36:40 devstack devstack@c-api.service[88851]: INFO cinder.volume.api [None req-144a4e01-bb9c-47ed-9953-598c9d09c0bb tempest-VolumesCloneTest-1764185459 tempest-VolumesCloneTest-1764185459-project-member] Availability Zones retrieved successfully.
Aug 03 21:36:40 devstack devstack@c-api.service[88850]: DEBUG cinder.api.middleware.request_id [None req-29c8d52e-7529-4d47-9702-ec8e89e28e22 None None] RequestId filter calling following filter/app {{(pid=88850) _context_setter /opt/stack/cinder/cinder/api/middleware/request_id.py:62}}
Aug 03 21:36:40 devstack devstack@c-api.service[88850]: INFO cinder.api.openstack.wsgi [None req-29c8d52e-7529-4d47-9702-ec8e89e28e22 tempest-GroupsTest-179933651 tempest-GroupsTest-179933651-project-member] GET http://192.168.122.208/volume/v3/groups/detail
Aug 03 21:36:40 devstack devstack@c-api.service[88850]: DEBUG cinder.api.openstack.wsgi [None req-29c8d52e-7529-4d47-9702-ec8e89e28e22 tempest-GroupsTest-179933651 tempest-GroupsTest-179933651-project-member] Empty body provided in request {{(pid=88850) get_body /opt/stack/cinder/cinder/api/openstack/wsgi.py:725}}
Aug 03 21:36:40 devstack devstack@c-api.service[88850]: DEBUG cinder.api.openstack.wsgi [None req-29c8d52e-7529-4d47-9702-ec8e89e28e22 tempest-GroupsTest-179933651 tempest-GroupsTest-179933651-project-member] Calling method 'version_select' {{(pid=88850) _process_stack /opt/stack/cinder/cinder/api/openstack/wsgi.py:878}}
Aug 03 21:36:40 devstack devstack@c-api.service[88850]: INFO cinder.api.openstack.wsgi [None req-29c8d52e-7529-4d47-9702-ec8e89e28e22 tempest-GroupsTest-179933651 tempest-GroupsTest-179933651-project-member] http://192.168.122.208/volume/v3/groups/detail returned with HTTP 200
Aug 03 21:36:40 devstack devstack@c-api.service[88850]: [pid: 88850|app: 0|req: 184/359] 192.168.122.208 () {60 vars in 1180 bytes} [Mon Aug 3 21:36:40 2026] GET /volume/v3/groups/detail => generated 14 bytes in 18 msecs (HTTP/1.1 200) 7 headers in 285 bytes (1 switches on core 0)
Aug 03 21:36:40 devstack devstack@c-api.service[88851]: DEBUG cinder.volume.api [None req-144a4e01-bb9c-47ed-9953-598c9d09c0bb tempest-VolumesCloneTest-1764185459 tempest-VolumesCloneTest-1764185459-project-member] Flow 'volume_create_api' (ec1f068f-f507-48b1-8ab2-fc784c49c5e3) transitioned into state 'RUNNING' from state 'PENDING' {{(pid=88851) _flow_receiver /opt/stack/data/venv/lib/python3.12/site-packages/taskflow/listeners/logging.py:160}}
Aug 03 21:36:40 devstack devstack@c-api.service[88851]: DEBUG cinder.volume.api [None req-144a4e01-bb9c-47ed-9953-598c9d09c0bb tempest-VolumesCloneTest-1764185459 tempest-VolumesCloneTest-1764185459-project-member] Task 'cinder.volume.flows.api.create_volume.ExtractVolumeRequestTask;volume:create' (173dd27e-5e8c-49fe-9b00-b8dac3f17ef1) transitioned into state 'RUNNING' from state 'PENDING' {{(pid=88851) _task_receiver /opt/stack/data/venv/lib/python3.12/site-packages/taskflow/listeners/logging.py:242}}
Aug 03 21:36:40 devstack devstack@c-api.service[88851]: DEBUG cinder.volume.flows.api.create_volume [None req-144a4e01-bb9c-47ed-9953-598c9d09c0bb tempest-VolumesCloneTest-1764185459 tempest-VolumesCloneTest-1764185459-project-member] Validating volume size '1' using validate_int {{(pid=88851) _extract_size /opt/stack/cinder/cinder/volume/flows/api/create_volume.py:226}}
Aug 03 21:36:40 devstack devstack@c-api.service[88850]: DEBUG cinder.api.middleware.request_id [None req-c79f8f81-2a99-4641-a5e0-b55d991dbd52 None None] RequestId filter calling following filter/app {{(pid=88850) _context_setter /opt/stack/cinder/cinder/api/middleware/request_id.py:62}}
Aug 03 21:36:40 devstack devstack@c-api.service[88850]: INFO cinder.api.openstack.wsgi [None req-c79f8f81-2a99-4641-a5e0-b55d991dbd52 tempest-GroupsTest-179933651 tempest-GroupsTest-179933651-project-member] GET http://192.168.122.208/volume/v3/volumes/detail
Aug 03 21:36:40 devstack devstack@c-api.service[88850]: DEBUG cinder.api.openstack.wsgi [None req-c79f8f81-2a99-4641-a5e0-b55d991dbd52 tempest-GroupsTest-179933651 tempest-GroupsTest-179933651-project-member] Empty body provided in request {{(pid=88850) get_body /opt/stack/cinder/cinder/api/openstack/wsgi.py:725}}
Aug 03 21:36:40 devstack devstack@c-api.service[88850]: DEBUG cinder.api.openstack.wsgi [None req-c79f8f81-2a99-4641-a5e0-b55d991dbd52 tempest-GroupsTest-179933651 tempest-GroupsTest-179933651-project-member] Calling method 'detail' {{(pid=88850) _process_stack /opt/stack/cinder/cinder/api/openstack/wsgi.py:878}}
Aug 03 21:36:40 devstack devstack@c-api.service[88850]: DEBUG cinder.api.api_utils [None req-c79f8f81-2a99-4641-a5e0-b55d991dbd52 tempest-GroupsTest-179933651 tempest-GroupsTest-179933651-project-member] Removing options '' from query. {{(pid=88850) remove_invalid_filter_options /opt/stack/cinder/cinder/api/api_utils.py:82}}
Aug 03 21:36:40 devstack devstack@c-api.service[88850]: DEBUG cinder.volume.api [None req-c79f8f81-2a99-4641-a5e0-b55d991dbd52 tempest-GroupsTest-179933651 tempest-GroupsTest-179933651-project-member] Searching by: MultiDict([('no_migration_targets', True)]). {{(pid=88850) get_all /opt/stack/cinder/cinder/volume/api.py:664}}
Aug 03 21:36:40 devstack devstack@c-api.service[88850]: INFO cinder.volume.api [None req-c79f8f81-2a99-4641-a5e0-b55d991dbd52 tempest-GroupsTest-179933651 tempest-GroupsTest-179933651-project-member] Get all volumes completed successfully.
Aug 03 21:36:40 devstack devstack@c-api.service[88850]: INFO cinder.api.openstack.wsgi [None req-c79f8f81-2a99-4641-a5e0-b55d991dbd52 tempest-GroupsTest-179933651 tempest-GroupsTest-179933651-project-member] http://192.168.122.208/volume/v3/volumes/detail returned with HTTP 200
Aug 03 21:36:40 devstack devstack@c-api.service[88850]: [pid: 88850|app: 0|req: 185/360] 192.168.122.208 () {60 vars in 1183 bytes} [Mon Aug 3 21:36:40 2026] GET /volume/v3/volumes/detail => generated 15 bytes in 29 msecs (HTTP/1.1 200) 7 headers in 285 bytes (2 switches on core 0)
Aug 03 21:36:40 devstack devstack@c-api.service[88850]: DEBUG cinder.api.middleware.request_id [None req-3b4ae705-8917-4a12-ac67-0871a4d37c9d None None] RequestId filter calling following filter/app {{(pid=88850) _context_setter /opt/stack/cinder/cinder/api/middleware/request_id.py:62}}
Aug 03 21:36:40 devstack devstack@c-api.service[88850]: INFO cinder.api.openstack.wsgi [None req-3b4ae705-8917-4a12-ac67-0871a4d37c9d tempest-GroupsTest-179933651 tempest-GroupsTest-179933651-project-member] POST http://192.168.122.208/volume/v3/groups/70aa026c-1380-40a4-a015-723898b25e58/action
Aug 03 21:36:40 devstack devstack@c-api.service[88851]: DEBUG cinder.volume.api [None req-144a4e01-bb9c-47ed-9953-598c9d09c0bb tempest-VolumesCloneTest-1764185459 tempest-VolumesCloneTest-1764185459-project-member] Task 'cinder.volume.flows.api.create_volume.ExtractVolumeRequestTask;volume:create' (173dd27e-5e8c-49fe-9b00-b8dac3f17ef1) transitioned into state 'SUCCESS' from state 'RUNNING' with result '{'size': 1, 'snapshot_id': None, 'source_volid': None, 'volume_type': VolumeType(created_at=2026-08-03T19:29:49Z,deleted=False,deleted_at=None,description=None,extra_specs={},id=c8d6e06d-fd0f-4652-a42f-b0d3f8f822bb,is_public=True,name='QuobyteHD',projects=[],qos_specs=,qos_specs_id=None,updated_at=None), 'volume_type_id': 'c8d6e06d-fd0f-4652-a42f-b0d3f8f822bb', 'encryption_key_id': None, 'qos_specs': None, 'consistencygroup_id': None, 'cgsnapshot_id': None, 'group_id': None, 'replication_status': 'disabled', 'refresh_az': False, 'backup_id': None, 'multiattach': False, 'availability_zones': ['nova']}' {{(pid=88851) _task_receiver /opt/stack/data/venv/lib/python3.12/site-packages/taskflow/listeners/logging.py:218}}
Aug 03 21:36:40 devstack devstack@c-api.service[88850]: DEBUG cinder.api.openstack.wsgi [None req-3b4ae705-8917-4a12-ac67-0871a4d37c9d tempest-GroupsTest-179933651 tempest-GroupsTest-179933651-project-member] Action body: b'{"delete": {"delete-volumes": true}}' {{(pid=88850) get_method /opt/stack/cinder/cinder/api/openstack/wsgi.py:993}}
Aug 03 21:36:40 devstack devstack@c-api.service[88850]: DEBUG cinder.api.openstack.wsgi [None req-3b4ae705-8917-4a12-ac67-0871a4d37c9d tempest-GroupsTest-179933651 tempest-GroupsTest-179933651-project-member] Action: 'action', calling method: delete_group, body: {"delete": {"delete-volumes": true}} {{(pid=88850) _process_stack /opt/stack/cinder/cinder/api/openstack/wsgi.py:876}}
Aug 03 21:36:40 devstack devstack@c-api.service[88851]: DEBUG cinder.volume.api [None req-144a4e01-bb9c-47ed-9953-598c9d09c0bb tempest-VolumesCloneTest-1764185459 tempest-VolumesCloneTest-1764185459-project-member] Task 'cinder.volume.flows.api.create_volume.QuotaReserveTask;volume:create' (2f099dd8-d0bc-4afb-919c-fba833a743a9) transitioned into state 'RUNNING' from state 'PENDING' {{(pid=88851) _task_receiver /opt/stack/data/venv/lib/python3.12/site-packages/taskflow/listeners/logging.py:242}}
Aug 03 21:36:40 devstack devstack@c-api.service[88850]: DEBUG cinder.api.v3.groups [None req-3b4ae705-8917-4a12-ac67-0871a4d37c9d tempest-GroupsTest-179933651 tempest-GroupsTest-179933651-project-member] delete called for group 70aa026c-1380-40a4-a015-723898b25e58 {{(pid=88850) _delete /opt/stack/cinder/cinder/api/v3/groups.py:117}}
Aug 03 21:36:40 devstack devstack@c-api.service[88850]: INFO cinder.api.v3.groups [None req-3b4ae705-8917-4a12-ac67-0871a4d37c9d tempest-GroupsTest-179933651 tempest-GroupsTest-179933651-project-member] Delete group with id: 70aa026c-1380-40a4-a015-723898b25e58
Aug 03 21:36:40 devstack devstack@c-api.service[88850]: INFO cinder.api.openstack.wsgi [None req-3b4ae705-8917-4a12-ac67-0871a4d37c9d tempest-GroupsTest-179933651 tempest-GroupsTest-179933651-project-member] http://192.168.122.208/volume/v3/groups/70aa026c-1380-40a4-a015-723898b25e58/action returned with HTTP 404
Aug 03 21:36:40 devstack devstack@c-api.service[88850]: [pid: 88850|app: 0|req: 186/361] 192.168.122.208 () {62 vars in 1312 bytes} [Mon Aug 3 21:36:40 2026] POST /volume/v3/groups/70aa026c-1380-40a4-a015-723898b25e58/action => generated 108 bytes in 19 msecs (HTTP/1.1 404) 7 headers in 293 bytes (1 switches on core 0)
Aug 03 21:36:40 devstack devstack@c-api.service[88850]: DEBUG cinder.api.middleware.request_id [None req-f9f720ff-9c0a-4305-b0db-4ad9a08ea415 None None] RequestId filter calling following filter/app {{(pid=88850) _context_setter /opt/stack/cinder/cinder/api/middleware/request_id.py:62}}
Aug 03 21:36:40 devstack devstack@c-api.service[88850]: INFO cinder.api.openstack.wsgi [None req-f9f720ff-9c0a-4305-b0db-4ad9a08ea415 tempest-GroupsTest-179933651 tempest-GroupsTest-179933651-project-member] GET http://192.168.122.208/volume/v3/volumes/detail
Aug 03 21:36:40 devstack devstack@c-api.service[88850]: DEBUG cinder.api.openstack.wsgi [None req-f9f720ff-9c0a-4305-b0db-4ad9a08ea415 tempest-GroupsTest-179933651 tempest-GroupsTest-179933651-project-member] Empty body provided in request {{(pid=88850) get_body /opt/stack/cinder/cinder/api/openstack/wsgi.py:725}}
Aug 03 21:36:40 devstack devstack@c-api.service[88850]: DEBUG cinder.api.openstack.wsgi [None req-f9f720ff-9c0a-4305-b0db-4ad9a08ea415 tempest-GroupsTest-179933651 tempest-GroupsTest-179933651-project-member] Calling method 'detail' {{(pid=88850) _process_stack /opt/stack/cinder/cinder/api/openstack/wsgi.py:878}}
Aug 03 21:36:40 devstack devstack@c-api.service[88850]: DEBUG cinder.api.api_utils [None req-f9f720ff-9c0a-4305-b0db-4ad9a08ea415 tempest-GroupsTest-179933651 tempest-GroupsTest-179933651-project-member] Removing options '' from query. {{(pid=88850) remove_invalid_filter_options /opt/stack/cinder/cinder/api/api_utils.py:82}}
Aug 03 21:36:40 devstack devstack@c-api.service[88850]: DEBUG cinder.volume.api [None req-f9f720ff-9c0a-4305-b0db-4ad9a08ea415 tempest-GroupsTest-179933651 tempest-GroupsTest-179933651-project-member] Searching by: MultiDict([('no_migration_targets', True)]). {{(pid=88850) get_all /opt/stack/cinder/cinder/volume/api.py:664}}
Aug 03 21:36:40 devstack devstack@c-api.service[88850]: INFO cinder.volume.api [None req-f9f720ff-9c0a-4305-b0db-4ad9a08ea415 tempest-GroupsTest-179933651 tempest-GroupsTest-179933651-project-member] Get all volumes completed successfully.
Aug 03 21:36:40 devstack devstack@c-api.service[88850]: INFO cinder.api.openstack.wsgi [None req-f9f720ff-9c0a-4305-b0db-4ad9a08ea415 tempest-GroupsTest-179933651 tempest-GroupsTest-179933651-project-member] http://192.168.122.208/volume/v3/volumes/detail returned with HTTP 200
Aug 03 21:36:40 devstack devstack@c-api.service[88850]: [pid: 88850|app: 0|req: 187/362] 192.168.122.208 () {60 vars in 1183 bytes} [Mon Aug 3 21:36:40 2026] GET /volume/v3/volumes/detail => generated 15 bytes in 29 msecs (HTTP/1.1 200) 7 headers in 285 bytes (1 switches on core 0)
Aug 03 21:36:40 devstack devstack@c-api.service[88850]: DEBUG cinder.api.middleware.request_id [None req-99ee02e1-3d31-4300-af79-4efd112b19e1 None None] RequestId filter calling following filter/app {{(pid=88850) _context_setter /opt/stack/cinder/cinder/api/middleware/request_id.py:62}}
Aug 03 21:36:40 devstack devstack@c-api.service[88850]: INFO cinder.api.openstack.wsgi [None req-99ee02e1-3d31-4300-af79-4efd112b19e1 tempest-GroupsTest-179933651 tempest-GroupsTest-179933651-project-member] POST http://192.168.122.208/volume/v3/groups/f785bee9-85ef-40b0-a494-8e4df001bbc7/action
Aug 03 21:36:40 devstack devstack@c-api.service[88850]: DEBUG cinder.api.openstack.wsgi [None req-99ee02e1-3d31-4300-af79-4efd112b19e1 tempest-GroupsTest-179933651 tempest-GroupsTest-179933651-project-member] Action body: b'{"delete": {"delete-volumes": true}}' {{(pid=88850) get_method /opt/stack/cinder/cinder/api/openstack/wsgi.py:993}}
Aug 03 21:36:40 devstack devstack@c-api.service[88850]: DEBUG cinder.api.openstack.wsgi [None req-99ee02e1-3d31-4300-af79-4efd112b19e1 tempest-GroupsTest-179933651 tempest-GroupsTest-179933651-project-member] Action: 'action', calling method: delete_group, body: {"delete": {"delete-volumes": true}} {{(pid=88850) _process_stack /opt/stack/cinder/cinder/api/openstack/wsgi.py:876}}
Aug 03 21:36:40 devstack devstack@c-api.service[88850]: DEBUG cinder.api.v3.groups [None req-99ee02e1-3d31-4300-af79-4efd112b19e1 tempest-GroupsTest-179933651 tempest-GroupsTest-179933651-project-member] delete called for group f785bee9-85ef-40b0-a494-8e4df001bbc7 {{(pid=88850) _delete /opt/stack/cinder/cinder/api/v3/groups.py:117}}
Aug 03 21:36:40 devstack devstack@c-api.service[88850]: INFO cinder.api.v3.groups [None req-99ee02e1-3d31-4300-af79-4efd112b19e1 tempest-GroupsTest-179933651 tempest-GroupsTest-179933651-project-member] Delete group with id: f785bee9-85ef-40b0-a494-8e4df001bbc7
Aug 03 21:36:40 devstack devstack@c-api.service[88850]: INFO cinder.api.openstack.wsgi [None req-99ee02e1-3d31-4300-af79-4efd112b19e1 tempest-GroupsTest-179933651 tempest-GroupsTest-179933651-project-member] http://192.168.122.208/volume/v3/groups/f785bee9-85ef-40b0-a494-8e4df001bbc7/action returned with HTTP 404
Aug 03 21:36:40 devstack devstack@c-api.service[88850]: [pid: 88850|app: 0|req: 188/363] 192.168.122.208 () {62 vars in 1312 bytes} [Mon Aug 3 21:36:40 2026] POST /volume/v3/groups/f785bee9-85ef-40b0-a494-8e4df001bbc7/action => generated 108 bytes in 25 msecs (HTTP/1.1 404) 7 headers in 293 bytes (1 switches on core 0)
Aug 03 21:36:40 devstack devstack@c-api.service[88850]: DEBUG cinder.api.middleware.request_id [None req-2646e09b-7391-4892-a067-c40c4553cf03 None None] RequestId filter calling following filter/app {{(pid=88850) _context_setter /opt/stack/cinder/cinder/api/middleware/request_id.py:62}}
Aug 03 21:36:40 devstack devstack@c-api.service[88850]: INFO cinder.api.openstack.wsgi [None req-2646e09b-7391-4892-a067-c40c4553cf03 tempest-GroupsTest-528462870 tempest-GroupsTest-528462870-project-admin] DELETE http://192.168.122.208/volume/v3/group_types/288699ee-119a-47b3-b212-796d0edde81e
Aug 03 21:36:40 devstack devstack@c-api.service[88850]: DEBUG cinder.api.openstack.wsgi [None req-2646e09b-7391-4892-a067-c40c4553cf03 tempest-GroupsTest-528462870 tempest-GroupsTest-528462870-project-admin] Empty body provided in request {{(pid=88850) get_body /opt/stack/cinder/cinder/api/openstack/wsgi.py:725}}
Aug 03 21:36:40 devstack devstack@c-api.service[88850]: DEBUG cinder.api.openstack.wsgi [None req-2646e09b-7391-4892-a067-c40c4553cf03 tempest-GroupsTest-528462870 tempest-GroupsTest-528462870-project-admin] Calling method 'version_select' {{(pid=88850) _process_stack /opt/stack/cinder/cinder/api/openstack/wsgi.py:878}}
Aug 03 21:36:40 devstack devstack@c-api.service[88850]: INFO cinder.api.openstack.wsgi [None req-2646e09b-7391-4892-a067-c40c4553cf03 tempest-GroupsTest-528462870 tempest-GroupsTest-528462870-project-admin] http://192.168.122.208/volume/v3/group_types/288699ee-119a-47b3-b212-796d0edde81e returned with HTTP 202
Aug 03 21:36:40 devstack devstack@c-api.service[88850]: [pid: 88850|app: 0|req: 189/364] 192.168.122.208 () {60 vars in 1288 bytes} [Mon Aug 3 21:36:40 2026] DELETE /volume/v3/group_types/288699ee-119a-47b3-b212-796d0edde81e => generated 0 bytes in 54 msecs (HTTP/1.1 202) 6 headers in 234 bytes (1 switches on core 0)
Aug 03 21:36:40 devstack devstack@c-api.service[88850]: DEBUG cinder.api.middleware.request_id [None req-a188aeb3-3e43-439a-bed4-019ee7bcdcec None None] RequestId filter calling following filter/app {{(pid=88850) _context_setter /opt/stack/cinder/cinder/api/middleware/request_id.py:62}}
Aug 03 21:36:40 devstack devstack@c-api.service[88850]: INFO cinder.api.openstack.wsgi [None req-a188aeb3-3e43-439a-bed4-019ee7bcdcec tempest-VolumesTestJSON-364777745 tempest-VolumesTestJSON-364777745-project-member] GET http://192.168.122.208/volume/v3/volumes/5ab44f5d-16df-4e32-acd3-d154fbb40fae
Aug 03 21:36:40 devstack devstack@c-api.service[88850]: DEBUG cinder.api.openstack.wsgi [None req-a188aeb3-3e43-439a-bed4-019ee7bcdcec tempest-VolumesTestJSON-364777745 tempest-VolumesTestJSON-364777745-project-member] Empty body provided in request {{(pid=88850) get_body /opt/stack/cinder/cinder/api/openstack/wsgi.py:725}}
Aug 03 21:36:40 devstack devstack@c-api.service[88850]: DEBUG cinder.api.openstack.wsgi [None req-a188aeb3-3e43-439a-bed4-019ee7bcdcec tempest-VolumesTestJSON-364777745 tempest-VolumesTestJSON-364777745-project-member] Calling method 'show' {{(pid=88850) _process_stack /opt/stack/cinder/cinder/api/openstack/wsgi.py:878}}
Aug 03 21:36:40 devstack devstack@c-api.service[88851]: DEBUG cinder.quota [None req-144a4e01-bb9c-47ed-9953-598c9d09c0bb tempest-VolumesCloneTest-1764185459 tempest-VolumesCloneTest-1764185459-project-member] Created reservations ['d0b23910-2feb-4220-92a7-fd238f2e6f15', '8c9830a4-8ad9-4d98-b33c-eabeea835bde', '5ef73c89-9cc3-4d21-aa7b-1bff75337bf3', '320a2cf2-165e-4366-b7aa-76d00a38dea3'] {{(pid=88851) reserve /opt/stack/cinder/cinder/quota.py:752}}
Aug 03 21:36:40 devstack devstack@c-api.service[88851]: DEBUG cinder.volume.api [None req-144a4e01-bb9c-47ed-9953-598c9d09c0bb tempest-VolumesCloneTest-1764185459 tempest-VolumesCloneTest-1764185459-project-member] Task 'cinder.volume.flows.api.create_volume.QuotaReserveTask;volume:create' (2f099dd8-d0bc-4afb-919c-fba833a743a9) transitioned into state 'SUCCESS' from state 'RUNNING' with result '{'reservations': ['d0b23910-2feb-4220-92a7-fd238f2e6f15', '8c9830a4-8ad9-4d98-b33c-eabeea835bde', '5ef73c89-9cc3-4d21-aa7b-1bff75337bf3', '320a2cf2-165e-4366-b7aa-76d00a38dea3']}' {{(pid=88851) _task_receiver /opt/stack/data/venv/lib/python3.12/site-packages/taskflow/listeners/logging.py:218}}
Aug 03 21:36:40 devstack devstack@c-api.service[88851]: DEBUG cinder.volume.api [None req-144a4e01-bb9c-47ed-9953-598c9d09c0bb tempest-VolumesCloneTest-1764185459 tempest-VolumesCloneTest-1764185459-project-member] Task 'cinder.volume.flows.api.create_volume.EntryCreateTask;volume:create' (51470127-d58c-450f-92c2-67e271045255) transitioned into state 'RUNNING' from state 'PENDING' {{(pid=88851) _task_receiver /opt/stack/data/venv/lib/python3.12/site-packages/taskflow/listeners/logging.py:242}}
Aug 03 21:36:40 devstack devstack@c-api.service[88850]: /opt/stack/data/venv/lib/python3.12/site-packages/oslo_context/context.py:102: DeprecationWarning: Policy enforcement is depending on the value of is_admin. This key is deprecated. Please update your policy file to use the standard policy values.
Aug 03 21:36:40 devstack devstack@c-api.service[88850]: warnings.warn(
Aug 03 21:36:40 devstack devstack@c-api.service[88850]: INFO cinder.volume.api [None req-a188aeb3-3e43-439a-bed4-019ee7bcdcec tempest-VolumesTestJSON-364777745 tempest-VolumesTestJSON-364777745-project-member] Volume info retrieved successfully.
Aug 03 21:36:40 devstack devstack@c-api.service[88850]: INFO cinder.api.openstack.wsgi [None req-a188aeb3-3e43-439a-bed4-019ee7bcdcec tempest-VolumesTestJSON-364777745 tempest-VolumesTestJSON-364777745-project-member] http://192.168.122.208/volume/v3/volumes/5ab44f5d-16df-4e32-acd3-d154fbb40fae returned with HTTP 200
Aug 03 21:36:40 devstack devstack@c-api.service[88850]: [pid: 88850|app: 0|req: 190/365] 192.168.122.208 () {58 vars in 1232 bytes} [Mon Aug 3 21:36:40 2026] GET /volume/v3/volumes/5ab44f5d-16df-4e32-acd3-d154fbb40fae => generated 860 bytes in 53 msecs (HTTP/1.1 200) 7 headers in 285 bytes (1 switches on core 0)
