Jun 23 12:28:18 devstack devstack@c-api.service[93364]: WARNING stevedore.named [None req-64491b9a-b652-4d8a-9119-43596f80c199 tempest-GroupSnapshotsTest-1622835289 tempest-GroupSnapshotsTest-1622835289-project-member] Could not load cinder.keymgr.conf_key_mgr.ConfKeyManager
Jun 23 12:28:18 devstack devstack@c-api.service[93364]: WARNING castellan.key_manager [None req-64491b9a-b652-4d8a-9119-43596f80c199 tempest-GroupSnapshotsTest-1622835289 tempest-GroupSnapshotsTest-1622835289-project-member] Deprecation Warning : cinder.keymgr.conf_key_mgr.ConfKeyManager is not a stevedore based driver, trying to load it as a class: stevedore.exception.NoMatches: No 'castellan.drivers' driver found, looking for 'cinder.keymgr.conf_key_mgr.ConfKeyManager'
Jun 23 12:28:18 devstack devstack@c-api.service[93364]: DEBUG oslo_db.sqlalchemy.engines [None req-64491b9a-b652-4d8a-9119-43596f80c199 tempest-GroupSnapshotsTest-1622835289 tempest-GroupSnapshotsTest-1622835289-project-member] MySQL server mode set to STRICT_TRANS_TABLES,STRICT_ALL_TABLES,NO_ZERO_IN_DATE,NO_ZERO_DATE,ERROR_FOR_DIVISION_BY_ZERO,TRADITIONAL,NO_ENGINE_SUBSTITUTION {{(pid=93364) _check_effective_sql_mode /opt/stack/data/venv/lib/python3.12/site-packages/oslo_db/sqlalchemy/engines.py:325}}
Jun 23 12:28:18 devstack devstack@c-api.service[93364]: /opt/stack/data/venv/lib/python3.12/site-packages/oslo_context/context.py:102: DeprecationWarning: Policy enforcement is depending on the value of is_admin. This key is deprecated. Please update your policy file to use the standard policy values.
Jun 23 12:28:18 devstack devstack@c-api.service[93364]: warnings.warn(
Jun 23 12:28:18 devstack devstack@c-api.service[93364]: WARNING stevedore.named [None req-64491b9a-b652-4d8a-9119-43596f80c199 tempest-GroupSnapshotsTest-1622835289 tempest-GroupSnapshotsTest-1622835289-project-member] Could not load cinder.keymgr.conf_key_mgr.ConfKeyManager
Jun 23 12:28:18 devstack devstack@c-api.service[93364]: WARNING castellan.key_manager [None req-64491b9a-b652-4d8a-9119-43596f80c199 tempest-GroupSnapshotsTest-1622835289 tempest-GroupSnapshotsTest-1622835289-project-member] Deprecation Warning : cinder.keymgr.conf_key_mgr.ConfKeyManager is not a stevedore based driver, trying to load it as a class: stevedore.exception.NoMatches: No 'castellan.drivers' driver found, looking for 'cinder.keymgr.conf_key_mgr.ConfKeyManager'
Jun 23 12:28:19 devstack devstack@c-api.service[93364]: DEBUG oslo_db.sqlalchemy.engines [None req-64491b9a-b652-4d8a-9119-43596f80c199 tempest-GroupSnapshotsTest-1622835289 tempest-GroupSnapshotsTest-1622835289-project-member] MySQL server mode set to STRICT_TRANS_TABLES,STRICT_ALL_TABLES,NO_ZERO_IN_DATE,NO_ZERO_DATE,ERROR_FOR_DIVISION_BY_ZERO,TRADITIONAL,NO_ENGINE_SUBSTITUTION {{(pid=93364) _check_effective_sql_mode /opt/stack/data/venv/lib/python3.12/site-packages/oslo_db/sqlalchemy/engines.py:325}}
Jun 23 12:28:19 devstack devstack@c-api.service[93364]: /opt/stack/data/venv/lib/python3.12/site-packages/oslo_context/context.py:102: DeprecationWarning: Policy enforcement is depending on the value of is_admin. This key is deprecated. Please update your policy file to use the standard policy values.
Jun 23 12:28:19 devstack devstack@c-api.service[93364]: warnings.warn(
Jun 23 12:28:19 devstack devstack@c-api.service[93364]: INFO cinder.api.openstack.wsgi [None req-64491b9a-b652-4d8a-9119-43596f80c199 tempest-GroupSnapshotsTest-1622835289 tempest-GroupSnapshotsTest-1622835289-project-member] http://192.168.122.47/volume/v3/volumes/detail returned with HTTP 200
Jun 23 12:28:19 devstack devstack@c-api.service[93364]: [pid: 93364|app: 0|req: 170/331] 192.168.122.47 () {60 vars in 1178 bytes} [Tue Jun 23 12:28:18 2026] GET /volume/v3/volumes/detail => generated 1835 bytes in 256 msecs (HTTP/1.1 200) 7 headers in 287 bytes (1 switches on core 0)
Jun 23 12:28:19 devstack devstack@c-api.service[93363]: DEBUG cinder.api.middleware.request_id [None req-51e241be-ecba-45f1-9c32-32c212467444 None None] RequestId filter calling following filter/app {{(pid=93363) _context_setter /opt/stack/cinder/cinder/api/middleware/request_id.py:62}}
Jun 23 12:28:19 devstack devstack@c-api.service[93363]: INFO cinder.api.openstack.wsgi [None req-51e241be-ecba-45f1-9c32-32c212467444 tempest-GroupSnapshotsTest-1622835289 tempest-GroupSnapshotsTest-1622835289-project-member] POST http://192.168.122.47/volume/v3/group_snapshots
Jun 23 12:28:19 devstack devstack@c-api.service[93363]: DEBUG cinder.api.openstack.wsgi [None req-51e241be-ecba-45f1-9c32-32c212467444 tempest-GroupSnapshotsTest-1622835289 tempest-GroupSnapshotsTest-1622835289-project-member] Action: 'create', calling method: version_select, body: {"group_snapshot": {"group_id": "387ef03d-63a2-41c7-8852-0d5a45804e75", "name": "tempest-GroupSnapshotsTest-Group_Snapshot-570993207"}} {{(pid=93363) _process_stack /opt/stack/cinder/cinder/api/openstack/wsgi.py:876}}
Jun 23 12:28:19 devstack devstack@c-api.service[93363]: DEBUG cinder.api.v3.group_snapshots [None req-51e241be-ecba-45f1-9c32-32c212467444 tempest-GroupSnapshotsTest-1622835289 tempest-GroupSnapshotsTest-1622835289-project-member] Creating new group_snapshot {'group_snapshot': {'group_id': '387ef03d-63a2-41c7-8852-0d5a45804e75', 'name': 'tempest-GroupSnapshotsTest-Group_Snapshot-570993207'}} {{(pid=93363) create /opt/stack/cinder/cinder/api/v3/group_snapshots.py:154}}
Jun 23 12:28:19 devstack devstack@c-api.service[93363]: /opt/stack/data/venv/lib/python3.12/site-packages/oslo_context/context.py:102: DeprecationWarning: Policy enforcement is depending on the value of is_admin. This key is deprecated. Please update your policy file to use the standard policy values.
Jun 23 12:28:19 devstack devstack@c-api.service[93363]: warnings.warn(
Jun 23 12:28:19 devstack devstack@c-api.service[93363]: INFO cinder.api.v3.group_snapshots [None req-51e241be-ecba-45f1-9c32-32c212467444 tempest-GroupSnapshotsTest-1622835289 tempest-GroupSnapshotsTest-1622835289-project-member] Creating group_snapshot tempest-GroupSnapshotsTest-Group_Snapshot-570993207.
Jun 23 12:28:19 devstack devstack@c-api.service[93363]: /opt/stack/data/venv/lib/python3.12/site-packages/oslo_context/context.py:102: DeprecationWarning: Policy enforcement is depending on the value of is_admin. This key is deprecated. Please update your policy file to use the standard policy values.
Jun 23 12:28:19 devstack devstack@c-api.service[93363]: warnings.warn(
Jun 23 12:28:19 devstack devstack@c-api.service[93363]: WARNING cinder.quota [None req-51e241be-ecba-45f1-9c32-32c212467444 tempest-GroupSnapshotsTest-1622835289 tempest-GroupSnapshotsTest-1622835289-project-member] Deprecated: Default quota for resource: gigabytes_tempest-GroupSnapshotsTest-volume-type-1281250401 is set by the default quota flag: quota_gigabytes_tempest-GroupSnapshotsTest-volume-type-1281250401, it is now deprecated. Please use the default quota class for default quota.
Jun 23 12:28:19 devstack devstack@c-api.service[93363]: WARNING cinder.quota [None req-51e241be-ecba-45f1-9c32-32c212467444 tempest-GroupSnapshotsTest-1622835289 tempest-GroupSnapshotsTest-1622835289-project-member] Deprecated: Default quota for resource: snapshots_tempest-GroupSnapshotsTest-volume-type-1281250401 is set by the default quota flag: quota_snapshots_tempest-GroupSnapshotsTest-volume-type-1281250401, it is now deprecated. Please use the default quota class for default quota.
Jun 23 12:28:19 devstack devstack@c-api.service[93363]: DEBUG cinder.quota [None req-51e241be-ecba-45f1-9c32-32c212467444 tempest-GroupSnapshotsTest-1622835289 tempest-GroupSnapshotsTest-1622835289-project-member] Created reservations ['8712aeff-75f7-42d7-b34d-a91bb256544c', 'ecf666fc-2d7e-42ae-ba55-db7544789251', '1d08de83-61de-4ab5-b50e-8a32bf2c2f49', 'dc08c9c3-7c59-4a05-8df3-4bb9583ba964'] {{(pid=93363) reserve /opt/stack/cinder/cinder/quota.py:752}}
Jun 23 12:28:19 devstack devstack@c-api.service[93363]: INFO cinder.api.openstack.wsgi [None req-51e241be-ecba-45f1-9c32-32c212467444 tempest-GroupSnapshotsTest-1622835289 tempest-GroupSnapshotsTest-1622835289-project-member] http://192.168.122.47/volume/v3/group_snapshots returned with HTTP 202
Jun 23 12:28:19 devstack devstack@c-api.service[93363]: [pid: 93363|app: 0|req: 162/332] 192.168.122.47 () {62 vars in 1203 bytes} [Tue Jun 23 12:28:19 2026] POST /volume/v3/group_snapshots => generated 186 bytes in 247 msecs (HTTP/1.1 202) 7 headers in 292 bytes (1 switches on core 0)
Jun 23 12:28:19 devstack devstack@c-api.service[93364]: DEBUG cinder.api.middleware.request_id [None req-734b23a6-3bd2-4e2f-99a7-f163d4282386 None None] RequestId filter calling following filter/app {{(pid=93364) _context_setter /opt/stack/cinder/cinder/api/middleware/request_id.py:62}}
Jun 23 12:28:19 devstack devstack@c-api.service[93364]: INFO cinder.api.openstack.wsgi [None req-734b23a6-3bd2-4e2f-99a7-f163d4282386 tempest-GroupSnapshotsTest-1622835289 tempest-GroupSnapshotsTest-1622835289-project-member] GET http://192.168.122.47/volume/v3/group_snapshots/d62716c8-c457-4418-89b4-7fa9793e93c7
Jun 23 12:28:19 devstack devstack@c-api.service[93364]: DEBUG cinder.api.openstack.wsgi [None req-734b23a6-3bd2-4e2f-99a7-f163d4282386 tempest-GroupSnapshotsTest-1622835289 tempest-GroupSnapshotsTest-1622835289-project-member] Empty body provided in request {{(pid=93364) get_body /opt/stack/cinder/cinder/api/openstack/wsgi.py:725}}
Jun 23 12:28:19 devstack devstack@c-api.service[93364]: DEBUG cinder.api.openstack.wsgi [None req-734b23a6-3bd2-4e2f-99a7-f163d4282386 tempest-GroupSnapshotsTest-1622835289 tempest-GroupSnapshotsTest-1622835289-project-member] Calling method 'version_select' {{(pid=93364) _process_stack /opt/stack/cinder/cinder/api/openstack/wsgi.py:878}}
Jun 23 12:28:19 devstack devstack@c-api.service[93364]: DEBUG cinder.api.v3.group_snapshots [None req-734b23a6-3bd2-4e2f-99a7-f163d4282386 tempest-GroupSnapshotsTest-1622835289 tempest-GroupSnapshotsTest-1622835289-project-member] show called for member d62716c8-c457-4418-89b4-7fa9793e93c7 {{(pid=93364) show /opt/stack/cinder/cinder/api/v3/group_snapshots.py:58}}
Jun 23 12:28:19 devstack devstack@c-api.service[93364]: /opt/stack/data/venv/lib/python3.12/site-packages/oslo_context/context.py:102: DeprecationWarning: Policy enforcement is depending on the value of is_admin. This key is deprecated. Please update your policy file to use the standard policy values.
Jun 23 12:28:19 devstack devstack@c-api.service[93364]: warnings.warn(
Jun 23 12:28:19 devstack devstack@c-api.service[93363]: DEBUG cinder.api.middleware.request_id [None req-7bc87e82-7906-49c3-9fc2-4ab1cbfa1a74 None None] RequestId filter calling following filter/app {{(pid=93363) _context_setter /opt/stack/cinder/cinder/api/middleware/request_id.py:62}}
Jun 23 12:28:19 devstack devstack@c-api.service[93363]: INFO cinder.api.openstack.wsgi [None req-7bc87e82-7906-49c3-9fc2-4ab1cbfa1a74 tempest-TaggedAttachmentsTest-1350788062 tempest-TaggedAttachmentsTest-1350788062-project-member] GET http://192.168.122.47/volume/v3/volumes/cb587f3f-8048-4068-ba5b-61f1b90c97cc
Jun 23 12:28:19 devstack devstack@c-api.service[93363]: DEBUG cinder.api.openstack.wsgi [None req-7bc87e82-7906-49c3-9fc2-4ab1cbfa1a74 tempest-TaggedAttachmentsTest-1350788062 tempest-TaggedAttachmentsTest-1350788062-project-member] Empty body provided in request {{(pid=93363) get_body /opt/stack/cinder/cinder/api/openstack/wsgi.py:725}}
Jun 23 12:28:19 devstack devstack@c-api.service[93363]: DEBUG cinder.api.openstack.wsgi [None req-7bc87e82-7906-49c3-9fc2-4ab1cbfa1a74 tempest-TaggedAttachmentsTest-1350788062 tempest-TaggedAttachmentsTest-1350788062-project-member] Calling method 'show' {{(pid=93363) _process_stack /opt/stack/cinder/cinder/api/openstack/wsgi.py:878}}
Jun 23 12:28:19 devstack devstack@c-api.service[93364]: INFO cinder.api.openstack.wsgi [None req-734b23a6-3bd2-4e2f-99a7-f163d4282386 tempest-GroupSnapshotsTest-1622835289 tempest-GroupSnapshotsTest-1622835289-project-member] http://192.168.122.47/volume/v3/group_snapshots/d62716c8-c457-4418-89b4-7fa9793e93c7 returned with HTTP 200
Jun 23 12:28:19 devstack devstack@c-api.service[93364]: [pid: 93364|app: 0|req: 171/333] 192.168.122.47 () {60 vars in 1292 bytes} [Tue Jun 23 12:28:19 2026] GET /volume/v3/group_snapshots/d62716c8-c457-4418-89b4-7fa9793e93c7 => generated 325 bytes in 55 msecs (HTTP/1.1 200) 7 headers in 286 bytes (1 switches on core 0)
Jun 23 12:28:19 devstack devstack@c-api.service[93363]: /opt/stack/data/venv/lib/python3.12/site-packages/oslo_context/context.py:102: DeprecationWarning: Policy enforcement is depending on the value of is_admin. This key is deprecated. Please update your policy file to use the standard policy values.
Jun 23 12:28:19 devstack devstack@c-api.service[93363]: warnings.warn(
Jun 23 12:28:19 devstack devstack@c-api.service[93363]: INFO cinder.volume.api [None req-7bc87e82-7906-49c3-9fc2-4ab1cbfa1a74 tempest-TaggedAttachmentsTest-1350788062 tempest-TaggedAttachmentsTest-1350788062-project-member] Volume info retrieved successfully.
Jun 23 12:28:19 devstack devstack@c-api.service[93363]: INFO cinder.api.openstack.wsgi [None req-7bc87e82-7906-49c3-9fc2-4ab1cbfa1a74 tempest-TaggedAttachmentsTest-1350788062 tempest-TaggedAttachmentsTest-1350788062-project-member] http://192.168.122.47/volume/v3/volumes/cb587f3f-8048-4068-ba5b-61f1b90c97cc returned with HTTP 200
Jun 23 12:28:19 devstack devstack@c-api.service[93363]: [pid: 93363|app: 0|req: 163/334] 192.168.122.47 () {58 vars in 1227 bytes} [Tue Jun 23 12:28:19 2026] GET /volume/v3/volumes/cb587f3f-8048-4068-ba5b-61f1b90c97cc => generated 851 bytes in 72 msecs (HTTP/1.1 200) 7 headers in 285 bytes (2 switches on core 0)
Jun 23 12:28:20 devstack devstack@c-api.service[93364]: DEBUG cinder.api.middleware.request_id [None req-7e24e40b-576e-4435-99eb-a815c204d489 None None] RequestId filter calling following filter/app {{(pid=93364) _context_setter /opt/stack/cinder/cinder/api/middleware/request_id.py:62}}
Jun 23 12:28:20 devstack devstack@c-api.service[93364]: INFO cinder.api.openstack.wsgi [None req-7e24e40b-576e-4435-99eb-a815c204d489 tempest-GroupSnapshotsTest-1622835289 tempest-GroupSnapshotsTest-1622835289-project-member] GET http://192.168.122.47/volume/v3/group_snapshots/d62716c8-c457-4418-89b4-7fa9793e93c7
Jun 23 12:28:20 devstack devstack@c-api.service[93364]: DEBUG cinder.api.openstack.wsgi [None req-7e24e40b-576e-4435-99eb-a815c204d489 tempest-GroupSnapshotsTest-1622835289 tempest-GroupSnapshotsTest-1622835289-project-member] Empty body provided in request {{(pid=93364) get_body /opt/stack/cinder/cinder/api/openstack/wsgi.py:725}}
Jun 23 12:28:20 devstack devstack@c-api.service[93364]: DEBUG cinder.api.openstack.wsgi [None req-7e24e40b-576e-4435-99eb-a815c204d489 tempest-GroupSnapshotsTest-1622835289 tempest-GroupSnapshotsTest-1622835289-project-member] Calling method 'version_select' {{(pid=93364) _process_stack /opt/stack/cinder/cinder/api/openstack/wsgi.py:878}}
Jun 23 12:28:20 devstack devstack@c-api.service[93364]: DEBUG cinder.api.v3.group_snapshots [None req-7e24e40b-576e-4435-99eb-a815c204d489 tempest-GroupSnapshotsTest-1622835289 tempest-GroupSnapshotsTest-1622835289-project-member] show called for member d62716c8-c457-4418-89b4-7fa9793e93c7 {{(pid=93364) show /opt/stack/cinder/cinder/api/v3/group_snapshots.py:58}}
Jun 23 12:28:20 devstack devstack@c-api.service[93364]: /opt/stack/data/venv/lib/python3.12/site-packages/oslo_context/context.py:102: DeprecationWarning: Policy enforcement is depending on the value of is_admin. This key is deprecated. Please update your policy file to use the standard policy values.
Jun 23 12:28:20 devstack devstack@c-api.service[93364]: warnings.warn(
Jun 23 12:28:20 devstack devstack@c-api.service[93364]: INFO cinder.api.openstack.wsgi [None req-7e24e40b-576e-4435-99eb-a815c204d489 tempest-GroupSnapshotsTest-1622835289 tempest-GroupSnapshotsTest-1622835289-project-member] http://192.168.122.47/volume/v3/group_snapshots/d62716c8-c457-4418-89b4-7fa9793e93c7 returned with HTTP 200
Jun 23 12:28:20 devstack devstack@c-api.service[93364]: [pid: 93364|app: 0|req: 172/335] 192.168.122.47 () {60 vars in 1292 bytes} [Tue Jun 23 12:28:20 2026] GET /volume/v3/group_snapshots/d62716c8-c457-4418-89b4-7fa9793e93c7 => generated 325 bytes in 30 msecs (HTTP/1.1 200) 7 headers in 286 bytes (1 switches on core 0)
Jun 23 12:28:20 devstack devstack@c-api.service[93363]: DEBUG cinder.api.middleware.request_id [None req-0d688aa9-9db9-4852-8af3-455cd289e52c None None] RequestId filter calling following filter/app {{(pid=93363) _context_setter /opt/stack/cinder/cinder/api/middleware/request_id.py:62}}
Jun 23 12:28:20 devstack devstack@c-api.service[93363]: INFO cinder.api.openstack.wsgi [None req-0d688aa9-9db9-4852-8af3-455cd289e52c tempest-TaggedAttachmentsTest-1350788062 tempest-TaggedAttachmentsTest-1350788062-project-member] GET http://192.168.122.47/volume/v3/volumes/cb587f3f-8048-4068-ba5b-61f1b90c97cc
Jun 23 12:28:20 devstack devstack@c-api.service[93363]: DEBUG cinder.api.openstack.wsgi [None req-0d688aa9-9db9-4852-8af3-455cd289e52c tempest-TaggedAttachmentsTest-1350788062 tempest-TaggedAttachmentsTest-1350788062-project-member] Empty body provided in request {{(pid=93363) get_body /opt/stack/cinder/cinder/api/openstack/wsgi.py:725}}
Jun 23 12:28:20 devstack devstack@c-api.service[93363]: DEBUG cinder.api.openstack.wsgi [None req-0d688aa9-9db9-4852-8af3-455cd289e52c tempest-TaggedAttachmentsTest-1350788062 tempest-TaggedAttachmentsTest-1350788062-project-member] Calling method 'show' {{(pid=93363) _process_stack /opt/stack/cinder/cinder/api/openstack/wsgi.py:878}}
Jun 23 12:28:20 devstack devstack@c-api.service[93363]: /opt/stack/data/venv/lib/python3.12/site-packages/oslo_context/context.py:102: DeprecationWarning: Policy enforcement is depending on the value of is_admin. This key is deprecated. Please update your policy file to use the standard policy values.
Jun 23 12:28:20 devstack devstack@c-api.service[93363]: warnings.warn(
Jun 23 12:28:20 devstack devstack@c-api.service[93363]: INFO cinder.volume.api [None req-0d688aa9-9db9-4852-8af3-455cd289e52c tempest-TaggedAttachmentsTest-1350788062 tempest-TaggedAttachmentsTest-1350788062-project-member] Volume info retrieved successfully.
Jun 23 12:28:20 devstack devstack@c-api.service[93363]: INFO cinder.api.openstack.wsgi [None req-0d688aa9-9db9-4852-8af3-455cd289e52c tempest-TaggedAttachmentsTest-1350788062 tempest-TaggedAttachmentsTest-1350788062-project-member] http://192.168.122.47/volume/v3/volumes/cb587f3f-8048-4068-ba5b-61f1b90c97cc returned with HTTP 200
Jun 23 12:28:20 devstack devstack@c-api.service[93363]: [pid: 93363|app: 0|req: 164/336] 192.168.122.47 () {58 vars in 1227 bytes} [Tue Jun 23 12:28:20 2026] GET /volume/v3/volumes/cb587f3f-8048-4068-ba5b-61f1b90c97cc => generated 851 bytes in 56 msecs (HTTP/1.1 200) 7 headers in 285 bytes (1 switches on core 0)
Jun 23 12:28:20 devstack devstack@c-api.service[93364]: DEBUG cinder.api.middleware.request_id [None req-e5d38232-8cb8-46fe-8e4c-6fa060686134 None None] RequestId filter calling following filter/app {{(pid=93364) _context_setter /opt/stack/cinder/cinder/api/middleware/request_id.py:62}}
Jun 23 12:28:20 devstack devstack@c-api.service[93364]: INFO cinder.api.openstack.wsgi [None req-e5d38232-8cb8-46fe-8e4c-6fa060686134 tempest-VolumeRetypeWithoutMigrationTest-1144505429 tempest-VolumeRetypeWithoutMigrationTest-1144505429-project-admin] POST http://192.168.122.47/volume/v3/types
Jun 23 12:28:20 devstack devstack@c-api.service[93364]: DEBUG cinder.api.openstack.wsgi [None req-e5d38232-8cb8-46fe-8e4c-6fa060686134 tempest-VolumeRetypeWithoutMigrationTest-1144505429 tempest-VolumeRetypeWithoutMigrationTest-1144505429-project-admin] Action: 'create', calling method: _create, body: {"volume_type": {"name": "volume-type-1"}} {{(pid=93364) _process_stack /opt/stack/cinder/cinder/api/openstack/wsgi.py:876}}
Jun 23 12:28:20 devstack devstack@c-api.service[93364]: INFO cinder.api.openstack.wsgi [None req-e5d38232-8cb8-46fe-8e4c-6fa060686134 tempest-VolumeRetypeWithoutMigrationTest-1144505429 tempest-VolumeRetypeWithoutMigrationTest-1144505429-project-admin] http://192.168.122.47/volume/v3/types returned with HTTP 200
Jun 23 12:28:20 devstack devstack@c-api.service[93364]: [pid: 93364|app: 0|req: 173/337] 192.168.122.47 () {60 vars in 1131 bytes} [Tue Jun 23 12:28:20 2026] POST /volume/v3/types => generated 188 bytes in 334 msecs (HTTP/1.1 200) 7 headers in 285 bytes (1 switches on core 0)
Jun 23 12:28:20 devstack devstack@c-api.service[93363]: DEBUG cinder.api.middleware.request_id [None req-b34eb371-ea26-4a15-915e-f5f5954fae34 None None] RequestId filter calling following filter/app {{(pid=93363) _context_setter /opt/stack/cinder/cinder/api/middleware/request_id.py:62}}
Jun 23 12:28:20 devstack devstack@c-api.service[93363]: INFO cinder.api.openstack.wsgi [None req-b34eb371-ea26-4a15-915e-f5f5954fae34 tempest-VolumeRetypeWithoutMigrationTest-1144505429 tempest-VolumeRetypeWithoutMigrationTest-1144505429-project-admin] POST http://192.168.122.47/volume/v3/types
Jun 23 12:28:20 devstack devstack@c-api.service[93363]: DEBUG cinder.api.openstack.wsgi [None req-b34eb371-ea26-4a15-915e-f5f5954fae34 tempest-VolumeRetypeWithoutMigrationTest-1144505429 tempest-VolumeRetypeWithoutMigrationTest-1144505429-project-admin] Action: 'create', calling method: _create, body: {"volume_type": {"name": "volume-type-2"}} {{(pid=93363) _process_stack /opt/stack/cinder/cinder/api/openstack/wsgi.py:876}}
Jun 23 12:28:20 devstack devstack@c-api.service[93364]: DEBUG cinder.api.middleware.request_id [req-5d2bf23b-e995-4b71-9b1d-fb596f8d051b req-cbcf0996-bc32-4404-81fa-2ec05c97abf5 None None] RequestId filter calling following filter/app {{(pid=93364) _context_setter /opt/stack/cinder/cinder/api/middleware/request_id.py:62}}
Jun 23 12:28:20 devstack devstack@c-api.service[93364]: INFO cinder.api.openstack.wsgi [req-5d2bf23b-e995-4b71-9b1d-fb596f8d051b req-cbcf0996-bc32-4404-81fa-2ec05c97abf5 tempest-TaggedAttachmentsTest-1350788062 tempest-TaggedAttachmentsTest-1350788062-project-member] POST http://192.168.122.47/volume/v3/attachments/e7f27fe9-a679-4055-890c-2b4f05fb7acb/action
Jun 23 12:28:20 devstack devstack@c-api.service[93364]: DEBUG cinder.api.openstack.wsgi [req-5d2bf23b-e995-4b71-9b1d-fb596f8d051b req-cbcf0996-bc32-4404-81fa-2ec05c97abf5 tempest-TaggedAttachmentsTest-1350788062 tempest-TaggedAttachmentsTest-1350788062-project-member] Action body: b'{"os-complete": null}' {{(pid=93364) get_method /opt/stack/cinder/cinder/api/openstack/wsgi.py:993}}
Jun 23 12:28:20 devstack devstack@c-api.service[93364]: DEBUG cinder.api.openstack.wsgi [req-5d2bf23b-e995-4b71-9b1d-fb596f8d051b req-cbcf0996-bc32-4404-81fa-2ec05c97abf5 tempest-TaggedAttachmentsTest-1350788062 tempest-TaggedAttachmentsTest-1350788062-project-member] Action: 'action', calling method: version_select, body: {"os-complete": null} {{(pid=93364) _process_stack /opt/stack/cinder/cinder/api/openstack/wsgi.py:876}}
Jun 23 12:28:20 devstack devstack@c-api.service[93363]: INFO cinder.api.openstack.wsgi [None req-b34eb371-ea26-4a15-915e-f5f5954fae34 tempest-VolumeRetypeWithoutMigrationTest-1144505429 tempest-VolumeRetypeWithoutMigrationTest-1144505429-project-admin] http://192.168.122.47/volume/v3/types returned with HTTP 200
Jun 23 12:28:20 devstack devstack@c-api.service[93363]: [pid: 93363|app: 0|req: 165/338] 192.168.122.47 () {60 vars in 1131 bytes} [Tue Jun 23 12:28:20 2026] POST /volume/v3/types => generated 188 bytes in 51 msecs (HTTP/1.1 200) 7 headers in 285 bytes (1 switches on core 0)
Jun 23 12:28:20 devstack devstack@c-api.service[93363]: DEBUG cinder.api.middleware.request_id [None req-ac627fe3-08c8-406b-85e8-202c33beb530 None None] RequestId filter calling following filter/app {{(pid=93363) _context_setter /opt/stack/cinder/cinder/api/middleware/request_id.py:62}}
Jun 23 12:28:21 devstack devstack@c-api.service[93364]: /opt/stack/data/venv/lib/python3.12/site-packages/oslo_context/context.py:102: DeprecationWarning: Policy enforcement is depending on the value of is_admin. This key is deprecated. Please update your policy file to use the standard policy values.
Jun 23 12:28:21 devstack devstack@c-api.service[93364]: warnings.warn(
Jun 23 12:28:21 devstack devstack@c-api.service[93364]: INFO cinder.api.openstack.wsgi [req-5d2bf23b-e995-4b71-9b1d-fb596f8d051b req-cbcf0996-bc32-4404-81fa-2ec05c97abf5 tempest-TaggedAttachmentsTest-1350788062 tempest-TaggedAttachmentsTest-1350788062-project-member] http://192.168.122.47/volume/v3/attachments/e7f27fe9-a679-4055-890c-2b4f05fb7acb/action returned with HTTP 204
Jun 23 12:28:21 devstack devstack@c-api.service[93364]: [pid: 93364|app: 0|req: 174/339] 192.168.122.47 () {66 vars in 1609 bytes} [Tue Jun 23 12:28:20 2026] POST /volume/v3/attachments/e7f27fe9-a679-4055-890c-2b4f05fb7acb/action => generated 0 bytes in 112 msecs (HTTP/1.1 204) 7 headers in 292 bytes (1 switches on core 0)
Jun 23 12:28:21 devstack devstack@c-api.service[93363]: INFO cinder.api.openstack.wsgi [None req-ac627fe3-08c8-406b-85e8-202c33beb530 tempest-VolumeRetypeWithoutMigrationTest-1205794031 tempest-VolumeRetypeWithoutMigrationTest-1205794031-project-member] POST http://192.168.122.47/volume/v3/volumes
Jun 23 12:28:21 devstack devstack@c-api.service[93363]: DEBUG cinder.api.openstack.wsgi [None req-ac627fe3-08c8-406b-85e8-202c33beb530 tempest-VolumeRetypeWithoutMigrationTest-1205794031 tempest-VolumeRetypeWithoutMigrationTest-1205794031-project-member] Action: 'create', calling method: create, body: {"volume": {"volume_type": "volume-type-1", "size": 1, "name": "tempest-VolumeRetypeWithoutMigrationTest-Volume-1003636090"}} {{(pid=93363) _process_stack /opt/stack/cinder/cinder/api/openstack/wsgi.py:876}}
Jun 23 12:28:21 devstack devstack@c-api.service[93363]: DEBUG cinder.api.v3.volumes [None req-ac627fe3-08c8-406b-85e8-202c33beb530 tempest-VolumeRetypeWithoutMigrationTest-1205794031 tempest-VolumeRetypeWithoutMigrationTest-1205794031-project-member] Create volume request body: {'volume': {'volume_type': 'volume-type-1', 'size': 1, 'name': 'tempest-VolumeRetypeWithoutMigrationTest-Volume-1003636090'}} {{(pid=93363) create /opt/stack/cinder/cinder/api/v3/volumes.py:368}}
Jun 23 12:28:21 devstack devstack@c-api.service[93363]: INFO cinder.api.v3.volumes [None req-ac627fe3-08c8-406b-85e8-202c33beb530 tempest-VolumeRetypeWithoutMigrationTest-1205794031 tempest-VolumeRetypeWithoutMigrationTest-1205794031-project-member] Create volume of 1 GB
Jun 23 12:28:21 devstack devstack@c-api.service[93363]: /opt/stack/data/venv/lib/python3.12/site-packages/oslo_context/context.py:102: DeprecationWarning: Policy enforcement is depending on the value of is_admin. This key is deprecated. Please update your policy file to use the standard policy values.
Jun 23 12:28:21 devstack devstack@c-api.service[93363]: warnings.warn(
Jun 23 12:28:21 devstack devstack@c-api.service[93363]: INFO cinder.volume.api [None req-ac627fe3-08c8-406b-85e8-202c33beb530 tempest-VolumeRetypeWithoutMigrationTest-1205794031 tempest-VolumeRetypeWithoutMigrationTest-1205794031-project-member] Availability Zones retrieved successfully.
Jun 23 12:28:21 devstack devstack@c-api.service[93363]: DEBUG cinder.volume.api [None req-ac627fe3-08c8-406b-85e8-202c33beb530 tempest-VolumeRetypeWithoutMigrationTest-1205794031 tempest-VolumeRetypeWithoutMigrationTest-1205794031-project-member] Flow 'volume_create_api' (699bfd44-4714-4c38-a699-f2ad6ade3b87) transitioned into state 'RUNNING' from state 'PENDING' {{(pid=93363) _flow_receiver /opt/stack/data/venv/lib/python3.12/site-packages/taskflow/listeners/logging.py:160}}
Jun 23 12:28:21 devstack devstack@c-api.service[93363]: DEBUG cinder.volume.api [None req-ac627fe3-08c8-406b-85e8-202c33beb530 tempest-VolumeRetypeWithoutMigrationTest-1205794031 tempest-VolumeRetypeWithoutMigrationTest-1205794031-project-member] Task 'cinder.volume.flows.api.create_volume.ExtractVolumeRequestTask;volume:create' (a36d8c16-06c8-4d50-8f2a-c3714c984f40) transitioned into state 'RUNNING' from state 'PENDING' {{(pid=93363) _task_receiver /opt/stack/data/venv/lib/python3.12/site-packages/taskflow/listeners/logging.py:242}}
Jun 23 12:28:21 devstack devstack@c-api.service[93363]: DEBUG cinder.volume.flows.api.create_volume [None req-ac627fe3-08c8-406b-85e8-202c33beb530 tempest-VolumeRetypeWithoutMigrationTest-1205794031 tempest-VolumeRetypeWithoutMigrationTest-1205794031-project-member] Validating volume size '1' using validate_int {{(pid=93363) _extract_size /opt/stack/cinder/cinder/volume/flows/api/create_volume.py:226}}
Jun 23 12:28:21 devstack devstack@c-api.service[93363]: DEBUG cinder.volume.api [None req-ac627fe3-08c8-406b-85e8-202c33beb530 tempest-VolumeRetypeWithoutMigrationTest-1205794031 tempest-VolumeRetypeWithoutMigrationTest-1205794031-project-member] Task 'cinder.volume.flows.api.create_volume.ExtractVolumeRequestTask;volume:create' (a36d8c16-06c8-4d50-8f2a-c3714c984f40) transitioned into state 'SUCCESS' from state 'RUNNING' with result '{'size': 1, 'snapshot_id': None, 'source_volid': None, 'volume_type': VolumeType(created_at=2026-06-23T10:28:21Z,deleted=False,deleted_at=None,description=None,extra_specs={},id=eaac4b7e-1282-413d-bcd7-2f34bad9e9e4,is_public=True,name='volume-type-1',projects=[],qos_specs=,qos_specs_id=None,updated_at=None), 'volume_type_id': 'eaac4b7e-1282-413d-bcd7-2f34bad9e9e4', 'encryption_key_id': None, 'qos_specs': None, 'consistencygroup_id': None, 'cgsnapshot_id': None, 'group_id': None, 'replication_status': 'disabled', 'refresh_az': False, 'backup_id': None, 'multiattach': False, 'availability_zones': ['nova']}' {{(pid=93363) _task_receiver /opt/stack/data/venv/lib/python3.12/site-packages/taskflow/listeners/logging.py:218}}
Jun 23 12:28:21 devstack devstack@c-api.service[93363]: DEBUG cinder.volume.api [None req-ac627fe3-08c8-406b-85e8-202c33beb530 tempest-VolumeRetypeWithoutMigrationTest-1205794031 tempest-VolumeRetypeWithoutMigrationTest-1205794031-project-member] Task 'cinder.volume.flows.api.create_volume.QuotaReserveTask;volume:create' (885ae147-f12b-4066-9c1a-020f6334136d) transitioned into state 'RUNNING' from state 'PENDING' {{(pid=93363) _task_receiver /opt/stack/data/venv/lib/python3.12/site-packages/taskflow/listeners/logging.py:242}}
Jun 23 12:28:21 devstack devstack@c-api.service[93363]: WARNING cinder.quota [None req-ac627fe3-08c8-406b-85e8-202c33beb530 tempest-VolumeRetypeWithoutMigrationTest-1205794031 tempest-VolumeRetypeWithoutMigrationTest-1205794031-project-member] Deprecated: Default quota for resource: volumes_volume-type-1 is set by the default quota flag: quota_volumes_volume-type-1, it is now deprecated. Please use the default quota class for default quota.
Jun 23 12:28:21 devstack devstack@c-api.service[93363]: WARNING cinder.quota [None req-ac627fe3-08c8-406b-85e8-202c33beb530 tempest-VolumeRetypeWithoutMigrationTest-1205794031 tempest-VolumeRetypeWithoutMigrationTest-1205794031-project-member] Deprecated: Default quota for resource: gigabytes_volume-type-1 is set by the default quota flag: quota_gigabytes_volume-type-1, it is now deprecated. Please use the default quota class for default quota.
Jun 23 12:28:21 devstack devstack@c-api.service[93364]: DEBUG cinder.api.middleware.request_id [None req-1de1b33d-5315-4a85-9d19-16028bf4dfdb None None] RequestId filter calling following filter/app {{(pid=93364) _context_setter /opt/stack/cinder/cinder/api/middleware/request_id.py:62}}
Jun 23 12:28:21 devstack devstack@c-api.service[93364]: INFO cinder.api.openstack.wsgi [None req-1de1b33d-5315-4a85-9d19-16028bf4dfdb tempest-GroupSnapshotsTest-1622835289 tempest-GroupSnapshotsTest-1622835289-project-member] GET http://192.168.122.47/volume/v3/group_snapshots/d62716c8-c457-4418-89b4-7fa9793e93c7
Jun 23 12:28:21 devstack devstack@c-api.service[93364]: DEBUG cinder.api.openstack.wsgi [None req-1de1b33d-5315-4a85-9d19-16028bf4dfdb tempest-GroupSnapshotsTest-1622835289 tempest-GroupSnapshotsTest-1622835289-project-member] Empty body provided in request {{(pid=93364) get_body /opt/stack/cinder/cinder/api/openstack/wsgi.py:725}}
Jun 23 12:28:21 devstack devstack@c-api.service[93364]: DEBUG cinder.api.openstack.wsgi [None req-1de1b33d-5315-4a85-9d19-16028bf4dfdb tempest-GroupSnapshotsTest-1622835289 tempest-GroupSnapshotsTest-1622835289-project-member] Calling method 'version_select' {{(pid=93364) _process_stack /opt/stack/cinder/cinder/api/openstack/wsgi.py:878}}
Jun 23 12:28:21 devstack devstack@c-api.service[93364]: DEBUG cinder.api.v3.group_snapshots [None req-1de1b33d-5315-4a85-9d19-16028bf4dfdb tempest-GroupSnapshotsTest-1622835289 tempest-GroupSnapshotsTest-1622835289-project-member] show called for member d62716c8-c457-4418-89b4-7fa9793e93c7 {{(pid=93364) show /opt/stack/cinder/cinder/api/v3/group_snapshots.py:58}}
Jun 23 12:28:21 devstack devstack@c-api.service[93364]: /opt/stack/data/venv/lib/python3.12/site-packages/oslo_context/context.py:102: DeprecationWarning: Policy enforcement is depending on the value of is_admin. This key is deprecated. Please update your policy file to use the standard policy values.
Jun 23 12:28:21 devstack devstack@c-api.service[93364]: warnings.warn(
Jun 23 12:28:21 devstack devstack@c-api.service[93363]: DEBUG cinder.quota [None req-ac627fe3-08c8-406b-85e8-202c33beb530 tempest-VolumeRetypeWithoutMigrationTest-1205794031 tempest-VolumeRetypeWithoutMigrationTest-1205794031-project-member] Created reservations ['34933184-1265-4b09-8d82-f1e4c3e936fc', '4670de59-b127-4781-8d83-c333c5d974d2', 'd9989788-8045-4ee6-9598-1b68737537cb', '0374aa2d-a9b9-4303-9fed-712d0d7f93f1'] {{(pid=93363) reserve /opt/stack/cinder/cinder/quota.py:752}}
Jun 23 12:28:21 devstack devstack@c-api.service[93363]: DEBUG cinder.volume.api [None req-ac627fe3-08c8-406b-85e8-202c33beb530 tempest-VolumeRetypeWithoutMigrationTest-1205794031 tempest-VolumeRetypeWithoutMigrationTest-1205794031-project-member] Task 'cinder.volume.flows.api.create_volume.QuotaReserveTask;volume:create' (885ae147-f12b-4066-9c1a-020f6334136d) transitioned into state 'SUCCESS' from state 'RUNNING' with result '{'reservations': ['34933184-1265-4b09-8d82-f1e4c3e936fc', '4670de59-b127-4781-8d83-c333c5d974d2', 'd9989788-8045-4ee6-9598-1b68737537cb', '0374aa2d-a9b9-4303-9fed-712d0d7f93f1']}' {{(pid=93363) _task_receiver /opt/stack/data/venv/lib/python3.12/site-packages/taskflow/listeners/logging.py:218}}
Jun 23 12:28:21 devstack devstack@c-api.service[93364]: INFO cinder.api.openstack.wsgi [None req-1de1b33d-5315-4a85-9d19-16028bf4dfdb tempest-GroupSnapshotsTest-1622835289 tempest-GroupSnapshotsTest-1622835289-project-member] http://192.168.122.47/volume/v3/group_snapshots/d62716c8-c457-4418-89b4-7fa9793e93c7 returned with HTTP 200
Jun 23 12:28:21 devstack devstack@c-api.service[93364]: [pid: 93364|app: 0|req: 175/340] 192.168.122.47 () {60 vars in 1292 bytes} [Tue Jun 23 12:28:21 2026] GET /volume/v3/group_snapshots/d62716c8-c457-4418-89b4-7fa9793e93c7 => generated 325 bytes in 49 msecs (HTTP/1.1 200) 7 headers in 286 bytes (1 switches on core 0)
Jun 23 12:28:21 devstack devstack@c-api.service[93363]: DEBUG cinder.volume.api [None req-ac627fe3-08c8-406b-85e8-202c33beb530 tempest-VolumeRetypeWithoutMigrationTest-1205794031 tempest-VolumeRetypeWithoutMigrationTest-1205794031-project-member] Task 'cinder.volume.flows.api.create_volume.EntryCreateTask;volume:create' (583cb445-e805-45b6-b95b-73a98e8bae7a) transitioned into state 'RUNNING' from state 'PENDING' {{(pid=93363) _task_receiver /opt/stack/data/venv/lib/python3.12/site-packages/taskflow/listeners/logging.py:242}}
Jun 23 12:28:21 devstack devstack@c-api.service[93364]: DEBUG cinder.api.middleware.request_id [None req-83c79e8c-3c20-42a8-ab01-c56cf8c209fa None None] RequestId filter calling following filter/app {{(pid=93364) _context_setter /opt/stack/cinder/cinder/api/middleware/request_id.py:62}}
Jun 23 12:28:21 devstack devstack@c-api.service[93364]: INFO cinder.api.openstack.wsgi [None req-83c79e8c-3c20-42a8-ab01-c56cf8c209fa tempest-TaggedAttachmentsTest-1350788062 tempest-TaggedAttachmentsTest-1350788062-project-member] GET http://192.168.122.47/volume/v3/volumes/cb587f3f-8048-4068-ba5b-61f1b90c97cc
Jun 23 12:28:21 devstack devstack@c-api.service[93364]: DEBUG cinder.api.openstack.wsgi [None req-83c79e8c-3c20-42a8-ab01-c56cf8c209fa tempest-TaggedAttachmentsTest-1350788062 tempest-TaggedAttachmentsTest-1350788062-project-member] Empty body provided in request {{(pid=93364) get_body /opt/stack/cinder/cinder/api/openstack/wsgi.py:725}}
Jun 23 12:28:21 devstack devstack@c-api.service[93364]: DEBUG cinder.api.openstack.wsgi [None req-83c79e8c-3c20-42a8-ab01-c56cf8c209fa tempest-TaggedAttachmentsTest-1350788062 tempest-TaggedAttachmentsTest-1350788062-project-member] Calling method 'show' {{(pid=93364) _process_stack /opt/stack/cinder/cinder/api/openstack/wsgi.py:878}}
Jun 23 12:28:21 devstack devstack@c-api.service[93363]: DEBUG cinder.volume.api [None req-ac627fe3-08c8-406b-85e8-202c33beb530 tempest-VolumeRetypeWithoutMigrationTest-1205794031 tempest-VolumeRetypeWithoutMigrationTest-1205794031-project-member] Task 'cinder.volume.flows.api.create_volume.EntryCreateTask;volume:create' (583cb445-e805-45b6-b95b-73a98e8bae7a) transitioned into state 'SUCCESS' from state 'RUNNING' with result '{'volume_id': 'cc14411c-ed1d-4335-9ec8-c9ba362b194b', 'volume_properties': VolumeProperties(attach_status='detached',availability_zone='nova',cgsnapshot_id=None,consistencygroup_id=None,display_description=None,display_name='tempest-VolumeRetypeWithoutMigrationTest-Volume-1003636090',encryption_key_id=None,group_id=None,group_type_id=,metadata={},multiattach=False,project_id='3d16da5a0e864676b4630f7f71fe1415',qos_specs=None,replication_status=,reservations=['34933184-1265-4b09-8d82-f1e4c3e936fc','4670de59-b127-4781-8d83-c333c5d974d2','d9989788-8045-4ee6-9598-1b68737537cb','0374aa2d-a9b9-4303-9fed-712d0d7f93f1'],size=1,snapshot_id=None,source_replicaid=,source_volid=None,status='creating',user_id='549ffeb9b0d342e5bb265d09b3907372',volume_type_id=eaac4b7e-1282-413d-bcd7-2f34bad9e9e4), 'volume': Volume(_name_id=None,admin_metadata=,attach_status='detached',availability_zone='nova',bootable=False,cluster=,cluster_name=None,consistencygroup=,consistencygroup_id=None,created_at=2026-06-23T10:28:21Z,deleted=False,deleted_at=None,display_description=None,display_name='tempest-VolumeRetypeWithoutMigrationTest-Volume-1003636090',ec2_id=None,encryption_key_id=None,glance_metadata=,group=,group_id=None,host=None,id=cc14411c-ed1d-4335-9ec8-c9ba362b194b,launched_at=None,metadata={},migration_status=None,multiattach=False,previous_status=None,project_id='3d16da5a0e864676b4630f7f71fe1415',provider_auth=None,provider_geometry=None,provider_id=None,provider_location=None,replication_driver_data=None,replication_extended_status=None,replication_status=None,scheduled_at=None,service_uuid=None,shared_targets=True,size=1,snapshot_id=None,snapshots=,source_volid=None,status='creating',terminated_at=None,updated_at=None,use_quota=True,user_id='549ffeb9b0d342e5bb265d09b3907372',volume_attachment=VolumeAttachmentList,volume_type=VolumeType(eaac4b7e-1282-413d-bcd7-2f34bad9e9e4),volume_type_id=eaac4b7e-1282-413d-bcd7-2f34bad9e9e4)}' {{(pid=93363) _task_receiver /opt/stack/data/venv/lib/python3.12/site-packages/taskflow/listeners/logging.py:218}}
Jun 23 12:28:21 devstack devstack@c-api.service[93363]: DEBUG cinder.volume.api [None req-ac627fe3-08c8-406b-85e8-202c33beb530 tempest-VolumeRetypeWithoutMigrationTest-1205794031 tempest-VolumeRetypeWithoutMigrationTest-1205794031-project-member] Task 'cinder.volume.flows.api.create_volume.QuotaCommitTask;volume:create' (8be591ed-e5d0-46a5-8b7e-16c8f71d0187) transitioned into state 'RUNNING' from state 'PENDING' {{(pid=93363) _task_receiver /opt/stack/data/venv/lib/python3.12/site-packages/taskflow/listeners/logging.py:242}}
Jun 23 12:28:21 devstack devstack@c-api.service[93364]: /opt/stack/data/venv/lib/python3.12/site-packages/oslo_context/context.py:102: DeprecationWarning: Policy enforcement is depending on the value of is_admin. This key is deprecated. Please update your policy file to use the standard policy values.
Jun 23 12:28:21 devstack devstack@c-api.service[93364]: warnings.warn(
Jun 23 12:28:21 devstack devstack@c-api.service[93364]: INFO cinder.volume.api [None req-83c79e8c-3c20-42a8-ab01-c56cf8c209fa tempest-TaggedAttachmentsTest-1350788062 tempest-TaggedAttachmentsTest-1350788062-project-member] Volume info retrieved successfully.
Jun 23 12:28:21 devstack devstack@c-api.service[93363]: DEBUG cinder.volume.api [None req-ac627fe3-08c8-406b-85e8-202c33beb530 tempest-VolumeRetypeWithoutMigrationTest-1205794031 tempest-VolumeRetypeWithoutMigrationTest-1205794031-project-member] Task 'cinder.volume.flows.api.create_volume.QuotaCommitTask;volume:create' (8be591ed-e5d0-46a5-8b7e-16c8f71d0187) transitioned into state 'SUCCESS' from state 'RUNNING' with result '{'volume_properties': VolumeProperties(attach_status='detached',availability_zone='nova',cgsnapshot_id=None,consistencygroup_id=None,display_description=None,display_name='tempest-VolumeRetypeWithoutMigrationTest-Volume-1003636090',encryption_key_id=None,group_id=None,group_type_id=,metadata={},multiattach=False,project_id='3d16da5a0e864676b4630f7f71fe1415',qos_specs=None,replication_status=,reservations=['34933184-1265-4b09-8d82-f1e4c3e936fc','4670de59-b127-4781-8d83-c333c5d974d2','d9989788-8045-4ee6-9598-1b68737537cb','0374aa2d-a9b9-4303-9fed-712d0d7f93f1'],size=1,snapshot_id=None,source_replicaid=,source_volid=None,status='creating',user_id='549ffeb9b0d342e5bb265d09b3907372',volume_type_id=eaac4b7e-1282-413d-bcd7-2f34bad9e9e4)}' {{(pid=93363) _task_receiver /opt/stack/data/venv/lib/python3.12/site-packages/taskflow/listeners/logging.py:218}}
Jun 23 12:28:21 devstack devstack@c-api.service[93363]: DEBUG cinder.volume.api [None req-ac627fe3-08c8-406b-85e8-202c33beb530 tempest-VolumeRetypeWithoutMigrationTest-1205794031 tempest-VolumeRetypeWithoutMigrationTest-1205794031-project-member] Task 'cinder.volume.flows.api.create_volume.VolumeCastTask;volume:create' (d7ba9927-036b-4e5b-a2e3-198c4d8d3507) transitioned into state 'RUNNING' from state 'PENDING' {{(pid=93363) _task_receiver /opt/stack/data/venv/lib/python3.12/site-packages/taskflow/listeners/logging.py:242}}
Jun 23 12:28:21 devstack devstack@c-api.service[93364]: INFO cinder.api.openstack.wsgi [None req-83c79e8c-3c20-42a8-ab01-c56cf8c209fa tempest-TaggedAttachmentsTest-1350788062 tempest-TaggedAttachmentsTest-1350788062-project-member] http://192.168.122.47/volume/v3/volumes/cb587f3f-8048-4068-ba5b-61f1b90c97cc returned with HTTP 200
Jun 23 12:28:21 devstack devstack@c-api.service[93364]: [pid: 93364|app: 0|req: 176/341] 192.168.122.47 () {58 vars in 1227 bytes} [Tue Jun 23 12:28:21 2026] GET /volume/v3/volumes/cb587f3f-8048-4068-ba5b-61f1b90c97cc => generated 1143 bytes in 99 msecs (HTTP/1.1 200) 7 headers in 286 bytes (1 switches on core 0)
Jun 23 12:28:21 devstack devstack@c-api.service[93363]: DEBUG cinder.volume.api [None req-ac627fe3-08c8-406b-85e8-202c33beb530 tempest-VolumeRetypeWithoutMigrationTest-1205794031 tempest-VolumeRetypeWithoutMigrationTest-1205794031-project-member] Task 'cinder.volume.flows.api.create_volume.VolumeCastTask;volume:create' (d7ba9927-036b-4e5b-a2e3-198c4d8d3507) transitioned into state 'SUCCESS' from state 'RUNNING' with result 'None' {{(pid=93363) _task_receiver /opt/stack/data/venv/lib/python3.12/site-packages/taskflow/listeners/logging.py:218}}
Jun 23 12:28:21 devstack devstack@c-api.service[93363]: DEBUG cinder.volume.api [None req-ac627fe3-08c8-406b-85e8-202c33beb530 tempest-VolumeRetypeWithoutMigrationTest-1205794031 tempest-VolumeRetypeWithoutMigrationTest-1205794031-project-member] Flow 'volume_create_api' (699bfd44-4714-4c38-a699-f2ad6ade3b87) transitioned into state 'SUCCESS' from state 'RUNNING' {{(pid=93363) _flow_receiver /opt/stack/data/venv/lib/python3.12/site-packages/taskflow/listeners/logging.py:160}}
Jun 23 12:28:21 devstack devstack@c-api.service[93363]: INFO cinder.volume.api [None req-ac627fe3-08c8-406b-85e8-202c33beb530 tempest-VolumeRetypeWithoutMigrationTest-1205794031 tempest-VolumeRetypeWithoutMigrationTest-1205794031-project-member] Create volume request issued successfully.
Jun 23 12:28:21 devstack devstack@c-api.service[93363]: INFO cinder.api.openstack.wsgi [None req-ac627fe3-08c8-406b-85e8-202c33beb530 tempest-VolumeRetypeWithoutMigrationTest-1205794031 tempest-VolumeRetypeWithoutMigrationTest-1205794031-project-member] http://192.168.122.47/volume/v3/volumes returned with HTTP 202
Jun 23 12:28:21 devstack devstack@c-api.service[93363]: [pid: 93363|app: 0|req: 166/342] 192.168.122.47 () {60 vars in 1138 bytes} [Tue Jun 23 12:28:20 2026] POST /volume/v3/volumes => generated 774 bytes in 694 msecs (HTTP/1.1 202) 7 headers in 291 bytes (1 switches on core 0)
Jun 23 12:28:21 devstack devstack@c-api.service[93364]: DEBUG cinder.api.middleware.request_id [None req-c7a60664-c383-4050-a648-fcd01ccdb156 None None] RequestId filter calling following filter/app {{(pid=93364) _context_setter /opt/stack/cinder/cinder/api/middleware/request_id.py:62}}
Jun 23 12:28:21 devstack devstack@c-api.service[93364]: INFO cinder.api.openstack.wsgi [None req-c7a60664-c383-4050-a648-fcd01ccdb156 tempest-TaggedAttachmentsTest-1350788062 tempest-TaggedAttachmentsTest-1350788062-project-member] GET http://192.168.122.47/volume/v3/volumes/cb587f3f-8048-4068-ba5b-61f1b90c97cc
Jun 23 12:28:21 devstack devstack@c-api.service[93364]: DEBUG cinder.api.openstack.wsgi [None req-c7a60664-c383-4050-a648-fcd01ccdb156 tempest-TaggedAttachmentsTest-1350788062 tempest-TaggedAttachmentsTest-1350788062-project-member] Empty body provided in request {{(pid=93364) get_body /opt/stack/cinder/cinder/api/openstack/wsgi.py:725}}
Jun 23 12:28:21 devstack devstack@c-api.service[93364]: DEBUG cinder.api.openstack.wsgi [None req-c7a60664-c383-4050-a648-fcd01ccdb156 tempest-TaggedAttachmentsTest-1350788062 tempest-TaggedAttachmentsTest-1350788062-project-member] Calling method 'show' {{(pid=93364) _process_stack /opt/stack/cinder/cinder/api/openstack/wsgi.py:878}}
Jun 23 12:28:21 devstack devstack@c-api.service[93363]: DEBUG cinder.api.middleware.request_id [None req-6aff43c4-d2f0-429d-bc04-84edf5c46a8e None None] RequestId filter calling following filter/app {{(pid=93363) _context_setter /opt/stack/cinder/cinder/api/middleware/request_id.py:62}}
Jun 23 12:28:21 devstack devstack@c-api.service[93363]: INFO cinder.api.openstack.wsgi [None req-6aff43c4-d2f0-429d-bc04-84edf5c46a8e tempest-VolumeRetypeWithoutMigrationTest-1205794031 tempest-VolumeRetypeWithoutMigrationTest-1205794031-project-member] GET http://192.168.122.47/volume/v3/volumes/cc14411c-ed1d-4335-9ec8-c9ba362b194b
Jun 23 12:28:21 devstack devstack@c-api.service[93363]: DEBUG cinder.api.openstack.wsgi [None req-6aff43c4-d2f0-429d-bc04-84edf5c46a8e tempest-VolumeRetypeWithoutMigrationTest-1205794031 tempest-VolumeRetypeWithoutMigrationTest-1205794031-project-member] Empty body provided in request {{(pid=93363) get_body /opt/stack/cinder/cinder/api/openstack/wsgi.py:725}}
Jun 23 12:28:21 devstack devstack@c-api.service[93363]: DEBUG cinder.api.openstack.wsgi [None req-6aff43c4-d2f0-429d-bc04-84edf5c46a8e tempest-VolumeRetypeWithoutMigrationTest-1205794031 tempest-VolumeRetypeWithoutMigrationTest-1205794031-project-member] Calling method 'show' {{(pid=93363) _process_stack /opt/stack/cinder/cinder/api/openstack/wsgi.py:878}}
Jun 23 12:28:21 devstack devstack@c-api.service[93363]: /opt/stack/data/venv/lib/python3.12/site-packages/oslo_context/context.py:102: DeprecationWarning: Policy enforcement is depending on the value of is_admin. This key is deprecated. Please update your policy file to use the standard policy values.
Jun 23 12:28:21 devstack devstack@c-api.service[93363]: warnings.warn(
Jun 23 12:28:21 devstack devstack@c-api.service[93364]: /opt/stack/data/venv/lib/python3.12/site-packages/oslo_context/context.py:102: DeprecationWarning: Policy enforcement is depending on the value of is_admin. This key is deprecated. Please update your policy file to use the standard policy values.
Jun 23 12:28:21 devstack devstack@c-api.service[93364]: warnings.warn(
Jun 23 12:28:21 devstack devstack@c-api.service[93363]: INFO cinder.volume.api [None req-6aff43c4-d2f0-429d-bc04-84edf5c46a8e tempest-VolumeRetypeWithoutMigrationTest-1205794031 tempest-VolumeRetypeWithoutMigrationTest-1205794031-project-member] Volume info retrieved successfully.
Jun 23 12:28:21 devstack devstack@c-api.service[93363]: INFO cinder.api.openstack.wsgi [None req-6aff43c4-d2f0-429d-bc04-84edf5c46a8e tempest-VolumeRetypeWithoutMigrationTest-1205794031 tempest-VolumeRetypeWithoutMigrationTest-1205794031-project-member] http://192.168.122.47/volume/v3/volumes/cc14411c-ed1d-4335-9ec8-c9ba362b194b returned with HTTP 200
Jun 23 12:28:21 devstack devstack@c-api.service[93363]: [pid: 93363|app: 0|req: 167/343] 192.168.122.47 () {58 vars in 1227 bytes} [Tue Jun 23 12:28:21 2026] GET /volume/v3/volumes/cc14411c-ed1d-4335-9ec8-c9ba362b194b => generated 842 bytes in 45 msecs (HTTP/1.1 200) 7 headers in 285 bytes (1 switches on core 0)
Jun 23 12:28:21 devstack devstack@c-api.service[93364]: INFO cinder.volume.api [None req-c7a60664-c383-4050-a648-fcd01ccdb156 tempest-TaggedAttachmentsTest-1350788062 tempest-TaggedAttachmentsTest-1350788062-project-member] Volume info retrieved successfully.
Jun 23 12:28:21 devstack devstack@c-api.service[93364]: INFO cinder.api.openstack.wsgi [None req-c7a60664-c383-4050-a648-fcd01ccdb156 tempest-TaggedAttachmentsTest-1350788062 tempest-TaggedAttachmentsTest-1350788062-project-member] http://192.168.122.47/volume/v3/volumes/cb587f3f-8048-4068-ba5b-61f1b90c97cc returned with HTTP 200
