Jul 02 19:44:47 devstack cinder-volume[86639]: DEBUG oslo_concurrency.lockutils [None req-59f17db3-3c8a-427e-92a5-9c366cbe9294 tempest-GroupSnapshotsTest-1838694738 None] Lock "quobyte" acquired by "cinder.volume.drivers.quobyte.QuobyteDriver.create_snapshot" :: waited 0.001s {{(pid=86639) inner /opt/stack/data/venv/lib/python3.12/site-packages/oslo_concurrency/lockutils.py:524}}
Jul 02 19:44:47 devstack cinder-volume[86639]: DEBUG cinder.volume.drivers.remotefs [None req-59f17db3-3c8a-427e-92a5-9c366cbe9294 tempest-GroupSnapshotsTest-1838694738 None] Creating offline snapshot 20f788dc-5f8d-48d4-9d44-43cc0e911008 of volume 3c6df81f-bbbd-477c-b51e-195a2f2d1e52 {{(pid=86639) _create_snapshot /opt/stack/cinder/cinder/volume/drivers/remotefs.py:1816}}
Jul 02 19:44:47 devstack cinder-volume[86639]: DEBUG oslo.privsep.daemon [-] privsep: reply[6cbf460e-f6e1-45df-9171-ddc453d6f10a]: (4, 'qcow2') {{(pid=87992) _call_back /opt/stack/data/venv/lib/python3.12/site-packages/oslo_privsep/daemon.py:580}}
Jul 02 19:44:47 devstack cinder-volume[86639]: DEBUG oslo_concurrency.processutils [None req-59f17db3-3c8a-427e-92a5-9c366cbe9294 tempest-GroupSnapshotsTest-1838694738 None] Running cmd (subprocess): /opt/stack/data/venv/bin/python3.12 -m oslo_concurrency.prlimit --as=1073741824 --cpu=60 -- sudo cinder-rootwrap /etc/cinder/rootwrap.conf env LC_ALL=C qemu-img info -f qcow2 --output=json --force-share /opt/stack/data/cinder/mnt/52dbe78c2fafa656c63ca3d133d7fa7e/volume-3c6df81f-bbbd-477c-b51e-195a2f2d1e52 {{(pid=86639) execute /opt/stack/data/venv/lib/python3.12/site-packages/oslo_concurrency/processutils.py:440}}
Jul 02 19:44:47 devstack sudo[90397]: quobyte : PWD=/ ; USER=root ; COMMAND=/opt/stack/data/venv/bin/cinder-rootwrap /etc/cinder/rootwrap.conf env LC_ALL=C qemu-img info -f qcow2 --output=json --force-share /opt/stack/data/cinder/mnt/52dbe78c2fafa656c63ca3d133d7fa7e/volume-3c6df81f-bbbd-477c-b51e-195a2f2d1e52
Jul 02 19:44:47 devstack sudo[90397]: pam_unix(sudo:session): session opened for user root(uid=0) by (uid=1000)
Jul 02 19:44:49 devstack sudo[90397]: pam_unix(sudo:session): session closed for user root
Jul 02 19:44:49 devstack cinder-volume[86639]: DEBUG oslo_concurrency.processutils [None req-59f17db3-3c8a-427e-92a5-9c366cbe9294 tempest-GroupSnapshotsTest-1838694738 None] CMD "/opt/stack/data/venv/bin/python3.12 -m oslo_concurrency.prlimit --as=1073741824 --cpu=60 -- sudo cinder-rootwrap /etc/cinder/rootwrap.conf env LC_ALL=C qemu-img info -f qcow2 --output=json --force-share /opt/stack/data/cinder/mnt/52dbe78c2fafa656c63ca3d133d7fa7e/volume-3c6df81f-bbbd-477c-b51e-195a2f2d1e52" returned: 0 in 1.740s {{(pid=86639) execute /opt/stack/data/venv/lib/python3.12/site-packages/oslo_concurrency/processutils.py:468}}
Jul 02 19:44:49 devstack cinder-volume[86639]: DEBUG oslo_concurrency.processutils [None req-59f17db3-3c8a-427e-92a5-9c366cbe9294 tempest-GroupSnapshotsTest-1838694738 None] Running cmd (subprocess): sudo cinder-rootwrap /etc/cinder/rootwrap.conf qemu-img create -f qcow2 -o backing_file=/opt/stack/data/cinder/mnt/52dbe78c2fafa656c63ca3d133d7fa7e/volume-3c6df81f-bbbd-477c-b51e-195a2f2d1e52,backing_fmt=qcow2 /opt/stack/data/cinder/mnt/52dbe78c2fafa656c63ca3d133d7fa7e/volume-3c6df81f-bbbd-477c-b51e-195a2f2d1e52.20f788dc-5f8d-48d4-9d44-43cc0e911008 1G {{(pid=86639) execute /opt/stack/data/venv/lib/python3.12/site-packages/oslo_concurrency/processutils.py:440}}
Jul 02 19:44:49 devstack sudo[90412]: quobyte : PWD=/ ; USER=root ; COMMAND=/opt/stack/data/venv/bin/cinder-rootwrap /etc/cinder/rootwrap.conf qemu-img create -f qcow2 -o backing_file=/opt/stack/data/cinder/mnt/52dbe78c2fafa656c63ca3d133d7fa7e/volume-3c6df81f-bbbd-477c-b51e-195a2f2d1e52,backing_fmt=qcow2 /opt/stack/data/cinder/mnt/52dbe78c2fafa656c63ca3d133d7fa7e/volume-3c6df81f-bbbd-477c-b51e-195a2f2d1e52.20f788dc-5f8d-48d4-9d44-43cc0e911008 1G
Jul 02 19:44:49 devstack sudo[90412]: pam_unix(sudo:session): session opened for user root(uid=0) by (uid=1000)
Jul 02 19:44:51 devstack sudo[90412]: pam_unix(sudo:session): session closed for user root
Jul 02 19:44:51 devstack cinder-volume[86639]: DEBUG oslo_concurrency.processutils [None req-59f17db3-3c8a-427e-92a5-9c366cbe9294 tempest-GroupSnapshotsTest-1838694738 None] CMD "sudo cinder-rootwrap /etc/cinder/rootwrap.conf qemu-img create -f qcow2 -o backing_file=/opt/stack/data/cinder/mnt/52dbe78c2fafa656c63ca3d133d7fa7e/volume-3c6df81f-bbbd-477c-b51e-195a2f2d1e52,backing_fmt=qcow2 /opt/stack/data/cinder/mnt/52dbe78c2fafa656c63ca3d133d7fa7e/volume-3c6df81f-bbbd-477c-b51e-195a2f2d1e52.20f788dc-5f8d-48d4-9d44-43cc0e911008 1G" returned: 0 in 2.484s {{(pid=86639) execute /opt/stack/data/venv/lib/python3.12/site-packages/oslo_concurrency/processutils.py:468}}
Jul 02 19:44:51 devstack cinder-volume[86639]: DEBUG oslo_concurrency.processutils [None req-59f17db3-3c8a-427e-92a5-9c366cbe9294 tempest-GroupSnapshotsTest-1838694738 None] Running cmd (subprocess): sudo cinder-rootwrap /etc/cinder/rootwrap.conf qemu-img rebase -u -b volume-3c6df81f-bbbd-477c-b51e-195a2f2d1e52 -F qcow2 /opt/stack/data/cinder/mnt/52dbe78c2fafa656c63ca3d133d7fa7e/volume-3c6df81f-bbbd-477c-b51e-195a2f2d1e52.20f788dc-5f8d-48d4-9d44-43cc0e911008 {{(pid=86639) execute /opt/stack/data/venv/lib/python3.12/site-packages/oslo_concurrency/processutils.py:440}}
Jul 02 19:44:51 devstack sudo[90498]: quobyte : PWD=/ ; USER=root ; COMMAND=/opt/stack/data/venv/bin/cinder-rootwrap /etc/cinder/rootwrap.conf qemu-img rebase -u -b volume-3c6df81f-bbbd-477c-b51e-195a2f2d1e52 -F qcow2 /opt/stack/data/cinder/mnt/52dbe78c2fafa656c63ca3d133d7fa7e/volume-3c6df81f-bbbd-477c-b51e-195a2f2d1e52.20f788dc-5f8d-48d4-9d44-43cc0e911008
Jul 02 19:44:51 devstack sudo[90498]: pam_unix(sudo:session): session opened for user root(uid=0) by (uid=1000)
Jul 02 19:44:53 devstack sudo[90498]: pam_unix(sudo:session): session closed for user root
Jul 02 19:44:53 devstack cinder-volume[86639]: DEBUG oslo_concurrency.processutils [None req-59f17db3-3c8a-427e-92a5-9c366cbe9294 tempest-GroupSnapshotsTest-1838694738 None] CMD "sudo cinder-rootwrap /etc/cinder/rootwrap.conf qemu-img rebase -u -b volume-3c6df81f-bbbd-477c-b51e-195a2f2d1e52 -F qcow2 /opt/stack/data/cinder/mnt/52dbe78c2fafa656c63ca3d133d7fa7e/volume-3c6df81f-bbbd-477c-b51e-195a2f2d1e52.20f788dc-5f8d-48d4-9d44-43cc0e911008" returned: 0 in 1.500s {{(pid=86639) execute /opt/stack/data/venv/lib/python3.12/site-packages/oslo_concurrency/processutils.py:468}}
Jul 02 19:44:53 devstack cinder-volume[86639]: WARNING cinder.volume.drivers.remotefs [None req-59f17db3-3c8a-427e-92a5-9c366cbe9294 tempest-GroupSnapshotsTest-1838694738 None] /opt/stack/data/cinder/mnt/52dbe78c2fafa656c63ca3d133d7fa7e/volume-3c6df81f-bbbd-477c-b51e-195a2f2d1e52.20f788dc-5f8d-48d4-9d44-43cc0e911008 is being set with open permissions: ugo+rw: NotImplementedError
Jul 02 19:44:53 devstack cinder-volume[86639]: DEBUG oslo_concurrency.processutils [None req-59f17db3-3c8a-427e-92a5-9c366cbe9294 tempest-GroupSnapshotsTest-1838694738 None] Running cmd (subprocess): sudo cinder-rootwrap /etc/cinder/rootwrap.conf chmod ugo+rw /opt/stack/data/cinder/mnt/52dbe78c2fafa656c63ca3d133d7fa7e/volume-3c6df81f-bbbd-477c-b51e-195a2f2d1e52.20f788dc-5f8d-48d4-9d44-43cc0e911008 {{(pid=86639) execute /opt/stack/data/venv/lib/python3.12/site-packages/oslo_concurrency/processutils.py:440}}
Jul 02 19:44:53 devstack sudo[90511]: quobyte : PWD=/ ; USER=root ; COMMAND=/opt/stack/data/venv/bin/cinder-rootwrap /etc/cinder/rootwrap.conf chmod ugo+rw /opt/stack/data/cinder/mnt/52dbe78c2fafa656c63ca3d133d7fa7e/volume-3c6df81f-bbbd-477c-b51e-195a2f2d1e52.20f788dc-5f8d-48d4-9d44-43cc0e911008
Jul 02 19:44:53 devstack sudo[90511]: pam_unix(sudo:session): session opened for user root(uid=0) by (uid=1000)
Jul 02 19:44:54 devstack sudo[90511]: pam_unix(sudo:session): session closed for user root
Jul 02 19:44:54 devstack cinder-volume[86639]: DEBUG oslo_concurrency.processutils [None req-59f17db3-3c8a-427e-92a5-9c366cbe9294 tempest-GroupSnapshotsTest-1838694738 None] CMD "sudo cinder-rootwrap /etc/cinder/rootwrap.conf chmod ugo+rw /opt/stack/data/cinder/mnt/52dbe78c2fafa656c63ca3d133d7fa7e/volume-3c6df81f-bbbd-477c-b51e-195a2f2d1e52.20f788dc-5f8d-48d4-9d44-43cc0e911008" returned: 0 in 1.227s {{(pid=86639) execute /opt/stack/data/venv/lib/python3.12/site-packages/oslo_concurrency/processutils.py:468}}
Jul 02 19:44:54 devstack cinder-volume[86639]: DEBUG oslo_concurrency.processutils [None req-59f17db3-3c8a-427e-92a5-9c366cbe9294 tempest-GroupSnapshotsTest-1838694738 None] Running cmd (subprocess): sudo cinder-rootwrap /etc/cinder/rootwrap.conf truncate -s0 /opt/stack/data/cinder/mnt/52dbe78c2fafa656c63ca3d133d7fa7e/volume-3c6df81f-bbbd-477c-b51e-195a2f2d1e52.info {{(pid=86639) execute /opt/stack/data/venv/lib/python3.12/site-packages/oslo_concurrency/processutils.py:440}}
Jul 02 19:44:54 devstack sudo[90517]: quobyte : PWD=/ ; USER=root ; COMMAND=/opt/stack/data/venv/bin/cinder-rootwrap /etc/cinder/rootwrap.conf truncate -s0 /opt/stack/data/cinder/mnt/52dbe78c2fafa656c63ca3d133d7fa7e/volume-3c6df81f-bbbd-477c-b51e-195a2f2d1e52.info
Jul 02 19:44:54 devstack sudo[90517]: pam_unix(sudo:session): session opened for user root(uid=0) by (uid=1000)
Jul 02 19:44:55 devstack sudo[90517]: pam_unix(sudo:session): session closed for user root
Jul 02 19:44:55 devstack cinder-volume[86639]: DEBUG oslo_concurrency.processutils [None req-59f17db3-3c8a-427e-92a5-9c366cbe9294 tempest-GroupSnapshotsTest-1838694738 None] CMD "sudo cinder-rootwrap /etc/cinder/rootwrap.conf truncate -s0 /opt/stack/data/cinder/mnt/52dbe78c2fafa656c63ca3d133d7fa7e/volume-3c6df81f-bbbd-477c-b51e-195a2f2d1e52.info" returned: 0 in 1.203s {{(pid=86639) execute /opt/stack/data/venv/lib/python3.12/site-packages/oslo_concurrency/processutils.py:468}}
Jul 02 19:44:55 devstack cinder-volume[86639]: WARNING cinder.volume.drivers.remotefs [None req-59f17db3-3c8a-427e-92a5-9c366cbe9294 tempest-GroupSnapshotsTest-1838694738 None] /opt/stack/data/cinder/mnt/52dbe78c2fafa656c63ca3d133d7fa7e/volume-3c6df81f-bbbd-477c-b51e-195a2f2d1e52.info is being set with open permissions: ugo+rw: NotImplementedError
Jul 02 19:44:55 devstack cinder-volume[86639]: DEBUG oslo_concurrency.processutils [None req-59f17db3-3c8a-427e-92a5-9c366cbe9294 tempest-GroupSnapshotsTest-1838694738 None] Running cmd (subprocess): sudo cinder-rootwrap /etc/cinder/rootwrap.conf chmod ugo+rw /opt/stack/data/cinder/mnt/52dbe78c2fafa656c63ca3d133d7fa7e/volume-3c6df81f-bbbd-477c-b51e-195a2f2d1e52.info {{(pid=86639) execute /opt/stack/data/venv/lib/python3.12/site-packages/oslo_concurrency/processutils.py:440}}
Jul 02 19:44:55 devstack sudo[90525]: quobyte : PWD=/ ; USER=root ; COMMAND=/opt/stack/data/venv/bin/cinder-rootwrap /etc/cinder/rootwrap.conf chmod ugo+rw /opt/stack/data/cinder/mnt/52dbe78c2fafa656c63ca3d133d7fa7e/volume-3c6df81f-bbbd-477c-b51e-195a2f2d1e52.info
Jul 02 19:44:55 devstack sudo[90525]: pam_unix(sudo:session): session opened for user root(uid=0) by (uid=1000)
Jul 02 19:44:56 devstack sudo[90525]: pam_unix(sudo:session): session closed for user root
Jul 02 19:44:56 devstack cinder-volume[86639]: DEBUG oslo_concurrency.processutils [None req-59f17db3-3c8a-427e-92a5-9c366cbe9294 tempest-GroupSnapshotsTest-1838694738 None] CMD "sudo cinder-rootwrap /etc/cinder/rootwrap.conf chmod ugo+rw /opt/stack/data/cinder/mnt/52dbe78c2fafa656c63ca3d133d7fa7e/volume-3c6df81f-bbbd-477c-b51e-195a2f2d1e52.info" returned: 0 in 1.007s {{(pid=86639) execute /opt/stack/data/venv/lib/python3.12/site-packages/oslo_concurrency/processutils.py:468}}
Jul 02 19:44:56 devstack cinder-volume[86639]: DEBUG oslo_concurrency.lockutils [None req-59f17db3-3c8a-427e-92a5-9c366cbe9294 tempest-GroupSnapshotsTest-1838694738 None] Lock "quobyte" "released" by "cinder.volume.drivers.quobyte.QuobyteDriver.create_snapshot" :: held 9.352s {{(pid=86639) inner /opt/stack/data/venv/lib/python3.12/site-packages/oslo_concurrency/lockutils.py:543}}
Jul 02 19:44:56 devstack cinder-volume[86639]: DEBUG oslo_concurrency.lockutils [None req-59f17db3-3c8a-427e-92a5-9c366cbe9294 tempest-GroupSnapshotsTest-1838694738 None] Acquiring lock "quobyte" by "cinder.volume.drivers.quobyte.QuobyteDriver.create_snapshot" {{(pid=86639) inner /opt/stack/data/venv/lib/python3.12/site-packages/oslo_concurrency/lockutils.py:511}}
Jul 02 19:44:56 devstack cinder-volume[86639]: DEBUG oslo_concurrency.lockutils [None req-59f17db3-3c8a-427e-92a5-9c366cbe9294 tempest-GroupSnapshotsTest-1838694738 None] Lock "quobyte" acquired by "cinder.volume.drivers.quobyte.QuobyteDriver.create_snapshot" :: waited 0.000s {{(pid=86639) inner /opt/stack/data/venv/lib/python3.12/site-packages/oslo_concurrency/lockutils.py:524}}
Jul 02 19:44:56 devstack cinder-volume[86639]: DEBUG cinder.volume.drivers.remotefs [None req-59f17db3-3c8a-427e-92a5-9c366cbe9294 tempest-GroupSnapshotsTest-1838694738 None] Creating offline snapshot 42a20365-99d5-4c2e-a52f-f1b55361416f of volume 8a515fcc-92ae-4757-8f52-edbde39fd487 {{(pid=86639) _create_snapshot /opt/stack/cinder/cinder/volume/drivers/remotefs.py:1816}}
Jul 02 19:44:56 devstack cinder-volume[86639]: DEBUG oslo.privsep.daemon [-] privsep: reply[db5ff50e-5841-42f8-a699-35b85323cbc4]: (4, 'qcow2') {{(pid=87992) _call_back /opt/stack/data/venv/lib/python3.12/site-packages/oslo_privsep/daemon.py:580}}
Jul 02 19:44:56 devstack cinder-volume[86639]: DEBUG oslo_concurrency.processutils [None req-59f17db3-3c8a-427e-92a5-9c366cbe9294 tempest-GroupSnapshotsTest-1838694738 None] Running cmd (subprocess): /opt/stack/data/venv/bin/python3.12 -m oslo_concurrency.prlimit --as=1073741824 --cpu=60 -- sudo cinder-rootwrap /etc/cinder/rootwrap.conf env LC_ALL=C qemu-img info -f qcow2 --output=json --force-share /opt/stack/data/cinder/mnt/52dbe78c2fafa656c63ca3d133d7fa7e/volume-8a515fcc-92ae-4757-8f52-edbde39fd487 {{(pid=86639) execute /opt/stack/data/venv/lib/python3.12/site-packages/oslo_concurrency/processutils.py:440}}
Jul 02 19:44:56 devstack sudo[90531]: quobyte : PWD=/ ; USER=root ; COMMAND=/opt/stack/data/venv/bin/cinder-rootwrap /etc/cinder/rootwrap.conf env LC_ALL=C qemu-img info -f qcow2 --output=json --force-share /opt/stack/data/cinder/mnt/52dbe78c2fafa656c63ca3d133d7fa7e/volume-8a515fcc-92ae-4757-8f52-edbde39fd487
Jul 02 19:44:56 devstack sudo[90531]: pam_unix(sudo:session): session opened for user root(uid=0) by (uid=1000)
Jul 02 19:44:57 devstack sudo[90531]: pam_unix(sudo:session): session closed for user root
Jul 02 19:44:57 devstack cinder-volume[86639]: DEBUG oslo_concurrency.processutils [None req-59f17db3-3c8a-427e-92a5-9c366cbe9294 tempest-GroupSnapshotsTest-1838694738 None] CMD "/opt/stack/data/venv/bin/python3.12 -m oslo_concurrency.prlimit --as=1073741824 --cpu=60 -- sudo cinder-rootwrap /etc/cinder/rootwrap.conf env LC_ALL=C qemu-img info -f qcow2 --output=json --force-share /opt/stack/data/cinder/mnt/52dbe78c2fafa656c63ca3d133d7fa7e/volume-8a515fcc-92ae-4757-8f52-edbde39fd487" returned: 0 in 1.069s {{(pid=86639) execute /opt/stack/data/venv/lib/python3.12/site-packages/oslo_concurrency/processutils.py:468}}
Jul 02 19:44:57 devstack cinder-volume[86639]: DEBUG oslo_concurrency.processutils [None req-59f17db3-3c8a-427e-92a5-9c366cbe9294 tempest-GroupSnapshotsTest-1838694738 None] Running cmd (subprocess): sudo cinder-rootwrap /etc/cinder/rootwrap.conf qemu-img create -f qcow2 -o backing_file=/opt/stack/data/cinder/mnt/52dbe78c2fafa656c63ca3d133d7fa7e/volume-8a515fcc-92ae-4757-8f52-edbde39fd487,backing_fmt=qcow2 /opt/stack/data/cinder/mnt/52dbe78c2fafa656c63ca3d133d7fa7e/volume-8a515fcc-92ae-4757-8f52-edbde39fd487.42a20365-99d5-4c2e-a52f-f1b55361416f 1G {{(pid=86639) execute /opt/stack/data/venv/lib/python3.12/site-packages/oslo_concurrency/processutils.py:440}}
Jul 02 19:44:57 devstack sudo[90557]: quobyte : PWD=/ ; USER=root ; COMMAND=/opt/stack/data/venv/bin/cinder-rootwrap /etc/cinder/rootwrap.conf qemu-img create -f qcow2 -o backing_file=/opt/stack/data/cinder/mnt/52dbe78c2fafa656c63ca3d133d7fa7e/volume-8a515fcc-92ae-4757-8f52-edbde39fd487,backing_fmt=qcow2 /opt/stack/data/cinder/mnt/52dbe78c2fafa656c63ca3d133d7fa7e/volume-8a515fcc-92ae-4757-8f52-edbde39fd487.42a20365-99d5-4c2e-a52f-f1b55361416f 1G
Jul 02 19:44:57 devstack sudo[90557]: pam_unix(sudo:session): session opened for user root(uid=0) by (uid=1000)
Jul 02 19:44:58 devstack sudo[90557]: pam_unix(sudo:session): session closed for user root
Jul 02 19:44:58 devstack cinder-volume[86639]: DEBUG oslo_concurrency.processutils [None req-59f17db3-3c8a-427e-92a5-9c366cbe9294 tempest-GroupSnapshotsTest-1838694738 None] CMD "sudo cinder-rootwrap /etc/cinder/rootwrap.conf qemu-img create -f qcow2 -o backing_file=/opt/stack/data/cinder/mnt/52dbe78c2fafa656c63ca3d133d7fa7e/volume-8a515fcc-92ae-4757-8f52-edbde39fd487,backing_fmt=qcow2 /opt/stack/data/cinder/mnt/52dbe78c2fafa656c63ca3d133d7fa7e/volume-8a515fcc-92ae-4757-8f52-edbde39fd487.42a20365-99d5-4c2e-a52f-f1b55361416f 1G" returned: 0 in 1.221s {{(pid=86639) execute /opt/stack/data/venv/lib/python3.12/site-packages/oslo_concurrency/processutils.py:468}}
Jul 02 19:44:58 devstack cinder-volume[86639]: DEBUG oslo_concurrency.processutils [None req-59f17db3-3c8a-427e-92a5-9c366cbe9294 tempest-GroupSnapshotsTest-1838694738 None] Running cmd (subprocess): sudo cinder-rootwrap /etc/cinder/rootwrap.conf qemu-img rebase -u -b volume-8a515fcc-92ae-4757-8f52-edbde39fd487 -F qcow2 /opt/stack/data/cinder/mnt/52dbe78c2fafa656c63ca3d133d7fa7e/volume-8a515fcc-92ae-4757-8f52-edbde39fd487.42a20365-99d5-4c2e-a52f-f1b55361416f {{(pid=86639) execute /opt/stack/data/venv/lib/python3.12/site-packages/oslo_concurrency/processutils.py:440}}
Jul 02 19:44:58 devstack sudo[90568]: quobyte : PWD=/ ; USER=root ; COMMAND=/opt/stack/data/venv/bin/cinder-rootwrap /etc/cinder/rootwrap.conf qemu-img rebase -u -b volume-8a515fcc-92ae-4757-8f52-edbde39fd487 -F qcow2 /opt/stack/data/cinder/mnt/52dbe78c2fafa656c63ca3d133d7fa7e/volume-8a515fcc-92ae-4757-8f52-edbde39fd487.42a20365-99d5-4c2e-a52f-f1b55361416f
Jul 02 19:44:58 devstack sudo[90568]: pam_unix(sudo:session): session opened for user root(uid=0) by (uid=1000)
Jul 02 19:44:59 devstack sudo[90568]: pam_unix(sudo:session): session closed for user root
Jul 02 19:44:59 devstack cinder-volume[86639]: DEBUG oslo_concurrency.processutils [None req-59f17db3-3c8a-427e-92a5-9c366cbe9294 tempest-GroupSnapshotsTest-1838694738 None] CMD "sudo cinder-rootwrap /etc/cinder/rootwrap.conf qemu-img rebase -u -b volume-8a515fcc-92ae-4757-8f52-edbde39fd487 -F qcow2 /opt/stack/data/cinder/mnt/52dbe78c2fafa656c63ca3d133d7fa7e/volume-8a515fcc-92ae-4757-8f52-edbde39fd487.42a20365-99d5-4c2e-a52f-f1b55361416f" returned: 0 in 0.977s {{(pid=86639) execute /opt/stack/data/venv/lib/python3.12/site-packages/oslo_concurrency/processutils.py:468}}
Jul 02 19:44:59 devstack cinder-volume[86639]: WARNING cinder.volume.drivers.remotefs [None req-59f17db3-3c8a-427e-92a5-9c366cbe9294 tempest-GroupSnapshotsTest-1838694738 None] /opt/stack/data/cinder/mnt/52dbe78c2fafa656c63ca3d133d7fa7e/volume-8a515fcc-92ae-4757-8f52-edbde39fd487.42a20365-99d5-4c2e-a52f-f1b55361416f is being set with open permissions: ugo+rw: NotImplementedError
Jul 02 19:44:59 devstack cinder-volume[86639]: DEBUG oslo_concurrency.processutils [None req-59f17db3-3c8a-427e-92a5-9c366cbe9294 tempest-GroupSnapshotsTest-1838694738 None] Running cmd (subprocess): sudo cinder-rootwrap /etc/cinder/rootwrap.conf chmod ugo+rw /opt/stack/data/cinder/mnt/52dbe78c2fafa656c63ca3d133d7fa7e/volume-8a515fcc-92ae-4757-8f52-edbde39fd487.42a20365-99d5-4c2e-a52f-f1b55361416f {{(pid=86639) execute /opt/stack/data/venv/lib/python3.12/site-packages/oslo_concurrency/processutils.py:440}}
Jul 02 19:44:59 devstack sudo[90665]: quobyte : PWD=/ ; USER=root ; COMMAND=/opt/stack/data/venv/bin/cinder-rootwrap /etc/cinder/rootwrap.conf chmod ugo+rw /opt/stack/data/cinder/mnt/52dbe78c2fafa656c63ca3d133d7fa7e/volume-8a515fcc-92ae-4757-8f52-edbde39fd487.42a20365-99d5-4c2e-a52f-f1b55361416f
Jul 02 19:44:59 devstack sudo[90665]: pam_unix(sudo:session): session opened for user root(uid=0) by (uid=1000)
Jul 02 19:45:00 devstack sudo[90665]: pam_unix(sudo:session): session closed for user root
Jul 02 19:45:00 devstack cinder-volume[86639]: DEBUG oslo_concurrency.processutils [None req-59f17db3-3c8a-427e-92a5-9c366cbe9294 tempest-GroupSnapshotsTest-1838694738 None] CMD "sudo cinder-rootwrap /etc/cinder/rootwrap.conf chmod ugo+rw /opt/stack/data/cinder/mnt/52dbe78c2fafa656c63ca3d133d7fa7e/volume-8a515fcc-92ae-4757-8f52-edbde39fd487.42a20365-99d5-4c2e-a52f-f1b55361416f" returned: 0 in 0.981s {{(pid=86639) execute /opt/stack/data/venv/lib/python3.12/site-packages/oslo_concurrency/processutils.py:468}}
Jul 02 19:45:00 devstack cinder-volume[86639]: DEBUG oslo_concurrency.processutils [None req-59f17db3-3c8a-427e-92a5-9c366cbe9294 tempest-GroupSnapshotsTest-1838694738 None] Running cmd (subprocess): sudo cinder-rootwrap /etc/cinder/rootwrap.conf truncate -s0 /opt/stack/data/cinder/mnt/52dbe78c2fafa656c63ca3d133d7fa7e/volume-8a515fcc-92ae-4757-8f52-edbde39fd487.info {{(pid=86639) execute /opt/stack/data/venv/lib/python3.12/site-packages/oslo_concurrency/processutils.py:440}}
Jul 02 19:45:00 devstack sudo[90668]: quobyte : PWD=/ ; USER=root ; COMMAND=/opt/stack/data/venv/bin/cinder-rootwrap /etc/cinder/rootwrap.conf truncate -s0 /opt/stack/data/cinder/mnt/52dbe78c2fafa656c63ca3d133d7fa7e/volume-8a515fcc-92ae-4757-8f52-edbde39fd487.info
Jul 02 19:45:00 devstack sudo[90668]: pam_unix(sudo:session): session opened for user root(uid=0) by (uid=1000)
Jul 02 19:45:01 devstack sudo[90668]: pam_unix(sudo:session): session closed for user root
Jul 02 19:45:01 devstack cinder-volume[86639]: DEBUG oslo_concurrency.processutils [None req-59f17db3-3c8a-427e-92a5-9c366cbe9294 tempest-GroupSnapshotsTest-1838694738 None] CMD "sudo cinder-rootwrap /etc/cinder/rootwrap.conf truncate -s0 /opt/stack/data/cinder/mnt/52dbe78c2fafa656c63ca3d133d7fa7e/volume-8a515fcc-92ae-4757-8f52-edbde39fd487.info" returned: 0 in 0.869s {{(pid=86639) execute /opt/stack/data/venv/lib/python3.12/site-packages/oslo_concurrency/processutils.py:468}}
Jul 02 19:45:01 devstack cinder-volume[86639]: WARNING cinder.volume.drivers.remotefs [None req-59f17db3-3c8a-427e-92a5-9c366cbe9294 tempest-GroupSnapshotsTest-1838694738 None] /opt/stack/data/cinder/mnt/52dbe78c2fafa656c63ca3d133d7fa7e/volume-8a515fcc-92ae-4757-8f52-edbde39fd487.info is being set with open permissions: ugo+rw: NotImplementedError
Jul 02 19:45:01 devstack cinder-volume[86639]: DEBUG oslo_concurrency.processutils [None req-59f17db3-3c8a-427e-92a5-9c366cbe9294 tempest-GroupSnapshotsTest-1838694738 None] Running cmd (subprocess): sudo cinder-rootwrap /etc/cinder/rootwrap.conf chmod ugo+rw /opt/stack/data/cinder/mnt/52dbe78c2fafa656c63ca3d133d7fa7e/volume-8a515fcc-92ae-4757-8f52-edbde39fd487.info {{(pid=86639) execute /opt/stack/data/venv/lib/python3.12/site-packages/oslo_concurrency/processutils.py:440}}
Jul 02 19:45:01 devstack sudo[90681]: quobyte : PWD=/ ; USER=root ; COMMAND=/opt/stack/data/venv/bin/cinder-rootwrap /etc/cinder/rootwrap.conf chmod ugo+rw /opt/stack/data/cinder/mnt/52dbe78c2fafa656c63ca3d133d7fa7e/volume-8a515fcc-92ae-4757-8f52-edbde39fd487.info
Jul 02 19:45:01 devstack sudo[90681]: pam_unix(sudo:session): session opened for user root(uid=0) by (uid=1000)
Jul 02 19:45:02 devstack sudo[90681]: pam_unix(sudo:session): session closed for user root
Jul 02 19:45:02 devstack cinder-volume[86639]: DEBUG oslo_concurrency.processutils [None req-59f17db3-3c8a-427e-92a5-9c366cbe9294 tempest-GroupSnapshotsTest-1838694738 None] CMD "sudo cinder-rootwrap /etc/cinder/rootwrap.conf chmod ugo+rw /opt/stack/data/cinder/mnt/52dbe78c2fafa656c63ca3d133d7fa7e/volume-8a515fcc-92ae-4757-8f52-edbde39fd487.info" returned: 0 in 1.120s {{(pid=86639) execute /opt/stack/data/venv/lib/python3.12/site-packages/oslo_concurrency/processutils.py:468}}
Jul 02 19:45:03 devstack cinder-volume[86639]: DEBUG oslo_concurrency.lockutils [None req-59f17db3-3c8a-427e-92a5-9c366cbe9294 tempest-GroupSnapshotsTest-1838694738 None] Lock "quobyte" "released" by "cinder.volume.drivers.quobyte.QuobyteDriver.create_snapshot" :: held 6.454s {{(pid=86639) inner /opt/stack/data/venv/lib/python3.12/site-packages/oslo_concurrency/lockutils.py:543}}
Jul 02 19:45:03 devstack cinder-volume[86639]: DEBUG cinder.coordination [None req-e5e02765-e70c-416a-9ed9-ed753a6e7fa4 tempest-TaggedAttachmentsTest-241125395 None] Acquiring lock "cinder-d5e3a764-cfac-4230-aa76-026ddf2e9a5f-delete_volume" by "delete_volume" {{(pid=86639) __acquire /opt/stack/cinder/cinder/coordination.py:138}}
Jul 02 19:45:03 devstack cinder-volume[86639]: DEBUG cinder.coordination [None req-e5e02765-e70c-416a-9ed9-ed753a6e7fa4 tempest-TaggedAttachmentsTest-241125395 None] Lock "cinder-d5e3a764-cfac-4230-aa76-026ddf2e9a5f-delete_volume" acquired by "delete_volume" :: waited 0.092s {{(pid=86639) __acquire /opt/stack/cinder/cinder/coordination.py:141}}
Jul 02 19:45:03 devstack cinder-volume[86639]: DEBUG cinder.coordination [None req-e5e02765-e70c-416a-9ed9-ed753a6e7fa4 tempest-TaggedAttachmentsTest-241125395 None] Acquiring lock "cinder-quobyte-d5e3a764-cfac-4230-aa76-026ddf2e9a5f" by "delete_volume" {{(pid=86639) __acquire /opt/stack/cinder/cinder/coordination.py:138}}
Jul 02 19:45:03 devstack cinder-volume[86639]: DEBUG cinder.coordination [None req-e5e02765-e70c-416a-9ed9-ed753a6e7fa4 tempest-TaggedAttachmentsTest-241125395 None] Lock "cinder-quobyte-d5e3a764-cfac-4230-aa76-026ddf2e9a5f" acquired by "delete_volume" :: waited 0.033s {{(pid=86639) __acquire /opt/stack/cinder/cinder/coordination.py:141}}
Jul 02 19:45:03 devstack cinder-volume[86639]: DEBUG oslo.privsep.daemon [-] privsep: reply[3df40236-e602-4a74-b972-3b04d1689b09]: (4, 'qcow2') {{(pid=87992) _call_back /opt/stack/data/venv/lib/python3.12/site-packages/oslo_privsep/daemon.py:580}}
Jul 02 19:45:03 devstack cinder-volume[86639]: DEBUG oslo_concurrency.processutils [None req-e5e02765-e70c-416a-9ed9-ed753a6e7fa4 tempest-TaggedAttachmentsTest-241125395 None] Running cmd (subprocess): /opt/stack/data/venv/bin/python3.12 -m oslo_concurrency.prlimit --as=1073741824 --cpu=60 -- sudo cinder-rootwrap /etc/cinder/rootwrap.conf env LC_ALL=C qemu-img info -f qcow2 --output=json --force-share /opt/stack/data/cinder/mnt/52dbe78c2fafa656c63ca3d133d7fa7e/volume-d5e3a764-cfac-4230-aa76-026ddf2e9a5f {{(pid=86639) execute /opt/stack/data/venv/lib/python3.12/site-packages/oslo_concurrency/processutils.py:440}}
Jul 02 19:45:03 devstack cinder-volume[86639]: INFO cinder.volume.manager [None req-59f17db3-3c8a-427e-92a5-9c366cbe9294 tempest-GroupSnapshotsTest-1838694738 None] group_snapshot 0dd2994c-7463-4352-addb-2e2e32b6e821: created successfully
Jul 02 19:45:03 devstack sudo[91044]: quobyte : PWD=/ ; USER=root ; COMMAND=/opt/stack/data/venv/bin/cinder-rootwrap /etc/cinder/rootwrap.conf env LC_ALL=C qemu-img info -f qcow2 --output=json --force-share /opt/stack/data/cinder/mnt/52dbe78c2fafa656c63ca3d133d7fa7e/volume-d5e3a764-cfac-4230-aa76-026ddf2e9a5f
Jul 02 19:45:03 devstack sudo[91044]: pam_unix(sudo:session): session opened for user root(uid=0) by (uid=1000)
Jul 02 19:45:04 devstack cinder-volume[86639]: INFO cinder.volume.manager [None req-510bd123-8f4a-4a8c-9965-f63103da5cbc tempest-GroupSnapshotsTest-1838694738 None] group_snapshot 0dd2994c-7463-4352-addb-2e2e32b6e821: deleting
Jul 02 19:45:04 devstack cinder-volume[86639]: DEBUG cinder.volume.manager [None req-510bd123-8f4a-4a8c-9965-f63103da5cbc tempest-GroupSnapshotsTest-1838694738 None] group_snapshot 0dd2994c-7463-4352-addb-2e2e32b6e821: deleting {{(pid=86639) delete_group_snapshot /opt/stack/cinder/cinder/volume/manager.py:4350}}
Jul 02 19:45:04 devstack cinder-volume[86639]: DEBUG cinder.coordination [None req-510bd123-8f4a-4a8c-9965-f63103da5cbc tempest-GroupSnapshotsTest-1838694738 None] Acquiring lock "cinder-quobyte-3c6df81f-bbbd-477c-b51e-195a2f2d1e52" by "delete_snapshot" {{(pid=86639) __acquire /opt/stack/cinder/cinder/coordination.py:138}}
Jul 02 19:45:04 devstack cinder-volume[86639]: DEBUG cinder.coordination [None req-510bd123-8f4a-4a8c-9965-f63103da5cbc tempest-GroupSnapshotsTest-1838694738 None] Lock "cinder-quobyte-3c6df81f-bbbd-477c-b51e-195a2f2d1e52" acquired by "delete_snapshot" :: waited 0.070s {{(pid=86639) __acquire /opt/stack/cinder/cinder/coordination.py:141}}
Jul 02 19:45:04 devstack cinder-volume[86639]: DEBUG cinder.coordination [None req-510bd123-8f4a-4a8c-9965-f63103da5cbc tempest-GroupSnapshotsTest-1838694738 None] Acquiring lock "cinder-quobyte-20f788dc-5f8d-48d4-9d44-43cc0e911008" by "_delete_snapshot" {{(pid=86639) __acquire /opt/stack/cinder/cinder/coordination.py:138}}
Jul 02 19:45:04 devstack cinder-volume[86639]: DEBUG cinder.coordination [None req-510bd123-8f4a-4a8c-9965-f63103da5cbc tempest-GroupSnapshotsTest-1838694738 None] Lock "cinder-quobyte-20f788dc-5f8d-48d4-9d44-43cc0e911008" acquired by "_delete_snapshot" :: waited 0.050s {{(pid=86639) __acquire /opt/stack/cinder/cinder/coordination.py:141}}
Jul 02 19:45:04 devstack cinder-volume[86639]: DEBUG cinder.volume.drivers.remotefs [None req-510bd123-8f4a-4a8c-9965-f63103da5cbc tempest-GroupSnapshotsTest-1838694738 None] Deleting offline snapshot 20f788dc-5f8d-48d4-9d44-43cc0e911008 of volume 3c6df81f-bbbd-477c-b51e-195a2f2d1e52 {{(pid=86639) _delete_snapshot /opt/stack/cinder/cinder/volume/drivers/remotefs.py:1288}}
Jul 02 19:45:04 devstack cinder-volume[86639]: DEBUG cinder.volume.drivers.remotefs [None req-510bd123-8f4a-4a8c-9965-f63103da5cbc tempest-GroupSnapshotsTest-1838694738 None] snapshot_file for this snap is: volume-3c6df81f-bbbd-477c-b51e-195a2f2d1e52.20f788dc-5f8d-48d4-9d44-43cc0e911008 {{(pid=86639) _delete_snapshot /opt/stack/cinder/cinder/volume/drivers/remotefs.py:1317}}
Jul 02 19:45:04 devstack cinder-volume[86639]: DEBUG oslo.privsep.daemon [-] privsep: reply[f31ed031-70bd-4a5f-9ada-61af9cac8602]: (4, 'qcow2') {{(pid=87992) _call_back /opt/stack/data/venv/lib/python3.12/site-packages/oslo_privsep/daemon.py:580}}
Jul 02 19:45:04 devstack cinder-volume[86639]: DEBUG oslo_concurrency.processutils [None req-510bd123-8f4a-4a8c-9965-f63103da5cbc tempest-GroupSnapshotsTest-1838694738 None] Running cmd (subprocess): /opt/stack/data/venv/bin/python3.12 -m oslo_concurrency.prlimit --as=1073741824 --cpu=60 -- sudo cinder-rootwrap /etc/cinder/rootwrap.conf env LC_ALL=C qemu-img info -f qcow2 --output=json --force-share /opt/stack/data/cinder/mnt/52dbe78c2fafa656c63ca3d133d7fa7e/volume-3c6df81f-bbbd-477c-b51e-195a2f2d1e52.20f788dc-5f8d-48d4-9d44-43cc0e911008 {{(pid=86639) execute /opt/stack/data/venv/lib/python3.12/site-packages/oslo_concurrency/processutils.py:440}}
Jul 02 19:45:04 devstack sudo[91076]: quobyte : PWD=/ ; USER=root ; COMMAND=/opt/stack/data/venv/bin/cinder-rootwrap /etc/cinder/rootwrap.conf env LC_ALL=C qemu-img info -f qcow2 --output=json --force-share /opt/stack/data/cinder/mnt/52dbe78c2fafa656c63ca3d133d7fa7e/volume-3c6df81f-bbbd-477c-b51e-195a2f2d1e52.20f788dc-5f8d-48d4-9d44-43cc0e911008
Jul 02 19:45:04 devstack sudo[91076]: pam_unix(sudo:session): session opened for user root(uid=0) by (uid=1000)
Jul 02 19:45:05 devstack sudo[91044]: pam_unix(sudo:session): session closed for user root
Jul 02 19:45:05 devstack cinder-volume[86639]: DEBUG oslo_concurrency.processutils [None req-e5e02765-e70c-416a-9ed9-ed753a6e7fa4 tempest-TaggedAttachmentsTest-241125395 None] CMD "/opt/stack/data/venv/bin/python3.12 -m oslo_concurrency.prlimit --as=1073741824 --cpu=60 -- sudo cinder-rootwrap /etc/cinder/rootwrap.conf env LC_ALL=C qemu-img info -f qcow2 --output=json --force-share /opt/stack/data/cinder/mnt/52dbe78c2fafa656c63ca3d133d7fa7e/volume-d5e3a764-cfac-4230-aa76-026ddf2e9a5f" returned: 0 in 1.693s {{(pid=86639) execute /opt/stack/data/venv/lib/python3.12/site-packages/oslo_concurrency/processutils.py:468}}
Jul 02 19:45:05 devstack cinder-volume[86639]: DEBUG oslo_concurrency.processutils [None req-e5e02765-e70c-416a-9ed9-ed753a6e7fa4 tempest-TaggedAttachmentsTest-241125395 None] Running cmd (subprocess): sudo cinder-rootwrap /etc/cinder/rootwrap.conf rm -f /opt/stack/data/cinder/mnt/52dbe78c2fafa656c63ca3d133d7fa7e/volume-d5e3a764-cfac-4230-aa76-026ddf2e9a5f {{(pid=86639) execute /opt/stack/data/venv/lib/python3.12/site-packages/oslo_concurrency/processutils.py:440}}
Jul 02 19:45:05 devstack sudo[91083]: quobyte : PWD=/ ; USER=root ; COMMAND=/opt/stack/data/venv/bin/cinder-rootwrap /etc/cinder/rootwrap.conf rm -f /opt/stack/data/cinder/mnt/52dbe78c2fafa656c63ca3d133d7fa7e/volume-d5e3a764-cfac-4230-aa76-026ddf2e9a5f
Jul 02 19:45:05 devstack sudo[91083]: pam_unix(sudo:session): session opened for user root(uid=0) by (uid=1000)
Jul 02 19:45:05 devstack sudo[91076]: pam_unix(sudo:session): session closed for user root
Jul 02 19:45:05 devstack cinder-volume[86639]: DEBUG oslo_concurrency.processutils [None req-510bd123-8f4a-4a8c-9965-f63103da5cbc tempest-GroupSnapshotsTest-1838694738 None] CMD "/opt/stack/data/venv/bin/python3.12 -m oslo_concurrency.prlimit --as=1073741824 --cpu=60 -- sudo cinder-rootwrap /etc/cinder/rootwrap.conf env LC_ALL=C qemu-img info -f qcow2 --output=json --force-share /opt/stack/data/cinder/mnt/52dbe78c2fafa656c63ca3d133d7fa7e/volume-3c6df81f-bbbd-477c-b51e-195a2f2d1e52.20f788dc-5f8d-48d4-9d44-43cc0e911008" returned: 0 in 1.087s {{(pid=86639) execute /opt/stack/data/venv/lib/python3.12/site-packages/oslo_concurrency/processutils.py:468}}
Jul 02 19:45:05 devstack cinder-volume[86639]: DEBUG cinder.volume.drivers.remotefs [None req-510bd123-8f4a-4a8c-9965-f63103da5cbc tempest-GroupSnapshotsTest-1838694738 None] Fetching qemu-img info with special backing_file_template: (/opt/stack/data/cinder/mnt/[0-9a-f]+/)?(volume-3c6df81f-bbbd-477c-b51e-195a2f2d1e52(.(tmp-snap-)?[0-9a-f-]+)?|volume_from_snapshot_cache/(tmp-snap-)?[0-9a-f-]+(.(child-|parent-)[0-9a-f-]+)?)$ {{(pid=86639) _qemu_img_info_base /opt/stack/cinder/cinder/volume/drivers/remotefs.py:896}}
Jul 02 19:45:05 devstack cinder-volume[86639]: DEBUG oslo.privsep.daemon [-] privsep: reply[17353fe6-da62-40af-9509-d88cb983b764]: (4, 'qcow2') {{(pid=87992) _call_back /opt/stack/data/venv/lib/python3.12/site-packages/oslo_privsep/daemon.py:580}}
Jul 02 19:45:05 devstack cinder-volume[86639]: DEBUG oslo_concurrency.processutils [None req-510bd123-8f4a-4a8c-9965-f63103da5cbc tempest-GroupSnapshotsTest-1838694738 None] Running cmd (subprocess): /opt/stack/data/venv/bin/python3.12 -m oslo_concurrency.prlimit --as=1073741824 --cpu=60 -- sudo cinder-rootwrap /etc/cinder/rootwrap.conf env LC_ALL=C qemu-img info -f qcow2 --output=json --force-share /opt/stack/data/cinder/mnt/52dbe78c2fafa656c63ca3d133d7fa7e/volume-3c6df81f-bbbd-477c-b51e-195a2f2d1e52 {{(pid=86639) execute /opt/stack/data/venv/lib/python3.12/site-packages/oslo_concurrency/processutils.py:440}}
Jul 02 19:45:05 devstack sudo[91088]: quobyte : PWD=/ ; USER=root ; COMMAND=/opt/stack/data/venv/bin/cinder-rootwrap /etc/cinder/rootwrap.conf env LC_ALL=C qemu-img info -f qcow2 --output=json --force-share /opt/stack/data/cinder/mnt/52dbe78c2fafa656c63ca3d133d7fa7e/volume-3c6df81f-bbbd-477c-b51e-195a2f2d1e52
Jul 02 19:45:05 devstack sudo[91088]: pam_unix(sudo:session): session opened for user root(uid=0) by (uid=1000)
Jul 02 19:45:06 devstack sudo[91083]: pam_unix(sudo:session): session closed for user root
Jul 02 19:45:06 devstack cinder-volume[86639]: DEBUG oslo_concurrency.processutils [None req-e5e02765-e70c-416a-9ed9-ed753a6e7fa4 tempest-TaggedAttachmentsTest-241125395 None] CMD "sudo cinder-rootwrap /etc/cinder/rootwrap.conf rm -f /opt/stack/data/cinder/mnt/52dbe78c2fafa656c63ca3d133d7fa7e/volume-d5e3a764-cfac-4230-aa76-026ddf2e9a5f" returned: 0 in 1.171s {{(pid=86639) execute /opt/stack/data/venv/lib/python3.12/site-packages/oslo_concurrency/processutils.py:468}}
Jul 02 19:45:06 devstack cinder-volume[86639]: DEBUG cinder.coordination [None req-e5e02765-e70c-416a-9ed9-ed753a6e7fa4 tempest-TaggedAttachmentsTest-241125395 None] Lock "cinder-quobyte-d5e3a764-cfac-4230-aa76-026ddf2e9a5f" released by "delete_volume" :: held 2.972s {{(pid=86639) __release /opt/stack/cinder/cinder/coordination.py:152}}
Jul 02 19:45:06 devstack cinder-volume[86639]: DEBUG cinder.quota [None req-e5e02765-e70c-416a-9ed9-ed753a6e7fa4 tempest-TaggedAttachmentsTest-241125395 None] Created reservations ['6ee8d6c7-23a8-4ea7-bd38-b5ee75a267bd', '244c6955-1ebe-4c7d-9c80-80509865aa1b', 'c2df244c-1979-4724-a8f7-6aec9ca5c027', 'db963be2-287a-40e9-a397-9aedbaa08062'] {{(pid=86639) reserve /opt/stack/cinder/cinder/quota.py:752}}
Jul 02 19:45:06 devstack cinder-volume[86639]: DEBUG oslo_concurrency.lockutils [None req-e5e02765-e70c-416a-9ed9-ed753a6e7fa4 tempest-TaggedAttachmentsTest-241125395 None] Acquiring lock "quobyte_ensure" by "cinder.volume.drivers.quobyte.QuobyteDriver._ensure_shares_mounted" {{(pid=86639) inner /opt/stack/data/venv/lib/python3.12/site-packages/oslo_concurrency/lockutils.py:511}}
Jul 02 19:45:06 devstack cinder-volume[86639]: DEBUG oslo_concurrency.lockutils [None req-e5e02765-e70c-416a-9ed9-ed753a6e7fa4 tempest-TaggedAttachmentsTest-241125395 None] Lock "quobyte_ensure" acquired by "cinder.volume.drivers.quobyte.QuobyteDriver._ensure_shares_mounted" :: waited 0.001s {{(pid=86639) inner /opt/stack/data/venv/lib/python3.12/site-packages/oslo_concurrency/lockutils.py:524}}
Jul 02 19:45:06 devstack cinder-volume[86639]: DEBUG cinder.volume.drivers.quobyte [None req-e5e02765-e70c-416a-9ed9-ed753a6e7fa4 tempest-TaggedAttachmentsTest-241125395 None] Quobyte Volume URL set to: {'osci02.corp.quobyte.com/cinder-vol-7f239dfc-c0de-428e-aad4-078692dcca92': None} {{(pid=86639) _load_shares_config /opt/stack/cinder/cinder/volume/drivers/quobyte.py:617}}
Jul 02 19:45:06 devstack cinder-volume[86639]: DEBUG cinder.volume.drivers.quobyte [None req-e5e02765-e70c-416a-9ed9-ed753a6e7fa4 tempest-TaggedAttachmentsTest-241125395 None] Available shares ['osci02.corp.quobyte.com/cinder-vol-7f239dfc-c0de-428e-aad4-078692dcca92'] {{(pid=86639) _ensure_shares_mounted /opt/stack/cinder/cinder/volume/drivers/quobyte.py:647}}
Jul 02 19:45:06 devstack cinder-volume[86639]: DEBUG oslo_concurrency.lockutils [None req-e5e02765-e70c-416a-9ed9-ed753a6e7fa4 tempest-TaggedAttachmentsTest-241125395 None] Lock "quobyte_ensure" "released" by "cinder.volume.drivers.quobyte.QuobyteDriver._ensure_shares_mounted" :: held 0.018s {{(pid=86639) inner /opt/stack/data/venv/lib/python3.12/site-packages/oslo_concurrency/lockutils.py:543}}
Jul 02 19:45:06 devstack cinder-volume[86639]: DEBUG oslo_concurrency.processutils [None req-e5e02765-e70c-416a-9ed9-ed753a6e7fa4 tempest-TaggedAttachmentsTest-241125395 None] Running cmd (subprocess): sudo cinder-rootwrap /etc/cinder/rootwrap.conf df --portability --block-size 1 /opt/stack/data/cinder/mnt/52dbe78c2fafa656c63ca3d133d7fa7e {{(pid=86639) execute /opt/stack/data/venv/lib/python3.12/site-packages/oslo_concurrency/processutils.py:440}}
Jul 02 19:45:06 devstack sudo[91093]: quobyte : PWD=/ ; USER=root ; COMMAND=/opt/stack/data/venv/bin/cinder-rootwrap /etc/cinder/rootwrap.conf df --portability --block-size 1 /opt/stack/data/cinder/mnt/52dbe78c2fafa656c63ca3d133d7fa7e
Jul 02 19:45:06 devstack sudo[91093]: pam_unix(sudo:session): session opened for user root(uid=0) by (uid=1000)
Jul 02 19:45:07 devstack sudo[91088]: pam_unix(sudo:session): session closed for user root
Jul 02 19:45:07 devstack cinder-volume[86639]: DEBUG oslo_concurrency.processutils [None req-510bd123-8f4a-4a8c-9965-f63103da5cbc tempest-GroupSnapshotsTest-1838694738 None] CMD "/opt/stack/data/venv/bin/python3.12 -m oslo_concurrency.prlimit --as=1073741824 --cpu=60 -- sudo cinder-rootwrap /etc/cinder/rootwrap.conf env LC_ALL=C qemu-img info -f qcow2 --output=json --force-share /opt/stack/data/cinder/mnt/52dbe78c2fafa656c63ca3d133d7fa7e/volume-3c6df81f-bbbd-477c-b51e-195a2f2d1e52" returned: 0 in 1.656s {{(pid=86639) execute /opt/stack/data/venv/lib/python3.12/site-packages/oslo_concurrency/processutils.py:468}}
Jul 02 19:45:07 devstack cinder-volume[86639]: DEBUG oslo_concurrency.processutils [None req-510bd123-8f4a-4a8c-9965-f63103da5cbc tempest-GroupSnapshotsTest-1838694738 None] Running cmd (subprocess): sudo cinder-rootwrap /etc/cinder/rootwrap.conf qemu-img commit -d /opt/stack/data/cinder/mnt/52dbe78c2fafa656c63ca3d133d7fa7e/volume-3c6df81f-bbbd-477c-b51e-195a2f2d1e52.20f788dc-5f8d-48d4-9d44-43cc0e911008 {{(pid=86639) execute /opt/stack/data/venv/lib/python3.12/site-packages/oslo_concurrency/processutils.py:440}}
Jul 02 19:45:07 devstack sudo[91098]: quobyte : PWD=/ ; USER=root ; COMMAND=/opt/stack/data/venv/bin/cinder-rootwrap /etc/cinder/rootwrap.conf qemu-img commit -d /opt/stack/data/cinder/mnt/52dbe78c2fafa656c63ca3d133d7fa7e/volume-3c6df81f-bbbd-477c-b51e-195a2f2d1e52.20f788dc-5f8d-48d4-9d44-43cc0e911008
Jul 02 19:45:07 devstack sudo[91098]: pam_unix(sudo:session): session opened for user root(uid=0) by (uid=1000)
Jul 02 19:45:08 devstack sudo[91093]: pam_unix(sudo:session): session closed for user root
Jul 02 19:45:08 devstack cinder-volume[86639]: DEBUG oslo_concurrency.processutils [None req-e5e02765-e70c-416a-9ed9-ed753a6e7fa4 tempest-TaggedAttachmentsTest-241125395 None] CMD "sudo cinder-rootwrap /etc/cinder/rootwrap.conf df --portability --block-size 1 /opt/stack/data/cinder/mnt/52dbe78c2fafa656c63ca3d133d7fa7e" returned: 0 in 1.855s {{(pid=86639) execute /opt/stack/data/venv/lib/python3.12/site-packages/oslo_concurrency/processutils.py:468}}
Jul 02 19:45:08 devstack cinder-volume[86639]: DEBUG cinder.manager [None req-e5e02765-e70c-416a-9ed9-ed753a6e7fa4 tempest-TaggedAttachmentsTest-241125395 None] Notifying Schedulers of capabilities ... {{(pid=86639) _publish_service_capabilities /opt/stack/cinder/cinder/manager.py:219}}
Jul 02 19:45:08 devstack cinder-volume[86639]: INFO cinder.volume.manager [None req-e5e02765-e70c-416a-9ed9-ed753a6e7fa4 tempest-TaggedAttachmentsTest-241125395 None] Deleted volume successfully.
Jul 02 19:45:08 devstack cinder-volume[86639]: DEBUG cinder.coordination [None req-e5e02765-e70c-416a-9ed9-ed753a6e7fa4 tempest-TaggedAttachmentsTest-241125395 None] Lock "cinder-d5e3a764-cfac-4230-aa76-026ddf2e9a5f-delete_volume" released by "delete_volume" :: held 5.260s {{(pid=86639) __release /opt/stack/cinder/cinder/coordination.py:152}}
Jul 02 19:45:08 devstack sudo[91098]: pam_unix(sudo:session): session closed for user root
Jul 02 19:45:08 devstack cinder-volume[86639]: DEBUG oslo_concurrency.processutils [None req-510bd123-8f4a-4a8c-9965-f63103da5cbc tempest-GroupSnapshotsTest-1838694738 None] CMD "sudo cinder-rootwrap /etc/cinder/rootwrap.conf qemu-img commit -d /opt/stack/data/cinder/mnt/52dbe78c2fafa656c63ca3d133d7fa7e/volume-3c6df81f-bbbd-477c-b51e-195a2f2d1e52.20f788dc-5f8d-48d4-9d44-43cc0e911008" returned: 0 in 1.445s {{(pid=86639) execute /opt/stack/data/venv/lib/python3.12/site-packages/oslo_concurrency/processutils.py:468}}
Jul 02 19:45:08 devstack cinder-volume[86639]: DEBUG oslo_concurrency.processutils [None req-510bd123-8f4a-4a8c-9965-f63103da5cbc tempest-GroupSnapshotsTest-1838694738 None] Running cmd (subprocess): sudo cinder-rootwrap /etc/cinder/rootwrap.conf rm -f /opt/stack/data/cinder/mnt/52dbe78c2fafa656c63ca3d133d7fa7e/volume-3c6df81f-bbbd-477c-b51e-195a2f2d1e52.20f788dc-5f8d-48d4-9d44-43cc0e911008 {{(pid=86639) execute /opt/stack/data/venv/lib/python3.12/site-packages/oslo_concurrency/processutils.py:440}}
Jul 02 19:45:08 devstack sudo[91109]: quobyte : PWD=/ ; USER=root ; COMMAND=/opt/stack/data/venv/bin/cinder-rootwrap /etc/cinder/rootwrap.conf rm -f /opt/stack/data/cinder/mnt/52dbe78c2fafa656c63ca3d133d7fa7e/volume-3c6df81f-bbbd-477c-b51e-195a2f2d1e52.20f788dc-5f8d-48d4-9d44-43cc0e911008
Jul 02 19:45:08 devstack sudo[91109]: pam_unix(sudo:session): session opened for user root(uid=0) by (uid=1000)
Jul 02 19:45:09 devstack sudo[91109]: pam_unix(sudo:session): session closed for user root
Jul 02 19:45:09 devstack cinder-volume[86639]: DEBUG oslo_concurrency.processutils [None req-510bd123-8f4a-4a8c-9965-f63103da5cbc tempest-GroupSnapshotsTest-1838694738 None] CMD "sudo cinder-rootwrap /etc/cinder/rootwrap.conf rm -f /opt/stack/data/cinder/mnt/52dbe78c2fafa656c63ca3d133d7fa7e/volume-3c6df81f-bbbd-477c-b51e-195a2f2d1e52.20f788dc-5f8d-48d4-9d44-43cc0e911008" returned: 0 in 1.184s {{(pid=86639) execute /opt/stack/data/venv/lib/python3.12/site-packages/oslo_concurrency/processutils.py:468}}
Jul 02 19:45:10 devstack cinder-volume[86639]: DEBUG cinder.coordination [None req-510bd123-8f4a-4a8c-9965-f63103da5cbc tempest-GroupSnapshotsTest-1838694738 None] Lock "cinder-quobyte-20f788dc-5f8d-48d4-9d44-43cc0e911008" released by "_delete_snapshot" :: held 5.582s {{(pid=86639) __release /opt/stack/cinder/cinder/coordination.py:152}}
Jul 02 19:45:10 devstack cinder-volume[86639]: DEBUG cinder.coordination [None req-510bd123-8f4a-4a8c-9965-f63103da5cbc tempest-GroupSnapshotsTest-1838694738 None] Lock "cinder-quobyte-3c6df81f-bbbd-477c-b51e-195a2f2d1e52" released by "delete_snapshot" :: held 5.651s {{(pid=86639) __release /opt/stack/cinder/cinder/coordination.py:152}}
Jul 02 19:45:10 devstack cinder-volume[86639]: DEBUG cinder.coordination [None req-510bd123-8f4a-4a8c-9965-f63103da5cbc tempest-GroupSnapshotsTest-1838694738 None] Acquiring lock "cinder-quobyte-8a515fcc-92ae-4757-8f52-edbde39fd487" by "delete_snapshot" {{(pid=86639) __acquire /opt/stack/cinder/cinder/coordination.py:138}}
Jul 02 19:45:10 devstack cinder-volume[86639]: DEBUG cinder.coordination [None req-510bd123-8f4a-4a8c-9965-f63103da5cbc tempest-GroupSnapshotsTest-1838694738 None] Lock "cinder-quobyte-8a515fcc-92ae-4757-8f52-edbde39fd487" acquired by "delete_snapshot" :: waited 0.033s {{(pid=86639) __acquire /opt/stack/cinder/cinder/coordination.py:141}}
Jul 02 19:45:10 devstack cinder-volume[86639]: DEBUG cinder.coordination [None req-510bd123-8f4a-4a8c-9965-f63103da5cbc tempest-GroupSnapshotsTest-1838694738 None] Acquiring lock "cinder-quobyte-42a20365-99d5-4c2e-a52f-f1b55361416f" by "_delete_snapshot" {{(pid=86639) __acquire /opt/stack/cinder/cinder/coordination.py:138}}
Jul 02 19:45:10 devstack cinder-volume[86639]: DEBUG cinder.coordination [None req-510bd123-8f4a-4a8c-9965-f63103da5cbc tempest-GroupSnapshotsTest-1838694738 None] Lock "cinder-quobyte-42a20365-99d5-4c2e-a52f-f1b55361416f" acquired by "_delete_snapshot" :: waited 0.031s {{(pid=86639) __acquire /opt/stack/cinder/cinder/coordination.py:141}}
Jul 02 19:45:10 devstack cinder-volume[86639]: DEBUG cinder.volume.drivers.remotefs [None req-510bd123-8f4a-4a8c-9965-f63103da5cbc tempest-GroupSnapshotsTest-1838694738 None] Deleting offline snapshot 42a20365-99d5-4c2e-a52f-f1b55361416f of volume 8a515fcc-92ae-4757-8f52-edbde39fd487 {{(pid=86639) _delete_snapshot /opt/stack/cinder/cinder/volume/drivers/remotefs.py:1288}}
Jul 02 19:45:10 devstack cinder-volume[86639]: DEBUG cinder.volume.drivers.remotefs [None req-510bd123-8f4a-4a8c-9965-f63103da5cbc tempest-GroupSnapshotsTest-1838694738 None] snapshot_file for this snap is: volume-8a515fcc-92ae-4757-8f52-edbde39fd487.42a20365-99d5-4c2e-a52f-f1b55361416f {{(pid=86639) _delete_snapshot /opt/stack/cinder/cinder/volume/drivers/remotefs.py:1317}}
Jul 02 19:45:10 devstack cinder-volume[86639]: DEBUG oslo.privsep.daemon [-] privsep: reply[2e06ad8d-cdf6-403a-bd9d-3eb0ee75c901]: (4, 'qcow2') {{(pid=87992) _call_back /opt/stack/data/venv/lib/python3.12/site-packages/oslo_privsep/daemon.py:580}}
Jul 02 19:45:10 devstack cinder-volume[86639]: DEBUG oslo_concurrency.processutils [None req-510bd123-8f4a-4a8c-9965-f63103da5cbc tempest-GroupSnapshotsTest-1838694738 None] Running cmd (subprocess): /opt/stack/data/venv/bin/python3.12 -m oslo_concurrency.prlimit --as=1073741824 --cpu=60 -- sudo cinder-rootwrap /etc/cinder/rootwrap.conf env LC_ALL=C qemu-img info -f qcow2 --output=json --force-share /opt/stack/data/cinder/mnt/52dbe78c2fafa656c63ca3d133d7fa7e/volume-8a515fcc-92ae-4757-8f52-edbde39fd487.42a20365-99d5-4c2e-a52f-f1b55361416f {{(pid=86639) execute /opt/stack/data/venv/lib/python3.12/site-packages/oslo_concurrency/processutils.py:440}}
Jul 02 19:45:10 devstack sudo[91115]: quobyte : PWD=/ ; USER=root ; COMMAND=/opt/stack/data/venv/bin/cinder-rootwrap /etc/cinder/rootwrap.conf env LC_ALL=C qemu-img info -f qcow2 --output=json --force-share /opt/stack/data/cinder/mnt/52dbe78c2fafa656c63ca3d133d7fa7e/volume-8a515fcc-92ae-4757-8f52-edbde39fd487.42a20365-99d5-4c2e-a52f-f1b55361416f
Jul 02 19:45:10 devstack sudo[91115]: pam_unix(sudo:session): session opened for user root(uid=0) by (uid=1000)
Jul 02 19:45:11 devstack sudo[91115]: pam_unix(sudo:session): session closed for user root
Jul 02 19:45:11 devstack cinder-volume[86639]: DEBUG oslo_concurrency.processutils [None req-510bd123-8f4a-4a8c-9965-f63103da5cbc tempest-GroupSnapshotsTest-1838694738 None] CMD "/opt/stack/data/venv/bin/python3.12 -m oslo_concurrency.prlimit --as=1073741824 --cpu=60 -- sudo cinder-rootwrap /etc/cinder/rootwrap.conf env LC_ALL=C qemu-img info -f qcow2 --output=json --force-share /opt/stack/data/cinder/mnt/52dbe78c2fafa656c63ca3d133d7fa7e/volume-8a515fcc-92ae-4757-8f52-edbde39fd487.42a20365-99d5-4c2e-a52f-f1b55361416f" returned: 0 in 1.495s {{(pid=86639) execute /opt/stack/data/venv/lib/python3.12/site-packages/oslo_concurrency/processutils.py:468}}
Jul 02 19:45:11 devstack cinder-volume[86639]: DEBUG cinder.volume.drivers.remotefs [None req-510bd123-8f4a-4a8c-9965-f63103da5cbc tempest-GroupSnapshotsTest-1838694738 None] Fetching qemu-img info with special backing_file_template: (/opt/stack/data/cinder/mnt/[0-9a-f]+/)?(volume-8a515fcc-92ae-4757-8f52-edbde39fd487(.(tmp-snap-)?[0-9a-f-]+)?|volume_from_snapshot_cache/(tmp-snap-)?[0-9a-f-]+(.(child-|parent-)[0-9a-f-]+)?)$ {{(pid=86639) _qemu_img_info_base /opt/stack/cinder/cinder/volume/drivers/remotefs.py:896}}
