Jul 02 19:50:13 devstack cinder-volume[86639]: DEBUG oslo_concurrency.processutils [None req-403d33b2-d3e3-4996-984a-f121dd6b3085 tempest-VolumesCloneTest-929848012 None] Running cmd (subprocess): sudo cinder-rootwrap /etc/cinder/rootwrap.conf chmod ugo+rw /opt/stack/data/cinder/mnt/52dbe78c2fafa656c63ca3d133d7fa7e/volume-12788ecb-b4b9-43c6-a2e8-f650078962a6.16124d2b-ac20-496e-ac6e-b4f88b63de39 {{(pid=86639) execute /opt/stack/data/venv/lib/python3.12/site-packages/oslo_concurrency/processutils.py:440}}
Jul 02 19:50:14 devstack sudo[95422]: quobyte : PWD=/ ; USER=root ; COMMAND=/opt/stack/data/venv/bin/cinder-rootwrap /etc/cinder/rootwrap.conf chmod ugo+rw /opt/stack/data/cinder/mnt/52dbe78c2fafa656c63ca3d133d7fa7e/volume-12788ecb-b4b9-43c6-a2e8-f650078962a6.16124d2b-ac20-496e-ac6e-b4f88b63de39
Jul 02 19:50:14 devstack sudo[95422]: pam_unix(sudo:session): session opened for user root(uid=0) by (uid=1000)
Jul 02 19:50:14 devstack sudo[95422]: pam_unix(sudo:session): session closed for user root
Jul 02 19:50:14 devstack cinder-volume[86639]: DEBUG oslo_concurrency.processutils [None req-403d33b2-d3e3-4996-984a-f121dd6b3085 tempest-VolumesCloneTest-929848012 None] CMD "sudo cinder-rootwrap /etc/cinder/rootwrap.conf chmod ugo+rw /opt/stack/data/cinder/mnt/52dbe78c2fafa656c63ca3d133d7fa7e/volume-12788ecb-b4b9-43c6-a2e8-f650078962a6.16124d2b-ac20-496e-ac6e-b4f88b63de39" returned: 0 in 0.779s {{(pid=86639) execute /opt/stack/data/venv/lib/python3.12/site-packages/oslo_concurrency/processutils.py:468}}
Jul 02 19:50:14 devstack cinder-volume[86639]: DEBUG oslo_concurrency.processutils [None req-403d33b2-d3e3-4996-984a-f121dd6b3085 tempest-VolumesCloneTest-929848012 None] Running cmd (subprocess): sudo cinder-rootwrap /etc/cinder/rootwrap.conf truncate -s0 /opt/stack/data/cinder/mnt/52dbe78c2fafa656c63ca3d133d7fa7e/volume-12788ecb-b4b9-43c6-a2e8-f650078962a6.info {{(pid=86639) execute /opt/stack/data/venv/lib/python3.12/site-packages/oslo_concurrency/processutils.py:440}}
Jul 02 19:50:14 devstack sudo[95425]: quobyte : PWD=/ ; USER=root ; COMMAND=/opt/stack/data/venv/bin/cinder-rootwrap /etc/cinder/rootwrap.conf truncate -s0 /opt/stack/data/cinder/mnt/52dbe78c2fafa656c63ca3d133d7fa7e/volume-12788ecb-b4b9-43c6-a2e8-f650078962a6.info
Jul 02 19:50:14 devstack sudo[95425]: pam_unix(sudo:session): session opened for user root(uid=0) by (uid=1000)
Jul 02 19:50:15 devstack sudo[95425]: pam_unix(sudo:session): session closed for user root
Jul 02 19:50:15 devstack cinder-volume[86639]: DEBUG oslo_concurrency.processutils [None req-403d33b2-d3e3-4996-984a-f121dd6b3085 tempest-VolumesCloneTest-929848012 None] CMD "sudo cinder-rootwrap /etc/cinder/rootwrap.conf truncate -s0 /opt/stack/data/cinder/mnt/52dbe78c2fafa656c63ca3d133d7fa7e/volume-12788ecb-b4b9-43c6-a2e8-f650078962a6.info" returned: 0 in 0.968s {{(pid=86639) execute /opt/stack/data/venv/lib/python3.12/site-packages/oslo_concurrency/processutils.py:468}}
Jul 02 19:50:15 devstack cinder-volume[86639]: WARNING cinder.volume.drivers.remotefs [None req-403d33b2-d3e3-4996-984a-f121dd6b3085 tempest-VolumesCloneTest-929848012 None] /opt/stack/data/cinder/mnt/52dbe78c2fafa656c63ca3d133d7fa7e/volume-12788ecb-b4b9-43c6-a2e8-f650078962a6.info is being set with open permissions: ugo+rw
Jul 02 19:50:15 devstack cinder-volume[86639]: DEBUG oslo_concurrency.processutils [None req-403d33b2-d3e3-4996-984a-f121dd6b3085 tempest-VolumesCloneTest-929848012 None] Running cmd (subprocess): sudo cinder-rootwrap /etc/cinder/rootwrap.conf chmod ugo+rw /opt/stack/data/cinder/mnt/52dbe78c2fafa656c63ca3d133d7fa7e/volume-12788ecb-b4b9-43c6-a2e8-f650078962a6.info {{(pid=86639) execute /opt/stack/data/venv/lib/python3.12/site-packages/oslo_concurrency/processutils.py:440}}
Jul 02 19:50:15 devstack sudo[95428]: quobyte : PWD=/ ; USER=root ; COMMAND=/opt/stack/data/venv/bin/cinder-rootwrap /etc/cinder/rootwrap.conf chmod ugo+rw /opt/stack/data/cinder/mnt/52dbe78c2fafa656c63ca3d133d7fa7e/volume-12788ecb-b4b9-43c6-a2e8-f650078962a6.info
Jul 02 19:50:15 devstack sudo[95428]: pam_unix(sudo:session): session opened for user root(uid=0) by (uid=1000)
Jul 02 19:50:16 devstack cinder-volume[86639]: DEBUG oslo_concurrency.processutils [None req-403d33b2-d3e3-4996-984a-f121dd6b3085 tempest-VolumesCloneTest-929848012 None] CMD "sudo cinder-rootwrap /etc/cinder/rootwrap.conf chmod ugo+rw /opt/stack/data/cinder/mnt/52dbe78c2fafa656c63ca3d133d7fa7e/volume-12788ecb-b4b9-43c6-a2e8-f650078962a6.info" returned: 0 in 0.751s {{(pid=86639) execute /opt/stack/data/venv/lib/python3.12/site-packages/oslo_concurrency/processutils.py:468}}
Jul 02 19:50:16 devstack sudo[95428]: pam_unix(sudo:session): session closed for user root
Jul 02 19:50:16 devstack cinder-volume[86639]: DEBUG cinder.coordination [None req-403d33b2-d3e3-4996-984a-f121dd6b3085 tempest-VolumesCloneTest-929848012 None] Acquiring lock "cinder-quobyte-2637e053-7eed-494f-9e8f-1c8d0ffac442" by "_copy_volume_from_snapshot" {{(pid=86639) __acquire /opt/stack/cinder/cinder/coordination.py:138}}
Jul 02 19:50:16 devstack cinder-volume[86639]: DEBUG cinder.coordination [None req-403d33b2-d3e3-4996-984a-f121dd6b3085 tempest-VolumesCloneTest-929848012 None] Lock "cinder-quobyte-2637e053-7eed-494f-9e8f-1c8d0ffac442" acquired by "_copy_volume_from_snapshot" :: waited 0.023s {{(pid=86639) __acquire /opt/stack/cinder/cinder/coordination.py:141}}
Jul 02 19:50:16 devstack cinder-volume[86639]: DEBUG cinder.volume.drivers.quobyte [None req-403d33b2-d3e3-4996-984a-f121dd6b3085 tempest-VolumesCloneTest-929848012 None] snapshot: 16124d2b-ac20-496e-ac6e-b4f88b63de39, volume: 2637e053-7eed-494f-9e8f-1c8d0ffac442, {{(pid=86639) _copy_volume_from_snapshot /opt/stack/cinder/cinder/volume/drivers/quobyte.py:401}}
Jul 02 19:50:16 devstack cinder-volume[86639]: DEBUG oslo_concurrency.lockutils [None req-403d33b2-d3e3-4996-984a-f121dd6b3085 tempest-VolumesCloneTest-929848012 None] Acquiring lock "quobyte_ensure" by "cinder.volume.drivers.quobyte.QuobyteDriver._ensure_shares_mounted" {{(pid=86639) inner /opt/stack/data/venv/lib/python3.12/site-packages/oslo_concurrency/lockutils.py:511}}
Jul 02 19:50:16 devstack cinder-volume[86639]: DEBUG oslo_concurrency.lockutils [None req-403d33b2-d3e3-4996-984a-f121dd6b3085 tempest-VolumesCloneTest-929848012 None] Lock "quobyte_ensure" acquired by "cinder.volume.drivers.quobyte.QuobyteDriver._ensure_shares_mounted" :: waited 0.001s {{(pid=86639) inner /opt/stack/data/venv/lib/python3.12/site-packages/oslo_concurrency/lockutils.py:524}}
Jul 02 19:50:16 devstack cinder-volume[86639]: DEBUG cinder.volume.drivers.quobyte [None req-403d33b2-d3e3-4996-984a-f121dd6b3085 tempest-VolumesCloneTest-929848012 None] Quobyte Volume URL set to: {'osci02.corp.quobyte.com/cinder-vol-7f239dfc-c0de-428e-aad4-078692dcca92': None} {{(pid=86639) _load_shares_config /opt/stack/cinder/cinder/volume/drivers/quobyte.py:617}}
Jul 02 19:50:16 devstack cinder-volume[86639]: DEBUG cinder.volume.drivers.quobyte [None req-403d33b2-d3e3-4996-984a-f121dd6b3085 tempest-VolumesCloneTest-929848012 None] Available shares ['osci02.corp.quobyte.com/cinder-vol-7f239dfc-c0de-428e-aad4-078692dcca92'] {{(pid=86639) _ensure_shares_mounted /opt/stack/cinder/cinder/volume/drivers/quobyte.py:647}}
Jul 02 19:50:16 devstack cinder-volume[86639]: DEBUG oslo_concurrency.lockutils [None req-403d33b2-d3e3-4996-984a-f121dd6b3085 tempest-VolumesCloneTest-929848012 None] Lock "quobyte_ensure" "released" by "cinder.volume.drivers.quobyte.QuobyteDriver._ensure_shares_mounted" :: held 0.008s {{(pid=86639) inner /opt/stack/data/venv/lib/python3.12/site-packages/oslo_concurrency/lockutils.py:543}}
Jul 02 19:50:16 devstack cinder-volume[86639]: DEBUG oslo.privsep.daemon [-] privsep: reply[d5d15ae8-8820-44c3-a70f-012199a4c488]: (4, 'qcow2') {{(pid=87992) _call_back /opt/stack/data/venv/lib/python3.12/site-packages/oslo_privsep/daemon.py:580}}
Jul 02 19:50:16 devstack cinder-volume[86639]: DEBUG oslo_concurrency.processutils [None req-403d33b2-d3e3-4996-984a-f121dd6b3085 tempest-VolumesCloneTest-929848012 None] Running cmd (subprocess): /opt/stack/data/venv/bin/python3.12 -m oslo_concurrency.prlimit --as=1073741824 --cpu=60 -- sudo cinder-rootwrap /etc/cinder/rootwrap.conf env LC_ALL=C qemu-img info -f qcow2 --output=json --force-share /opt/stack/data/cinder/mnt/52dbe78c2fafa656c63ca3d133d7fa7e/volume-12788ecb-b4b9-43c6-a2e8-f650078962a6.16124d2b-ac20-496e-ac6e-b4f88b63de39 {{(pid=86639) execute /opt/stack/data/venv/lib/python3.12/site-packages/oslo_concurrency/processutils.py:440}}
Jul 02 19:50:16 devstack sudo[95441]: quobyte : PWD=/ ; USER=root ; COMMAND=/opt/stack/data/venv/bin/cinder-rootwrap /etc/cinder/rootwrap.conf env LC_ALL=C qemu-img info -f qcow2 --output=json --force-share /opt/stack/data/cinder/mnt/52dbe78c2fafa656c63ca3d133d7fa7e/volume-12788ecb-b4b9-43c6-a2e8-f650078962a6.16124d2b-ac20-496e-ac6e-b4f88b63de39
Jul 02 19:50:16 devstack sudo[95441]: pam_unix(sudo:session): session opened for user root(uid=0) by (uid=1000)
Jul 02 19:50:17 devstack sudo[95441]: pam_unix(sudo:session): session closed for user root
Jul 02 19:50:17 devstack cinder-volume[86639]: DEBUG oslo_concurrency.processutils [None req-403d33b2-d3e3-4996-984a-f121dd6b3085 tempest-VolumesCloneTest-929848012 None] CMD "/opt/stack/data/venv/bin/python3.12 -m oslo_concurrency.prlimit --as=1073741824 --cpu=60 -- sudo cinder-rootwrap /etc/cinder/rootwrap.conf env LC_ALL=C qemu-img info -f qcow2 --output=json --force-share /opt/stack/data/cinder/mnt/52dbe78c2fafa656c63ca3d133d7fa7e/volume-12788ecb-b4b9-43c6-a2e8-f650078962a6.16124d2b-ac20-496e-ac6e-b4f88b63de39" returned: 0 in 0.927s {{(pid=86639) execute /opt/stack/data/venv/lib/python3.12/site-packages/oslo_concurrency/processutils.py:468}}
Jul 02 19:50:17 devstack cinder-volume[86639]: DEBUG cinder.volume.drivers.remotefs [None req-403d33b2-d3e3-4996-984a-f121dd6b3085 tempest-VolumesCloneTest-929848012 None] Fetching qemu-img info with special backing_file_template: (/opt/stack/data/cinder/mnt/[0-9a-f]+/)?(volume-12788ecb-b4b9-43c6-a2e8-f650078962a6(.(tmp-snap-)?[0-9a-f-]+)?|volume_from_snapshot_cache/(tmp-snap-)?[0-9a-f-]+(.(child-|parent-)[0-9a-f-]+)?)$ {{(pid=86639) _qemu_img_info_base /opt/stack/cinder/cinder/volume/drivers/remotefs.py:896}}
Jul 02 19:50:17 devstack cinder-volume[86639]: DEBUG cinder.volume.drivers.quobyte [None req-403d33b2-d3e3-4996-984a-f121dd6b3085 tempest-VolumesCloneTest-929848012 None] will copy from snapshot at /opt/stack/data/cinder/mnt/52dbe78c2fafa656c63ca3d133d7fa7e/volume-12788ecb-b4b9-43c6-a2e8-f650078962a6 {{(pid=86639) _copy_volume_from_snapshot /opt/stack/cinder/cinder/volume/drivers/quobyte.py:420}}
Jul 02 19:50:17 devstack cinder-volume[86639]: DEBUG cinder.volume.drivers.quobyte [None req-403d33b2-d3e3-4996-984a-f121dd6b3085 tempest-VolumesCloneTest-929848012 None] Creating direct copy from snapshot {{(pid=86639) _copy_volume_from_snapshot /opt/stack/cinder/cinder/volume/drivers/quobyte.py:428}}
Jul 02 19:50:17 devstack cinder-volume[86639]: DEBUG oslo.privsep.daemon [-] privsep: reply[223f28a8-06cb-4bb8-b662-dd758c7fe54b]: (4, 'qcow2') {{(pid=87992) _call_back /opt/stack/data/venv/lib/python3.12/site-packages/oslo_privsep/daemon.py:580}}
Jul 02 19:50:17 devstack cinder-volume[86639]: DEBUG oslo_concurrency.processutils [None req-403d33b2-d3e3-4996-984a-f121dd6b3085 tempest-VolumesCloneTest-929848012 None] Running cmd (subprocess): /opt/stack/data/venv/bin/python3.12 -m oslo_concurrency.prlimit --as=1073741824 --cpu=60 -- sudo cinder-rootwrap /etc/cinder/rootwrap.conf env LC_ALL=C qemu-img info -f qcow2 --output=json /opt/stack/data/cinder/mnt/52dbe78c2fafa656c63ca3d133d7fa7e/volume-12788ecb-b4b9-43c6-a2e8-f650078962a6 {{(pid=86639) execute /opt/stack/data/venv/lib/python3.12/site-packages/oslo_concurrency/processutils.py:440}}
Jul 02 19:50:17 devstack sudo[95453]: quobyte : PWD=/ ; USER=root ; COMMAND=/opt/stack/data/venv/bin/cinder-rootwrap /etc/cinder/rootwrap.conf env LC_ALL=C qemu-img info -f qcow2 --output=json /opt/stack/data/cinder/mnt/52dbe78c2fafa656c63ca3d133d7fa7e/volume-12788ecb-b4b9-43c6-a2e8-f650078962a6
Jul 02 19:50:17 devstack sudo[95453]: pam_unix(sudo:session): session opened for user root(uid=0) by (uid=1000)
Jul 02 19:50:18 devstack sudo[95453]: pam_unix(sudo:session): session closed for user root
Jul 02 19:50:18 devstack cinder-volume[86639]: DEBUG oslo_concurrency.processutils [None req-403d33b2-d3e3-4996-984a-f121dd6b3085 tempest-VolumesCloneTest-929848012 None] CMD "/opt/stack/data/venv/bin/python3.12 -m oslo_concurrency.prlimit --as=1073741824 --cpu=60 -- sudo cinder-rootwrap /etc/cinder/rootwrap.conf env LC_ALL=C qemu-img info -f qcow2 --output=json /opt/stack/data/cinder/mnt/52dbe78c2fafa656c63ca3d133d7fa7e/volume-12788ecb-b4b9-43c6-a2e8-f650078962a6" returned: 0 in 0.856s {{(pid=86639) execute /opt/stack/data/venv/lib/python3.12/site-packages/oslo_concurrency/processutils.py:468}}
Jul 02 19:50:18 devstack cinder-volume[86639]: DEBUG cinder.utils [None req-403d33b2-d3e3-4996-984a-f121dd6b3085 tempest-VolumesCloneTest-929848012 None] Path /opt/stack/data/cinder/mnt/52dbe78c2fafa656c63ca3d133d7fa7e/volume-2637e053-7eed-494f-9e8f-1c8d0ffac442 not found in is_blk_device check {{(pid=86639) is_blk_device /opt/stack/cinder/cinder/utils.py:615}}
Jul 02 19:50:18 devstack cinder-volume[86639]: DEBUG oslo_concurrency.processutils [None req-403d33b2-d3e3-4996-984a-f121dd6b3085 tempest-VolumesCloneTest-929848012 None] Running cmd (subprocess): sudo cinder-rootwrap /etc/cinder/rootwrap.conf qemu-img convert -O qcow2 /opt/stack/data/cinder/mnt/52dbe78c2fafa656c63ca3d133d7fa7e/volume-12788ecb-b4b9-43c6-a2e8-f650078962a6 /opt/stack/data/cinder/mnt/52dbe78c2fafa656c63ca3d133d7fa7e/volume-2637e053-7eed-494f-9e8f-1c8d0ffac442 {{(pid=86639) execute /opt/stack/data/venv/lib/python3.12/site-packages/oslo_concurrency/processutils.py:440}}
Jul 02 19:50:18 devstack sudo[95458]: quobyte : PWD=/ ; USER=root ; COMMAND=/opt/stack/data/venv/bin/cinder-rootwrap /etc/cinder/rootwrap.conf qemu-img convert -O qcow2 /opt/stack/data/cinder/mnt/52dbe78c2fafa656c63ca3d133d7fa7e/volume-12788ecb-b4b9-43c6-a2e8-f650078962a6 /opt/stack/data/cinder/mnt/52dbe78c2fafa656c63ca3d133d7fa7e/volume-2637e053-7eed-494f-9e8f-1c8d0ffac442
Jul 02 19:50:18 devstack sudo[95458]: pam_unix(sudo:session): session opened for user root(uid=0) by (uid=1000)
Jul 02 19:50:24 devstack cinder-volume[86639]: DEBUG dbcounter [-] [86639] Writing DB stats cinder:SELECT=59,cinder:UPDATE=78,cinder:INSERT=21,cinder:DELETE=6 {{(pid=86639) stat_writer /opt/stack/data/venv/lib/python3.12/site-packages/dbcounter.py:115}}
Jul 02 19:50:24 devstack cinder-volume[86639]: DEBUG dbcounter [-] [86639] Writing DB stats cinder:SELECT=65,cinder:UPDATE=67,cinder:INSERT=25,cinder:DELETE=6 {{(pid=86639) stat_writer /opt/stack/data/venv/lib/python3.12/site-packages/dbcounter.py:115}}
Jul 02 19:50:25 devstack sudo[95458]: pam_unix(sudo:session): session closed for user root
Jul 02 19:50:25 devstack cinder-volume[86639]: DEBUG oslo_concurrency.processutils [None req-403d33b2-d3e3-4996-984a-f121dd6b3085 tempest-VolumesCloneTest-929848012 None] CMD "sudo cinder-rootwrap /etc/cinder/rootwrap.conf qemu-img convert -O qcow2 /opt/stack/data/cinder/mnt/52dbe78c2fafa656c63ca3d133d7fa7e/volume-12788ecb-b4b9-43c6-a2e8-f650078962a6 /opt/stack/data/cinder/mnt/52dbe78c2fafa656c63ca3d133d7fa7e/volume-2637e053-7eed-494f-9e8f-1c8d0ffac442" returned: 0 in 7.435s {{(pid=86639) execute /opt/stack/data/venv/lib/python3.12/site-packages/oslo_concurrency/processutils.py:468}}
Jul 02 19:50:25 devstack cinder-volume[86639]: DEBUG oslo.privsep.daemon [-] privsep: reply[b587d6ac-6746-406d-b6b9-5c6d1c621d21]: (4, 'qcow2') {{(pid=87992) _call_back /opt/stack/data/venv/lib/python3.12/site-packages/oslo_privsep/daemon.py:580}}
Jul 02 19:50:25 devstack cinder-volume[86639]: DEBUG oslo_concurrency.processutils [None req-403d33b2-d3e3-4996-984a-f121dd6b3085 tempest-VolumesCloneTest-929848012 None] Running cmd (subprocess): /opt/stack/data/venv/bin/python3.12 -m oslo_concurrency.prlimit --as=1073741824 --cpu=60 -- sudo cinder-rootwrap /etc/cinder/rootwrap.conf env LC_ALL=C qemu-img info -f qcow2 --output=json /opt/stack/data/cinder/mnt/52dbe78c2fafa656c63ca3d133d7fa7e/volume-12788ecb-b4b9-43c6-a2e8-f650078962a6 {{(pid=86639) execute /opt/stack/data/venv/lib/python3.12/site-packages/oslo_concurrency/processutils.py:440}}
Jul 02 19:50:26 devstack sudo[95580]: quobyte : PWD=/ ; USER=root ; COMMAND=/opt/stack/data/venv/bin/cinder-rootwrap /etc/cinder/rootwrap.conf env LC_ALL=C qemu-img info -f qcow2 --output=json /opt/stack/data/cinder/mnt/52dbe78c2fafa656c63ca3d133d7fa7e/volume-12788ecb-b4b9-43c6-a2e8-f650078962a6
Jul 02 19:50:26 devstack sudo[95580]: pam_unix(sudo:session): session opened for user root(uid=0) by (uid=1000)
Jul 02 19:50:27 devstack sudo[95580]: pam_unix(sudo:session): session closed for user root
Jul 02 19:50:27 devstack cinder-volume[86639]: DEBUG oslo_concurrency.processutils [None req-403d33b2-d3e3-4996-984a-f121dd6b3085 tempest-VolumesCloneTest-929848012 None] CMD "/opt/stack/data/venv/bin/python3.12 -m oslo_concurrency.prlimit --as=1073741824 --cpu=60 -- sudo cinder-rootwrap /etc/cinder/rootwrap.conf env LC_ALL=C qemu-img info -f qcow2 --output=json /opt/stack/data/cinder/mnt/52dbe78c2fafa656c63ca3d133d7fa7e/volume-12788ecb-b4b9-43c6-a2e8-f650078962a6" returned: 0 in 1.405s {{(pid=86639) execute /opt/stack/data/venv/lib/python3.12/site-packages/oslo_concurrency/processutils.py:468}}
Jul 02 19:50:27 devstack cinder-volume[86639]: DEBUG cinder.image.image_utils [None req-403d33b2-d3e3-4996-984a-f121dd6b3085 tempest-VolumesCloneTest-929848012 None] Image conversion details: src /opt/stack/data/cinder/mnt/52dbe78c2fafa656c63ca3d133d7fa7e/volume-12788ecb-b4b9-43c6-a2e8-f650078962a6, size 1024.00 MB, duration 7.44 sec, destination /opt/stack/data/cinder/mnt/52dbe78c2fafa656c63ca3d133d7fa7e/volume-2637e053-7eed-494f-9e8f-1c8d0ffac442 {{(pid=86639) _convert_image /opt/stack/cinder/cinder/image/image_utils.py:536}}
Jul 02 19:50:27 devstack cinder-volume[86639]: INFO cinder.image.image_utils [None req-403d33b2-d3e3-4996-984a-f121dd6b3085 tempest-VolumesCloneTest-929848012 None] Converted 1024.00 MB image at 137.70 MB/s
Jul 02 19:50:27 devstack cinder-volume[86639]: WARNING cinder.volume.drivers.remotefs [None req-403d33b2-d3e3-4996-984a-f121dd6b3085 tempest-VolumesCloneTest-929848012 None] /opt/stack/data/cinder/mnt/52dbe78c2fafa656c63ca3d133d7fa7e/volume-2637e053-7eed-494f-9e8f-1c8d0ffac442 is being set with open permissions: ugo+rw
Jul 02 19:50:27 devstack cinder-volume[86639]: DEBUG oslo_concurrency.processutils [None req-403d33b2-d3e3-4996-984a-f121dd6b3085 tempest-VolumesCloneTest-929848012 None] Running cmd (subprocess): sudo cinder-rootwrap /etc/cinder/rootwrap.conf chmod ugo+rw /opt/stack/data/cinder/mnt/52dbe78c2fafa656c63ca3d133d7fa7e/volume-2637e053-7eed-494f-9e8f-1c8d0ffac442 {{(pid=86639) execute /opt/stack/data/venv/lib/python3.12/site-packages/oslo_concurrency/processutils.py:440}}
Jul 02 19:50:27 devstack sudo[95585]: quobyte : PWD=/ ; USER=root ; COMMAND=/opt/stack/data/venv/bin/cinder-rootwrap /etc/cinder/rootwrap.conf chmod ugo+rw /opt/stack/data/cinder/mnt/52dbe78c2fafa656c63ca3d133d7fa7e/volume-2637e053-7eed-494f-9e8f-1c8d0ffac442
Jul 02 19:50:27 devstack sudo[95585]: pam_unix(sudo:session): session opened for user root(uid=0) by (uid=1000)
Jul 02 19:50:28 devstack sudo[95585]: pam_unix(sudo:session): session closed for user root
Jul 02 19:50:28 devstack cinder-volume[86639]: DEBUG oslo_concurrency.processutils [None req-403d33b2-d3e3-4996-984a-f121dd6b3085 tempest-VolumesCloneTest-929848012 None] CMD "sudo cinder-rootwrap /etc/cinder/rootwrap.conf chmod ugo+rw /opt/stack/data/cinder/mnt/52dbe78c2fafa656c63ca3d133d7fa7e/volume-2637e053-7eed-494f-9e8f-1c8d0ffac442" returned: 0 in 1.131s {{(pid=86639) execute /opt/stack/data/venv/lib/python3.12/site-packages/oslo_concurrency/processutils.py:468}}
Jul 02 19:50:28 devstack cinder-volume[86639]: DEBUG cinder.coordination [None req-403d33b2-d3e3-4996-984a-f121dd6b3085 tempest-VolumesCloneTest-929848012 None] Lock "cinder-quobyte-2637e053-7eed-494f-9e8f-1c8d0ffac442" released by "_copy_volume_from_snapshot" :: held 11.907s {{(pid=86639) __release /opt/stack/cinder/cinder/coordination.py:152}}
Jul 02 19:50:28 devstack cinder-volume[86639]: DEBUG cinder.coordination [None req-403d33b2-d3e3-4996-984a-f121dd6b3085 tempest-VolumesCloneTest-929848012 None] Acquiring lock "cinder-quobyte-16124d2b-ac20-496e-ac6e-b4f88b63de39" by "_delete_snapshot" {{(pid=86639) __acquire /opt/stack/cinder/cinder/coordination.py:138}}
Jul 02 19:50:28 devstack cinder-volume[86639]: DEBUG cinder.coordination [None req-403d33b2-d3e3-4996-984a-f121dd6b3085 tempest-VolumesCloneTest-929848012 None] Lock "cinder-quobyte-16124d2b-ac20-496e-ac6e-b4f88b63de39" acquired by "_delete_snapshot" :: waited 0.019s {{(pid=86639) __acquire /opt/stack/cinder/cinder/coordination.py:141}}
Jul 02 19:50:28 devstack cinder-volume[86639]: DEBUG cinder.volume.drivers.remotefs [None req-403d33b2-d3e3-4996-984a-f121dd6b3085 tempest-VolumesCloneTest-929848012 None] Deleting offline snapshot 16124d2b-ac20-496e-ac6e-b4f88b63de39 of volume 12788ecb-b4b9-43c6-a2e8-f650078962a6 {{(pid=86639) _delete_snapshot /opt/stack/cinder/cinder/volume/drivers/remotefs.py:1288}}
Jul 02 19:50:28 devstack cinder-volume[86639]: DEBUG cinder.volume.drivers.remotefs [None req-403d33b2-d3e3-4996-984a-f121dd6b3085 tempest-VolumesCloneTest-929848012 None] snapshot_file for this snap is: volume-12788ecb-b4b9-43c6-a2e8-f650078962a6.16124d2b-ac20-496e-ac6e-b4f88b63de39 {{(pid=86639) _delete_snapshot /opt/stack/cinder/cinder/volume/drivers/remotefs.py:1317}}
Jul 02 19:50:28 devstack cinder-volume[86639]: DEBUG oslo.privsep.daemon [-] privsep: reply[8a5d34b0-f79d-459a-88f0-9fc5df4cd88f]: (4, 'qcow2') {{(pid=87992) _call_back /opt/stack/data/venv/lib/python3.12/site-packages/oslo_privsep/daemon.py:580}}
Jul 02 19:50:28 devstack cinder-volume[86639]: DEBUG oslo_concurrency.processutils [None req-403d33b2-d3e3-4996-984a-f121dd6b3085 tempest-VolumesCloneTest-929848012 None] Running cmd (subprocess): /opt/stack/data/venv/bin/python3.12 -m oslo_concurrency.prlimit --as=1073741824 --cpu=60 -- sudo cinder-rootwrap /etc/cinder/rootwrap.conf env LC_ALL=C qemu-img info -f qcow2 --output=json --force-share /opt/stack/data/cinder/mnt/52dbe78c2fafa656c63ca3d133d7fa7e/volume-12788ecb-b4b9-43c6-a2e8-f650078962a6.16124d2b-ac20-496e-ac6e-b4f88b63de39 {{(pid=86639) execute /opt/stack/data/venv/lib/python3.12/site-packages/oslo_concurrency/processutils.py:440}}
Jul 02 19:50:28 devstack sudo[95590]: quobyte : PWD=/ ; USER=root ; COMMAND=/opt/stack/data/venv/bin/cinder-rootwrap /etc/cinder/rootwrap.conf env LC_ALL=C qemu-img info -f qcow2 --output=json --force-share /opt/stack/data/cinder/mnt/52dbe78c2fafa656c63ca3d133d7fa7e/volume-12788ecb-b4b9-43c6-a2e8-f650078962a6.16124d2b-ac20-496e-ac6e-b4f88b63de39
Jul 02 19:50:28 devstack sudo[95590]: pam_unix(sudo:session): session opened for user root(uid=0) by (uid=1000)
Jul 02 19:50:29 devstack sudo[95590]: pam_unix(sudo:session): session closed for user root
Jul 02 19:50:29 devstack cinder-volume[86639]: DEBUG oslo_concurrency.processutils [None req-403d33b2-d3e3-4996-984a-f121dd6b3085 tempest-VolumesCloneTest-929848012 None] CMD "/opt/stack/data/venv/bin/python3.12 -m oslo_concurrency.prlimit --as=1073741824 --cpu=60 -- sudo cinder-rootwrap /etc/cinder/rootwrap.conf env LC_ALL=C qemu-img info -f qcow2 --output=json --force-share /opt/stack/data/cinder/mnt/52dbe78c2fafa656c63ca3d133d7fa7e/volume-12788ecb-b4b9-43c6-a2e8-f650078962a6.16124d2b-ac20-496e-ac6e-b4f88b63de39" returned: 0 in 1.124s {{(pid=86639) execute /opt/stack/data/venv/lib/python3.12/site-packages/oslo_concurrency/processutils.py:468}}
Jul 02 19:50:29 devstack cinder-volume[86639]: DEBUG cinder.volume.drivers.remotefs [None req-403d33b2-d3e3-4996-984a-f121dd6b3085 tempest-VolumesCloneTest-929848012 None] Fetching qemu-img info with special backing_file_template: (/opt/stack/data/cinder/mnt/[0-9a-f]+/)?(volume-12788ecb-b4b9-43c6-a2e8-f650078962a6(.(tmp-snap-)?[0-9a-f-]+)?|volume_from_snapshot_cache/(tmp-snap-)?[0-9a-f-]+(.(child-|parent-)[0-9a-f-]+)?)$ {{(pid=86639) _qemu_img_info_base /opt/stack/cinder/cinder/volume/drivers/remotefs.py:896}}
Jul 02 19:50:29 devstack cinder-volume[86639]: DEBUG oslo.privsep.daemon [-] privsep: reply[1978f7e3-b59f-4bcc-81fa-064975099543]: (4, 'qcow2') {{(pid=87992) _call_back /opt/stack/data/venv/lib/python3.12/site-packages/oslo_privsep/daemon.py:580}}
Jul 02 19:50:29 devstack cinder-volume[86639]: DEBUG oslo_concurrency.processutils [None req-403d33b2-d3e3-4996-984a-f121dd6b3085 tempest-VolumesCloneTest-929848012 None] Running cmd (subprocess): /opt/stack/data/venv/bin/python3.12 -m oslo_concurrency.prlimit --as=1073741824 --cpu=60 -- sudo cinder-rootwrap /etc/cinder/rootwrap.conf env LC_ALL=C qemu-img info -f qcow2 --output=json --force-share /opt/stack/data/cinder/mnt/52dbe78c2fafa656c63ca3d133d7fa7e/volume-12788ecb-b4b9-43c6-a2e8-f650078962a6 {{(pid=86639) execute /opt/stack/data/venv/lib/python3.12/site-packages/oslo_concurrency/processutils.py:440}}
Jul 02 19:50:29 devstack sudo[95595]: quobyte : PWD=/ ; USER=root ; COMMAND=/opt/stack/data/venv/bin/cinder-rootwrap /etc/cinder/rootwrap.conf env LC_ALL=C qemu-img info -f qcow2 --output=json --force-share /opt/stack/data/cinder/mnt/52dbe78c2fafa656c63ca3d133d7fa7e/volume-12788ecb-b4b9-43c6-a2e8-f650078962a6
Jul 02 19:50:29 devstack sudo[95595]: pam_unix(sudo:session): session opened for user root(uid=0) by (uid=1000)
Jul 02 19:50:30 devstack sudo[95595]: pam_unix(sudo:session): session closed for user root
Jul 02 19:50:30 devstack cinder-volume[86639]: DEBUG oslo_concurrency.processutils [None req-403d33b2-d3e3-4996-984a-f121dd6b3085 tempest-VolumesCloneTest-929848012 None] CMD "/opt/stack/data/venv/bin/python3.12 -m oslo_concurrency.prlimit --as=1073741824 --cpu=60 -- sudo cinder-rootwrap /etc/cinder/rootwrap.conf env LC_ALL=C qemu-img info -f qcow2 --output=json --force-share /opt/stack/data/cinder/mnt/52dbe78c2fafa656c63ca3d133d7fa7e/volume-12788ecb-b4b9-43c6-a2e8-f650078962a6" returned: 0 in 1.098s {{(pid=86639) execute /opt/stack/data/venv/lib/python3.12/site-packages/oslo_concurrency/processutils.py:468}}
Jul 02 19:50:30 devstack cinder-volume[86639]: DEBUG oslo_concurrency.processutils [None req-403d33b2-d3e3-4996-984a-f121dd6b3085 tempest-VolumesCloneTest-929848012 None] Running cmd (subprocess): sudo cinder-rootwrap /etc/cinder/rootwrap.conf qemu-img commit -d /opt/stack/data/cinder/mnt/52dbe78c2fafa656c63ca3d133d7fa7e/volume-12788ecb-b4b9-43c6-a2e8-f650078962a6.16124d2b-ac20-496e-ac6e-b4f88b63de39 {{(pid=86639) execute /opt/stack/data/venv/lib/python3.12/site-packages/oslo_concurrency/processutils.py:440}}
Jul 02 19:50:30 devstack sudo[95600]: quobyte : PWD=/ ; USER=root ; COMMAND=/opt/stack/data/venv/bin/cinder-rootwrap /etc/cinder/rootwrap.conf qemu-img commit -d /opt/stack/data/cinder/mnt/52dbe78c2fafa656c63ca3d133d7fa7e/volume-12788ecb-b4b9-43c6-a2e8-f650078962a6.16124d2b-ac20-496e-ac6e-b4f88b63de39
Jul 02 19:50:30 devstack sudo[95600]: pam_unix(sudo:session): session opened for user root(uid=0) by (uid=1000)
Jul 02 19:50:31 devstack sudo[95600]: pam_unix(sudo:session): session closed for user root
Jul 02 19:50:31 devstack cinder-volume[86639]: DEBUG oslo_concurrency.processutils [None req-403d33b2-d3e3-4996-984a-f121dd6b3085 tempest-VolumesCloneTest-929848012 None] CMD "sudo cinder-rootwrap /etc/cinder/rootwrap.conf qemu-img commit -d /opt/stack/data/cinder/mnt/52dbe78c2fafa656c63ca3d133d7fa7e/volume-12788ecb-b4b9-43c6-a2e8-f650078962a6.16124d2b-ac20-496e-ac6e-b4f88b63de39" returned: 0 in 1.085s {{(pid=86639) execute /opt/stack/data/venv/lib/python3.12/site-packages/oslo_concurrency/processutils.py:468}}
Jul 02 19:50:31 devstack cinder-volume[86639]: DEBUG oslo_concurrency.processutils [None req-403d33b2-d3e3-4996-984a-f121dd6b3085 tempest-VolumesCloneTest-929848012 None] Running cmd (subprocess): sudo cinder-rootwrap /etc/cinder/rootwrap.conf rm -f /opt/stack/data/cinder/mnt/52dbe78c2fafa656c63ca3d133d7fa7e/volume-12788ecb-b4b9-43c6-a2e8-f650078962a6.16124d2b-ac20-496e-ac6e-b4f88b63de39 {{(pid=86639) execute /opt/stack/data/venv/lib/python3.12/site-packages/oslo_concurrency/processutils.py:440}}
Jul 02 19:50:32 devstack sudo[95606]: quobyte : PWD=/ ; USER=root ; COMMAND=/opt/stack/data/venv/bin/cinder-rootwrap /etc/cinder/rootwrap.conf rm -f /opt/stack/data/cinder/mnt/52dbe78c2fafa656c63ca3d133d7fa7e/volume-12788ecb-b4b9-43c6-a2e8-f650078962a6.16124d2b-ac20-496e-ac6e-b4f88b63de39
Jul 02 19:50:32 devstack sudo[95606]: pam_unix(sudo:session): session opened for user root(uid=0) by (uid=1000)
Jul 02 19:50:32 devstack sudo[95606]: pam_unix(sudo:session): session closed for user root
Jul 02 19:50:32 devstack cinder-volume[86639]: DEBUG oslo_concurrency.processutils [None req-403d33b2-d3e3-4996-984a-f121dd6b3085 tempest-VolumesCloneTest-929848012 None] CMD "sudo cinder-rootwrap /etc/cinder/rootwrap.conf rm -f /opt/stack/data/cinder/mnt/52dbe78c2fafa656c63ca3d133d7fa7e/volume-12788ecb-b4b9-43c6-a2e8-f650078962a6.16124d2b-ac20-496e-ac6e-b4f88b63de39" returned: 0 in 1.015s {{(pid=86639) execute /opt/stack/data/venv/lib/python3.12/site-packages/oslo_concurrency/processutils.py:468}}
Jul 02 19:50:33 devstack cinder-volume[86639]: DEBUG cinder.coordination [None req-403d33b2-d3e3-4996-984a-f121dd6b3085 tempest-VolumesCloneTest-929848012 None] Lock "cinder-quobyte-16124d2b-ac20-496e-ac6e-b4f88b63de39" released by "_delete_snapshot" :: held 4.488s {{(pid=86639) __release /opt/stack/cinder/cinder/coordination.py:152}}
Jul 02 19:50:33 devstack cinder-volume[86639]: DEBUG oslo_concurrency.lockutils [None req-403d33b2-d3e3-4996-984a-f121dd6b3085 tempest-VolumesCloneTest-929848012 None] Lock "quobyte" "released" by "cinder.volume.drivers.quobyte.QuobyteDriver.create_cloned_volume" :: held 21.647s {{(pid=86639) inner /opt/stack/data/venv/lib/python3.12/site-packages/oslo_concurrency/lockutils.py:543}}
Jul 02 19:50:33 devstack cinder-volume[86639]: DEBUG oslo_concurrency.lockutils [None req-e3f7383d-d19b-439c-a5f6-5eca6123293b tempest-VolumesCloneNegativeTest-1843016306 None] Lock "quobyte" acquired by "cinder.volume.drivers.quobyte.QuobyteDriver.create_volume" :: waited 20.984s {{(pid=86639) inner /opt/stack/data/venv/lib/python3.12/site-packages/oslo_concurrency/lockutils.py:524}}
Jul 02 19:50:33 devstack cinder-volume[86639]: DEBUG cinder.volume.drivers.quobyte [None req-e3f7383d-d19b-439c-a5f6-5eca6123293b tempest-VolumesCloneNegativeTest-1843016306 None] ==> create_volume: call "{'self': , 'volume': Volume(_name_id=None,admin_metadata=,attach_status='detached',availability_zone='nova',bootable=False,cluster=,cluster_name=None,consistencygroup=,consistencygroup_id=None,created_at=2026-07-02T17:50:12Z,deleted=False,deleted_at=None,display_description=None,display_name='tempest-VolumesCloneNegativeTest-Volume-1980895243',ec2_id=None,encryption_key_id=None,glance_metadata=,group=,group_id=None,host='devstack@QuobyteHD#QuobyteHD',id=b16aae51-20f7-4914-a553-c7c1c63bf24f,launched_at=None,metadata={},migration_status=None,multiattach=False,previous_status=None,project_id='9603d684d01a45e585e88a6b29966791',provider_auth=None,provider_geometry=None,provider_id=None,provider_location=None,replication_driver_data=None,replication_extended_status=None,replication_status=None,scheduled_at=2026-07-02T17:50:12Z,service_uuid=None,shared_targets=True,size=2,snapshot_id=None,snapshots=,source_volid=None,status='creating',terminated_at=None,updated_at=2026-07-02T17:50:12Z,use_quota=True,user_id='ee72588b229c440b9a39cffa81b087ff',volume_attachment=VolumeAttachmentList,volume_type=VolumeType(a20b240f-aec6-41ba-83ec-5fe050527bcb),volume_type_id=a20b240f-aec6-41ba-83ec-5fe050527bcb)}" {{(pid=86639) trace_logging_wrapper /opt/stack/cinder/cinder/volume/volume_utils.py:1497}}
Jul 02 19:50:33 devstack cinder-volume[86639]: DEBUG cinder.volume.drivers.remotefs [None req-e3f7383d-d19b-439c-a5f6-5eca6123293b tempest-VolumesCloneNegativeTest-1843016306 None] Creating volume b16aae51-20f7-4914-a553-c7c1c63bf24f {{(pid=86639) create_volume /opt/stack/cinder/cinder/volume/drivers/remotefs.py:292}}
Jul 02 19:50:33 devstack cinder-volume[86639]: DEBUG oslo_concurrency.lockutils [None req-e3f7383d-d19b-439c-a5f6-5eca6123293b tempest-VolumesCloneNegativeTest-1843016306 None] Acquiring lock "quobyte_ensure" by "cinder.volume.drivers.quobyte.QuobyteDriver._ensure_shares_mounted" {{(pid=86639) inner /opt/stack/data/venv/lib/python3.12/site-packages/oslo_concurrency/lockutils.py:511}}
Jul 02 19:50:33 devstack cinder-volume[86639]: DEBUG oslo_concurrency.lockutils [None req-e3f7383d-d19b-439c-a5f6-5eca6123293b tempest-VolumesCloneNegativeTest-1843016306 None] Lock "quobyte_ensure" acquired by "cinder.volume.drivers.quobyte.QuobyteDriver._ensure_shares_mounted" :: waited 0.000s {{(pid=86639) inner /opt/stack/data/venv/lib/python3.12/site-packages/oslo_concurrency/lockutils.py:524}}
Jul 02 19:50:33 devstack cinder-volume[86639]: DEBUG cinder.volume.drivers.quobyte [None req-e3f7383d-d19b-439c-a5f6-5eca6123293b tempest-VolumesCloneNegativeTest-1843016306 None] Quobyte Volume URL set to: {'osci02.corp.quobyte.com/cinder-vol-7f239dfc-c0de-428e-aad4-078692dcca92': None} {{(pid=86639) _load_shares_config /opt/stack/cinder/cinder/volume/drivers/quobyte.py:617}}
Jul 02 19:50:33 devstack cinder-volume[86639]: DEBUG cinder.volume.drivers.quobyte [None req-e3f7383d-d19b-439c-a5f6-5eca6123293b tempest-VolumesCloneNegativeTest-1843016306 None] Available shares ['osci02.corp.quobyte.com/cinder-vol-7f239dfc-c0de-428e-aad4-078692dcca92'] {{(pid=86639) _ensure_shares_mounted /opt/stack/cinder/cinder/volume/drivers/quobyte.py:647}}
Jul 02 19:50:33 devstack cinder-volume[86639]: DEBUG oslo_concurrency.lockutils [None req-e3f7383d-d19b-439c-a5f6-5eca6123293b tempest-VolumesCloneNegativeTest-1843016306 None] Lock "quobyte_ensure" "released" by "cinder.volume.drivers.quobyte.QuobyteDriver._ensure_shares_mounted" :: held 0.009s {{(pid=86639) inner /opt/stack/data/venv/lib/python3.12/site-packages/oslo_concurrency/lockutils.py:543}}
Jul 02 19:50:33 devstack cinder-volume[86639]: DEBUG cinder.volume.drivers.quobyte [None req-e3f7383d-d19b-439c-a5f6-5eca6123293b tempest-VolumesCloneNegativeTest-1843016306 None] Selected osci02.corp.quobyte.com/cinder-vol-7f239dfc-c0de-428e-aad4-078692dcca92 as target Quobyte volume. {{(pid=86639) _find_share /opt/stack/cinder/cinder/volume/drivers/quobyte.py:668}}
Jul 02 19:50:33 devstack cinder-volume[86639]: INFO cinder.volume.drivers.remotefs [None req-e3f7383d-d19b-439c-a5f6-5eca6123293b tempest-VolumesCloneNegativeTest-1843016306 None] casted to osci02.corp.quobyte.com/cinder-vol-7f239dfc-c0de-428e-aad4-078692dcca92
Jul 02 19:50:33 devstack cinder-volume[86639]: DEBUG oslo_concurrency.processutils [None req-e3f7383d-d19b-439c-a5f6-5eca6123293b tempest-VolumesCloneNegativeTest-1843016306 None] Running cmd (subprocess): sudo cinder-rootwrap /etc/cinder/rootwrap.conf qemu-img create -f qcow2 -o preallocation=metadata /opt/stack/data/cinder/mnt/52dbe78c2fafa656c63ca3d133d7fa7e/volume-b16aae51-20f7-4914-a553-c7c1c63bf24f 2147483648 {{(pid=86639) execute /opt/stack/data/venv/lib/python3.12/site-packages/oslo_concurrency/processutils.py:440}}
Jul 02 19:50:33 devstack sudo[95623]: quobyte : PWD=/ ; USER=root ; COMMAND=/opt/stack/data/venv/bin/cinder-rootwrap /etc/cinder/rootwrap.conf qemu-img create -f qcow2 -o preallocation=metadata /opt/stack/data/cinder/mnt/52dbe78c2fafa656c63ca3d133d7fa7e/volume-b16aae51-20f7-4914-a553-c7c1c63bf24f 2147483648
Jul 02 19:50:33 devstack cinder-volume[86639]: DEBUG cinder.volume.manager [None req-403d33b2-d3e3-4996-984a-f121dd6b3085 tempest-VolumesCloneTest-929848012 None] Task 'cinder.volume.flows.manager.create_volume.CreateVolumeFromSpecTask;volume:create' (ee52350e-a648-423a-9271-1633382c7a2e) transitioned into state 'SUCCESS' from state 'RUNNING' with result '{'status': 'creating', 'volume_name': 'volume-2637e053-7eed-494f-9e8f-1c8d0ffac442', 'volume_size': 2, 'source_volid': '12788ecb-b4b9-43c6-a2e8-f650078962a6', 'source_volstatus': 'available'}' {{(pid=86639) _task_receiver /opt/stack/data/venv/lib/python3.12/site-packages/taskflow/listeners/logging.py:218}}
Jul 02 19:50:33 devstack sudo[95623]: pam_unix(sudo:session): session opened for user root(uid=0) by (uid=1000)
Jul 02 19:50:33 devstack cinder-volume[86639]: DEBUG cinder.volume.manager [None req-403d33b2-d3e3-4996-984a-f121dd6b3085 tempest-VolumesCloneTest-929848012 None] Task 'cinder.volume.flows.manager.create_volume.CreateVolumeOnFinishTask;volume:create, create.end' (d1d6571f-f82a-479e-a2c2-b50dbc19ea3e) transitioned into state 'RUNNING' from state 'PENDING' {{(pid=86639) _task_receiver /opt/stack/data/venv/lib/python3.12/site-packages/taskflow/listeners/logging.py:242}}
Jul 02 19:50:33 devstack cinder-volume[86639]: INFO cinder.volume.flows.manager.create_volume [None req-403d33b2-d3e3-4996-984a-f121dd6b3085 tempest-VolumesCloneTest-929848012 None] Volume volume-2637e053-7eed-494f-9e8f-1c8d0ffac442 (2637e053-7eed-494f-9e8f-1c8d0ffac442): created successfully
Jul 02 19:50:33 devstack cinder-volume[86639]: DEBUG cinder.volume.manager [None req-403d33b2-d3e3-4996-984a-f121dd6b3085 tempest-VolumesCloneTest-929848012 None] Task 'cinder.volume.flows.manager.create_volume.CreateVolumeOnFinishTask;volume:create, create.end' (d1d6571f-f82a-479e-a2c2-b50dbc19ea3e) transitioned into state 'SUCCESS' from state 'RUNNING' with result 'None' {{(pid=86639) _task_receiver /opt/stack/data/venv/lib/python3.12/site-packages/taskflow/listeners/logging.py:218}}
Jul 02 19:50:33 devstack cinder-volume[86639]: DEBUG cinder.volume.manager [None req-403d33b2-d3e3-4996-984a-f121dd6b3085 tempest-VolumesCloneTest-929848012 None] Flow 'volume_create_manager' (c7d4736c-0ed5-41f4-9bb6-85fac810b0d8) transitioned into state 'SUCCESS' from state 'RUNNING' {{(pid=86639) _flow_receiver /opt/stack/data/venv/lib/python3.12/site-packages/taskflow/listeners/logging.py:160}}
Jul 02 19:50:33 devstack cinder-volume[86639]: INFO cinder.volume.manager [None req-403d33b2-d3e3-4996-984a-f121dd6b3085 tempest-VolumesCloneTest-929848012 None] Created volume successfully.
Jul 02 19:50:33 devstack cinder-volume[86639]: DEBUG cinder.coordination [None req-3c3a06a3-f173-427c-b357-31ec9392875e tempest-VolumesCloneTest-929848012 None] Acquiring lock "cinder-2637e053-7eed-494f-9e8f-1c8d0ffac442-delete_volume" by "delete_volume" {{(pid=86639) __acquire /opt/stack/cinder/cinder/coordination.py:138}}
Jul 02 19:50:33 devstack cinder-volume[86639]: DEBUG cinder.coordination [None req-3c3a06a3-f173-427c-b357-31ec9392875e tempest-VolumesCloneTest-929848012 None] Lock "cinder-2637e053-7eed-494f-9e8f-1c8d0ffac442-delete_volume" acquired by "delete_volume" :: waited 0.031s {{(pid=86639) __acquire /opt/stack/cinder/cinder/coordination.py:141}}
Jul 02 19:50:33 devstack cinder-volume[86639]: DEBUG cinder.coordination [None req-3c3a06a3-f173-427c-b357-31ec9392875e tempest-VolumesCloneTest-929848012 None] Acquiring lock "cinder-quobyte-2637e053-7eed-494f-9e8f-1c8d0ffac442" by "delete_volume" {{(pid=86639) __acquire /opt/stack/cinder/cinder/coordination.py:138}}
Jul 02 19:50:33 devstack cinder-volume[86639]: DEBUG cinder.coordination [None req-3c3a06a3-f173-427c-b357-31ec9392875e tempest-VolumesCloneTest-929848012 None] Lock "cinder-quobyte-2637e053-7eed-494f-9e8f-1c8d0ffac442" acquired by "delete_volume" :: waited 0.036s {{(pid=86639) __acquire /opt/stack/cinder/cinder/coordination.py:141}}
Jul 02 19:50:33 devstack cinder-volume[86639]: DEBUG oslo.privsep.daemon [-] privsep: reply[3a8edfe8-0a44-43a0-8708-8d04479515df]: (4, 'qcow2') {{(pid=87992) _call_back /opt/stack/data/venv/lib/python3.12/site-packages/oslo_privsep/daemon.py:580}}
Jul 02 19:50:33 devstack cinder-volume[86639]: DEBUG oslo_concurrency.processutils [None req-3c3a06a3-f173-427c-b357-31ec9392875e tempest-VolumesCloneTest-929848012 None] Running cmd (subprocess): /opt/stack/data/venv/bin/python3.12 -m oslo_concurrency.prlimit --as=1073741824 --cpu=60 -- sudo cinder-rootwrap /etc/cinder/rootwrap.conf env LC_ALL=C qemu-img info -f qcow2 --output=json --force-share /opt/stack/data/cinder/mnt/52dbe78c2fafa656c63ca3d133d7fa7e/volume-2637e053-7eed-494f-9e8f-1c8d0ffac442 {{(pid=86639) execute /opt/stack/data/venv/lib/python3.12/site-packages/oslo_concurrency/processutils.py:440}}
Jul 02 19:50:34 devstack sudo[95629]: quobyte : PWD=/ ; USER=root ; COMMAND=/opt/stack/data/venv/bin/cinder-rootwrap /etc/cinder/rootwrap.conf env LC_ALL=C qemu-img info -f qcow2 --output=json --force-share /opt/stack/data/cinder/mnt/52dbe78c2fafa656c63ca3d133d7fa7e/volume-2637e053-7eed-494f-9e8f-1c8d0ffac442
Jul 02 19:50:34 devstack sudo[95629]: pam_unix(sudo:session): session opened for user root(uid=0) by (uid=1000)
Jul 02 19:50:34 devstack sudo[95623]: pam_unix(sudo:session): session closed for user root
Jul 02 19:50:34 devstack cinder-volume[86639]: DEBUG oslo_concurrency.processutils [None req-e3f7383d-d19b-439c-a5f6-5eca6123293b tempest-VolumesCloneNegativeTest-1843016306 None] CMD "sudo cinder-rootwrap /etc/cinder/rootwrap.conf qemu-img create -f qcow2 -o preallocation=metadata /opt/stack/data/cinder/mnt/52dbe78c2fafa656c63ca3d133d7fa7e/volume-b16aae51-20f7-4914-a553-c7c1c63bf24f 2147483648" returned: 0 in 1.414s {{(pid=86639) execute /opt/stack/data/venv/lib/python3.12/site-packages/oslo_concurrency/processutils.py:468}}
Jul 02 19:50:34 devstack cinder-volume[86639]: DEBUG oslo_concurrency.processutils [None req-e3f7383d-d19b-439c-a5f6-5eca6123293b tempest-VolumesCloneNegativeTest-1843016306 None] Running cmd (subprocess): sudo cinder-rootwrap /etc/cinder/rootwrap.conf chmod ugo+rw /opt/stack/data/cinder/mnt/52dbe78c2fafa656c63ca3d133d7fa7e/volume-b16aae51-20f7-4914-a553-c7c1c63bf24f {{(pid=86639) execute /opt/stack/data/venv/lib/python3.12/site-packages/oslo_concurrency/processutils.py:440}}
Jul 02 19:50:34 devstack sudo[95631]: quobyte : PWD=/ ; USER=root ; COMMAND=/opt/stack/data/venv/bin/cinder-rootwrap /etc/cinder/rootwrap.conf chmod ugo+rw /opt/stack/data/cinder/mnt/52dbe78c2fafa656c63ca3d133d7fa7e/volume-b16aae51-20f7-4914-a553-c7c1c63bf24f
Jul 02 19:50:34 devstack sudo[95631]: pam_unix(sudo:session): session opened for user root(uid=0) by (uid=1000)
Jul 02 19:50:35 devstack sudo[95629]: pam_unix(sudo:session): session closed for user root
Jul 02 19:50:35 devstack cinder-volume[86639]: DEBUG oslo_concurrency.processutils [None req-3c3a06a3-f173-427c-b357-31ec9392875e tempest-VolumesCloneTest-929848012 None] CMD "/opt/stack/data/venv/bin/python3.12 -m oslo_concurrency.prlimit --as=1073741824 --cpu=60 -- sudo cinder-rootwrap /etc/cinder/rootwrap.conf env LC_ALL=C qemu-img info -f qcow2 --output=json --force-share /opt/stack/data/cinder/mnt/52dbe78c2fafa656c63ca3d133d7fa7e/volume-2637e053-7eed-494f-9e8f-1c8d0ffac442" returned: 0 in 1.838s {{(pid=86639) execute /opt/stack/data/venv/lib/python3.12/site-packages/oslo_concurrency/processutils.py:468}}
Jul 02 19:50:35 devstack cinder-volume[86639]: DEBUG oslo_concurrency.processutils [None req-3c3a06a3-f173-427c-b357-31ec9392875e tempest-VolumesCloneTest-929848012 None] Running cmd (subprocess): sudo cinder-rootwrap /etc/cinder/rootwrap.conf rm -f /opt/stack/data/cinder/mnt/52dbe78c2fafa656c63ca3d133d7fa7e/volume-2637e053-7eed-494f-9e8f-1c8d0ffac442 {{(pid=86639) execute /opt/stack/data/venv/lib/python3.12/site-packages/oslo_concurrency/processutils.py:440}}
Jul 02 19:50:35 devstack sudo[95636]: quobyte : PWD=/ ; USER=root ; COMMAND=/opt/stack/data/venv/bin/cinder-rootwrap /etc/cinder/rootwrap.conf rm -f /opt/stack/data/cinder/mnt/52dbe78c2fafa656c63ca3d133d7fa7e/volume-2637e053-7eed-494f-9e8f-1c8d0ffac442
Jul 02 19:50:35 devstack sudo[95636]: pam_unix(sudo:session): session opened for user root(uid=0) by (uid=1000)
Jul 02 19:50:36 devstack sudo[95631]: pam_unix(sudo:session): session closed for user root
Jul 02 19:50:36 devstack cinder-volume[86639]: DEBUG oslo_concurrency.processutils [None req-e3f7383d-d19b-439c-a5f6-5eca6123293b tempest-VolumesCloneNegativeTest-1843016306 None] CMD "sudo cinder-rootwrap /etc/cinder/rootwrap.conf chmod ugo+rw /opt/stack/data/cinder/mnt/52dbe78c2fafa656c63ca3d133d7fa7e/volume-b16aae51-20f7-4914-a553-c7c1c63bf24f" returned: 0 in 1.415s {{(pid=86639) execute /opt/stack/data/venv/lib/python3.12/site-packages/oslo_concurrency/processutils.py:468}}
Jul 02 19:50:36 devstack cinder-volume[86639]: DEBUG cinder.volume.drivers.quobyte [None req-e3f7383d-d19b-439c-a5f6-5eca6123293b tempest-VolumesCloneNegativeTest-1843016306 None] <== create_volume: return (2918ms) {'provider_location': 'osci02.corp.quobyte.com/cinder-vol-7f239dfc-c0de-428e-aad4-078692dcca92'} {{(pid=86639) trace_logging_wrapper /opt/stack/cinder/cinder/volume/volume_utils.py:1522}}
Jul 02 19:50:36 devstack cinder-volume[86639]: DEBUG oslo_concurrency.lockutils [None req-e3f7383d-d19b-439c-a5f6-5eca6123293b tempest-VolumesCloneNegativeTest-1843016306 None] Lock "quobyte" "released" by "cinder.volume.drivers.quobyte.QuobyteDriver.create_volume" :: held 2.922s {{(pid=86639) inner /opt/stack/data/venv/lib/python3.12/site-packages/oslo_concurrency/lockutils.py:543}}
Jul 02 19:50:36 devstack cinder-volume[86639]: DEBUG cinder.volume.manager [None req-e3f7383d-d19b-439c-a5f6-5eca6123293b tempest-VolumesCloneNegativeTest-1843016306 None] Task 'cinder.volume.flows.manager.create_volume.CreateVolumeFromSpecTask;volume:create' (dad24254-bfbf-4562-a2e8-bec6e070da7c) transitioned into state 'SUCCESS' from state 'RUNNING' with result '{'status': 'creating', 'volume_name': 'volume-b16aae51-20f7-4914-a553-c7c1c63bf24f', 'volume_size': 2}' {{(pid=86639) _task_receiver /opt/stack/data/venv/lib/python3.12/site-packages/taskflow/listeners/logging.py:218}}
Jul 02 19:50:36 devstack cinder-volume[86639]: DEBUG cinder.volume.manager [None req-e3f7383d-d19b-439c-a5f6-5eca6123293b tempest-VolumesCloneNegativeTest-1843016306 None] Task 'cinder.volume.flows.manager.create_volume.CreateVolumeOnFinishTask;volume:create, create.end' (da959c12-f63e-4cd4-85c1-7af4afe44b18) transitioned into state 'RUNNING' from state 'PENDING' {{(pid=86639) _task_receiver /opt/stack/data/venv/lib/python3.12/site-packages/taskflow/listeners/logging.py:242}}
Jul 02 19:50:36 devstack cinder-volume[86639]: INFO cinder.volume.flows.manager.create_volume [None req-e3f7383d-d19b-439c-a5f6-5eca6123293b tempest-VolumesCloneNegativeTest-1843016306 None] Volume volume-b16aae51-20f7-4914-a553-c7c1c63bf24f (b16aae51-20f7-4914-a553-c7c1c63bf24f): created successfully
Jul 02 19:50:36 devstack cinder-volume[86639]: DEBUG cinder.volume.manager [None req-e3f7383d-d19b-439c-a5f6-5eca6123293b tempest-VolumesCloneNegativeTest-1843016306 None] Task 'cinder.volume.flows.manager.create_volume.CreateVolumeOnFinishTask;volume:create, create.end' (da959c12-f63e-4cd4-85c1-7af4afe44b18) transitioned into state 'SUCCESS' from state 'RUNNING' with result 'None' {{(pid=86639) _task_receiver /opt/stack/data/venv/lib/python3.12/site-packages/taskflow/listeners/logging.py:218}}
Jul 02 19:50:36 devstack cinder-volume[86639]: DEBUG cinder.volume.manager [None req-e3f7383d-d19b-439c-a5f6-5eca6123293b tempest-VolumesCloneNegativeTest-1843016306 None] Flow 'volume_create_manager' (85645083-65cb-45eb-9185-9ff592a013cd) transitioned into state 'SUCCESS' from state 'RUNNING' {{(pid=86639) _flow_receiver /opt/stack/data/venv/lib/python3.12/site-packages/taskflow/listeners/logging.py:160}}
Jul 02 19:50:36 devstack cinder-volume[86639]: INFO cinder.volume.manager [None req-e3f7383d-d19b-439c-a5f6-5eca6123293b tempest-VolumesCloneNegativeTest-1843016306 None] Created volume successfully.
Jul 02 19:50:36 devstack sudo[95636]: pam_unix(sudo:session): session closed for user root
Jul 02 19:50:36 devstack cinder-volume[86639]: DEBUG oslo_concurrency.processutils [None req-3c3a06a3-f173-427c-b357-31ec9392875e tempest-VolumesCloneTest-929848012 None] CMD "sudo cinder-rootwrap /etc/cinder/rootwrap.conf rm -f /opt/stack/data/cinder/mnt/52dbe78c2fafa656c63ca3d133d7fa7e/volume-2637e053-7eed-494f-9e8f-1c8d0ffac442" returned: 0 in 0.849s {{(pid=86639) execute /opt/stack/data/venv/lib/python3.12/site-packages/oslo_concurrency/processutils.py:468}}
Jul 02 19:50:36 devstack cinder-volume[86639]: DEBUG cinder.coordination [None req-3c3a06a3-f173-427c-b357-31ec9392875e tempest-VolumesCloneTest-929848012 None] Lock "cinder-quobyte-2637e053-7eed-494f-9e8f-1c8d0ffac442" released by "delete_volume" :: held 2.742s {{(pid=86639) __release /opt/stack/cinder/cinder/coordination.py:152}}
Jul 02 19:50:36 devstack cinder-volume[86639]: DEBUG cinder.quota [None req-3c3a06a3-f173-427c-b357-31ec9392875e tempest-VolumesCloneTest-929848012 None] Created reservations ['57e95b95-fefd-4525-8b4b-b6970636af50', '87c40a50-535e-4bdf-ade3-d2d05ee467fc', 'cd491214-86ef-4e41-aff1-3893298b29b8', '990b09e5-6698-479d-a07d-39627b211573'] {{(pid=86639) reserve /opt/stack/cinder/cinder/quota.py:752}}
Jul 02 19:50:36 devstack cinder-volume[86639]: DEBUG oslo_concurrency.lockutils [None req-3c3a06a3-f173-427c-b357-31ec9392875e tempest-VolumesCloneTest-929848012 None] Acquiring lock "quobyte_ensure" by "cinder.volume.drivers.quobyte.QuobyteDriver._ensure_shares_mounted" {{(pid=86639) inner /opt/stack/data/venv/lib/python3.12/site-packages/oslo_concurrency/lockutils.py:511}}
Jul 02 19:50:36 devstack cinder-volume[86639]: DEBUG oslo_concurrency.lockutils [None req-3c3a06a3-f173-427c-b357-31ec9392875e tempest-VolumesCloneTest-929848012 None] Lock "quobyte_ensure" acquired by "cinder.volume.drivers.quobyte.QuobyteDriver._ensure_shares_mounted" :: waited 0.001s {{(pid=86639) inner /opt/stack/data/venv/lib/python3.12/site-packages/oslo_concurrency/lockutils.py:524}}
