Jul 19 17:38:57 devstack cinder-volume[87676]: DEBUG oslo_concurrency.processutils [None req-849434e8-9c41-4061-8a51-c720c8b1bc0b tempest-GroupSnapshotsTest-1283131101 None] CMD "sudo cinder-rootwrap /etc/cinder/rootwrap.conf chmod ugo+rw /opt/stack/data/cinder/mnt/83da4bfce05f5fff54e30cacc5e483c1/volume-63ec9e66-e2c1-41ae-b5ec-3326beb062d7.48d2e751-5177-433f-b622-af3a64d58824" returned: 0 in 0.266s {{(pid=87676) execute /opt/stack/data/venv/lib/python3.12/site-packages/oslo_concurrency/processutils.py:468}}
Jul 19 17:38:57 devstack cinder-volume[87676]: DEBUG oslo_concurrency.processutils [None req-849434e8-9c41-4061-8a51-c720c8b1bc0b tempest-GroupSnapshotsTest-1283131101 None] Running cmd (subprocess): sudo cinder-rootwrap /etc/cinder/rootwrap.conf truncate -s0 /opt/stack/data/cinder/mnt/83da4bfce05f5fff54e30cacc5e483c1/volume-63ec9e66-e2c1-41ae-b5ec-3326beb062d7.info {{(pid=87676) execute /opt/stack/data/venv/lib/python3.12/site-packages/oslo_concurrency/processutils.py:440}}
Jul 19 17:38:57 devstack sudo[92370]: quobyte : PWD=/ ; USER=root ; COMMAND=/opt/stack/data/venv/bin/cinder-rootwrap /etc/cinder/rootwrap.conf truncate -s0 /opt/stack/data/cinder/mnt/83da4bfce05f5fff54e30cacc5e483c1/volume-63ec9e66-e2c1-41ae-b5ec-3326beb062d7.info
Jul 19 17:38:57 devstack sudo[92370]: pam_unix(sudo:session): session opened for user root(uid=0) by (uid=1000)
Jul 19 17:38:57 devstack sudo[92370]: pam_unix(sudo:session): session closed for user root
Jul 19 17:38:57 devstack cinder-volume[87676]: DEBUG oslo_concurrency.processutils [None req-849434e8-9c41-4061-8a51-c720c8b1bc0b tempest-GroupSnapshotsTest-1283131101 None] CMD "sudo cinder-rootwrap /etc/cinder/rootwrap.conf truncate -s0 /opt/stack/data/cinder/mnt/83da4bfce05f5fff54e30cacc5e483c1/volume-63ec9e66-e2c1-41ae-b5ec-3326beb062d7.info" returned: 0 in 0.397s {{(pid=87676) execute /opt/stack/data/venv/lib/python3.12/site-packages/oslo_concurrency/processutils.py:468}}
Jul 19 17:38:57 devstack cinder-volume[87676]: WARNING cinder.volume.drivers.remotefs [None req-849434e8-9c41-4061-8a51-c720c8b1bc0b tempest-GroupSnapshotsTest-1283131101 None] /opt/stack/data/cinder/mnt/83da4bfce05f5fff54e30cacc5e483c1/volume-63ec9e66-e2c1-41ae-b5ec-3326beb062d7.info is being set with open permissions: ugo+rw: NotImplementedError
Jul 19 17:38:57 devstack cinder-volume[87676]: DEBUG oslo_concurrency.processutils [None req-849434e8-9c41-4061-8a51-c720c8b1bc0b tempest-GroupSnapshotsTest-1283131101 None] Running cmd (subprocess): sudo cinder-rootwrap /etc/cinder/rootwrap.conf chmod ugo+rw /opt/stack/data/cinder/mnt/83da4bfce05f5fff54e30cacc5e483c1/volume-63ec9e66-e2c1-41ae-b5ec-3326beb062d7.info {{(pid=87676) execute /opt/stack/data/venv/lib/python3.12/site-packages/oslo_concurrency/processutils.py:440}}
Jul 19 17:38:57 devstack sudo[92373]: quobyte : PWD=/ ; USER=root ; COMMAND=/opt/stack/data/venv/bin/cinder-rootwrap /etc/cinder/rootwrap.conf chmod ugo+rw /opt/stack/data/cinder/mnt/83da4bfce05f5fff54e30cacc5e483c1/volume-63ec9e66-e2c1-41ae-b5ec-3326beb062d7.info
Jul 19 17:38:57 devstack sudo[92373]: pam_unix(sudo:session): session opened for user root(uid=0) by (uid=1000)
Jul 19 17:38:58 devstack sudo[92373]: pam_unix(sudo:session): session closed for user root
Jul 19 17:38:58 devstack cinder-volume[87676]: DEBUG oslo_concurrency.processutils [None req-849434e8-9c41-4061-8a51-c720c8b1bc0b tempest-GroupSnapshotsTest-1283131101 None] CMD "sudo cinder-rootwrap /etc/cinder/rootwrap.conf chmod ugo+rw /opt/stack/data/cinder/mnt/83da4bfce05f5fff54e30cacc5e483c1/volume-63ec9e66-e2c1-41ae-b5ec-3326beb062d7.info" returned: 0 in 0.277s {{(pid=87676) execute /opt/stack/data/venv/lib/python3.12/site-packages/oslo_concurrency/processutils.py:468}}
Jul 19 17:38:58 devstack cinder-volume[87676]: DEBUG oslo_concurrency.lockutils [None req-849434e8-9c41-4061-8a51-c720c8b1bc0b tempest-GroupSnapshotsTest-1283131101 None] Lock "quobyte" "released" by "cinder.volume.drivers.quobyte.QuobyteDriver.create_snapshot" :: held 2.733s {{(pid=87676) inner /opt/stack/data/venv/lib/python3.12/site-packages/oslo_concurrency/lockutils.py:544}}
Jul 19 17:38:58 devstack cinder-volume[87676]: DEBUG oslo_concurrency.lockutils [None req-849434e8-9c41-4061-8a51-c720c8b1bc0b tempest-GroupSnapshotsTest-1283131101 None] Acquiring lock "quobyte" by "cinder.volume.drivers.quobyte.QuobyteDriver.create_snapshot" {{(pid=87676) inner /opt/stack/data/venv/lib/python3.12/site-packages/oslo_concurrency/lockutils.py:512}}
Jul 19 17:38:58 devstack cinder-volume[87676]: DEBUG oslo_concurrency.lockutils [None req-849434e8-9c41-4061-8a51-c720c8b1bc0b tempest-GroupSnapshotsTest-1283131101 None] Lock "quobyte" acquired by "cinder.volume.drivers.quobyte.QuobyteDriver.create_snapshot" :: waited 0.001s {{(pid=87676) inner /opt/stack/data/venv/lib/python3.12/site-packages/oslo_concurrency/lockutils.py:525}}
Jul 19 17:38:58 devstack cinder-volume[87676]: DEBUG cinder.volume.drivers.remotefs [None req-849434e8-9c41-4061-8a51-c720c8b1bc0b tempest-GroupSnapshotsTest-1283131101 None] Creating offline snapshot ffdaf536-27b9-40e4-a68e-4f19439f2225 of volume b7d4a909-4066-4ccc-b06f-5308177d6e36 {{(pid=87676) _create_snapshot /opt/stack/cinder/cinder/volume/drivers/remotefs.py:1816}}
Jul 19 17:38:58 devstack cinder-volume[87676]: DEBUG oslo.privsep.daemon [-] privsep: reply[4ecadca4-2100-49e1-92de-ebb6c2bbac0c]: (4, 'qcow2') {{(pid=89278) _call_back /opt/stack/data/venv/lib/python3.12/site-packages/oslo_privsep/daemon.py:580}}
Jul 19 17:38:58 devstack cinder-volume[87676]: DEBUG oslo_concurrency.processutils [None req-849434e8-9c41-4061-8a51-c720c8b1bc0b tempest-GroupSnapshotsTest-1283131101 None] Running cmd (subprocess): /opt/stack/data/venv/bin/python3.12 -m oslo_concurrency.prlimit --as=1073741824 --cpu=60 -- sudo cinder-rootwrap /etc/cinder/rootwrap.conf env LC_ALL=C qemu-img info -f qcow2 --output=json --force-share /opt/stack/data/cinder/mnt/83da4bfce05f5fff54e30cacc5e483c1/volume-b7d4a909-4066-4ccc-b06f-5308177d6e36 {{(pid=87676) execute /opt/stack/data/venv/lib/python3.12/site-packages/oslo_concurrency/processutils.py:440}}
Jul 19 17:38:58 devstack sudo[92376]: quobyte : PWD=/ ; USER=root ; COMMAND=/opt/stack/data/venv/bin/cinder-rootwrap /etc/cinder/rootwrap.conf env LC_ALL=C qemu-img info -f qcow2 --output=json --force-share /opt/stack/data/cinder/mnt/83da4bfce05f5fff54e30cacc5e483c1/volume-b7d4a909-4066-4ccc-b06f-5308177d6e36
Jul 19 17:38:58 devstack sudo[92376]: pam_unix(sudo:session): session opened for user root(uid=0) by (uid=1000)
Jul 19 17:38:58 devstack sudo[92376]: pam_unix(sudo:session): session closed for user root
Jul 19 17:38:58 devstack cinder-volume[87676]: DEBUG oslo_concurrency.processutils [None req-849434e8-9c41-4061-8a51-c720c8b1bc0b tempest-GroupSnapshotsTest-1283131101 None] CMD "/opt/stack/data/venv/bin/python3.12 -m oslo_concurrency.prlimit --as=1073741824 --cpu=60 -- sudo cinder-rootwrap /etc/cinder/rootwrap.conf env LC_ALL=C qemu-img info -f qcow2 --output=json --force-share /opt/stack/data/cinder/mnt/83da4bfce05f5fff54e30cacc5e483c1/volume-b7d4a909-4066-4ccc-b06f-5308177d6e36" returned: 0 in 0.392s {{(pid=87676) execute /opt/stack/data/venv/lib/python3.12/site-packages/oslo_concurrency/processutils.py:468}}
Jul 19 17:38:58 devstack cinder-volume[87676]: DEBUG oslo_concurrency.processutils [None req-849434e8-9c41-4061-8a51-c720c8b1bc0b tempest-GroupSnapshotsTest-1283131101 None] Running cmd (subprocess): sudo cinder-rootwrap /etc/cinder/rootwrap.conf qemu-img create -f qcow2 -o backing_file=/opt/stack/data/cinder/mnt/83da4bfce05f5fff54e30cacc5e483c1/volume-b7d4a909-4066-4ccc-b06f-5308177d6e36,backing_fmt=qcow2 /opt/stack/data/cinder/mnt/83da4bfce05f5fff54e30cacc5e483c1/volume-b7d4a909-4066-4ccc-b06f-5308177d6e36.ffdaf536-27b9-40e4-a68e-4f19439f2225 1G {{(pid=87676) execute /opt/stack/data/venv/lib/python3.12/site-packages/oslo_concurrency/processutils.py:440}}
Jul 19 17:38:58 devstack sudo[92382]: quobyte : PWD=/ ; USER=root ; COMMAND=/opt/stack/data/venv/bin/cinder-rootwrap /etc/cinder/rootwrap.conf qemu-img create -f qcow2 -o backing_file=/opt/stack/data/cinder/mnt/83da4bfce05f5fff54e30cacc5e483c1/volume-b7d4a909-4066-4ccc-b06f-5308177d6e36,backing_fmt=qcow2 /opt/stack/data/cinder/mnt/83da4bfce05f5fff54e30cacc5e483c1/volume-b7d4a909-4066-4ccc-b06f-5308177d6e36.ffdaf536-27b9-40e4-a68e-4f19439f2225 1G
Jul 19 17:38:58 devstack sudo[92382]: pam_unix(sudo:session): session opened for user root(uid=0) by (uid=1000)
Jul 19 17:38:58 devstack sudo[92382]: pam_unix(sudo:session): session closed for user root
Jul 19 17:38:58 devstack cinder-volume[87676]: DEBUG oslo_concurrency.processutils [None req-849434e8-9c41-4061-8a51-c720c8b1bc0b tempest-GroupSnapshotsTest-1283131101 None] CMD "sudo cinder-rootwrap /etc/cinder/rootwrap.conf qemu-img create -f qcow2 -o backing_file=/opt/stack/data/cinder/mnt/83da4bfce05f5fff54e30cacc5e483c1/volume-b7d4a909-4066-4ccc-b06f-5308177d6e36,backing_fmt=qcow2 /opt/stack/data/cinder/mnt/83da4bfce05f5fff54e30cacc5e483c1/volume-b7d4a909-4066-4ccc-b06f-5308177d6e36.ffdaf536-27b9-40e4-a68e-4f19439f2225 1G" returned: 0 in 0.406s {{(pid=87676) execute /opt/stack/data/venv/lib/python3.12/site-packages/oslo_concurrency/processutils.py:468}}
Jul 19 17:38:58 devstack cinder-volume[87676]: DEBUG oslo_concurrency.processutils [None req-849434e8-9c41-4061-8a51-c720c8b1bc0b tempest-GroupSnapshotsTest-1283131101 None] Running cmd (subprocess): sudo cinder-rootwrap /etc/cinder/rootwrap.conf qemu-img rebase -u -b volume-b7d4a909-4066-4ccc-b06f-5308177d6e36 -F qcow2 /opt/stack/data/cinder/mnt/83da4bfce05f5fff54e30cacc5e483c1/volume-b7d4a909-4066-4ccc-b06f-5308177d6e36.ffdaf536-27b9-40e4-a68e-4f19439f2225 {{(pid=87676) execute /opt/stack/data/venv/lib/python3.12/site-packages/oslo_concurrency/processutils.py:440}}
Jul 19 17:38:58 devstack sudo[92388]: quobyte : PWD=/ ; USER=root ; COMMAND=/opt/stack/data/venv/bin/cinder-rootwrap /etc/cinder/rootwrap.conf qemu-img rebase -u -b volume-b7d4a909-4066-4ccc-b06f-5308177d6e36 -F qcow2 /opt/stack/data/cinder/mnt/83da4bfce05f5fff54e30cacc5e483c1/volume-b7d4a909-4066-4ccc-b06f-5308177d6e36.ffdaf536-27b9-40e4-a68e-4f19439f2225
Jul 19 17:38:58 devstack sudo[92388]: pam_unix(sudo:session): session opened for user root(uid=0) by (uid=1000)
Jul 19 17:38:59 devstack sudo[92388]: pam_unix(sudo:session): session closed for user root
Jul 19 17:38:59 devstack cinder-volume[87676]: DEBUG oslo_concurrency.processutils [None req-849434e8-9c41-4061-8a51-c720c8b1bc0b tempest-GroupSnapshotsTest-1283131101 None] CMD "sudo cinder-rootwrap /etc/cinder/rootwrap.conf qemu-img rebase -u -b volume-b7d4a909-4066-4ccc-b06f-5308177d6e36 -F qcow2 /opt/stack/data/cinder/mnt/83da4bfce05f5fff54e30cacc5e483c1/volume-b7d4a909-4066-4ccc-b06f-5308177d6e36.ffdaf536-27b9-40e4-a68e-4f19439f2225" returned: 0 in 0.335s {{(pid=87676) execute /opt/stack/data/venv/lib/python3.12/site-packages/oslo_concurrency/processutils.py:468}}
Jul 19 17:38:59 devstack cinder-volume[87676]: WARNING cinder.volume.drivers.remotefs [None req-849434e8-9c41-4061-8a51-c720c8b1bc0b tempest-GroupSnapshotsTest-1283131101 None] /opt/stack/data/cinder/mnt/83da4bfce05f5fff54e30cacc5e483c1/volume-b7d4a909-4066-4ccc-b06f-5308177d6e36.ffdaf536-27b9-40e4-a68e-4f19439f2225 is being set with open permissions: ugo+rw: NotImplementedError
Jul 19 17:38:59 devstack cinder-volume[87676]: DEBUG oslo_concurrency.processutils [None req-849434e8-9c41-4061-8a51-c720c8b1bc0b tempest-GroupSnapshotsTest-1283131101 None] Running cmd (subprocess): sudo cinder-rootwrap /etc/cinder/rootwrap.conf chmod ugo+rw /opt/stack/data/cinder/mnt/83da4bfce05f5fff54e30cacc5e483c1/volume-b7d4a909-4066-4ccc-b06f-5308177d6e36.ffdaf536-27b9-40e4-a68e-4f19439f2225 {{(pid=87676) execute /opt/stack/data/venv/lib/python3.12/site-packages/oslo_concurrency/processutils.py:440}}
Jul 19 17:38:59 devstack sudo[92393]: quobyte : PWD=/ ; USER=root ; COMMAND=/opt/stack/data/venv/bin/cinder-rootwrap /etc/cinder/rootwrap.conf chmod ugo+rw /opt/stack/data/cinder/mnt/83da4bfce05f5fff54e30cacc5e483c1/volume-b7d4a909-4066-4ccc-b06f-5308177d6e36.ffdaf536-27b9-40e4-a68e-4f19439f2225
Jul 19 17:38:59 devstack sudo[92393]: pam_unix(sudo:session): session opened for user root(uid=0) by (uid=1000)
Jul 19 17:38:59 devstack sudo[92393]: pam_unix(sudo:session): session closed for user root
Jul 19 17:38:59 devstack cinder-volume[87676]: DEBUG oslo_concurrency.processutils [None req-849434e8-9c41-4061-8a51-c720c8b1bc0b tempest-GroupSnapshotsTest-1283131101 None] CMD "sudo cinder-rootwrap /etc/cinder/rootwrap.conf chmod ugo+rw /opt/stack/data/cinder/mnt/83da4bfce05f5fff54e30cacc5e483c1/volume-b7d4a909-4066-4ccc-b06f-5308177d6e36.ffdaf536-27b9-40e4-a68e-4f19439f2225" returned: 0 in 0.283s {{(pid=87676) execute /opt/stack/data/venv/lib/python3.12/site-packages/oslo_concurrency/processutils.py:468}}
Jul 19 17:38:59 devstack cinder-volume[87676]: DEBUG oslo_concurrency.processutils [None req-849434e8-9c41-4061-8a51-c720c8b1bc0b tempest-GroupSnapshotsTest-1283131101 None] Running cmd (subprocess): sudo cinder-rootwrap /etc/cinder/rootwrap.conf truncate -s0 /opt/stack/data/cinder/mnt/83da4bfce05f5fff54e30cacc5e483c1/volume-b7d4a909-4066-4ccc-b06f-5308177d6e36.info {{(pid=87676) execute /opt/stack/data/venv/lib/python3.12/site-packages/oslo_concurrency/processutils.py:440}}
Jul 19 17:38:59 devstack sudo[92408]: quobyte : PWD=/ ; USER=root ; COMMAND=/opt/stack/data/venv/bin/cinder-rootwrap /etc/cinder/rootwrap.conf truncate -s0 /opt/stack/data/cinder/mnt/83da4bfce05f5fff54e30cacc5e483c1/volume-b7d4a909-4066-4ccc-b06f-5308177d6e36.info
Jul 19 17:38:59 devstack sudo[92408]: pam_unix(sudo:session): session opened for user root(uid=0) by (uid=1000)
Jul 19 17:38:59 devstack sudo[92408]: pam_unix(sudo:session): session closed for user root
Jul 19 17:38:59 devstack cinder-volume[87676]: DEBUG oslo_concurrency.processutils [None req-849434e8-9c41-4061-8a51-c720c8b1bc0b tempest-GroupSnapshotsTest-1283131101 None] CMD "sudo cinder-rootwrap /etc/cinder/rootwrap.conf truncate -s0 /opt/stack/data/cinder/mnt/83da4bfce05f5fff54e30cacc5e483c1/volume-b7d4a909-4066-4ccc-b06f-5308177d6e36.info" returned: 0 in 0.327s {{(pid=87676) execute /opt/stack/data/venv/lib/python3.12/site-packages/oslo_concurrency/processutils.py:468}}
Jul 19 17:38:59 devstack cinder-volume[87676]: WARNING cinder.volume.drivers.remotefs [None req-849434e8-9c41-4061-8a51-c720c8b1bc0b tempest-GroupSnapshotsTest-1283131101 None] /opt/stack/data/cinder/mnt/83da4bfce05f5fff54e30cacc5e483c1/volume-b7d4a909-4066-4ccc-b06f-5308177d6e36.info is being set with open permissions: ugo+rw: NotImplementedError
Jul 19 17:38:59 devstack cinder-volume[87676]: DEBUG oslo_concurrency.processutils [None req-849434e8-9c41-4061-8a51-c720c8b1bc0b tempest-GroupSnapshotsTest-1283131101 None] Running cmd (subprocess): sudo cinder-rootwrap /etc/cinder/rootwrap.conf chmod ugo+rw /opt/stack/data/cinder/mnt/83da4bfce05f5fff54e30cacc5e483c1/volume-b7d4a909-4066-4ccc-b06f-5308177d6e36.info {{(pid=87676) execute /opt/stack/data/venv/lib/python3.12/site-packages/oslo_concurrency/processutils.py:440}}
Jul 19 17:38:59 devstack sudo[92437]: quobyte : PWD=/ ; USER=root ; COMMAND=/opt/stack/data/venv/bin/cinder-rootwrap /etc/cinder/rootwrap.conf chmod ugo+rw /opt/stack/data/cinder/mnt/83da4bfce05f5fff54e30cacc5e483c1/volume-b7d4a909-4066-4ccc-b06f-5308177d6e36.info
Jul 19 17:38:59 devstack sudo[92437]: pam_unix(sudo:session): session opened for user root(uid=0) by (uid=1000)
Jul 19 17:39:00 devstack sudo[92437]: pam_unix(sudo:session): session closed for user root
Jul 19 17:39:00 devstack cinder-volume[87676]: DEBUG oslo_concurrency.processutils [None req-849434e8-9c41-4061-8a51-c720c8b1bc0b tempest-GroupSnapshotsTest-1283131101 None] CMD "sudo cinder-rootwrap /etc/cinder/rootwrap.conf chmod ugo+rw /opt/stack/data/cinder/mnt/83da4bfce05f5fff54e30cacc5e483c1/volume-b7d4a909-4066-4ccc-b06f-5308177d6e36.info" returned: 0 in 0.290s {{(pid=87676) execute /opt/stack/data/venv/lib/python3.12/site-packages/oslo_concurrency/processutils.py:468}}
Jul 19 17:39:00 devstack cinder-volume[87676]: DEBUG oslo_concurrency.lockutils [None req-849434e8-9c41-4061-8a51-c720c8b1bc0b tempest-GroupSnapshotsTest-1283131101 None] Lock "quobyte" "released" by "cinder.volume.drivers.quobyte.QuobyteDriver.create_snapshot" :: held 2.135s {{(pid=87676) inner /opt/stack/data/venv/lib/python3.12/site-packages/oslo_concurrency/lockutils.py:544}}
Jul 19 17:39:00 devstack cinder-volume[87676]: INFO cinder.volume.manager [None req-849434e8-9c41-4061-8a51-c720c8b1bc0b tempest-GroupSnapshotsTest-1283131101 None] group_snapshot 308cffcf-85e3-43a9-9c66-6f770c4af728: created successfully
Jul 19 17:39:00 devstack cinder-volume[87676]: INFO cinder.volume.manager [None req-96054498-bf5f-4c32-8479-5893b8dc1a7f tempest-GroupSnapshotsTest-1283131101 None] group_snapshot 308cffcf-85e3-43a9-9c66-6f770c4af728: deleting
Jul 19 17:39:00 devstack cinder-volume[87676]: DEBUG cinder.volume.manager [None req-96054498-bf5f-4c32-8479-5893b8dc1a7f tempest-GroupSnapshotsTest-1283131101 None] group_snapshot 308cffcf-85e3-43a9-9c66-6f770c4af728: deleting {{(pid=87676) delete_group_snapshot /opt/stack/cinder/cinder/volume/manager.py:4350}}
Jul 19 17:39:00 devstack cinder-volume[87676]: DEBUG cinder.coordination [None req-96054498-bf5f-4c32-8479-5893b8dc1a7f tempest-GroupSnapshotsTest-1283131101 None] Acquiring lock "cinder-quobyte-63ec9e66-e2c1-41ae-b5ec-3326beb062d7" by "delete_snapshot" {{(pid=87676) __acquire /opt/stack/cinder/cinder/coordination.py:138}}
Jul 19 17:39:00 devstack cinder-volume[87676]: DEBUG cinder.coordination [None req-96054498-bf5f-4c32-8479-5893b8dc1a7f tempest-GroupSnapshotsTest-1283131101 None] Lock "cinder-quobyte-63ec9e66-e2c1-41ae-b5ec-3326beb062d7" acquired by "delete_snapshot" :: waited 0.022s {{(pid=87676) __acquire /opt/stack/cinder/cinder/coordination.py:141}}
Jul 19 17:39:00 devstack cinder-volume[87676]: DEBUG cinder.coordination [None req-96054498-bf5f-4c32-8479-5893b8dc1a7f tempest-GroupSnapshotsTest-1283131101 None] Acquiring lock "cinder-quobyte-48d2e751-5177-433f-b622-af3a64d58824" by "_delete_snapshot" {{(pid=87676) __acquire /opt/stack/cinder/cinder/coordination.py:138}}
Jul 19 17:39:00 devstack cinder-volume[87676]: DEBUG cinder.coordination [None req-96054498-bf5f-4c32-8479-5893b8dc1a7f tempest-GroupSnapshotsTest-1283131101 None] Lock "cinder-quobyte-48d2e751-5177-433f-b622-af3a64d58824" acquired by "_delete_snapshot" :: waited 0.028s {{(pid=87676) __acquire /opt/stack/cinder/cinder/coordination.py:141}}
Jul 19 17:39:01 devstack cinder-volume[87676]: DEBUG cinder.volume.drivers.remotefs [None req-96054498-bf5f-4c32-8479-5893b8dc1a7f tempest-GroupSnapshotsTest-1283131101 None] Deleting offline snapshot 48d2e751-5177-433f-b622-af3a64d58824 of volume 63ec9e66-e2c1-41ae-b5ec-3326beb062d7 {{(pid=87676) _delete_snapshot /opt/stack/cinder/cinder/volume/drivers/remotefs.py:1288}}
Jul 19 17:39:01 devstack cinder-volume[87676]: DEBUG cinder.volume.drivers.remotefs [None req-96054498-bf5f-4c32-8479-5893b8dc1a7f tempest-GroupSnapshotsTest-1283131101 None] snapshot_file for this snap is: volume-63ec9e66-e2c1-41ae-b5ec-3326beb062d7.48d2e751-5177-433f-b622-af3a64d58824 {{(pid=87676) _delete_snapshot /opt/stack/cinder/cinder/volume/drivers/remotefs.py:1317}}
Jul 19 17:39:01 devstack cinder-volume[87676]: DEBUG oslo.privsep.daemon [-] privsep: reply[90fd9d2e-28ef-479b-9141-3fe031620587]: (4, 'qcow2') {{(pid=89278) _call_back /opt/stack/data/venv/lib/python3.12/site-packages/oslo_privsep/daemon.py:580}}
Jul 19 17:39:01 devstack cinder-volume[87676]: DEBUG oslo_concurrency.processutils [None req-96054498-bf5f-4c32-8479-5893b8dc1a7f tempest-GroupSnapshotsTest-1283131101 None] Running cmd (subprocess): /opt/stack/data/venv/bin/python3.12 -m oslo_concurrency.prlimit --as=1073741824 --cpu=60 -- sudo cinder-rootwrap /etc/cinder/rootwrap.conf env LC_ALL=C qemu-img info -f qcow2 --output=json --force-share /opt/stack/data/cinder/mnt/83da4bfce05f5fff54e30cacc5e483c1/volume-63ec9e66-e2c1-41ae-b5ec-3326beb062d7.48d2e751-5177-433f-b622-af3a64d58824 {{(pid=87676) execute /opt/stack/data/venv/lib/python3.12/site-packages/oslo_concurrency/processutils.py:440}}
Jul 19 17:39:01 devstack sudo[92447]: quobyte : PWD=/ ; USER=root ; COMMAND=/opt/stack/data/venv/bin/cinder-rootwrap /etc/cinder/rootwrap.conf env LC_ALL=C qemu-img info -f qcow2 --output=json --force-share /opt/stack/data/cinder/mnt/83da4bfce05f5fff54e30cacc5e483c1/volume-63ec9e66-e2c1-41ae-b5ec-3326beb062d7.48d2e751-5177-433f-b622-af3a64d58824
Jul 19 17:39:01 devstack sudo[92447]: pam_unix(sudo:session): session opened for user root(uid=0) by (uid=1000)
Jul 19 17:39:01 devstack cinder-volume[87676]: DEBUG cinder.volume.flows.manager.create_volume [None req-f23a166b-b3d7-4407-ad82-969bd127a795 tempest-AttachVolumeTestJSON-374548148 None] Volume reschedule parameters: True retry: {'num_attempts': 1, 'backends': ['devstack@QuobyteHD#QuobyteHD'], 'hosts': ['devstack@QuobyteHD#QuobyteHD']} {{(pid=87676) get_flow /opt/stack/cinder/cinder/volume/flows/manager/create_volume.py:1397}}
Jul 19 17:39:01 devstack cinder-volume[87676]: DEBUG cinder.volume.manager [None req-f23a166b-b3d7-4407-ad82-969bd127a795 tempest-AttachVolumeTestJSON-374548148 None] Flow 'volume_create_manager' (5d7b9a3d-af79-4aee-aab4-7ca5c109c486) transitioned into state 'RUNNING' from state 'PENDING' {{(pid=87676) _flow_receiver /opt/stack/data/venv/lib/python3.12/site-packages/taskflow/listeners/logging.py:160}}
Jul 19 17:39:01 devstack cinder-volume[87676]: DEBUG cinder.volume.manager [None req-f23a166b-b3d7-4407-ad82-969bd127a795 tempest-AttachVolumeTestJSON-374548148 None] Task 'cinder.volume.flows.manager.create_volume.ExtractVolumeRefTask;volume:create' (f20dbdb0-34b1-4b6a-b360-d740e17720f9) transitioned into state 'RUNNING' from state 'PENDING' {{(pid=87676) _task_receiver /opt/stack/data/venv/lib/python3.12/site-packages/taskflow/listeners/logging.py:242}}
Jul 19 17:39:01 devstack cinder-volume[87676]: DEBUG cinder.volume.manager [None req-f23a166b-b3d7-4407-ad82-969bd127a795 tempest-AttachVolumeTestJSON-374548148 None] Task 'cinder.volume.flows.manager.create_volume.ExtractVolumeRefTask;volume:create' (f20dbdb0-34b1-4b6a-b360-d740e17720f9) transitioned into state 'SUCCESS' from state 'RUNNING' with result 'Volume(_name_id=None,admin_metadata=,attach_status='detached',availability_zone='nova',bootable=False,cluster=,cluster_name=None,consistencygroup=,consistencygroup_id=None,created_at=2026-07-19T15:39:01Z,deleted=False,deleted_at=None,display_description=None,display_name='tempest-AttachVolumeTestJSON-volume-1087141604',ec2_id=None,encryption_key_id=None,glance_metadata=,group=,group_id=None,host='devstack@QuobyteHD#QuobyteHD',id=c36c9641-a01e-4e32-a01b-8fe8450e7ca2,launched_at=None,metadata={},migration_status=None,multiattach=False,previous_status=None,project_id='28818042379c4d559eb0e471a6ceb4b4',provider_auth=None,provider_geometry=None,provider_id=None,provider_location=None,replication_driver_data=None,replication_extended_status=None,replication_status=None,scheduled_at=2026-07-19T15:39:01Z,service_uuid=None,shared_targets=True,size=1,snapshot_id=None,snapshots=,source_volid=None,status='creating',terminated_at=None,updated_at=2026-07-19T15:39:01Z,use_quota=True,user_id='910c4f3f32214111b4ecf65618932db0',volume_attachment=VolumeAttachmentList,volume_type=VolumeType(1e6b2c68-41f6-4320-9f3b-c9672bc2c0d2),volume_type_id=1e6b2c68-41f6-4320-9f3b-c9672bc2c0d2)' {{(pid=87676) _task_receiver /opt/stack/data/venv/lib/python3.12/site-packages/taskflow/listeners/logging.py:218}}
Jul 19 17:39:01 devstack cinder-volume[87676]: DEBUG cinder.volume.manager [None req-f23a166b-b3d7-4407-ad82-969bd127a795 tempest-AttachVolumeTestJSON-374548148 None] Task 'cinder.volume.flows.manager.create_volume.OnFailureRescheduleTask;volume:create' (116f7c83-103d-47a3-8bae-deaa0116cfbb) transitioned into state 'RUNNING' from state 'PENDING' {{(pid=87676) _task_receiver /opt/stack/data/venv/lib/python3.12/site-packages/taskflow/listeners/logging.py:242}}
Jul 19 17:39:01 devstack cinder-volume[87676]: DEBUG cinder.volume.manager [None req-f23a166b-b3d7-4407-ad82-969bd127a795 tempest-AttachVolumeTestJSON-374548148 None] Task 'cinder.volume.flows.manager.create_volume.OnFailureRescheduleTask;volume:create' (116f7c83-103d-47a3-8bae-deaa0116cfbb) transitioned into state 'SUCCESS' from state 'RUNNING' with result 'None' {{(pid=87676) _task_receiver /opt/stack/data/venv/lib/python3.12/site-packages/taskflow/listeners/logging.py:218}}
Jul 19 17:39:01 devstack cinder-volume[87676]: DEBUG cinder.volume.manager [None req-f23a166b-b3d7-4407-ad82-969bd127a795 tempest-AttachVolumeTestJSON-374548148 None] Task 'cinder.volume.flows.manager.create_volume.ExtractVolumeSpecTask;volume:create' (e9feed9f-22c1-451b-9723-31a77ed3b1c9) transitioned into state 'RUNNING' from state 'PENDING' {{(pid=87676) _task_receiver /opt/stack/data/venv/lib/python3.12/site-packages/taskflow/listeners/logging.py:242}}
Jul 19 17:39:01 devstack cinder-volume[87676]: DEBUG cinder.volume.manager [None req-f23a166b-b3d7-4407-ad82-969bd127a795 tempest-AttachVolumeTestJSON-374548148 None] Task 'cinder.volume.flows.manager.create_volume.ExtractVolumeSpecTask;volume:create' (e9feed9f-22c1-451b-9723-31a77ed3b1c9) transitioned into state 'SUCCESS' from state 'RUNNING' with result '{'status': 'creating', 'type': 'raw', 'volume_id': 'c36c9641-a01e-4e32-a01b-8fe8450e7ca2', 'volume_name': 'volume-c36c9641-a01e-4e32-a01b-8fe8450e7ca2', 'volume_size': 1}' {{(pid=87676) _task_receiver /opt/stack/data/venv/lib/python3.12/site-packages/taskflow/listeners/logging.py:218}}
Jul 19 17:39:01 devstack cinder-volume[87676]: DEBUG cinder.volume.manager [None req-f23a166b-b3d7-4407-ad82-969bd127a795 tempest-AttachVolumeTestJSON-374548148 None] Task 'cinder.volume.flows.manager.create_volume.NotifyVolumeActionTask;volume:create, create.start' (ce3cb92b-44d4-41f9-8a76-c4bdb3cf7b21) transitioned into state 'RUNNING' from state 'PENDING' {{(pid=87676) _task_receiver /opt/stack/data/venv/lib/python3.12/site-packages/taskflow/listeners/logging.py:242}}
Jul 19 17:39:01 devstack cinder-volume[87676]: DEBUG cinder.volume.manager [None req-f23a166b-b3d7-4407-ad82-969bd127a795 tempest-AttachVolumeTestJSON-374548148 None] Task 'cinder.volume.flows.manager.create_volume.NotifyVolumeActionTask;volume:create, create.start' (ce3cb92b-44d4-41f9-8a76-c4bdb3cf7b21) transitioned into state 'SUCCESS' from state 'RUNNING' with result 'None' {{(pid=87676) _task_receiver /opt/stack/data/venv/lib/python3.12/site-packages/taskflow/listeners/logging.py:218}}
Jul 19 17:39:01 devstack cinder-volume[87676]: DEBUG cinder.volume.manager [None req-f23a166b-b3d7-4407-ad82-969bd127a795 tempest-AttachVolumeTestJSON-374548148 None] Task 'cinder.volume.flows.manager.create_volume.CreateVolumeFromSpecTask;volume:create' (cd156bf2-e5b1-4e3c-8af5-13899c9760c1) transitioned into state 'RUNNING' from state 'PENDING' {{(pid=87676) _task_receiver /opt/stack/data/venv/lib/python3.12/site-packages/taskflow/listeners/logging.py:242}}
Jul 19 17:39:01 devstack cinder-volume[87676]: INFO cinder.volume.flows.manager.create_volume [None req-f23a166b-b3d7-4407-ad82-969bd127a795 tempest-AttachVolumeTestJSON-374548148 None] Volume c36c9641-a01e-4e32-a01b-8fe8450e7ca2: being created as raw with specification: {'status': 'creating', 'volume_name': 'volume-c36c9641-a01e-4e32-a01b-8fe8450e7ca2', 'volume_size': 1}
Jul 19 17:39:01 devstack cinder-volume[87676]: DEBUG oslo_concurrency.lockutils [None req-f23a166b-b3d7-4407-ad82-969bd127a795 tempest-AttachVolumeTestJSON-374548148 None] Acquiring lock "quobyte" by "cinder.volume.drivers.quobyte.QuobyteDriver.create_volume" {{(pid=87676) inner /opt/stack/data/venv/lib/python3.12/site-packages/oslo_concurrency/lockutils.py:512}}
Jul 19 17:39:01 devstack cinder-volume[87676]: DEBUG oslo_concurrency.lockutils [None req-f23a166b-b3d7-4407-ad82-969bd127a795 tempest-AttachVolumeTestJSON-374548148 None] Lock "quobyte" acquired by "cinder.volume.drivers.quobyte.QuobyteDriver.create_volume" :: waited 0.001s {{(pid=87676) inner /opt/stack/data/venv/lib/python3.12/site-packages/oslo_concurrency/lockutils.py:525}}
Jul 19 17:39:01 devstack cinder-volume[87676]: DEBUG cinder.volume.drivers.quobyte [None req-f23a166b-b3d7-4407-ad82-969bd127a795 tempest-AttachVolumeTestJSON-374548148 None] ==> create_volume: call "{'self': , 'volume': Volume(_name_id=None,admin_metadata=,attach_status='detached',availability_zone='nova',bootable=False,cluster=,cluster_name=None,consistencygroup=,consistencygroup_id=None,created_at=2026-07-19T15:39:01Z,deleted=False,deleted_at=None,display_description=None,display_name='tempest-AttachVolumeTestJSON-volume-1087141604',ec2_id=None,encryption_key_id=None,glance_metadata=,group=,group_id=None,host='devstack@QuobyteHD#QuobyteHD',id=c36c9641-a01e-4e32-a01b-8fe8450e7ca2,launched_at=None,metadata={},migration_status=None,multiattach=False,previous_status=None,project_id='28818042379c4d559eb0e471a6ceb4b4',provider_auth=None,provider_geometry=None,provider_id=None,provider_location=None,replication_driver_data=None,replication_extended_status=None,replication_status=None,scheduled_at=2026-07-19T15:39:01Z,service_uuid=None,shared_targets=True,size=1,snapshot_id=None,snapshots=,source_volid=None,status='creating',terminated_at=None,updated_at=2026-07-19T15:39:01Z,use_quota=True,user_id='910c4f3f32214111b4ecf65618932db0',volume_attachment=VolumeAttachmentList,volume_type=VolumeType(1e6b2c68-41f6-4320-9f3b-c9672bc2c0d2),volume_type_id=1e6b2c68-41f6-4320-9f3b-c9672bc2c0d2)}" {{(pid=87676) trace_logging_wrapper /opt/stack/cinder/cinder/volume/volume_utils.py:1497}}
Jul 19 17:39:01 devstack cinder-volume[87676]: DEBUG cinder.volume.drivers.remotefs [None req-f23a166b-b3d7-4407-ad82-969bd127a795 tempest-AttachVolumeTestJSON-374548148 None] Creating volume c36c9641-a01e-4e32-a01b-8fe8450e7ca2 {{(pid=87676) create_volume /opt/stack/cinder/cinder/volume/drivers/remotefs.py:292}}
Jul 19 17:39:01 devstack cinder-volume[87676]: DEBUG oslo_concurrency.lockutils [None req-f23a166b-b3d7-4407-ad82-969bd127a795 tempest-AttachVolumeTestJSON-374548148 None] Acquiring lock "quobyte_ensure" by "cinder.volume.drivers.quobyte.QuobyteDriver._ensure_shares_mounted" {{(pid=87676) inner /opt/stack/data/venv/lib/python3.12/site-packages/oslo_concurrency/lockutils.py:512}}
Jul 19 17:39:01 devstack cinder-volume[87676]: DEBUG oslo_concurrency.lockutils [None req-f23a166b-b3d7-4407-ad82-969bd127a795 tempest-AttachVolumeTestJSON-374548148 None] Lock "quobyte_ensure" acquired by "cinder.volume.drivers.quobyte.QuobyteDriver._ensure_shares_mounted" :: waited 0.000s {{(pid=87676) inner /opt/stack/data/venv/lib/python3.12/site-packages/oslo_concurrency/lockutils.py:525}}
Jul 19 17:39:01 devstack cinder-volume[87676]: DEBUG cinder.volume.drivers.quobyte [None req-f23a166b-b3d7-4407-ad82-969bd127a795 tempest-AttachVolumeTestJSON-374548148 None] Quobyte Volume URL set to: {'osci02.corp.quobyte.com/cinder-vol-bbe78e69-1978-409c-bd7f-2bec884e866c': None} {{(pid=87676) _load_shares_config /opt/stack/cinder/cinder/volume/drivers/quobyte.py:651}}
Jul 19 17:39:01 devstack cinder-volume[87676]: DEBUG cinder.volume.drivers.quobyte [None req-f23a166b-b3d7-4407-ad82-969bd127a795 tempest-AttachVolumeTestJSON-374548148 None] Available shares ['osci02.corp.quobyte.com/cinder-vol-bbe78e69-1978-409c-bd7f-2bec884e866c'] {{(pid=87676) _ensure_shares_mounted /opt/stack/cinder/cinder/volume/drivers/quobyte.py:681}}
Jul 19 17:39:01 devstack cinder-volume[87676]: DEBUG oslo_concurrency.lockutils [None req-f23a166b-b3d7-4407-ad82-969bd127a795 tempest-AttachVolumeTestJSON-374548148 None] Lock "quobyte_ensure" "released" by "cinder.volume.drivers.quobyte.QuobyteDriver._ensure_shares_mounted" :: held 0.008s {{(pid=87676) inner /opt/stack/data/venv/lib/python3.12/site-packages/oslo_concurrency/lockutils.py:544}}
Jul 19 17:39:01 devstack cinder-volume[87676]: DEBUG cinder.volume.drivers.quobyte [None req-f23a166b-b3d7-4407-ad82-969bd127a795 tempest-AttachVolumeTestJSON-374548148 None] Selected osci02.corp.quobyte.com/cinder-vol-bbe78e69-1978-409c-bd7f-2bec884e866c as target Quobyte volume. {{(pid=87676) _find_share /opt/stack/cinder/cinder/volume/drivers/quobyte.py:702}}
Jul 19 17:39:01 devstack cinder-volume[87676]: INFO cinder.volume.drivers.remotefs [None req-f23a166b-b3d7-4407-ad82-969bd127a795 tempest-AttachVolumeTestJSON-374548148 None] casted to osci02.corp.quobyte.com/cinder-vol-bbe78e69-1978-409c-bd7f-2bec884e866c
Jul 19 17:39:01 devstack cinder-volume[87676]: DEBUG oslo_concurrency.processutils [None req-f23a166b-b3d7-4407-ad82-969bd127a795 tempest-AttachVolumeTestJSON-374548148 None] Running cmd (subprocess): sudo cinder-rootwrap /etc/cinder/rootwrap.conf qemu-img create -f qcow2 -o preallocation=metadata /opt/stack/data/cinder/mnt/83da4bfce05f5fff54e30cacc5e483c1/volume-c36c9641-a01e-4e32-a01b-8fe8450e7ca2 1073741824 {{(pid=87676) execute /opt/stack/data/venv/lib/python3.12/site-packages/oslo_concurrency/processutils.py:440}}
Jul 19 17:39:01 devstack sudo[92451]: quobyte : PWD=/ ; USER=root ; COMMAND=/opt/stack/data/venv/bin/cinder-rootwrap /etc/cinder/rootwrap.conf qemu-img create -f qcow2 -o preallocation=metadata /opt/stack/data/cinder/mnt/83da4bfce05f5fff54e30cacc5e483c1/volume-c36c9641-a01e-4e32-a01b-8fe8450e7ca2 1073741824
Jul 19 17:39:01 devstack sudo[92451]: pam_unix(sudo:session): session opened for user root(uid=0) by (uid=1000)
Jul 19 17:39:01 devstack sudo[92447]: pam_unix(sudo:session): session closed for user root
Jul 19 17:39:01 devstack cinder-volume[87676]: DEBUG oslo_concurrency.processutils [None req-96054498-bf5f-4c32-8479-5893b8dc1a7f tempest-GroupSnapshotsTest-1283131101 None] CMD "/opt/stack/data/venv/bin/python3.12 -m oslo_concurrency.prlimit --as=1073741824 --cpu=60 -- sudo cinder-rootwrap /etc/cinder/rootwrap.conf env LC_ALL=C qemu-img info -f qcow2 --output=json --force-share /opt/stack/data/cinder/mnt/83da4bfce05f5fff54e30cacc5e483c1/volume-63ec9e66-e2c1-41ae-b5ec-3326beb062d7.48d2e751-5177-433f-b622-af3a64d58824" returned: 0 in 0.492s {{(pid=87676) execute /opt/stack/data/venv/lib/python3.12/site-packages/oslo_concurrency/processutils.py:468}}
Jul 19 17:39:01 devstack cinder-volume[87676]: DEBUG cinder.volume.drivers.remotefs [None req-96054498-bf5f-4c32-8479-5893b8dc1a7f tempest-GroupSnapshotsTest-1283131101 None] Fetching qemu-img info with special backing_file_template: (/opt/stack/data/cinder/mnt/[0-9a-f]+/)?(volume-63ec9e66-e2c1-41ae-b5ec-3326beb062d7(.(tmp-snap-)?[0-9a-f-]+)?|volume_from_snapshot_cache/(tmp-snap-)?[0-9a-f-]+(.(child-|parent-)[0-9a-f-]+)?)$ {{(pid=87676) _qemu_img_info_base /opt/stack/cinder/cinder/volume/drivers/remotefs.py:896}}
Jul 19 17:39:01 devstack cinder-volume[87676]: DEBUG oslo.privsep.daemon [-] privsep: reply[210ed71f-c2bc-41f4-ad53-46c466079ab2]: (4, 'qcow2') {{(pid=89278) _call_back /opt/stack/data/venv/lib/python3.12/site-packages/oslo_privsep/daemon.py:580}}
Jul 19 17:39:01 devstack cinder-volume[87676]: DEBUG oslo_concurrency.processutils [None req-96054498-bf5f-4c32-8479-5893b8dc1a7f tempest-GroupSnapshotsTest-1283131101 None] Running cmd (subprocess): /opt/stack/data/venv/bin/python3.12 -m oslo_concurrency.prlimit --as=1073741824 --cpu=60 -- sudo cinder-rootwrap /etc/cinder/rootwrap.conf env LC_ALL=C qemu-img info -f qcow2 --output=json --force-share /opt/stack/data/cinder/mnt/83da4bfce05f5fff54e30cacc5e483c1/volume-63ec9e66-e2c1-41ae-b5ec-3326beb062d7 {{(pid=87676) execute /opt/stack/data/venv/lib/python3.12/site-packages/oslo_concurrency/processutils.py:440}}
Jul 19 17:39:01 devstack sudo[92456]: quobyte : PWD=/ ; USER=root ; COMMAND=/opt/stack/data/venv/bin/cinder-rootwrap /etc/cinder/rootwrap.conf env LC_ALL=C qemu-img info -f qcow2 --output=json --force-share /opt/stack/data/cinder/mnt/83da4bfce05f5fff54e30cacc5e483c1/volume-63ec9e66-e2c1-41ae-b5ec-3326beb062d7
Jul 19 17:39:01 devstack sudo[92456]: pam_unix(sudo:session): session opened for user root(uid=0) by (uid=1000)
Jul 19 17:39:01 devstack sudo[92451]: pam_unix(sudo:session): session closed for user root
Jul 19 17:39:01 devstack cinder-volume[87676]: DEBUG oslo_concurrency.processutils [None req-f23a166b-b3d7-4407-ad82-969bd127a795 tempest-AttachVolumeTestJSON-374548148 None] CMD "sudo cinder-rootwrap /etc/cinder/rootwrap.conf qemu-img create -f qcow2 -o preallocation=metadata /opt/stack/data/cinder/mnt/83da4bfce05f5fff54e30cacc5e483c1/volume-c36c9641-a01e-4e32-a01b-8fe8450e7ca2 1073741824" returned: 0 in 0.474s {{(pid=87676) execute /opt/stack/data/venv/lib/python3.12/site-packages/oslo_concurrency/processutils.py:468}}
Jul 19 17:39:01 devstack sudo[92456]: pam_unix(sudo:session): session closed for user root
Jul 19 17:39:01 devstack cinder-volume[87676]: DEBUG oslo_concurrency.processutils [None req-96054498-bf5f-4c32-8479-5893b8dc1a7f tempest-GroupSnapshotsTest-1283131101 None] CMD "/opt/stack/data/venv/bin/python3.12 -m oslo_concurrency.prlimit --as=1073741824 --cpu=60 -- sudo cinder-rootwrap /etc/cinder/rootwrap.conf env LC_ALL=C qemu-img info -f qcow2 --output=json --force-share /opt/stack/data/cinder/mnt/83da4bfce05f5fff54e30cacc5e483c1/volume-63ec9e66-e2c1-41ae-b5ec-3326beb062d7" returned: 0 in 0.389s {{(pid=87676) execute /opt/stack/data/venv/lib/python3.12/site-packages/oslo_concurrency/processutils.py:468}}
Jul 19 17:39:01 devstack cinder-volume[87676]: DEBUG oslo_concurrency.processutils [None req-96054498-bf5f-4c32-8479-5893b8dc1a7f tempest-GroupSnapshotsTest-1283131101 None] Running cmd (subprocess): sudo cinder-rootwrap /etc/cinder/rootwrap.conf qemu-img commit -d /opt/stack/data/cinder/mnt/83da4bfce05f5fff54e30cacc5e483c1/volume-63ec9e66-e2c1-41ae-b5ec-3326beb062d7.48d2e751-5177-433f-b622-af3a64d58824 {{(pid=87676) execute /opt/stack/data/venv/lib/python3.12/site-packages/oslo_concurrency/processutils.py:440}}
Jul 19 17:39:02 devstack sudo[92466]: quobyte : PWD=/ ; USER=root ; COMMAND=/opt/stack/data/venv/bin/cinder-rootwrap /etc/cinder/rootwrap.conf qemu-img commit -d /opt/stack/data/cinder/mnt/83da4bfce05f5fff54e30cacc5e483c1/volume-63ec9e66-e2c1-41ae-b5ec-3326beb062d7.48d2e751-5177-433f-b622-af3a64d58824
Jul 19 17:39:02 devstack sudo[92466]: pam_unix(sudo:session): session opened for user root(uid=0) by (uid=1000)
Jul 19 17:39:02 devstack cinder-volume[87676]: DEBUG oslo_concurrency.processutils [None req-f23a166b-b3d7-4407-ad82-969bd127a795 tempest-AttachVolumeTestJSON-374548148 None] Running cmd (subprocess): sudo cinder-rootwrap /etc/cinder/rootwrap.conf chmod ugo+rw /opt/stack/data/cinder/mnt/83da4bfce05f5fff54e30cacc5e483c1/volume-c36c9641-a01e-4e32-a01b-8fe8450e7ca2 {{(pid=87676) execute /opt/stack/data/venv/lib/python3.12/site-packages/oslo_concurrency/processutils.py:440}}
Jul 19 17:39:02 devstack sudo[92468]: quobyte : PWD=/ ; USER=root ; COMMAND=/opt/stack/data/venv/bin/cinder-rootwrap /etc/cinder/rootwrap.conf chmod ugo+rw /opt/stack/data/cinder/mnt/83da4bfce05f5fff54e30cacc5e483c1/volume-c36c9641-a01e-4e32-a01b-8fe8450e7ca2
Jul 19 17:39:02 devstack sudo[92468]: pam_unix(sudo:session): session opened for user root(uid=0) by (uid=1000)
Jul 19 17:39:02 devstack sudo[92468]: pam_unix(sudo:session): session closed for user root
Jul 19 17:39:02 devstack cinder-volume[87676]: DEBUG oslo_concurrency.processutils [None req-f23a166b-b3d7-4407-ad82-969bd127a795 tempest-AttachVolumeTestJSON-374548148 None] CMD "sudo cinder-rootwrap /etc/cinder/rootwrap.conf chmod ugo+rw /opt/stack/data/cinder/mnt/83da4bfce05f5fff54e30cacc5e483c1/volume-c36c9641-a01e-4e32-a01b-8fe8450e7ca2" returned: 0 in 0.273s {{(pid=87676) execute /opt/stack/data/venv/lib/python3.12/site-packages/oslo_concurrency/processutils.py:468}}
Jul 19 17:39:02 devstack cinder-volume[87676]: DEBUG cinder.volume.drivers.quobyte [None req-f23a166b-b3d7-4407-ad82-969bd127a795 tempest-AttachVolumeTestJSON-374548148 None] <== create_volume: return (811ms) {'provider_location': 'osci02.corp.quobyte.com/cinder-vol-bbe78e69-1978-409c-bd7f-2bec884e866c'} {{(pid=87676) trace_logging_wrapper /opt/stack/cinder/cinder/volume/volume_utils.py:1522}}
Jul 19 17:39:02 devstack cinder-volume[87676]: DEBUG oslo_concurrency.lockutils [None req-f23a166b-b3d7-4407-ad82-969bd127a795 tempest-AttachVolumeTestJSON-374548148 None] Lock "quobyte" "released" by "cinder.volume.drivers.quobyte.QuobyteDriver.create_volume" :: held 0.814s {{(pid=87676) inner /opt/stack/data/venv/lib/python3.12/site-packages/oslo_concurrency/lockutils.py:544}}
Jul 19 17:39:02 devstack cinder-volume[87676]: DEBUG cinder.volume.manager [None req-f23a166b-b3d7-4407-ad82-969bd127a795 tempest-AttachVolumeTestJSON-374548148 None] Task 'cinder.volume.flows.manager.create_volume.CreateVolumeFromSpecTask;volume:create' (cd156bf2-e5b1-4e3c-8af5-13899c9760c1) transitioned into state 'SUCCESS' from state 'RUNNING' with result '{'status': 'creating', 'volume_name': 'volume-c36c9641-a01e-4e32-a01b-8fe8450e7ca2', 'volume_size': 1}' {{(pid=87676) _task_receiver /opt/stack/data/venv/lib/python3.12/site-packages/taskflow/listeners/logging.py:218}}
Jul 19 17:39:02 devstack cinder-volume[87676]: DEBUG cinder.volume.manager [None req-f23a166b-b3d7-4407-ad82-969bd127a795 tempest-AttachVolumeTestJSON-374548148 None] Task 'cinder.volume.flows.manager.create_volume.CreateVolumeOnFinishTask;volume:create, create.end' (e866621f-8bb7-4dd2-85ab-27266ce11925) transitioned into state 'RUNNING' from state 'PENDING' {{(pid=87676) _task_receiver /opt/stack/data/venv/lib/python3.12/site-packages/taskflow/listeners/logging.py:242}}
Jul 19 17:39:02 devstack cinder-volume[87676]: INFO cinder.volume.flows.manager.create_volume [None req-f23a166b-b3d7-4407-ad82-969bd127a795 tempest-AttachVolumeTestJSON-374548148 None] Volume volume-c36c9641-a01e-4e32-a01b-8fe8450e7ca2 (c36c9641-a01e-4e32-a01b-8fe8450e7ca2): created successfully
Jul 19 17:39:02 devstack cinder-volume[87676]: DEBUG cinder.volume.manager [None req-f23a166b-b3d7-4407-ad82-969bd127a795 tempest-AttachVolumeTestJSON-374548148 None] Task 'cinder.volume.flows.manager.create_volume.CreateVolumeOnFinishTask;volume:create, create.end' (e866621f-8bb7-4dd2-85ab-27266ce11925) transitioned into state 'SUCCESS' from state 'RUNNING' with result 'None' {{(pid=87676) _task_receiver /opt/stack/data/venv/lib/python3.12/site-packages/taskflow/listeners/logging.py:218}}
Jul 19 17:39:02 devstack cinder-volume[87676]: DEBUG cinder.volume.manager [None req-f23a166b-b3d7-4407-ad82-969bd127a795 tempest-AttachVolumeTestJSON-374548148 None] Flow 'volume_create_manager' (5d7b9a3d-af79-4aee-aab4-7ca5c109c486) transitioned into state 'SUCCESS' from state 'RUNNING' {{(pid=87676) _flow_receiver /opt/stack/data/venv/lib/python3.12/site-packages/taskflow/listeners/logging.py:160}}
Jul 19 17:39:02 devstack cinder-volume[87676]: INFO cinder.volume.manager [None req-f23a166b-b3d7-4407-ad82-969bd127a795 tempest-AttachVolumeTestJSON-374548148 None] Created volume successfully.
Jul 19 17:39:02 devstack sudo[92466]: pam_unix(sudo:session): session closed for user root
Jul 19 17:39:02 devstack cinder-volume[87676]: DEBUG oslo_concurrency.processutils [None req-96054498-bf5f-4c32-8479-5893b8dc1a7f tempest-GroupSnapshotsTest-1283131101 None] CMD "sudo cinder-rootwrap /etc/cinder/rootwrap.conf qemu-img commit -d /opt/stack/data/cinder/mnt/83da4bfce05f5fff54e30cacc5e483c1/volume-63ec9e66-e2c1-41ae-b5ec-3326beb062d7.48d2e751-5177-433f-b622-af3a64d58824" returned: 0 in 0.410s {{(pid=87676) execute /opt/stack/data/venv/lib/python3.12/site-packages/oslo_concurrency/processutils.py:468}}
Jul 19 17:39:02 devstack cinder-volume[87676]: DEBUG oslo_concurrency.processutils [None req-96054498-bf5f-4c32-8479-5893b8dc1a7f tempest-GroupSnapshotsTest-1283131101 None] Running cmd (subprocess): sudo cinder-rootwrap /etc/cinder/rootwrap.conf rm -f /opt/stack/data/cinder/mnt/83da4bfce05f5fff54e30cacc5e483c1/volume-63ec9e66-e2c1-41ae-b5ec-3326beb062d7.48d2e751-5177-433f-b622-af3a64d58824 {{(pid=87676) execute /opt/stack/data/venv/lib/python3.12/site-packages/oslo_concurrency/processutils.py:440}}
Jul 19 17:39:02 devstack sudo[92476]: quobyte : PWD=/ ; USER=root ; COMMAND=/opt/stack/data/venv/bin/cinder-rootwrap /etc/cinder/rootwrap.conf rm -f /opt/stack/data/cinder/mnt/83da4bfce05f5fff54e30cacc5e483c1/volume-63ec9e66-e2c1-41ae-b5ec-3326beb062d7.48d2e751-5177-433f-b622-af3a64d58824
Jul 19 17:39:02 devstack sudo[92476]: pam_unix(sudo:session): session opened for user root(uid=0) by (uid=1000)
Jul 19 17:39:02 devstack sudo[92476]: pam_unix(sudo:session): session closed for user root
Jul 19 17:39:02 devstack cinder-volume[87676]: DEBUG oslo_concurrency.processutils [None req-96054498-bf5f-4c32-8479-5893b8dc1a7f tempest-GroupSnapshotsTest-1283131101 None] CMD "sudo cinder-rootwrap /etc/cinder/rootwrap.conf rm -f /opt/stack/data/cinder/mnt/83da4bfce05f5fff54e30cacc5e483c1/volume-63ec9e66-e2c1-41ae-b5ec-3326beb062d7.48d2e751-5177-433f-b622-af3a64d58824" returned: 0 in 0.275s {{(pid=87676) execute /opt/stack/data/venv/lib/python3.12/site-packages/oslo_concurrency/processutils.py:468}}
Jul 19 17:39:02 devstack cinder-volume[87676]: DEBUG cinder.coordination [None req-96054498-bf5f-4c32-8479-5893b8dc1a7f tempest-GroupSnapshotsTest-1283131101 None] Lock "cinder-quobyte-48d2e751-5177-433f-b622-af3a64d58824" released by "_delete_snapshot" :: held 1.709s {{(pid=87676) __release /opt/stack/cinder/cinder/coordination.py:152}}
Jul 19 17:39:02 devstack cinder-volume[87676]: DEBUG cinder.coordination [None req-96054498-bf5f-4c32-8479-5893b8dc1a7f tempest-GroupSnapshotsTest-1283131101 None] Lock "cinder-quobyte-63ec9e66-e2c1-41ae-b5ec-3326beb062d7" released by "delete_snapshot" :: held 1.747s {{(pid=87676) __release /opt/stack/cinder/cinder/coordination.py:152}}
Jul 19 17:39:02 devstack cinder-volume[87676]: DEBUG cinder.coordination [None req-96054498-bf5f-4c32-8479-5893b8dc1a7f tempest-GroupSnapshotsTest-1283131101 None] Acquiring lock "cinder-quobyte-b7d4a909-4066-4ccc-b06f-5308177d6e36" by "delete_snapshot" {{(pid=87676) __acquire /opt/stack/cinder/cinder/coordination.py:138}}
Jul 19 17:39:02 devstack cinder-volume[87676]: DEBUG cinder.coordination [None req-96054498-bf5f-4c32-8479-5893b8dc1a7f tempest-GroupSnapshotsTest-1283131101 None] Lock "cinder-quobyte-b7d4a909-4066-4ccc-b06f-5308177d6e36" acquired by "delete_snapshot" :: waited 0.018s {{(pid=87676) __acquire /opt/stack/cinder/cinder/coordination.py:141}}
Jul 19 17:39:02 devstack cinder-volume[87676]: DEBUG cinder.coordination [None req-96054498-bf5f-4c32-8479-5893b8dc1a7f tempest-GroupSnapshotsTest-1283131101 None] Acquiring lock "cinder-quobyte-ffdaf536-27b9-40e4-a68e-4f19439f2225" by "_delete_snapshot" {{(pid=87676) __acquire /opt/stack/cinder/cinder/coordination.py:138}}
Jul 19 17:39:02 devstack cinder-volume[87676]: DEBUG cinder.coordination [None req-96054498-bf5f-4c32-8479-5893b8dc1a7f tempest-GroupSnapshotsTest-1283131101 None] Lock "cinder-quobyte-ffdaf536-27b9-40e4-a68e-4f19439f2225" acquired by "_delete_snapshot" :: waited 0.014s {{(pid=87676) __acquire /opt/stack/cinder/cinder/coordination.py:141}}
Jul 19 17:39:02 devstack cinder-volume[87676]: DEBUG cinder.volume.drivers.remotefs [None req-96054498-bf5f-4c32-8479-5893b8dc1a7f tempest-GroupSnapshotsTest-1283131101 None] Deleting offline snapshot ffdaf536-27b9-40e4-a68e-4f19439f2225 of volume b7d4a909-4066-4ccc-b06f-5308177d6e36 {{(pid=87676) _delete_snapshot /opt/stack/cinder/cinder/volume/drivers/remotefs.py:1288}}
Jul 19 17:39:02 devstack cinder-volume[87676]: DEBUG cinder.volume.drivers.remotefs [None req-96054498-bf5f-4c32-8479-5893b8dc1a7f tempest-GroupSnapshotsTest-1283131101 None] snapshot_file for this snap is: volume-b7d4a909-4066-4ccc-b06f-5308177d6e36.ffdaf536-27b9-40e4-a68e-4f19439f2225 {{(pid=87676) _delete_snapshot /opt/stack/cinder/cinder/volume/drivers/remotefs.py:1317}}
Jul 19 17:39:02 devstack cinder-volume[87676]: DEBUG oslo.privsep.daemon [-] privsep: reply[08d5f589-0b77-4fa4-8f3a-dded0757ecc9]: (4, 'qcow2') {{(pid=89278) _call_back /opt/stack/data/venv/lib/python3.12/site-packages/oslo_privsep/daemon.py:580}}
Jul 19 17:39:02 devstack cinder-volume[87676]: DEBUG oslo_concurrency.processutils [None req-96054498-bf5f-4c32-8479-5893b8dc1a7f tempest-GroupSnapshotsTest-1283131101 None] Running cmd (subprocess): /opt/stack/data/venv/bin/python3.12 -m oslo_concurrency.prlimit --as=1073741824 --cpu=60 -- sudo cinder-rootwrap /etc/cinder/rootwrap.conf env LC_ALL=C qemu-img info -f qcow2 --output=json --force-share /opt/stack/data/cinder/mnt/83da4bfce05f5fff54e30cacc5e483c1/volume-b7d4a909-4066-4ccc-b06f-5308177d6e36.ffdaf536-27b9-40e4-a68e-4f19439f2225 {{(pid=87676) execute /opt/stack/data/venv/lib/python3.12/site-packages/oslo_concurrency/processutils.py:440}}
Jul 19 17:39:02 devstack sudo[92479]: quobyte : PWD=/ ; USER=root ; COMMAND=/opt/stack/data/venv/bin/cinder-rootwrap /etc/cinder/rootwrap.conf env LC_ALL=C qemu-img info -f qcow2 --output=json --force-share /opt/stack/data/cinder/mnt/83da4bfce05f5fff54e30cacc5e483c1/volume-b7d4a909-4066-4ccc-b06f-5308177d6e36.ffdaf536-27b9-40e4-a68e-4f19439f2225
Jul 19 17:39:02 devstack sudo[92479]: pam_unix(sudo:session): session opened for user root(uid=0) by (uid=1000)
Jul 19 17:39:03 devstack sudo[92479]: pam_unix(sudo:session): session closed for user root
Jul 19 17:39:03 devstack cinder-volume[87676]: DEBUG oslo_concurrency.processutils [None req-96054498-bf5f-4c32-8479-5893b8dc1a7f tempest-GroupSnapshotsTest-1283131101 None] CMD "/opt/stack/data/venv/bin/python3.12 -m oslo_concurrency.prlimit --as=1073741824 --cpu=60 -- sudo cinder-rootwrap /etc/cinder/rootwrap.conf env LC_ALL=C qemu-img info -f qcow2 --output=json --force-share /opt/stack/data/cinder/mnt/83da4bfce05f5fff54e30cacc5e483c1/volume-b7d4a909-4066-4ccc-b06f-5308177d6e36.ffdaf536-27b9-40e4-a68e-4f19439f2225" returned: 0 in 0.359s {{(pid=87676) execute /opt/stack/data/venv/lib/python3.12/site-packages/oslo_concurrency/processutils.py:468}}
