Jul 19 17:41:39 devstack cinder-volume[87676]: DEBUG cinder.coordination [None req-a8d4eda2-109f-4a3f-b096-2a2e1871e959 tempest-AttachVolumeTestJSON-374548148 None] Lock "cinder-c36c9641-a01e-4e32-a01b-8fe8450e7ca2-delete_volume" released by "delete_volume" :: held 2.265s {{(pid=87676) __release /opt/stack/cinder/cinder/coordination.py:152}}
Jul 19 17:41:40 devstack sudo[95949]: pam_unix(sudo:session): session closed for user root
Jul 19 17:41:40 devstack cinder-volume[87676]: DEBUG oslo_concurrency.processutils [None req-341b6e16-ae9a-4b03-82ef-1f1ce915cee8 tempest-SnapshotsActionsTest-1264436496 None] CMD "sudo cinder-rootwrap /etc/cinder/rootwrap.conf qemu-img rebase -u -b volume-7e3820ed-81b0-44c1-86a3-cb13b9a22aea -F qcow2 /opt/stack/data/cinder/mnt/83da4bfce05f5fff54e30cacc5e483c1/volume-7e3820ed-81b0-44c1-86a3-cb13b9a22aea.80083a9a-bcd6-45be-b1b6-6e12f4179a3f" returned: 0 in 0.603s {{(pid=87676) execute /opt/stack/data/venv/lib/python3.12/site-packages/oslo_concurrency/processutils.py:468}}
Jul 19 17:41:40 devstack cinder-volume[87676]: WARNING cinder.volume.drivers.remotefs [None req-341b6e16-ae9a-4b03-82ef-1f1ce915cee8 tempest-SnapshotsActionsTest-1264436496 None] /opt/stack/data/cinder/mnt/83da4bfce05f5fff54e30cacc5e483c1/volume-7e3820ed-81b0-44c1-86a3-cb13b9a22aea.80083a9a-bcd6-45be-b1b6-6e12f4179a3f is being set with open permissions: ugo+rw
Jul 19 17:41:40 devstack cinder-volume[87676]: DEBUG oslo_concurrency.processutils [None req-341b6e16-ae9a-4b03-82ef-1f1ce915cee8 tempest-SnapshotsActionsTest-1264436496 None] Running cmd (subprocess): sudo cinder-rootwrap /etc/cinder/rootwrap.conf chmod ugo+rw /opt/stack/data/cinder/mnt/83da4bfce05f5fff54e30cacc5e483c1/volume-7e3820ed-81b0-44c1-86a3-cb13b9a22aea.80083a9a-bcd6-45be-b1b6-6e12f4179a3f {{(pid=87676) execute /opt/stack/data/venv/lib/python3.12/site-packages/oslo_concurrency/processutils.py:440}}
Jul 19 17:41:40 devstack sudo[95957]: quobyte : PWD=/ ; USER=root ; COMMAND=/opt/stack/data/venv/bin/cinder-rootwrap /etc/cinder/rootwrap.conf chmod ugo+rw /opt/stack/data/cinder/mnt/83da4bfce05f5fff54e30cacc5e483c1/volume-7e3820ed-81b0-44c1-86a3-cb13b9a22aea.80083a9a-bcd6-45be-b1b6-6e12f4179a3f
Jul 19 17:41:40 devstack sudo[95957]: pam_unix(sudo:session): session opened for user root(uid=0) by (uid=1000)
Jul 19 17:41:40 devstack sudo[95957]: pam_unix(sudo:session): session closed for user root
Jul 19 17:41:40 devstack cinder-volume[87676]: DEBUG oslo_concurrency.processutils [None req-341b6e16-ae9a-4b03-82ef-1f1ce915cee8 tempest-SnapshotsActionsTest-1264436496 None] CMD "sudo cinder-rootwrap /etc/cinder/rootwrap.conf chmod ugo+rw /opt/stack/data/cinder/mnt/83da4bfce05f5fff54e30cacc5e483c1/volume-7e3820ed-81b0-44c1-86a3-cb13b9a22aea.80083a9a-bcd6-45be-b1b6-6e12f4179a3f" returned: 0 in 0.403s {{(pid=87676) execute /opt/stack/data/venv/lib/python3.12/site-packages/oslo_concurrency/processutils.py:468}}
Jul 19 17:41:40 devstack cinder-volume[87676]: DEBUG oslo_concurrency.processutils [None req-341b6e16-ae9a-4b03-82ef-1f1ce915cee8 tempest-SnapshotsActionsTest-1264436496 None] Running cmd (subprocess): sudo cinder-rootwrap /etc/cinder/rootwrap.conf truncate -s0 /opt/stack/data/cinder/mnt/83da4bfce05f5fff54e30cacc5e483c1/volume-7e3820ed-81b0-44c1-86a3-cb13b9a22aea.info {{(pid=87676) execute /opt/stack/data/venv/lib/python3.12/site-packages/oslo_concurrency/processutils.py:440}}
Jul 19 17:41:40 devstack sudo[95960]: quobyte : PWD=/ ; USER=root ; COMMAND=/opt/stack/data/venv/bin/cinder-rootwrap /etc/cinder/rootwrap.conf truncate -s0 /opt/stack/data/cinder/mnt/83da4bfce05f5fff54e30cacc5e483c1/volume-7e3820ed-81b0-44c1-86a3-cb13b9a22aea.info
Jul 19 17:41:40 devstack sudo[95960]: pam_unix(sudo:session): session opened for user root(uid=0) by (uid=1000)
Jul 19 17:41:41 devstack sudo[95960]: pam_unix(sudo:session): session closed for user root
Jul 19 17:41:41 devstack cinder-volume[87676]: DEBUG oslo_concurrency.processutils [None req-341b6e16-ae9a-4b03-82ef-1f1ce915cee8 tempest-SnapshotsActionsTest-1264436496 None] CMD "sudo cinder-rootwrap /etc/cinder/rootwrap.conf truncate -s0 /opt/stack/data/cinder/mnt/83da4bfce05f5fff54e30cacc5e483c1/volume-7e3820ed-81b0-44c1-86a3-cb13b9a22aea.info" returned: 0 in 0.476s {{(pid=87676) execute /opt/stack/data/venv/lib/python3.12/site-packages/oslo_concurrency/processutils.py:468}}
Jul 19 17:41:41 devstack cinder-volume[87676]: WARNING cinder.volume.drivers.remotefs [None req-341b6e16-ae9a-4b03-82ef-1f1ce915cee8 tempest-SnapshotsActionsTest-1264436496 None] /opt/stack/data/cinder/mnt/83da4bfce05f5fff54e30cacc5e483c1/volume-7e3820ed-81b0-44c1-86a3-cb13b9a22aea.info is being set with open permissions: ugo+rw
Jul 19 17:41:41 devstack cinder-volume[87676]: DEBUG oslo_concurrency.processutils [None req-341b6e16-ae9a-4b03-82ef-1f1ce915cee8 tempest-SnapshotsActionsTest-1264436496 None] Running cmd (subprocess): sudo cinder-rootwrap /etc/cinder/rootwrap.conf chmod ugo+rw /opt/stack/data/cinder/mnt/83da4bfce05f5fff54e30cacc5e483c1/volume-7e3820ed-81b0-44c1-86a3-cb13b9a22aea.info {{(pid=87676) execute /opt/stack/data/venv/lib/python3.12/site-packages/oslo_concurrency/processutils.py:440}}
Jul 19 17:41:41 devstack sudo[95964]: quobyte : PWD=/ ; USER=root ; COMMAND=/opt/stack/data/venv/bin/cinder-rootwrap /etc/cinder/rootwrap.conf chmod ugo+rw /opt/stack/data/cinder/mnt/83da4bfce05f5fff54e30cacc5e483c1/volume-7e3820ed-81b0-44c1-86a3-cb13b9a22aea.info
Jul 19 17:41:41 devstack sudo[95964]: pam_unix(sudo:session): session opened for user root(uid=0) by (uid=1000)
Jul 19 17:41:41 devstack sudo[95964]: pam_unix(sudo:session): session closed for user root
Jul 19 17:41:41 devstack cinder-volume[87676]: DEBUG oslo_concurrency.processutils [None req-341b6e16-ae9a-4b03-82ef-1f1ce915cee8 tempest-SnapshotsActionsTest-1264436496 None] CMD "sudo cinder-rootwrap /etc/cinder/rootwrap.conf chmod ugo+rw /opt/stack/data/cinder/mnt/83da4bfce05f5fff54e30cacc5e483c1/volume-7e3820ed-81b0-44c1-86a3-cb13b9a22aea.info" returned: 0 in 0.500s {{(pid=87676) execute /opt/stack/data/venv/lib/python3.12/site-packages/oslo_concurrency/processutils.py:468}}
Jul 19 17:41:41 devstack cinder-volume[87676]: DEBUG oslo_concurrency.lockutils [None req-341b6e16-ae9a-4b03-82ef-1f1ce915cee8 tempest-SnapshotsActionsTest-1264436496 None] Lock "quobyte" "released" by "cinder.volume.drivers.quobyte.QuobyteDriver.create_snapshot" :: held 3.941s {{(pid=87676) inner /opt/stack/data/venv/lib/python3.12/site-packages/oslo_concurrency/lockutils.py:544}}
Jul 19 17:41:41 devstack cinder-volume[87676]: INFO cinder.volume.manager [None req-341b6e16-ae9a-4b03-82ef-1f1ce915cee8 tempest-SnapshotsActionsTest-1264436496 None] Create snapshot completed successfully
Jul 19 17:41:43 devstack cinder-volume[87676]: DEBUG cinder.volume.flows.manager.create_volume [None req-8423e301-fd7c-481a-835c-132b2edf020a tempest-VolumesActionsTest-252368892 None] Volume reschedule parameters: True retry: {'num_attempts': 1, 'backends': ['devstack@QuobyteHD#QuobyteHD'], 'hosts': ['devstack@QuobyteHD#QuobyteHD']} {{(pid=87676) get_flow /opt/stack/cinder/cinder/volume/flows/manager/create_volume.py:1397}}
Jul 19 17:41:43 devstack cinder-volume[87676]: DEBUG cinder.volume.manager [None req-8423e301-fd7c-481a-835c-132b2edf020a tempest-VolumesActionsTest-252368892 None] Flow 'volume_create_manager' (c2adeac2-1d4d-44b0-8570-a5b936ca2b06) transitioned into state 'RUNNING' from state 'PENDING' {{(pid=87676) _flow_receiver /opt/stack/data/venv/lib/python3.12/site-packages/taskflow/listeners/logging.py:160}}
Jul 19 17:41:43 devstack cinder-volume[87676]: DEBUG cinder.volume.manager [None req-8423e301-fd7c-481a-835c-132b2edf020a tempest-VolumesActionsTest-252368892 None] Task 'cinder.volume.flows.manager.create_volume.ExtractVolumeRefTask;volume:create' (f3578a04-edc0-4a2a-b9d1-e212d4c2560d) transitioned into state 'RUNNING' from state 'PENDING' {{(pid=87676) _task_receiver /opt/stack/data/venv/lib/python3.12/site-packages/taskflow/listeners/logging.py:242}}
Jul 19 17:41:43 devstack cinder-volume[87676]: DEBUG oslo_concurrency.lockutils [None req-e2f7517b-4d6c-4323-b711-73f886816c94 tempest-SnapshotsActionsTest-1264436496 None] Acquiring lock "quobyte" by "cinder.volume.drivers.quobyte.QuobyteDriver.create_snapshot" {{(pid=87676) inner /opt/stack/data/venv/lib/python3.12/site-packages/oslo_concurrency/lockutils.py:512}}
Jul 19 17:41:43 devstack cinder-volume[87676]: DEBUG oslo_concurrency.lockutils [None req-e2f7517b-4d6c-4323-b711-73f886816c94 tempest-SnapshotsActionsTest-1264436496 None] Lock "quobyte" acquired by "cinder.volume.drivers.quobyte.QuobyteDriver.create_snapshot" :: waited 0.001s {{(pid=87676) inner /opt/stack/data/venv/lib/python3.12/site-packages/oslo_concurrency/lockutils.py:525}}
Jul 19 17:41:43 devstack cinder-volume[87676]: DEBUG cinder.volume.manager [None req-8423e301-fd7c-481a-835c-132b2edf020a tempest-VolumesActionsTest-252368892 None] Task 'cinder.volume.flows.manager.create_volume.ExtractVolumeRefTask;volume:create' (f3578a04-edc0-4a2a-b9d1-e212d4c2560d) transitioned into state 'SUCCESS' from state 'RUNNING' with result 'Volume(_name_id=None,admin_metadata=,attach_status='detached',availability_zone='nova',bootable=False,cluster=,cluster_name=None,consistencygroup=,consistencygroup_id=None,created_at=2026-07-19T15:41:43Z,deleted=False,deleted_at=None,display_description=None,display_name='tempest-VolumesActionsTest-Volume-1409436729',ec2_id=None,encryption_key_id=None,glance_metadata=,group=,group_id=None,host='devstack@QuobyteHD#QuobyteHD',id=2b305b59-c373-4a71-9b0e-d9c64fd3ad0d,launched_at=None,metadata={},migration_status=None,multiattach=False,previous_status=None,project_id='d6fc996e5d954c3f84d822a1e46af847',provider_auth=None,provider_geometry=None,provider_id=None,provider_location=None,replication_driver_data=None,replication_extended_status=None,replication_status=None,scheduled_at=2026-07-19T15:41:44Z,service_uuid=None,shared_targets=True,size=1,snapshot_id=None,snapshots=,source_volid=None,status='creating',terminated_at=None,updated_at=2026-07-19T15:41:44Z,use_quota=True,user_id='aa3f1429244a436c8afcbb47ff3fc3c9',volume_attachment=VolumeAttachmentList,volume_type=VolumeType(1e6b2c68-41f6-4320-9f3b-c9672bc2c0d2),volume_type_id=1e6b2c68-41f6-4320-9f3b-c9672bc2c0d2)' {{(pid=87676) _task_receiver /opt/stack/data/venv/lib/python3.12/site-packages/taskflow/listeners/logging.py:218}}
Jul 19 17:41:43 devstack cinder-volume[87676]: DEBUG cinder.volume.manager [None req-8423e301-fd7c-481a-835c-132b2edf020a tempest-VolumesActionsTest-252368892 None] Task 'cinder.volume.flows.manager.create_volume.OnFailureRescheduleTask;volume:create' (d0dc20fd-9a53-4018-af0b-1caa1d0a4df1) transitioned into state 'RUNNING' from state 'PENDING' {{(pid=87676) _task_receiver /opt/stack/data/venv/lib/python3.12/site-packages/taskflow/listeners/logging.py:242}}
Jul 19 17:41:43 devstack cinder-volume[87676]: DEBUG cinder.volume.manager [None req-8423e301-fd7c-481a-835c-132b2edf020a tempest-VolumesActionsTest-252368892 None] Task 'cinder.volume.flows.manager.create_volume.OnFailureRescheduleTask;volume:create' (d0dc20fd-9a53-4018-af0b-1caa1d0a4df1) transitioned into state 'SUCCESS' from state 'RUNNING' with result 'None' {{(pid=87676) _task_receiver /opt/stack/data/venv/lib/python3.12/site-packages/taskflow/listeners/logging.py:218}}
Jul 19 17:41:43 devstack cinder-volume[87676]: DEBUG cinder.volume.manager [None req-8423e301-fd7c-481a-835c-132b2edf020a tempest-VolumesActionsTest-252368892 None] Task 'cinder.volume.flows.manager.create_volume.ExtractVolumeSpecTask;volume:create' (4f7b2f70-f9f1-4f52-942a-f7aef8da7143) transitioned into state 'RUNNING' from state 'PENDING' {{(pid=87676) _task_receiver /opt/stack/data/venv/lib/python3.12/site-packages/taskflow/listeners/logging.py:242}}
Jul 19 17:41:43 devstack cinder-volume[87676]: DEBUG cinder.volume.manager [None req-8423e301-fd7c-481a-835c-132b2edf020a tempest-VolumesActionsTest-252368892 None] Task 'cinder.volume.flows.manager.create_volume.ExtractVolumeSpecTask;volume:create' (4f7b2f70-f9f1-4f52-942a-f7aef8da7143) transitioned into state 'SUCCESS' from state 'RUNNING' with result '{'status': 'creating', 'type': 'raw', 'volume_id': '2b305b59-c373-4a71-9b0e-d9c64fd3ad0d', 'volume_name': 'volume-2b305b59-c373-4a71-9b0e-d9c64fd3ad0d', 'volume_size': 1}' {{(pid=87676) _task_receiver /opt/stack/data/venv/lib/python3.12/site-packages/taskflow/listeners/logging.py:218}}
Jul 19 17:41:43 devstack cinder-volume[87676]: DEBUG cinder.volume.manager [None req-8423e301-fd7c-481a-835c-132b2edf020a tempest-VolumesActionsTest-252368892 None] Task 'cinder.volume.flows.manager.create_volume.NotifyVolumeActionTask;volume:create, create.start' (0ebc410a-fc9f-460d-8ba0-d5291b37ab84) transitioned into state 'RUNNING' from state 'PENDING' {{(pid=87676) _task_receiver /opt/stack/data/venv/lib/python3.12/site-packages/taskflow/listeners/logging.py:242}}
Jul 19 17:41:43 devstack cinder-volume[87676]: DEBUG cinder.volume.manager [None req-8423e301-fd7c-481a-835c-132b2edf020a tempest-VolumesActionsTest-252368892 None] Task 'cinder.volume.flows.manager.create_volume.NotifyVolumeActionTask;volume:create, create.start' (0ebc410a-fc9f-460d-8ba0-d5291b37ab84) transitioned into state 'SUCCESS' from state 'RUNNING' with result 'None' {{(pid=87676) _task_receiver /opt/stack/data/venv/lib/python3.12/site-packages/taskflow/listeners/logging.py:218}}
Jul 19 17:41:43 devstack cinder-volume[87676]: DEBUG cinder.volume.manager [None req-8423e301-fd7c-481a-835c-132b2edf020a tempest-VolumesActionsTest-252368892 None] Task 'cinder.volume.flows.manager.create_volume.CreateVolumeFromSpecTask;volume:create' (266514de-4de3-4554-aca9-04a520ae201e) transitioned into state 'RUNNING' from state 'PENDING' {{(pid=87676) _task_receiver /opt/stack/data/venv/lib/python3.12/site-packages/taskflow/listeners/logging.py:242}}
Jul 19 17:41:43 devstack cinder-volume[87676]: INFO cinder.volume.flows.manager.create_volume [None req-8423e301-fd7c-481a-835c-132b2edf020a tempest-VolumesActionsTest-252368892 None] Volume 2b305b59-c373-4a71-9b0e-d9c64fd3ad0d: being created as raw with specification: {'status': 'creating', 'volume_name': 'volume-2b305b59-c373-4a71-9b0e-d9c64fd3ad0d', 'volume_size': 1}
Jul 19 17:41:43 devstack cinder-volume[87676]: DEBUG oslo_concurrency.lockutils [None req-8423e301-fd7c-481a-835c-132b2edf020a tempest-VolumesActionsTest-252368892 None] Acquiring lock "quobyte" by "cinder.volume.drivers.quobyte.QuobyteDriver.create_volume" {{(pid=87676) inner /opt/stack/data/venv/lib/python3.12/site-packages/oslo_concurrency/lockutils.py:512}}
Jul 19 17:41:43 devstack cinder-volume[87676]: DEBUG cinder.volume.drivers.remotefs [None req-e2f7517b-4d6c-4323-b711-73f886816c94 tempest-SnapshotsActionsTest-1264436496 None] Creating offline snapshot bc24d119-8739-4a96-a8bf-9d4a6bdcad12 of volume 7e3820ed-81b0-44c1-86a3-cb13b9a22aea {{(pid=87676) _create_snapshot /opt/stack/cinder/cinder/volume/drivers/remotefs.py:1816}}
Jul 19 17:41:43 devstack cinder-volume[87676]: DEBUG oslo.privsep.daemon [-] privsep: reply[4d36f3a3-6a6f-4b64-a106-8a51f5139ba8]: (4, 'qcow2') {{(pid=89278) _call_back /opt/stack/data/venv/lib/python3.12/site-packages/oslo_privsep/daemon.py:580}}
Jul 19 17:41:43 devstack cinder-volume[87676]: DEBUG oslo_concurrency.processutils [None req-e2f7517b-4d6c-4323-b711-73f886816c94 tempest-SnapshotsActionsTest-1264436496 None] Running cmd (subprocess): /opt/stack/data/venv/bin/python3.12 -m oslo_concurrency.prlimit --as=1073741824 --cpu=60 -- sudo cinder-rootwrap /etc/cinder/rootwrap.conf env LC_ALL=C qemu-img info -f qcow2 --output=json --force-share /opt/stack/data/cinder/mnt/83da4bfce05f5fff54e30cacc5e483c1/volume-7e3820ed-81b0-44c1-86a3-cb13b9a22aea.80083a9a-bcd6-45be-b1b6-6e12f4179a3f {{(pid=87676) execute /opt/stack/data/venv/lib/python3.12/site-packages/oslo_concurrency/processutils.py:440}}
Jul 19 17:41:44 devstack sudo[95969]: quobyte : PWD=/ ; USER=root ; COMMAND=/opt/stack/data/venv/bin/cinder-rootwrap /etc/cinder/rootwrap.conf env LC_ALL=C qemu-img info -f qcow2 --output=json --force-share /opt/stack/data/cinder/mnt/83da4bfce05f5fff54e30cacc5e483c1/volume-7e3820ed-81b0-44c1-86a3-cb13b9a22aea.80083a9a-bcd6-45be-b1b6-6e12f4179a3f
Jul 19 17:41:44 devstack sudo[95969]: pam_unix(sudo:session): session opened for user root(uid=0) by (uid=1000)
Jul 19 17:41:44 devstack sudo[95969]: pam_unix(sudo:session): session closed for user root
Jul 19 17:41:44 devstack cinder-volume[87676]: DEBUG oslo_concurrency.processutils [None req-e2f7517b-4d6c-4323-b711-73f886816c94 tempest-SnapshotsActionsTest-1264436496 None] CMD "/opt/stack/data/venv/bin/python3.12 -m oslo_concurrency.prlimit --as=1073741824 --cpu=60 -- sudo cinder-rootwrap /etc/cinder/rootwrap.conf env LC_ALL=C qemu-img info -f qcow2 --output=json --force-share /opt/stack/data/cinder/mnt/83da4bfce05f5fff54e30cacc5e483c1/volume-7e3820ed-81b0-44c1-86a3-cb13b9a22aea.80083a9a-bcd6-45be-b1b6-6e12f4179a3f" returned: 0 in 0.519s {{(pid=87676) execute /opt/stack/data/venv/lib/python3.12/site-packages/oslo_concurrency/processutils.py:468}}
Jul 19 17:41:44 devstack cinder-volume[87676]: DEBUG cinder.volume.drivers.remotefs [None req-e2f7517b-4d6c-4323-b711-73f886816c94 tempest-SnapshotsActionsTest-1264436496 None] Fetching qemu-img info with special backing_file_template: (/opt/stack/data/cinder/mnt/[0-9a-f]+/)?(volume-7e3820ed-81b0-44c1-86a3-cb13b9a22aea(.(tmp-snap-)?[0-9a-f-]+)?|volume_from_snapshot_cache/(tmp-snap-)?[0-9a-f-]+(.(child-|parent-)[0-9a-f-]+)?)$ {{(pid=87676) _qemu_img_info_base /opt/stack/cinder/cinder/volume/drivers/remotefs.py:896}}
Jul 19 17:41:44 devstack cinder-volume[87676]: DEBUG oslo_concurrency.processutils [None req-e2f7517b-4d6c-4323-b711-73f886816c94 tempest-SnapshotsActionsTest-1264436496 None] Running cmd (subprocess): sudo cinder-rootwrap /etc/cinder/rootwrap.conf qemu-img create -f qcow2 -o backing_file=/opt/stack/data/cinder/mnt/83da4bfce05f5fff54e30cacc5e483c1/volume-7e3820ed-81b0-44c1-86a3-cb13b9a22aea.80083a9a-bcd6-45be-b1b6-6e12f4179a3f,backing_fmt=qcow2 /opt/stack/data/cinder/mnt/83da4bfce05f5fff54e30cacc5e483c1/volume-7e3820ed-81b0-44c1-86a3-cb13b9a22aea.bc24d119-8739-4a96-a8bf-9d4a6bdcad12 1G {{(pid=87676) execute /opt/stack/data/venv/lib/python3.12/site-packages/oslo_concurrency/processutils.py:440}}
Jul 19 17:41:44 devstack sudo[95974]: quobyte : PWD=/ ; USER=root ; COMMAND=/opt/stack/data/venv/bin/cinder-rootwrap /etc/cinder/rootwrap.conf qemu-img create -f qcow2 -o backing_file=/opt/stack/data/cinder/mnt/83da4bfce05f5fff54e30cacc5e483c1/volume-7e3820ed-81b0-44c1-86a3-cb13b9a22aea.80083a9a-bcd6-45be-b1b6-6e12f4179a3f,backing_fmt=qcow2 /opt/stack/data/cinder/mnt/83da4bfce05f5fff54e30cacc5e483c1/volume-7e3820ed-81b0-44c1-86a3-cb13b9a22aea.bc24d119-8739-4a96-a8bf-9d4a6bdcad12 1G
Jul 19 17:41:44 devstack sudo[95974]: pam_unix(sudo:session): session opened for user root(uid=0) by (uid=1000)
Jul 19 17:41:45 devstack sudo[95974]: pam_unix(sudo:session): session closed for user root
Jul 19 17:41:45 devstack cinder-volume[87676]: DEBUG oslo_concurrency.processutils [None req-e2f7517b-4d6c-4323-b711-73f886816c94 tempest-SnapshotsActionsTest-1264436496 None] CMD "sudo cinder-rootwrap /etc/cinder/rootwrap.conf qemu-img create -f qcow2 -o backing_file=/opt/stack/data/cinder/mnt/83da4bfce05f5fff54e30cacc5e483c1/volume-7e3820ed-81b0-44c1-86a3-cb13b9a22aea.80083a9a-bcd6-45be-b1b6-6e12f4179a3f,backing_fmt=qcow2 /opt/stack/data/cinder/mnt/83da4bfce05f5fff54e30cacc5e483c1/volume-7e3820ed-81b0-44c1-86a3-cb13b9a22aea.bc24d119-8739-4a96-a8bf-9d4a6bdcad12 1G" returned: 0 in 0.681s {{(pid=87676) execute /opt/stack/data/venv/lib/python3.12/site-packages/oslo_concurrency/processutils.py:468}}
Jul 19 17:41:45 devstack cinder-volume[87676]: DEBUG oslo_concurrency.processutils [None req-e2f7517b-4d6c-4323-b711-73f886816c94 tempest-SnapshotsActionsTest-1264436496 None] Running cmd (subprocess): sudo cinder-rootwrap /etc/cinder/rootwrap.conf qemu-img rebase -u -b volume-7e3820ed-81b0-44c1-86a3-cb13b9a22aea.80083a9a-bcd6-45be-b1b6-6e12f4179a3f -F qcow2 /opt/stack/data/cinder/mnt/83da4bfce05f5fff54e30cacc5e483c1/volume-7e3820ed-81b0-44c1-86a3-cb13b9a22aea.bc24d119-8739-4a96-a8bf-9d4a6bdcad12 {{(pid=87676) execute /opt/stack/data/venv/lib/python3.12/site-packages/oslo_concurrency/processutils.py:440}}
Jul 19 17:41:45 devstack sudo[95980]: quobyte : PWD=/ ; USER=root ; COMMAND=/opt/stack/data/venv/bin/cinder-rootwrap /etc/cinder/rootwrap.conf qemu-img rebase -u -b volume-7e3820ed-81b0-44c1-86a3-cb13b9a22aea.80083a9a-bcd6-45be-b1b6-6e12f4179a3f -F qcow2 /opt/stack/data/cinder/mnt/83da4bfce05f5fff54e30cacc5e483c1/volume-7e3820ed-81b0-44c1-86a3-cb13b9a22aea.bc24d119-8739-4a96-a8bf-9d4a6bdcad12
Jul 19 17:41:45 devstack sudo[95980]: pam_unix(sudo:session): session opened for user root(uid=0) by (uid=1000)
Jul 19 17:41:45 devstack sudo[95980]: pam_unix(sudo:session): session closed for user root
Jul 19 17:41:45 devstack cinder-volume[87676]: DEBUG oslo_concurrency.processutils [None req-e2f7517b-4d6c-4323-b711-73f886816c94 tempest-SnapshotsActionsTest-1264436496 None] CMD "sudo cinder-rootwrap /etc/cinder/rootwrap.conf qemu-img rebase -u -b volume-7e3820ed-81b0-44c1-86a3-cb13b9a22aea.80083a9a-bcd6-45be-b1b6-6e12f4179a3f -F qcow2 /opt/stack/data/cinder/mnt/83da4bfce05f5fff54e30cacc5e483c1/volume-7e3820ed-81b0-44c1-86a3-cb13b9a22aea.bc24d119-8739-4a96-a8bf-9d4a6bdcad12" returned: 0 in 0.501s {{(pid=87676) execute /opt/stack/data/venv/lib/python3.12/site-packages/oslo_concurrency/processutils.py:468}}
Jul 19 17:41:45 devstack cinder-volume[87676]: WARNING cinder.volume.drivers.remotefs [None req-e2f7517b-4d6c-4323-b711-73f886816c94 tempest-SnapshotsActionsTest-1264436496 None] /opt/stack/data/cinder/mnt/83da4bfce05f5fff54e30cacc5e483c1/volume-7e3820ed-81b0-44c1-86a3-cb13b9a22aea.bc24d119-8739-4a96-a8bf-9d4a6bdcad12 is being set with open permissions: ugo+rw
Jul 19 17:41:45 devstack cinder-volume[87676]: DEBUG oslo_concurrency.processutils [None req-e2f7517b-4d6c-4323-b711-73f886816c94 tempest-SnapshotsActionsTest-1264436496 None] Running cmd (subprocess): sudo cinder-rootwrap /etc/cinder/rootwrap.conf chmod ugo+rw /opt/stack/data/cinder/mnt/83da4bfce05f5fff54e30cacc5e483c1/volume-7e3820ed-81b0-44c1-86a3-cb13b9a22aea.bc24d119-8739-4a96-a8bf-9d4a6bdcad12 {{(pid=87676) execute /opt/stack/data/venv/lib/python3.12/site-packages/oslo_concurrency/processutils.py:440}}
Jul 19 17:41:45 devstack sudo[95986]: quobyte : PWD=/ ; USER=root ; COMMAND=/opt/stack/data/venv/bin/cinder-rootwrap /etc/cinder/rootwrap.conf chmod ugo+rw /opt/stack/data/cinder/mnt/83da4bfce05f5fff54e30cacc5e483c1/volume-7e3820ed-81b0-44c1-86a3-cb13b9a22aea.bc24d119-8739-4a96-a8bf-9d4a6bdcad12
Jul 19 17:41:45 devstack sudo[95986]: pam_unix(sudo:session): session opened for user root(uid=0) by (uid=1000)
Jul 19 17:41:45 devstack sudo[95986]: pam_unix(sudo:session): session closed for user root
Jul 19 17:41:45 devstack cinder-volume[87676]: DEBUG oslo_concurrency.processutils [None req-e2f7517b-4d6c-4323-b711-73f886816c94 tempest-SnapshotsActionsTest-1264436496 None] CMD "sudo cinder-rootwrap /etc/cinder/rootwrap.conf chmod ugo+rw /opt/stack/data/cinder/mnt/83da4bfce05f5fff54e30cacc5e483c1/volume-7e3820ed-81b0-44c1-86a3-cb13b9a22aea.bc24d119-8739-4a96-a8bf-9d4a6bdcad12" returned: 0 in 0.356s {{(pid=87676) execute /opt/stack/data/venv/lib/python3.12/site-packages/oslo_concurrency/processutils.py:468}}
Jul 19 17:41:46 devstack cinder-volume[87676]: DEBUG oslo_concurrency.lockutils [None req-e2f7517b-4d6c-4323-b711-73f886816c94 tempest-SnapshotsActionsTest-1264436496 None] Lock "quobyte" "released" by "cinder.volume.drivers.quobyte.QuobyteDriver.create_snapshot" :: held 2.292s {{(pid=87676) inner /opt/stack/data/venv/lib/python3.12/site-packages/oslo_concurrency/lockutils.py:544}}
Jul 19 17:41:46 devstack cinder-volume[87676]: DEBUG oslo_concurrency.lockutils [None req-8423e301-fd7c-481a-835c-132b2edf020a tempest-VolumesActionsTest-252368892 None] Lock "quobyte" acquired by "cinder.volume.drivers.quobyte.QuobyteDriver.create_volume" :: waited 2.219s {{(pid=87676) inner /opt/stack/data/venv/lib/python3.12/site-packages/oslo_concurrency/lockutils.py:525}}
Jul 19 17:41:46 devstack cinder-volume[87676]: DEBUG cinder.volume.drivers.quobyte [None req-8423e301-fd7c-481a-835c-132b2edf020a tempest-VolumesActionsTest-252368892 None] ==> create_volume: call "{'self': , 'volume': Volume(_name_id=None,admin_metadata=,attach_status='detached',availability_zone='nova',bootable=False,cluster=,cluster_name=None,consistencygroup=,consistencygroup_id=None,created_at=2026-07-19T15:41:43Z,deleted=False,deleted_at=None,display_description=None,display_name='tempest-VolumesActionsTest-Volume-1409436729',ec2_id=None,encryption_key_id=None,glance_metadata=,group=,group_id=None,host='devstack@QuobyteHD#QuobyteHD',id=2b305b59-c373-4a71-9b0e-d9c64fd3ad0d,launched_at=None,metadata={},migration_status=None,multiattach=False,previous_status=None,project_id='d6fc996e5d954c3f84d822a1e46af847',provider_auth=None,provider_geometry=None,provider_id=None,provider_location=None,replication_driver_data=None,replication_extended_status=None,replication_status=None,scheduled_at=2026-07-19T15:41:44Z,service_uuid=None,shared_targets=True,size=1,snapshot_id=None,snapshots=,source_volid=None,status='creating',terminated_at=None,updated_at=2026-07-19T15:41:44Z,use_quota=True,user_id='aa3f1429244a436c8afcbb47ff3fc3c9',volume_attachment=VolumeAttachmentList,volume_type=VolumeType(1e6b2c68-41f6-4320-9f3b-c9672bc2c0d2),volume_type_id=1e6b2c68-41f6-4320-9f3b-c9672bc2c0d2)}" {{(pid=87676) trace_logging_wrapper /opt/stack/cinder/cinder/volume/volume_utils.py:1497}}
Jul 19 17:41:46 devstack cinder-volume[87676]: DEBUG cinder.volume.drivers.remotefs [None req-8423e301-fd7c-481a-835c-132b2edf020a tempest-VolumesActionsTest-252368892 None] Creating volume 2b305b59-c373-4a71-9b0e-d9c64fd3ad0d {{(pid=87676) create_volume /opt/stack/cinder/cinder/volume/drivers/remotefs.py:292}}
Jul 19 17:41:46 devstack cinder-volume[87676]: DEBUG oslo_concurrency.lockutils [None req-8423e301-fd7c-481a-835c-132b2edf020a tempest-VolumesActionsTest-252368892 None] Acquiring lock "quobyte_ensure" by "cinder.volume.drivers.quobyte.QuobyteDriver._ensure_shares_mounted" {{(pid=87676) inner /opt/stack/data/venv/lib/python3.12/site-packages/oslo_concurrency/lockutils.py:512}}
Jul 19 17:41:46 devstack cinder-volume[87676]: DEBUG oslo_concurrency.lockutils [None req-8423e301-fd7c-481a-835c-132b2edf020a tempest-VolumesActionsTest-252368892 None] Lock "quobyte_ensure" acquired by "cinder.volume.drivers.quobyte.QuobyteDriver._ensure_shares_mounted" :: waited 0.000s {{(pid=87676) inner /opt/stack/data/venv/lib/python3.12/site-packages/oslo_concurrency/lockutils.py:525}}
Jul 19 17:41:46 devstack cinder-volume[87676]: DEBUG cinder.volume.drivers.quobyte [None req-8423e301-fd7c-481a-835c-132b2edf020a tempest-VolumesActionsTest-252368892 None] Quobyte Volume URL set to: {'osci02.corp.quobyte.com/cinder-vol-bbe78e69-1978-409c-bd7f-2bec884e866c': None} {{(pid=87676) _load_shares_config /opt/stack/cinder/cinder/volume/drivers/quobyte.py:651}}
Jul 19 17:41:46 devstack cinder-volume[87676]: DEBUG cinder.volume.drivers.quobyte [None req-8423e301-fd7c-481a-835c-132b2edf020a tempest-VolumesActionsTest-252368892 None] Available shares ['osci02.corp.quobyte.com/cinder-vol-bbe78e69-1978-409c-bd7f-2bec884e866c'] {{(pid=87676) _ensure_shares_mounted /opt/stack/cinder/cinder/volume/drivers/quobyte.py:681}}
Jul 19 17:41:46 devstack cinder-volume[87676]: DEBUG oslo_concurrency.lockutils [None req-8423e301-fd7c-481a-835c-132b2edf020a tempest-VolumesActionsTest-252368892 None] Lock "quobyte_ensure" "released" by "cinder.volume.drivers.quobyte.QuobyteDriver._ensure_shares_mounted" :: held 0.007s {{(pid=87676) inner /opt/stack/data/venv/lib/python3.12/site-packages/oslo_concurrency/lockutils.py:544}}
Jul 19 17:41:46 devstack cinder-volume[87676]: DEBUG cinder.volume.drivers.quobyte [None req-8423e301-fd7c-481a-835c-132b2edf020a tempest-VolumesActionsTest-252368892 None] Selected osci02.corp.quobyte.com/cinder-vol-bbe78e69-1978-409c-bd7f-2bec884e866c as target Quobyte volume. {{(pid=87676) _find_share /opt/stack/cinder/cinder/volume/drivers/quobyte.py:702}}
Jul 19 17:41:46 devstack cinder-volume[87676]: INFO cinder.volume.drivers.remotefs [None req-8423e301-fd7c-481a-835c-132b2edf020a tempest-VolumesActionsTest-252368892 None] casted to osci02.corp.quobyte.com/cinder-vol-bbe78e69-1978-409c-bd7f-2bec884e866c
Jul 19 17:41:46 devstack cinder-volume[87676]: DEBUG oslo_concurrency.processutils [None req-8423e301-fd7c-481a-835c-132b2edf020a tempest-VolumesActionsTest-252368892 None] Running cmd (subprocess): sudo cinder-rootwrap /etc/cinder/rootwrap.conf qemu-img create -f qcow2 -o preallocation=metadata /opt/stack/data/cinder/mnt/83da4bfce05f5fff54e30cacc5e483c1/volume-2b305b59-c373-4a71-9b0e-d9c64fd3ad0d 1073741824 {{(pid=87676) execute /opt/stack/data/venv/lib/python3.12/site-packages/oslo_concurrency/processutils.py:440}}
Jul 19 17:41:46 devstack sudo[95990]: quobyte : PWD=/ ; USER=root ; COMMAND=/opt/stack/data/venv/bin/cinder-rootwrap /etc/cinder/rootwrap.conf qemu-img create -f qcow2 -o preallocation=metadata /opt/stack/data/cinder/mnt/83da4bfce05f5fff54e30cacc5e483c1/volume-2b305b59-c373-4a71-9b0e-d9c64fd3ad0d 1073741824
Jul 19 17:41:46 devstack sudo[95990]: pam_unix(sudo:session): session opened for user root(uid=0) by (uid=1000)
Jul 19 17:41:46 devstack cinder-volume[87676]: INFO cinder.volume.manager [None req-e2f7517b-4d6c-4323-b711-73f886816c94 tempest-SnapshotsActionsTest-1264436496 None] Create snapshot completed successfully
Jul 19 17:41:46 devstack sudo[95990]: pam_unix(sudo:session): session closed for user root
Jul 19 17:41:46 devstack cinder-volume[87676]: DEBUG oslo_concurrency.processutils [None req-8423e301-fd7c-481a-835c-132b2edf020a tempest-VolumesActionsTest-252368892 None] CMD "sudo cinder-rootwrap /etc/cinder/rootwrap.conf qemu-img create -f qcow2 -o preallocation=metadata /opt/stack/data/cinder/mnt/83da4bfce05f5fff54e30cacc5e483c1/volume-2b305b59-c373-4a71-9b0e-d9c64fd3ad0d 1073741824" returned: 0 in 0.660s {{(pid=87676) execute /opt/stack/data/venv/lib/python3.12/site-packages/oslo_concurrency/processutils.py:468}}
Jul 19 17:41:46 devstack cinder-volume[87676]: DEBUG oslo_concurrency.processutils [None req-8423e301-fd7c-481a-835c-132b2edf020a tempest-VolumesActionsTest-252368892 None] Running cmd (subprocess): sudo cinder-rootwrap /etc/cinder/rootwrap.conf chmod ugo+rw /opt/stack/data/cinder/mnt/83da4bfce05f5fff54e30cacc5e483c1/volume-2b305b59-c373-4a71-9b0e-d9c64fd3ad0d {{(pid=87676) execute /opt/stack/data/venv/lib/python3.12/site-packages/oslo_concurrency/processutils.py:440}}
Jul 19 17:41:46 devstack sudo[95996]: quobyte : PWD=/ ; USER=root ; COMMAND=/opt/stack/data/venv/bin/cinder-rootwrap /etc/cinder/rootwrap.conf chmod ugo+rw /opt/stack/data/cinder/mnt/83da4bfce05f5fff54e30cacc5e483c1/volume-2b305b59-c373-4a71-9b0e-d9c64fd3ad0d
Jul 19 17:41:46 devstack sudo[95996]: pam_unix(sudo:session): session opened for user root(uid=0) by (uid=1000)
Jul 19 17:41:46 devstack cinder-volume[87676]: DEBUG cinder.coordination [None req-c1d2c93f-ce28-49cd-bbe3-e5d00b72b441 tempest-SnapshotsActionsTest-1009029829 None] Acquiring lock "cinder-bc24d119-8739-4a96-a8bf-9d4a6bdcad12-delete_snapshot" by "delete_snapshot" {{(pid=87676) __acquire /opt/stack/cinder/cinder/coordination.py:138}}
Jul 19 17:41:46 devstack cinder-volume[87676]: DEBUG cinder.coordination [None req-c1d2c93f-ce28-49cd-bbe3-e5d00b72b441 tempest-SnapshotsActionsTest-1009029829 None] Lock "cinder-bc24d119-8739-4a96-a8bf-9d4a6bdcad12-delete_snapshot" acquired by "delete_snapshot" :: waited 0.036s {{(pid=87676) __acquire /opt/stack/cinder/cinder/coordination.py:141}}
Jul 19 17:41:47 devstack cinder-volume[87676]: DEBUG cinder.coordination [None req-c1d2c93f-ce28-49cd-bbe3-e5d00b72b441 tempest-SnapshotsActionsTest-1009029829 None] Acquiring lock "cinder-quobyte-7e3820ed-81b0-44c1-86a3-cb13b9a22aea" by "delete_snapshot" {{(pid=87676) __acquire /opt/stack/cinder/cinder/coordination.py:138}}
Jul 19 17:41:47 devstack cinder-volume[87676]: DEBUG cinder.coordination [None req-c1d2c93f-ce28-49cd-bbe3-e5d00b72b441 tempest-SnapshotsActionsTest-1009029829 None] Lock "cinder-quobyte-7e3820ed-81b0-44c1-86a3-cb13b9a22aea" acquired by "delete_snapshot" :: waited 0.047s {{(pid=87676) __acquire /opt/stack/cinder/cinder/coordination.py:141}}
Jul 19 17:41:47 devstack cinder-volume[87676]: DEBUG cinder.coordination [None req-c1d2c93f-ce28-49cd-bbe3-e5d00b72b441 tempest-SnapshotsActionsTest-1009029829 None] Acquiring lock "cinder-quobyte-bc24d119-8739-4a96-a8bf-9d4a6bdcad12" by "_delete_snapshot" {{(pid=87676) __acquire /opt/stack/cinder/cinder/coordination.py:138}}
Jul 19 17:41:47 devstack cinder-volume[87676]: DEBUG cinder.coordination [None req-c1d2c93f-ce28-49cd-bbe3-e5d00b72b441 tempest-SnapshotsActionsTest-1009029829 None] Lock "cinder-quobyte-bc24d119-8739-4a96-a8bf-9d4a6bdcad12" acquired by "_delete_snapshot" :: waited 0.030s {{(pid=87676) __acquire /opt/stack/cinder/cinder/coordination.py:141}}
Jul 19 17:41:47 devstack cinder-volume[87676]: DEBUG cinder.volume.drivers.remotefs [None req-c1d2c93f-ce28-49cd-bbe3-e5d00b72b441 tempest-SnapshotsActionsTest-1009029829 None] Deleting offline snapshot bc24d119-8739-4a96-a8bf-9d4a6bdcad12 of volume 7e3820ed-81b0-44c1-86a3-cb13b9a22aea {{(pid=87676) _delete_snapshot /opt/stack/cinder/cinder/volume/drivers/remotefs.py:1288}}
Jul 19 17:41:47 devstack cinder-volume[87676]: DEBUG cinder.volume.drivers.remotefs [None req-c1d2c93f-ce28-49cd-bbe3-e5d00b72b441 tempest-SnapshotsActionsTest-1009029829 None] snapshot_file for this snap is: volume-7e3820ed-81b0-44c1-86a3-cb13b9a22aea.bc24d119-8739-4a96-a8bf-9d4a6bdcad12 {{(pid=87676) _delete_snapshot /opt/stack/cinder/cinder/volume/drivers/remotefs.py:1317}}
Jul 19 17:41:47 devstack cinder-volume[87676]: DEBUG oslo.privsep.daemon [-] privsep: reply[8694b82d-3d46-460b-a385-2fe18100d6e4]: (4, 'qcow2') {{(pid=89278) _call_back /opt/stack/data/venv/lib/python3.12/site-packages/oslo_privsep/daemon.py:580}}
Jul 19 17:41:47 devstack cinder-volume[87676]: DEBUG oslo_concurrency.processutils [None req-c1d2c93f-ce28-49cd-bbe3-e5d00b72b441 tempest-SnapshotsActionsTest-1009029829 None] Running cmd (subprocess): /opt/stack/data/venv/bin/python3.12 -m oslo_concurrency.prlimit --as=1073741824 --cpu=60 -- sudo cinder-rootwrap /etc/cinder/rootwrap.conf env LC_ALL=C qemu-img info -f qcow2 --output=json --force-share /opt/stack/data/cinder/mnt/83da4bfce05f5fff54e30cacc5e483c1/volume-7e3820ed-81b0-44c1-86a3-cb13b9a22aea.bc24d119-8739-4a96-a8bf-9d4a6bdcad12 {{(pid=87676) execute /opt/stack/data/venv/lib/python3.12/site-packages/oslo_concurrency/processutils.py:440}}
Jul 19 17:41:47 devstack sudo[95996]: pam_unix(sudo:session): session closed for user root
Jul 19 17:41:47 devstack cinder-volume[87676]: DEBUG oslo_concurrency.processutils [None req-8423e301-fd7c-481a-835c-132b2edf020a tempest-VolumesActionsTest-252368892 None] CMD "sudo cinder-rootwrap /etc/cinder/rootwrap.conf chmod ugo+rw /opt/stack/data/cinder/mnt/83da4bfce05f5fff54e30cacc5e483c1/volume-2b305b59-c373-4a71-9b0e-d9c64fd3ad0d" returned: 0 in 0.467s {{(pid=87676) execute /opt/stack/data/venv/lib/python3.12/site-packages/oslo_concurrency/processutils.py:468}}
Jul 19 17:41:47 devstack cinder-volume[87676]: DEBUG cinder.volume.drivers.quobyte [None req-8423e301-fd7c-481a-835c-132b2edf020a tempest-VolumesActionsTest-252368892 None] <== create_volume: return (1201ms) {'provider_location': 'osci02.corp.quobyte.com/cinder-vol-bbe78e69-1978-409c-bd7f-2bec884e866c'} {{(pid=87676) trace_logging_wrapper /opt/stack/cinder/cinder/volume/volume_utils.py:1522}}
Jul 19 17:41:47 devstack cinder-volume[87676]: DEBUG oslo_concurrency.lockutils [None req-8423e301-fd7c-481a-835c-132b2edf020a tempest-VolumesActionsTest-252368892 None] Lock "quobyte" "released" by "cinder.volume.drivers.quobyte.QuobyteDriver.create_volume" :: held 1.210s {{(pid=87676) inner /opt/stack/data/venv/lib/python3.12/site-packages/oslo_concurrency/lockutils.py:544}}
Jul 19 17:41:47 devstack sudo[95998]: quobyte : PWD=/ ; USER=root ; COMMAND=/opt/stack/data/venv/bin/cinder-rootwrap /etc/cinder/rootwrap.conf env LC_ALL=C qemu-img info -f qcow2 --output=json --force-share /opt/stack/data/cinder/mnt/83da4bfce05f5fff54e30cacc5e483c1/volume-7e3820ed-81b0-44c1-86a3-cb13b9a22aea.bc24d119-8739-4a96-a8bf-9d4a6bdcad12
Jul 19 17:41:47 devstack sudo[95998]: pam_unix(sudo:session): session opened for user root(uid=0) by (uid=1000)
Jul 19 17:41:47 devstack cinder-volume[87676]: DEBUG cinder.volume.manager [None req-8423e301-fd7c-481a-835c-132b2edf020a tempest-VolumesActionsTest-252368892 None] Task 'cinder.volume.flows.manager.create_volume.CreateVolumeFromSpecTask;volume:create' (266514de-4de3-4554-aca9-04a520ae201e) transitioned into state 'SUCCESS' from state 'RUNNING' with result '{'status': 'creating', 'volume_name': 'volume-2b305b59-c373-4a71-9b0e-d9c64fd3ad0d', 'volume_size': 1}' {{(pid=87676) _task_receiver /opt/stack/data/venv/lib/python3.12/site-packages/taskflow/listeners/logging.py:218}}
Jul 19 17:41:47 devstack cinder-volume[87676]: DEBUG cinder.volume.manager [None req-8423e301-fd7c-481a-835c-132b2edf020a tempest-VolumesActionsTest-252368892 None] Task 'cinder.volume.flows.manager.create_volume.CreateVolumeOnFinishTask;volume:create, create.end' (ddcef5be-2dbd-4733-934d-6c1285a2f2a9) transitioned into state 'RUNNING' from state 'PENDING' {{(pid=87676) _task_receiver /opt/stack/data/venv/lib/python3.12/site-packages/taskflow/listeners/logging.py:242}}
Jul 19 17:41:47 devstack cinder-volume[87676]: INFO cinder.volume.flows.manager.create_volume [None req-8423e301-fd7c-481a-835c-132b2edf020a tempest-VolumesActionsTest-252368892 None] Volume volume-2b305b59-c373-4a71-9b0e-d9c64fd3ad0d (2b305b59-c373-4a71-9b0e-d9c64fd3ad0d): created successfully
Jul 19 17:41:47 devstack cinder-volume[87676]: DEBUG cinder.volume.manager [None req-8423e301-fd7c-481a-835c-132b2edf020a tempest-VolumesActionsTest-252368892 None] Task 'cinder.volume.flows.manager.create_volume.CreateVolumeOnFinishTask;volume:create, create.end' (ddcef5be-2dbd-4733-934d-6c1285a2f2a9) transitioned into state 'SUCCESS' from state 'RUNNING' with result 'None' {{(pid=87676) _task_receiver /opt/stack/data/venv/lib/python3.12/site-packages/taskflow/listeners/logging.py:218}}
Jul 19 17:41:47 devstack cinder-volume[87676]: DEBUG cinder.volume.manager [None req-8423e301-fd7c-481a-835c-132b2edf020a tempest-VolumesActionsTest-252368892 None] Flow 'volume_create_manager' (c2adeac2-1d4d-44b0-8570-a5b936ca2b06) transitioned into state 'SUCCESS' from state 'RUNNING' {{(pid=87676) _flow_receiver /opt/stack/data/venv/lib/python3.12/site-packages/taskflow/listeners/logging.py:160}}
Jul 19 17:41:47 devstack cinder-volume[87676]: INFO cinder.volume.manager [None req-8423e301-fd7c-481a-835c-132b2edf020a tempest-VolumesActionsTest-252368892 None] Created volume successfully.
Jul 19 17:41:47 devstack sudo[95998]: pam_unix(sudo:session): session closed for user root
Jul 19 17:41:47 devstack cinder-volume[87676]: DEBUG oslo_concurrency.processutils [None req-c1d2c93f-ce28-49cd-bbe3-e5d00b72b441 tempest-SnapshotsActionsTest-1009029829 None] CMD "/opt/stack/data/venv/bin/python3.12 -m oslo_concurrency.prlimit --as=1073741824 --cpu=60 -- sudo cinder-rootwrap /etc/cinder/rootwrap.conf env LC_ALL=C qemu-img info -f qcow2 --output=json --force-share /opt/stack/data/cinder/mnt/83da4bfce05f5fff54e30cacc5e483c1/volume-7e3820ed-81b0-44c1-86a3-cb13b9a22aea.bc24d119-8739-4a96-a8bf-9d4a6bdcad12" returned: 0 in 0.633s {{(pid=87676) execute /opt/stack/data/venv/lib/python3.12/site-packages/oslo_concurrency/processutils.py:468}}
Jul 19 17:41:47 devstack cinder-volume[87676]: DEBUG cinder.volume.drivers.remotefs [None req-c1d2c93f-ce28-49cd-bbe3-e5d00b72b441 tempest-SnapshotsActionsTest-1009029829 None] Fetching qemu-img info with special backing_file_template: (/opt/stack/data/cinder/mnt/[0-9a-f]+/)?(volume-7e3820ed-81b0-44c1-86a3-cb13b9a22aea(.(tmp-snap-)?[0-9a-f-]+)?|volume_from_snapshot_cache/(tmp-snap-)?[0-9a-f-]+(.(child-|parent-)[0-9a-f-]+)?)$ {{(pid=87676) _qemu_img_info_base /opt/stack/cinder/cinder/volume/drivers/remotefs.py:896}}
Jul 19 17:41:47 devstack cinder-volume[87676]: DEBUG oslo.privsep.daemon [-] privsep: reply[3d95f122-8b6c-4615-872f-d18b2c36faa1]: (4, 'qcow2') {{(pid=89278) _call_back /opt/stack/data/venv/lib/python3.12/site-packages/oslo_privsep/daemon.py:580}}
Jul 19 17:41:47 devstack cinder-volume[87676]: DEBUG oslo_concurrency.processutils [None req-c1d2c93f-ce28-49cd-bbe3-e5d00b72b441 tempest-SnapshotsActionsTest-1009029829 None] Running cmd (subprocess): /opt/stack/data/venv/bin/python3.12 -m oslo_concurrency.prlimit --as=1073741824 --cpu=60 -- sudo cinder-rootwrap /etc/cinder/rootwrap.conf env LC_ALL=C qemu-img info -f qcow2 --output=json --force-share /opt/stack/data/cinder/mnt/83da4bfce05f5fff54e30cacc5e483c1/volume-7e3820ed-81b0-44c1-86a3-cb13b9a22aea.80083a9a-bcd6-45be-b1b6-6e12f4179a3f {{(pid=87676) execute /opt/stack/data/venv/lib/python3.12/site-packages/oslo_concurrency/processutils.py:440}}
Jul 19 17:41:47 devstack cinder-volume[87676]: DEBUG cinder.coordination [None req-a4078a20-b7c3-4094-bc8d-1615f08eb2b7 tempest-VolumesActionsTest-252368892 None] Acquiring lock "cinder-2b305b59-c373-4a71-9b0e-d9c64fd3ad0d" by "attach_volume" {{(pid=87676) __acquire /opt/stack/cinder/cinder/coordination.py:138}}
Jul 19 17:41:47 devstack cinder-volume[87676]: DEBUG cinder.coordination [None req-a4078a20-b7c3-4094-bc8d-1615f08eb2b7 tempest-VolumesActionsTest-252368892 None] Lock "cinder-2b305b59-c373-4a71-9b0e-d9c64fd3ad0d" acquired by "attach_volume" :: waited 0.046s {{(pid=87676) __acquire /opt/stack/cinder/cinder/coordination.py:141}}
Jul 19 17:41:48 devstack sudo[96038]: quobyte : PWD=/ ; USER=root ; COMMAND=/opt/stack/data/venv/bin/cinder-rootwrap /etc/cinder/rootwrap.conf env LC_ALL=C qemu-img info -f qcow2 --output=json --force-share /opt/stack/data/cinder/mnt/83da4bfce05f5fff54e30cacc5e483c1/volume-7e3820ed-81b0-44c1-86a3-cb13b9a22aea.80083a9a-bcd6-45be-b1b6-6e12f4179a3f
Jul 19 17:41:48 devstack sudo[96038]: pam_unix(sudo:session): session opened for user root(uid=0) by (uid=1000)
Jul 19 17:41:48 devstack cinder-volume[87676]: INFO cinder.volume.manager [None req-a4078a20-b7c3-4094-bc8d-1615f08eb2b7 tempest-VolumesActionsTest-252368892 None] Attaching volume 2b305b59-c373-4a71-9b0e-d9c64fd3ad0d to instance 8f5a9524-7964-444b-b210-e352b82d7dbc at mountpoint /dev/vdb on host None.
Jul 19 17:41:48 devstack cinder-volume[87676]: INFO cinder.volume.manager [None req-a4078a20-b7c3-4094-bc8d-1615f08eb2b7 tempest-VolumesActionsTest-252368892 None] Attach volume completed successfully.
Jul 19 17:41:48 devstack cinder-volume[87676]: DEBUG cinder.coordination [None req-a4078a20-b7c3-4094-bc8d-1615f08eb2b7 tempest-VolumesActionsTest-252368892 None] Lock "cinder-2b305b59-c373-4a71-9b0e-d9c64fd3ad0d" released by "attach_volume" :: held 0.205s {{(pid=87676) __release /opt/stack/cinder/cinder/coordination.py:152}}
Jul 19 17:41:48 devstack sudo[96038]: pam_unix(sudo:session): session closed for user root
Jul 19 17:41:48 devstack cinder-volume[87676]: DEBUG oslo_concurrency.processutils [None req-c1d2c93f-ce28-49cd-bbe3-e5d00b72b441 tempest-SnapshotsActionsTest-1009029829 None] CMD "/opt/stack/data/venv/bin/python3.12 -m oslo_concurrency.prlimit --as=1073741824 --cpu=60 -- sudo cinder-rootwrap /etc/cinder/rootwrap.conf env LC_ALL=C qemu-img info -f qcow2 --output=json --force-share /opt/stack/data/cinder/mnt/83da4bfce05f5fff54e30cacc5e483c1/volume-7e3820ed-81b0-44c1-86a3-cb13b9a22aea.80083a9a-bcd6-45be-b1b6-6e12f4179a3f" returned: 0 in 0.683s {{(pid=87676) execute /opt/stack/data/venv/lib/python3.12/site-packages/oslo_concurrency/processutils.py:468}}
Jul 19 17:41:48 devstack cinder-volume[87676]: DEBUG cinder.volume.drivers.remotefs [None req-c1d2c93f-ce28-49cd-bbe3-e5d00b72b441 tempest-SnapshotsActionsTest-1009029829 None] Fetching qemu-img info with special backing_file_template: (/opt/stack/data/cinder/mnt/[0-9a-f]+/)?(volume-7e3820ed-81b0-44c1-86a3-cb13b9a22aea(.(tmp-snap-)?[0-9a-f-]+)?|volume_from_snapshot_cache/(tmp-snap-)?[0-9a-f-]+(.(child-|parent-)[0-9a-f-]+)?)$ {{(pid=87676) _qemu_img_info_base /opt/stack/cinder/cinder/volume/drivers/remotefs.py:896}}
Jul 19 17:41:48 devstack cinder-volume[87676]: DEBUG oslo_concurrency.processutils [None req-c1d2c93f-ce28-49cd-bbe3-e5d00b72b441 tempest-SnapshotsActionsTest-1009029829 None] Running cmd (subprocess): sudo cinder-rootwrap /etc/cinder/rootwrap.conf qemu-img commit -d /opt/stack/data/cinder/mnt/83da4bfce05f5fff54e30cacc5e483c1/volume-7e3820ed-81b0-44c1-86a3-cb13b9a22aea.bc24d119-8739-4a96-a8bf-9d4a6bdcad12 {{(pid=87676) execute /opt/stack/data/venv/lib/python3.12/site-packages/oslo_concurrency/processutils.py:440}}
Jul 19 17:41:48 devstack sudo[96043]: quobyte : PWD=/ ; USER=root ; COMMAND=/opt/stack/data/venv/bin/cinder-rootwrap /etc/cinder/rootwrap.conf qemu-img commit -d /opt/stack/data/cinder/mnt/83da4bfce05f5fff54e30cacc5e483c1/volume-7e3820ed-81b0-44c1-86a3-cb13b9a22aea.bc24d119-8739-4a96-a8bf-9d4a6bdcad12
Jul 19 17:41:48 devstack sudo[96043]: pam_unix(sudo:session): session opened for user root(uid=0) by (uid=1000)
Jul 19 17:41:49 devstack sudo[96043]: pam_unix(sudo:session): session closed for user root
Jul 19 17:41:49 devstack cinder-volume[87676]: DEBUG oslo_concurrency.processutils [None req-c1d2c93f-ce28-49cd-bbe3-e5d00b72b441 tempest-SnapshotsActionsTest-1009029829 None] CMD "sudo cinder-rootwrap /etc/cinder/rootwrap.conf qemu-img commit -d /opt/stack/data/cinder/mnt/83da4bfce05f5fff54e30cacc5e483c1/volume-7e3820ed-81b0-44c1-86a3-cb13b9a22aea.bc24d119-8739-4a96-a8bf-9d4a6bdcad12" returned: 0 in 0.547s {{(pid=87676) execute /opt/stack/data/venv/lib/python3.12/site-packages/oslo_concurrency/processutils.py:468}}
Jul 19 17:41:49 devstack cinder-volume[87676]: DEBUG oslo_concurrency.processutils [None req-c1d2c93f-ce28-49cd-bbe3-e5d00b72b441 tempest-SnapshotsActionsTest-1009029829 None] Running cmd (subprocess): sudo cinder-rootwrap /etc/cinder/rootwrap.conf rm -f /opt/stack/data/cinder/mnt/83da4bfce05f5fff54e30cacc5e483c1/volume-7e3820ed-81b0-44c1-86a3-cb13b9a22aea.bc24d119-8739-4a96-a8bf-9d4a6bdcad12 {{(pid=87676) execute /opt/stack/data/venv/lib/python3.12/site-packages/oslo_concurrency/processutils.py:440}}
Jul 19 17:41:49 devstack sudo[96051]: quobyte : PWD=/ ; USER=root ; COMMAND=/opt/stack/data/venv/bin/cinder-rootwrap /etc/cinder/rootwrap.conf rm -f /opt/stack/data/cinder/mnt/83da4bfce05f5fff54e30cacc5e483c1/volume-7e3820ed-81b0-44c1-86a3-cb13b9a22aea.bc24d119-8739-4a96-a8bf-9d4a6bdcad12
Jul 19 17:41:49 devstack sudo[96051]: pam_unix(sudo:session): session opened for user root(uid=0) by (uid=1000)
Jul 19 17:41:49 devstack cinder-volume[87676]: INFO cinder.volume.manager [None req-d808625e-b6d0-4844-a2a1-1e7548dbe4d7 tempest-VolumesActionsTest-1797907957 None] Terminate volume connection completed successfully.
Jul 19 17:41:49 devstack cinder-volume[87676]: DEBUG cinder.coordination [None req-d808625e-b6d0-4844-a2a1-1e7548dbe4d7 tempest-VolumesActionsTest-1797907957 None] Acquiring lock "cinder-2b305b59-c373-4a71-9b0e-d9c64fd3ad0d-detach_volume" by "detach_volume" {{(pid=87676) __acquire /opt/stack/cinder/cinder/coordination.py:138}}
Jul 19 17:41:49 devstack sudo[96051]: pam_unix(sudo:session): session closed for user root
Jul 19 17:41:49 devstack cinder-volume[87676]: DEBUG oslo_concurrency.processutils [None req-c1d2c93f-ce28-49cd-bbe3-e5d00b72b441 tempest-SnapshotsActionsTest-1009029829 None] CMD "sudo cinder-rootwrap /etc/cinder/rootwrap.conf rm -f /opt/stack/data/cinder/mnt/83da4bfce05f5fff54e30cacc5e483c1/volume-7e3820ed-81b0-44c1-86a3-cb13b9a22aea.bc24d119-8739-4a96-a8bf-9d4a6bdcad12" returned: 0 in 0.420s {{(pid=87676) execute /opt/stack/data/venv/lib/python3.12/site-packages/oslo_concurrency/processutils.py:468}}
Jul 19 17:41:49 devstack cinder-volume[87676]: DEBUG cinder.coordination [None req-d808625e-b6d0-4844-a2a1-1e7548dbe4d7 tempest-VolumesActionsTest-1797907957 None] Lock "cinder-2b305b59-c373-4a71-9b0e-d9c64fd3ad0d-detach_volume" acquired by "detach_volume" :: waited 0.057s {{(pid=87676) __acquire /opt/stack/cinder/cinder/coordination.py:141}}
Jul 19 17:41:49 devstack cinder-volume[87676]: DEBUG cinder.coordination [None req-c1d2c93f-ce28-49cd-bbe3-e5d00b72b441 tempest-SnapshotsActionsTest-1009029829 None] Lock "cinder-quobyte-bc24d119-8739-4a96-a8bf-9d4a6bdcad12" released by "_delete_snapshot" :: held 2.449s {{(pid=87676) __release /opt/stack/cinder/cinder/coordination.py:152}}
Jul 19 17:41:49 devstack cinder-volume[87676]: DEBUG cinder.coordination [None req-c1d2c93f-ce28-49cd-bbe3-e5d00b72b441 tempest-SnapshotsActionsTest-1009029829 None] Lock "cinder-quobyte-7e3820ed-81b0-44c1-86a3-cb13b9a22aea" released by "delete_snapshot" :: held 2.494s {{(pid=87676) __release /opt/stack/cinder/cinder/coordination.py:152}}
Jul 19 17:41:49 devstack cinder-volume[87676]: INFO cinder.volume.manager [None req-d808625e-b6d0-4844-a2a1-1e7548dbe4d7 tempest-VolumesActionsTest-1797907957 None] Detaching volume 2b305b59-c373-4a71-9b0e-d9c64fd3ad0d from instance 8f5a9524-7964-444b-b210-e352b82d7dbc.
Jul 19 17:41:49 devstack cinder-volume[87676]: DEBUG cinder.quota [None req-c1d2c93f-ce28-49cd-bbe3-e5d00b72b441 tempest-SnapshotsActionsTest-1009029829 None] Created reservations ['e8775c6f-0a50-4e34-b25c-28eb68b90181', '6bc3e109-0db5-407a-b673-e7561359998a', '6d984870-cb26-4a8c-9b39-54318f9a0921', '13548c58-6c90-49d2-8381-511b761b949b'] {{(pid=87676) reserve /opt/stack/cinder/cinder/quota.py:752}}
Jul 19 17:41:49 devstack cinder-volume[87676]: INFO cinder.volume.manager [None req-d808625e-b6d0-4844-a2a1-1e7548dbe4d7 tempest-VolumesActionsTest-1797907957 None] Detach volume completed successfully.
