Jul 24 12:42:58 devstack devstack@c-api.service[88169]: warnings.warn(
Jul 24 12:42:58 devstack devstack@c-api.service[88169]: INFO cinder.api.openstack.wsgi [None req-fae4b97a-9b69-4dd7-b65a-cdd64571fb3c tempest-GroupSnapshotsTest-1736545540 tempest-GroupSnapshotsTest-1736545540-project-member] http://192.168.122.192/volume/v3/volumes/52aa61c0-1250-4fb2-ae6b-d711324bbb98 returned with HTTP 200
Jul 24 12:42:58 devstack devstack@c-api.service[88169]: [pid: 88169|app: 0|req: 184/364] 192.168.122.192 () {60 vars in 1273 bytes} [Fri Jul 24 12:42:57 2026] GET /volume/v3/volumes/52aa61c0-1250-4fb2-ae6b-d711324bbb98 => generated 923 bytes in 312 msecs (HTTP/1.1 200) 7 headers in 286 bytes (1 switches on core 0)
Jul 24 12:42:59 devstack devstack@c-api.service[88170]: DEBUG cinder.api.middleware.request_id [None req-f56412f7-1f28-4537-b2ad-19120d470d9d None None] RequestId filter calling following filter/app {{(pid=88170) _context_setter /opt/stack/cinder/cinder/api/middleware/request_id.py:62}}
Jul 24 12:42:59 devstack devstack@c-api.service[88170]: INFO cinder.api.openstack.wsgi [None req-f56412f7-1f28-4537-b2ad-19120d470d9d tempest-GroupSnapshotsTest-1736545540 tempest-GroupSnapshotsTest-1736545540-project-member] GET http://192.168.122.192/volume/v3/volumes/52aa61c0-1250-4fb2-ae6b-d711324bbb98
Jul 24 12:42:59 devstack devstack@c-api.service[88170]: DEBUG cinder.api.openstack.wsgi [None req-f56412f7-1f28-4537-b2ad-19120d470d9d tempest-GroupSnapshotsTest-1736545540 tempest-GroupSnapshotsTest-1736545540-project-member] Empty body provided in request {{(pid=88170) get_body /opt/stack/cinder/cinder/api/openstack/wsgi.py:725}}
Jul 24 12:42:59 devstack devstack@c-api.service[88170]: DEBUG cinder.api.openstack.wsgi [None req-f56412f7-1f28-4537-b2ad-19120d470d9d tempest-GroupSnapshotsTest-1736545540 tempest-GroupSnapshotsTest-1736545540-project-member] Calling method 'show' {{(pid=88170) _process_stack /opt/stack/cinder/cinder/api/openstack/wsgi.py:878}}
Jul 24 12:42:59 devstack devstack@c-api.service[88170]: INFO cinder.api.openstack.wsgi [None req-f56412f7-1f28-4537-b2ad-19120d470d9d tempest-GroupSnapshotsTest-1736545540 tempest-GroupSnapshotsTest-1736545540-project-member] http://192.168.122.192/volume/v3/volumes/52aa61c0-1250-4fb2-ae6b-d711324bbb98 returned with HTTP 404
Jul 24 12:42:59 devstack devstack@c-api.service[88170]: [pid: 88170|app: 0|req: 181/365] 192.168.122.192 () {60 vars in 1273 bytes} [Fri Jul 24 12:42:59 2026] GET /volume/v3/volumes/52aa61c0-1250-4fb2-ae6b-d711324bbb98 => generated 109 bytes in 68 msecs (HTTP/1.1 404) 7 headers in 293 bytes (1 switches on core 0)
Jul 24 12:42:59 devstack devstack@c-api.service[88169]: DEBUG cinder.api.middleware.request_id [None req-ad838899-de49-4818-9dfc-2d835db918e1 None None] RequestId filter calling following filter/app {{(pid=88169) _context_setter /opt/stack/cinder/cinder/api/middleware/request_id.py:62}}
Jul 24 12:42:59 devstack devstack@c-api.service[88169]: INFO cinder.api.openstack.wsgi [None req-ad838899-de49-4818-9dfc-2d835db918e1 tempest-GroupSnapshotsTest-1736545540 tempest-GroupSnapshotsTest-1736545540-project-member] GET http://192.168.122.192/volume/v3/groups/7c9a2136-6ca3-4154-b940-99b6d37cf7d6
Jul 24 12:42:59 devstack devstack@c-api.service[88169]: DEBUG cinder.api.openstack.wsgi [None req-ad838899-de49-4818-9dfc-2d835db918e1 tempest-GroupSnapshotsTest-1736545540 tempest-GroupSnapshotsTest-1736545540-project-member] Empty body provided in request {{(pid=88169) get_body /opt/stack/cinder/cinder/api/openstack/wsgi.py:725}}
Jul 24 12:42:59 devstack devstack@c-api.service[88169]: DEBUG cinder.api.openstack.wsgi [None req-ad838899-de49-4818-9dfc-2d835db918e1 tempest-GroupSnapshotsTest-1736545540 tempest-GroupSnapshotsTest-1736545540-project-member] Calling method 'version_select' {{(pid=88169) _process_stack /opt/stack/cinder/cinder/api/openstack/wsgi.py:878}}
Jul 24 12:42:59 devstack devstack@c-api.service[88169]: DEBUG cinder.api.v3.groups [None req-ad838899-de49-4818-9dfc-2d835db918e1 tempest-GroupSnapshotsTest-1736545540 tempest-GroupSnapshotsTest-1736545540-project-member] show called for member 7c9a2136-6ca3-4154-b940-99b6d37cf7d6 {{(pid=88169) show /opt/stack/cinder/cinder/api/v3/groups.py:58}}
Jul 24 12:42:59 devstack devstack@c-api.service[88169]: INFO cinder.api.openstack.wsgi [None req-ad838899-de49-4818-9dfc-2d835db918e1 tempest-GroupSnapshotsTest-1736545540 tempest-GroupSnapshotsTest-1736545540-project-member] http://192.168.122.192/volume/v3/groups/7c9a2136-6ca3-4154-b940-99b6d37cf7d6 returned with HTTP 404
Jul 24 12:42:59 devstack devstack@c-api.service[88169]: [pid: 88169|app: 0|req: 185/366] 192.168.122.192 () {60 vars in 1270 bytes} [Fri Jul 24 12:42:59 2026] GET /volume/v3/groups/7c9a2136-6ca3-4154-b940-99b6d37cf7d6 => generated 108 bytes in 26 msecs (HTTP/1.1 404) 7 headers in 293 bytes (1 switches on core 0)
Jul 24 12:42:59 devstack devstack@c-api.service[88170]: DEBUG cinder.api.middleware.request_id [None req-ccb64af3-bd0d-4de2-ad44-f9d8c0e7c363 None None] RequestId filter calling following filter/app {{(pid=88170) _context_setter /opt/stack/cinder/cinder/api/middleware/request_id.py:62}}
Jul 24 12:42:59 devstack devstack@c-api.service[88170]: INFO cinder.api.openstack.wsgi [None req-ccb64af3-bd0d-4de2-ad44-f9d8c0e7c363 tempest-GroupSnapshotsTest-1725292787 tempest-GroupSnapshotsTest-1725292787-project-admin] DELETE http://192.168.122.192/volume/v3/group_types/c3f97b4e-8428-488a-ac0f-bdd1cd18b66f
Jul 24 12:42:59 devstack devstack@c-api.service[88170]: DEBUG cinder.api.openstack.wsgi [None req-ccb64af3-bd0d-4de2-ad44-f9d8c0e7c363 tempest-GroupSnapshotsTest-1725292787 tempest-GroupSnapshotsTest-1725292787-project-admin] Empty body provided in request {{(pid=88170) get_body /opt/stack/cinder/cinder/api/openstack/wsgi.py:725}}
Jul 24 12:42:59 devstack devstack@c-api.service[88170]: DEBUG cinder.api.openstack.wsgi [None req-ccb64af3-bd0d-4de2-ad44-f9d8c0e7c363 tempest-GroupSnapshotsTest-1725292787 tempest-GroupSnapshotsTest-1725292787-project-admin] Calling method 'version_select' {{(pid=88170) _process_stack /opt/stack/cinder/cinder/api/openstack/wsgi.py:878}}
Jul 24 12:42:59 devstack devstack@c-api.service[88170]: INFO cinder.api.openstack.wsgi [None req-ccb64af3-bd0d-4de2-ad44-f9d8c0e7c363 tempest-GroupSnapshotsTest-1725292787 tempest-GroupSnapshotsTest-1725292787-project-admin] http://192.168.122.192/volume/v3/group_types/c3f97b4e-8428-488a-ac0f-bdd1cd18b66f returned with HTTP 202
Jul 24 12:42:59 devstack devstack@c-api.service[88170]: [pid: 88170|app: 0|req: 182/367] 192.168.122.192 () {60 vars in 1288 bytes} [Fri Jul 24 12:42:59 2026] DELETE /volume/v3/group_types/c3f97b4e-8428-488a-ac0f-bdd1cd18b66f => generated 0 bytes in 75 msecs (HTTP/1.1 202) 6 headers in 234 bytes (2 switches on core 0)
Jul 24 12:42:59 devstack devstack@c-api.service[88169]: DEBUG cinder.api.middleware.request_id [None req-47ac0cdc-fe9b-4ffe-927e-f645857bdda4 None None] RequestId filter calling following filter/app {{(pid=88169) _context_setter /opt/stack/cinder/cinder/api/middleware/request_id.py:62}}
Jul 24 12:42:59 devstack devstack@c-api.service[88169]: INFO cinder.api.openstack.wsgi [None req-47ac0cdc-fe9b-4ffe-927e-f645857bdda4 tempest-GroupSnapshotsTest-1725292787 tempest-GroupSnapshotsTest-1725292787-project-admin] DELETE http://192.168.122.192/volume/v3/types/f0556f60-4d18-4634-b9db-f5e7b72e306e
Jul 24 12:42:59 devstack devstack@c-api.service[88169]: DEBUG cinder.api.openstack.wsgi [None req-47ac0cdc-fe9b-4ffe-927e-f645857bdda4 tempest-GroupSnapshotsTest-1725292787 tempest-GroupSnapshotsTest-1725292787-project-admin] Empty body provided in request {{(pid=88169) get_body /opt/stack/cinder/cinder/api/openstack/wsgi.py:725}}
Jul 24 12:42:59 devstack devstack@c-api.service[88169]: DEBUG cinder.api.openstack.wsgi [None req-47ac0cdc-fe9b-4ffe-927e-f645857bdda4 tempest-GroupSnapshotsTest-1725292787 tempest-GroupSnapshotsTest-1725292787-project-admin] Calling method '_delete' {{(pid=88169) _process_stack /opt/stack/cinder/cinder/api/openstack/wsgi.py:878}}
Jul 24 12:42:59 devstack devstack@c-api.service[88169]: INFO cinder.api.openstack.wsgi [None req-47ac0cdc-fe9b-4ffe-927e-f645857bdda4 tempest-GroupSnapshotsTest-1725292787 tempest-GroupSnapshotsTest-1725292787-project-admin] http://192.168.122.192/volume/v3/types/f0556f60-4d18-4634-b9db-f5e7b72e306e returned with HTTP 202
Jul 24 12:42:59 devstack devstack@c-api.service[88169]: [pid: 88169|app: 0|req: 186/368] 192.168.122.192 () {58 vars in 1229 bytes} [Fri Jul 24 12:42:59 2026] DELETE /volume/v3/types/f0556f60-4d18-4634-b9db-f5e7b72e306e => generated 0 bytes in 225 msecs (HTTP/1.1 202) 6 headers in 233 bytes (1 switches on core 0)
Jul 24 12:42:59 devstack devstack@c-api.service[88170]: DEBUG cinder.api.middleware.request_id [None req-ffeefc0b-7227-4c3f-b427-8298f685468e None None] RequestId filter calling following filter/app {{(pid=88170) _context_setter /opt/stack/cinder/cinder/api/middleware/request_id.py:62}}
Jul 24 12:42:59 devstack devstack@c-api.service[88170]: INFO cinder.api.openstack.wsgi [None req-ffeefc0b-7227-4c3f-b427-8298f685468e tempest-GroupSnapshotsTest-1725292787 tempest-GroupSnapshotsTest-1725292787-project-admin] GET http://192.168.122.192/volume/v3/types/f0556f60-4d18-4634-b9db-f5e7b72e306e
Jul 24 12:42:59 devstack devstack@c-api.service[88170]: DEBUG cinder.api.openstack.wsgi [None req-ffeefc0b-7227-4c3f-b427-8298f685468e tempest-GroupSnapshotsTest-1725292787 tempest-GroupSnapshotsTest-1725292787-project-admin] Empty body provided in request {{(pid=88170) get_body /opt/stack/cinder/cinder/api/openstack/wsgi.py:725}}
Jul 24 12:42:59 devstack devstack@c-api.service[88170]: DEBUG cinder.api.openstack.wsgi [None req-ffeefc0b-7227-4c3f-b427-8298f685468e tempest-GroupSnapshotsTest-1725292787 tempest-GroupSnapshotsTest-1725292787-project-admin] Calling method 'show' {{(pid=88170) _process_stack /opt/stack/cinder/cinder/api/openstack/wsgi.py:878}}
Jul 24 12:42:59 devstack devstack@c-api.service[88170]: INFO cinder.api.openstack.wsgi [None req-ffeefc0b-7227-4c3f-b427-8298f685468e tempest-GroupSnapshotsTest-1725292787 tempest-GroupSnapshotsTest-1725292787-project-admin] http://192.168.122.192/volume/v3/types/f0556f60-4d18-4634-b9db-f5e7b72e306e returned with HTTP 404
Jul 24 12:42:59 devstack devstack@c-api.service[88170]: [pid: 88170|app: 0|req: 183/369] 192.168.122.192 () {58 vars in 1226 bytes} [Fri Jul 24 12:42:59 2026] GET /volume/v3/types/f0556f60-4d18-4634-b9db-f5e7b72e306e => generated 114 bytes in 59 msecs (HTTP/1.1 404) 7 headers in 292 bytes (2 switches on core 0)
Jul 24 12:43:09 devstack devstack@c-api.service[88169]: DEBUG dbcounter [-] [88169] Writing DB stats cinder:SELECT=263,cinder:UPDATE=37,cinder:INSERT=17 {{(pid=88169) stat_writer /opt/stack/data/venv/lib/python3.12/site-packages/dbcounter.py:115}}
Jul 24 12:43:09 devstack devstack@c-api.service[88170]: DEBUG dbcounter [-] [88170] Writing DB stats cinder:SELECT=339,cinder:UPDATE=94,cinder:INSERT=51 {{(pid=88170) stat_writer /opt/stack/data/venv/lib/python3.12/site-packages/dbcounter.py:115}}
Jul 24 12:43:11 devstack devstack@c-api.service[88169]: DEBUG cinder.api.middleware.request_id [None req-3390ee3a-2bd0-46be-b258-c70f44eccdd1 None None] RequestId filter calling following filter/app {{(pid=88169) _context_setter /opt/stack/cinder/cinder/api/middleware/request_id.py:62}}
Jul 24 12:43:11 devstack devstack@c-api.service[88169]: INFO cinder.api.openstack.wsgi [None req-3390ee3a-2bd0-46be-b258-c70f44eccdd1 tempest-GroupSnapshotsV319Test-57965350 tempest-GroupSnapshotsV319Test-57965350-project-admin] POST http://192.168.122.192/volume/v3/types
Jul 24 12:43:11 devstack devstack@c-api.service[88169]: DEBUG cinder.api.openstack.wsgi [None req-3390ee3a-2bd0-46be-b258-c70f44eccdd1 tempest-GroupSnapshotsV319Test-57965350 tempest-GroupSnapshotsV319Test-57965350-project-admin] Action: 'create', calling method: _create, body: {"volume_type": {"name": "tempest-GroupSnapshotsV319Test-volume-type-1275293977"}} {{(pid=88169) _process_stack /opt/stack/cinder/cinder/api/openstack/wsgi.py:876}}
Jul 24 12:43:11 devstack devstack@c-api.service[88169]: INFO cinder.api.openstack.wsgi [None req-3390ee3a-2bd0-46be-b258-c70f44eccdd1 tempest-GroupSnapshotsV319Test-57965350 tempest-GroupSnapshotsV319Test-57965350-project-admin] http://192.168.122.192/volume/v3/types returned with HTTP 200
Jul 24 12:43:11 devstack devstack@c-api.service[88169]: [pid: 88169|app: 0|req: 187/370] 192.168.122.192 () {60 vars in 1136 bytes} [Fri Jul 24 12:43:11 2026] POST /volume/v3/types => generated 228 bytes in 245 msecs (HTTP/1.1 200) 7 headers in 285 bytes (1 switches on core 0)
Jul 24 12:43:11 devstack devstack@c-api.service[88170]: DEBUG cinder.api.middleware.request_id [None req-30a64658-74c7-4ae1-aa58-cb427537a2a6 None None] RequestId filter calling following filter/app {{(pid=88170) _context_setter /opt/stack/cinder/cinder/api/middleware/request_id.py:62}}
Jul 24 12:43:11 devstack devstack@c-api.service[88170]: INFO cinder.api.openstack.wsgi [None req-30a64658-74c7-4ae1-aa58-cb427537a2a6 tempest-GroupSnapshotsV319Test-57965350 tempest-GroupSnapshotsV319Test-57965350-project-admin] POST http://192.168.122.192/volume/v3/group_types
Jul 24 12:43:11 devstack devstack@c-api.service[88170]: DEBUG cinder.api.openstack.wsgi [None req-30a64658-74c7-4ae1-aa58-cb427537a2a6 tempest-GroupSnapshotsV319Test-57965350 tempest-GroupSnapshotsV319Test-57965350-project-admin] Action: 'create', calling method: version_select, body: {"group_type": {"name": "tempest-GroupSnapshotsV319Test-group-type-1922767933"}} {{(pid=88170) _process_stack /opt/stack/cinder/cinder/api/openstack/wsgi.py:876}}
Jul 24 12:43:11 devstack devstack@c-api.service[88170]: INFO cinder.api.openstack.wsgi [None req-30a64658-74c7-4ae1-aa58-cb427537a2a6 tempest-GroupSnapshotsV319Test-57965350 tempest-GroupSnapshotsV319Test-57965350-project-admin] http://192.168.122.192/volume/v3/group_types returned with HTTP 202
Jul 24 12:43:11 devstack devstack@c-api.service[88170]: [pid: 88170|app: 0|req: 184/371] 192.168.122.192 () {62 vars in 1195 bytes} [Fri Jul 24 12:43:11 2026] POST /volume/v3/group_types => generated 185 bytes in 57 msecs (HTTP/1.1 202) 7 headers in 292 bytes (1 switches on core 0)
Jul 24 12:43:11 devstack devstack@c-api.service[88169]: DEBUG cinder.api.middleware.request_id [None req-da4a6099-81d9-4d2a-a987-c34ca79ccf5d None None] RequestId filter calling following filter/app {{(pid=88169) _context_setter /opt/stack/cinder/cinder/api/middleware/request_id.py:62}}
Jul 24 12:43:12 devstack devstack@c-api.service[88169]: INFO cinder.api.openstack.wsgi [None req-da4a6099-81d9-4d2a-a987-c34ca79ccf5d tempest-GroupSnapshotsV319Test-2049066699 tempest-GroupSnapshotsV319Test-2049066699-project-member] POST http://192.168.122.192/volume/v3/groups
Jul 24 12:43:12 devstack devstack@c-api.service[88169]: DEBUG cinder.api.openstack.wsgi [None req-da4a6099-81d9-4d2a-a987-c34ca79ccf5d tempest-GroupSnapshotsV319Test-2049066699 tempest-GroupSnapshotsV319Test-2049066699-project-member] Action: 'create', calling method: version_select, body: {"group": {"group_type": "0aacdd16-0676-4e2d-a3f2-aa22d73dac67", "volume_types": ["dc47895a-156e-410d-9bf2-004bd180e53c"], "name": "tempest-GroupSnapshotsV319Test-Group-1066064117"}} {{(pid=88169) _process_stack /opt/stack/cinder/cinder/api/openstack/wsgi.py:876}}
Jul 24 12:43:12 devstack devstack@c-api.service[88169]: DEBUG cinder.api.v3.groups [None req-da4a6099-81d9-4d2a-a987-c34ca79ccf5d tempest-GroupSnapshotsV319Test-2049066699 tempest-GroupSnapshotsV319Test-2049066699-project-member] Creating new group {'group': {'group_type': '0aacdd16-0676-4e2d-a3f2-aa22d73dac67', 'volume_types': ['dc47895a-156e-410d-9bf2-004bd180e53c'], 'name': 'tempest-GroupSnapshotsV319Test-Group-1066064117'}} {{(pid=88169) create /opt/stack/cinder/cinder/api/v3/groups.py:190}}
Jul 24 12:43:12 devstack devstack@c-api.service[88169]: INFO cinder.api.v3.groups [None req-da4a6099-81d9-4d2a-a987-c34ca79ccf5d tempest-GroupSnapshotsV319Test-2049066699 tempest-GroupSnapshotsV319Test-2049066699-project-member] Creating group tempest-GroupSnapshotsV319Test-Group-1066064117.
Jul 24 12:43:12 devstack devstack@c-api.service[88169]: INFO cinder.volume.api [None req-da4a6099-81d9-4d2a-a987-c34ca79ccf5d tempest-GroupSnapshotsV319Test-2049066699 tempest-GroupSnapshotsV319Test-2049066699-project-member] Availability Zones retrieved successfully.
Jul 24 12:43:12 devstack devstack@c-api.service[88169]: DEBUG cinder.quota [None req-da4a6099-81d9-4d2a-a987-c34ca79ccf5d tempest-GroupSnapshotsV319Test-2049066699 tempest-GroupSnapshotsV319Test-2049066699-project-member] Created reservations ['fabbaccd-5b54-4f3a-901e-539fdf7a3a5e'] {{(pid=88169) reserve /opt/stack/cinder/cinder/quota.py:752}}
Jul 24 12:43:12 devstack devstack@c-api.service[88169]: INFO cinder.api.openstack.wsgi [None req-da4a6099-81d9-4d2a-a987-c34ca79ccf5d tempest-GroupSnapshotsV319Test-2049066699 tempest-GroupSnapshotsV319Test-2049066699-project-member] http://192.168.122.192/volume/v3/groups returned with HTTP 202
Jul 24 12:43:12 devstack devstack@c-api.service[88169]: [pid: 88169|app: 0|req: 188/372] 192.168.122.192 () {62 vars in 1181 bytes} [Fri Jul 24 12:43:11 2026] POST /volume/v3/groups => generated 116 bytes in 482 msecs (HTTP/1.1 202) 7 headers in 292 bytes (1 switches on core 0)
Jul 24 12:43:12 devstack devstack@c-api.service[88170]: DEBUG cinder.api.middleware.request_id [None req-2276f447-1076-4994-b16f-2676aa7b18a8 None None] RequestId filter calling following filter/app {{(pid=88170) _context_setter /opt/stack/cinder/cinder/api/middleware/request_id.py:62}}
Jul 24 12:43:12 devstack devstack@c-api.service[88170]: INFO cinder.api.openstack.wsgi [None req-2276f447-1076-4994-b16f-2676aa7b18a8 tempest-GroupSnapshotsV319Test-2049066699 tempest-GroupSnapshotsV319Test-2049066699-project-member] GET http://192.168.122.192/volume/v3/groups/15a7c6dc-21c1-46f6-9c11-8e4ff322a1a2
Jul 24 12:43:12 devstack devstack@c-api.service[88170]: DEBUG cinder.api.openstack.wsgi [None req-2276f447-1076-4994-b16f-2676aa7b18a8 tempest-GroupSnapshotsV319Test-2049066699 tempest-GroupSnapshotsV319Test-2049066699-project-member] Empty body provided in request {{(pid=88170) get_body /opt/stack/cinder/cinder/api/openstack/wsgi.py:725}}
Jul 24 12:43:12 devstack devstack@c-api.service[88170]: DEBUG cinder.api.openstack.wsgi [None req-2276f447-1076-4994-b16f-2676aa7b18a8 tempest-GroupSnapshotsV319Test-2049066699 tempest-GroupSnapshotsV319Test-2049066699-project-member] Calling method 'version_select' {{(pid=88170) _process_stack /opt/stack/cinder/cinder/api/openstack/wsgi.py:878}}
Jul 24 12:43:12 devstack devstack@c-api.service[88170]: DEBUG cinder.api.v3.groups [None req-2276f447-1076-4994-b16f-2676aa7b18a8 tempest-GroupSnapshotsV319Test-2049066699 tempest-GroupSnapshotsV319Test-2049066699-project-member] show called for member 15a7c6dc-21c1-46f6-9c11-8e4ff322a1a2 {{(pid=88170) show /opt/stack/cinder/cinder/api/v3/groups.py:58}}
Jul 24 12:43:12 devstack devstack@c-api.service[88170]: /opt/stack/data/venv/lib/python3.12/site-packages/oslo_context/context.py:102: DeprecationWarning: Policy enforcement is depending on the value of is_admin. This key is deprecated. Please update your policy file to use the standard policy values.
Jul 24 12:43:12 devstack devstack@c-api.service[88170]: warnings.warn(
Jul 24 12:43:12 devstack devstack@c-api.service[88170]: INFO cinder.api.openstack.wsgi [None req-2276f447-1076-4994-b16f-2676aa7b18a8 tempest-GroupSnapshotsV319Test-2049066699 tempest-GroupSnapshotsV319Test-2049066699-project-member] http://192.168.122.192/volume/v3/groups/15a7c6dc-21c1-46f6-9c11-8e4ff322a1a2 returned with HTTP 200
Jul 24 12:43:12 devstack devstack@c-api.service[88170]: [pid: 88170|app: 0|req: 185/373] 192.168.122.192 () {60 vars in 1270 bytes} [Fri Jul 24 12:43:12 2026] GET /volume/v3/groups/15a7c6dc-21c1-46f6-9c11-8e4ff322a1a2 => generated 396 bytes in 51 msecs (HTTP/1.1 200) 7 headers in 286 bytes (1 switches on core 0)
Jul 24 12:43:13 devstack devstack@c-api.service[88169]: DEBUG cinder.api.middleware.request_id [None req-2b8c07cb-3cf0-4299-8b81-faab02ddd247 None None] RequestId filter calling following filter/app {{(pid=88169) _context_setter /opt/stack/cinder/cinder/api/middleware/request_id.py:62}}
Jul 24 12:43:13 devstack devstack@c-api.service[88169]: INFO cinder.api.openstack.wsgi [None req-2b8c07cb-3cf0-4299-8b81-faab02ddd247 tempest-GroupSnapshotsV319Test-2049066699 tempest-GroupSnapshotsV319Test-2049066699-project-member] GET http://192.168.122.192/volume/v3/groups/15a7c6dc-21c1-46f6-9c11-8e4ff322a1a2
Jul 24 12:43:13 devstack devstack@c-api.service[88169]: DEBUG cinder.api.openstack.wsgi [None req-2b8c07cb-3cf0-4299-8b81-faab02ddd247 tempest-GroupSnapshotsV319Test-2049066699 tempest-GroupSnapshotsV319Test-2049066699-project-member] Empty body provided in request {{(pid=88169) get_body /opt/stack/cinder/cinder/api/openstack/wsgi.py:725}}
Jul 24 12:43:13 devstack devstack@c-api.service[88169]: DEBUG cinder.api.openstack.wsgi [None req-2b8c07cb-3cf0-4299-8b81-faab02ddd247 tempest-GroupSnapshotsV319Test-2049066699 tempest-GroupSnapshotsV319Test-2049066699-project-member] Calling method 'version_select' {{(pid=88169) _process_stack /opt/stack/cinder/cinder/api/openstack/wsgi.py:878}}
Jul 24 12:43:13 devstack devstack@c-api.service[88169]: DEBUG cinder.api.v3.groups [None req-2b8c07cb-3cf0-4299-8b81-faab02ddd247 tempest-GroupSnapshotsV319Test-2049066699 tempest-GroupSnapshotsV319Test-2049066699-project-member] show called for member 15a7c6dc-21c1-46f6-9c11-8e4ff322a1a2 {{(pid=88169) show /opt/stack/cinder/cinder/api/v3/groups.py:58}}
Jul 24 12:43:13 devstack devstack@c-api.service[88169]: /opt/stack/data/venv/lib/python3.12/site-packages/oslo_context/context.py:102: DeprecationWarning: Policy enforcement is depending on the value of is_admin. This key is deprecated. Please update your policy file to use the standard policy values.
Jul 24 12:43:13 devstack devstack@c-api.service[88169]: warnings.warn(
Jul 24 12:43:13 devstack devstack@c-api.service[88169]: INFO cinder.api.openstack.wsgi [None req-2b8c07cb-3cf0-4299-8b81-faab02ddd247 tempest-GroupSnapshotsV319Test-2049066699 tempest-GroupSnapshotsV319Test-2049066699-project-member] http://192.168.122.192/volume/v3/groups/15a7c6dc-21c1-46f6-9c11-8e4ff322a1a2 returned with HTTP 200
Jul 24 12:43:13 devstack devstack@c-api.service[88169]: [pid: 88169|app: 0|req: 189/374] 192.168.122.192 () {60 vars in 1270 bytes} [Fri Jul 24 12:43:13 2026] GET /volume/v3/groups/15a7c6dc-21c1-46f6-9c11-8e4ff322a1a2 => generated 397 bytes in 56 msecs (HTTP/1.1 200) 7 headers in 286 bytes (1 switches on core 0)
Jul 24 12:43:13 devstack devstack@c-api.service[88170]: DEBUG cinder.api.middleware.request_id [None req-0f04ad03-8f1a-419d-ae3a-5a26c76ec593 None None] RequestId filter calling following filter/app {{(pid=88170) _context_setter /opt/stack/cinder/cinder/api/middleware/request_id.py:62}}
Jul 24 12:43:13 devstack devstack@c-api.service[88170]: INFO cinder.api.openstack.wsgi [None req-0f04ad03-8f1a-419d-ae3a-5a26c76ec593 tempest-GroupSnapshotsV319Test-2049066699 tempest-GroupSnapshotsV319Test-2049066699-project-member] POST http://192.168.122.192/volume/v3/volumes
Jul 24 12:43:13 devstack devstack@c-api.service[88170]: DEBUG cinder.api.openstack.wsgi [None req-0f04ad03-8f1a-419d-ae3a-5a26c76ec593 tempest-GroupSnapshotsV319Test-2049066699 tempest-GroupSnapshotsV319Test-2049066699-project-member] Action: 'create', calling method: create, body: {"volume": {"name": "tempest-volume-806859197", "volume_type": "dc47895a-156e-410d-9bf2-004bd180e53c", "group_id": "15a7c6dc-21c1-46f6-9c11-8e4ff322a1a2", "size": 1}} {{(pid=88170) _process_stack /opt/stack/cinder/cinder/api/openstack/wsgi.py:876}}
Jul 24 12:43:13 devstack devstack@c-api.service[88170]: DEBUG cinder.api.v3.volumes [None req-0f04ad03-8f1a-419d-ae3a-5a26c76ec593 tempest-GroupSnapshotsV319Test-2049066699 tempest-GroupSnapshotsV319Test-2049066699-project-member] Create volume request body: {'volume': {'name': 'tempest-volume-806859197', 'volume_type': 'dc47895a-156e-410d-9bf2-004bd180e53c', 'group_id': '15a7c6dc-21c1-46f6-9c11-8e4ff322a1a2', 'size': 1}} {{(pid=88170) create /opt/stack/cinder/cinder/api/v3/volumes.py:368}}
Jul 24 12:43:13 devstack devstack@c-api.service[88170]: /opt/stack/data/venv/lib/python3.12/site-packages/oslo_context/context.py:102: DeprecationWarning: Policy enforcement is depending on the value of is_admin. This key is deprecated. Please update your policy file to use the standard policy values.
Jul 24 12:43:13 devstack devstack@c-api.service[88170]: warnings.warn(
Jul 24 12:43:13 devstack devstack@c-api.service[88170]: INFO cinder.api.v3.volumes [None req-0f04ad03-8f1a-419d-ae3a-5a26c76ec593 tempest-GroupSnapshotsV319Test-2049066699 tempest-GroupSnapshotsV319Test-2049066699-project-member] Create volume of 1 GB
Jul 24 12:43:13 devstack devstack@c-api.service[88170]: INFO cinder.volume.api [None req-0f04ad03-8f1a-419d-ae3a-5a26c76ec593 tempest-GroupSnapshotsV319Test-2049066699 tempest-GroupSnapshotsV319Test-2049066699-project-member] Availability Zones retrieved successfully.
Jul 24 12:43:13 devstack devstack@c-api.service[88170]: DEBUG cinder.volume.api [None req-0f04ad03-8f1a-419d-ae3a-5a26c76ec593 tempest-GroupSnapshotsV319Test-2049066699 tempest-GroupSnapshotsV319Test-2049066699-project-member] Flow 'volume_create_api' (030b2c98-e29f-448a-8896-b90d03550a57) transitioned into state 'RUNNING' from state 'PENDING' {{(pid=88170) _flow_receiver /opt/stack/data/venv/lib/python3.12/site-packages/taskflow/listeners/logging.py:160}}
Jul 24 12:43:13 devstack devstack@c-api.service[88170]: DEBUG cinder.volume.api [None req-0f04ad03-8f1a-419d-ae3a-5a26c76ec593 tempest-GroupSnapshotsV319Test-2049066699 tempest-GroupSnapshotsV319Test-2049066699-project-member] Task 'cinder.volume.flows.api.create_volume.ExtractVolumeRequestTask;volume:create' (b8d626ba-525c-4189-a8bb-220b9fab7e83) transitioned into state 'RUNNING' from state 'PENDING' {{(pid=88170) _task_receiver /opt/stack/data/venv/lib/python3.12/site-packages/taskflow/listeners/logging.py:242}}
Jul 24 12:43:13 devstack devstack@c-api.service[88170]: /opt/stack/data/venv/lib/python3.12/site-packages/oslo_context/context.py:102: DeprecationWarning: Policy enforcement is depending on the value of is_admin. This key is deprecated. Please update your policy file to use the standard policy values.
Jul 24 12:43:13 devstack devstack@c-api.service[88170]: warnings.warn(
Jul 24 12:43:13 devstack devstack@c-api.service[88170]: DEBUG cinder.volume.flows.api.create_volume [None req-0f04ad03-8f1a-419d-ae3a-5a26c76ec593 tempest-GroupSnapshotsV319Test-2049066699 tempest-GroupSnapshotsV319Test-2049066699-project-member] Validating volume size '1' using validate_int {{(pid=88170) _extract_size /opt/stack/cinder/cinder/volume/flows/api/create_volume.py:226}}
Jul 24 12:43:13 devstack devstack@c-api.service[88170]: DEBUG cinder.volume.api [None req-0f04ad03-8f1a-419d-ae3a-5a26c76ec593 tempest-GroupSnapshotsV319Test-2049066699 tempest-GroupSnapshotsV319Test-2049066699-project-member] Task 'cinder.volume.flows.api.create_volume.ExtractVolumeRequestTask;volume:create' (b8d626ba-525c-4189-a8bb-220b9fab7e83) transitioned into state 'SUCCESS' from state 'RUNNING' with result '{'size': 1, 'snapshot_id': None, 'source_volid': None, 'volume_type': VolumeType(created_at=2026-07-24T10:43:12Z,deleted=False,deleted_at=None,description=None,extra_specs={},id=dc47895a-156e-410d-9bf2-004bd180e53c,is_public=True,name='tempest-GroupSnapshotsV319Test-volume-type-1275293977',projects=[],qos_specs=,qos_specs_id=None,updated_at=None), 'volume_type_id': 'dc47895a-156e-410d-9bf2-004bd180e53c', 'encryption_key_id': None, 'qos_specs': None, 'consistencygroup_id': None, 'cgsnapshot_id': None, 'group_id': '15a7c6dc-21c1-46f6-9c11-8e4ff322a1a2', 'replication_status': 'disabled', 'refresh_az': False, 'backup_id': None, 'multiattach': False, 'availability_zones': ['nova']}' {{(pid=88170) _task_receiver /opt/stack/data/venv/lib/python3.12/site-packages/taskflow/listeners/logging.py:218}}
Jul 24 12:43:13 devstack devstack@c-api.service[88170]: DEBUG cinder.volume.api [None req-0f04ad03-8f1a-419d-ae3a-5a26c76ec593 tempest-GroupSnapshotsV319Test-2049066699 tempest-GroupSnapshotsV319Test-2049066699-project-member] Task 'cinder.volume.flows.api.create_volume.QuotaReserveTask;volume:create' (8052d283-87e7-4668-a56f-6f0c143ff9b0) transitioned into state 'RUNNING' from state 'PENDING' {{(pid=88170) _task_receiver /opt/stack/data/venv/lib/python3.12/site-packages/taskflow/listeners/logging.py:242}}
Jul 24 12:43:13 devstack devstack@c-api.service[88170]: WARNING cinder.quota [None req-0f04ad03-8f1a-419d-ae3a-5a26c76ec593 tempest-GroupSnapshotsV319Test-2049066699 tempest-GroupSnapshotsV319Test-2049066699-project-member] Deprecated: Default quota for resource: volumes_tempest-GroupSnapshotsV319Test-volume-type-1275293977 is set by the default quota flag: quota_volumes_tempest-GroupSnapshotsV319Test-volume-type-1275293977, it is now deprecated. Please use the default quota class for default quota.
Jul 24 12:43:13 devstack devstack@c-api.service[88170]: WARNING cinder.quota [None req-0f04ad03-8f1a-419d-ae3a-5a26c76ec593 tempest-GroupSnapshotsV319Test-2049066699 tempest-GroupSnapshotsV319Test-2049066699-project-member] Deprecated: Default quota for resource: gigabytes_tempest-GroupSnapshotsV319Test-volume-type-1275293977 is set by the default quota flag: quota_gigabytes_tempest-GroupSnapshotsV319Test-volume-type-1275293977, it is now deprecated. Please use the default quota class for default quota.
Jul 24 12:43:13 devstack devstack@c-api.service[88169]: DEBUG cinder.api.middleware.request_id [None req-d0f52093-62b7-486b-8af2-84bb45cf5452 None None] RequestId filter calling following filter/app {{(pid=88169) _context_setter /opt/stack/cinder/cinder/api/middleware/request_id.py:62}}
Jul 24 12:43:14 devstack devstack@c-api.service[88170]: DEBUG cinder.quota [None req-0f04ad03-8f1a-419d-ae3a-5a26c76ec593 tempest-GroupSnapshotsV319Test-2049066699 tempest-GroupSnapshotsV319Test-2049066699-project-member] Created reservations ['9553680e-5a55-465a-9fd7-97cd8022bbd9', 'b7e09ded-92ac-43e5-9abe-079129481c57', '591c1c31-6b51-4cc9-959f-5266dd581e9c', 'f197b2a5-73ef-42ba-a070-cbaa5cea9a1d'] {{(pid=88170) reserve /opt/stack/cinder/cinder/quota.py:752}}
Jul 24 12:43:14 devstack devstack@c-api.service[88170]: DEBUG cinder.volume.api [None req-0f04ad03-8f1a-419d-ae3a-5a26c76ec593 tempest-GroupSnapshotsV319Test-2049066699 tempest-GroupSnapshotsV319Test-2049066699-project-member] Task 'cinder.volume.flows.api.create_volume.QuotaReserveTask;volume:create' (8052d283-87e7-4668-a56f-6f0c143ff9b0) transitioned into state 'SUCCESS' from state 'RUNNING' with result '{'reservations': ['9553680e-5a55-465a-9fd7-97cd8022bbd9', 'b7e09ded-92ac-43e5-9abe-079129481c57', '591c1c31-6b51-4cc9-959f-5266dd581e9c', 'f197b2a5-73ef-42ba-a070-cbaa5cea9a1d']}' {{(pid=88170) _task_receiver /opt/stack/data/venv/lib/python3.12/site-packages/taskflow/listeners/logging.py:218}}
Jul 24 12:43:14 devstack devstack@c-api.service[88170]: DEBUG cinder.volume.api [None req-0f04ad03-8f1a-419d-ae3a-5a26c76ec593 tempest-GroupSnapshotsV319Test-2049066699 tempest-GroupSnapshotsV319Test-2049066699-project-member] Task 'cinder.volume.flows.api.create_volume.EntryCreateTask;volume:create' (bf0488ef-f675-4a2b-8ea4-4f10f5c49178) transitioned into state 'RUNNING' from state 'PENDING' {{(pid=88170) _task_receiver /opt/stack/data/venv/lib/python3.12/site-packages/taskflow/listeners/logging.py:242}}
Jul 24 12:43:14 devstack devstack@c-api.service[88170]: DEBUG cinder.volume.api [None req-0f04ad03-8f1a-419d-ae3a-5a26c76ec593 tempest-GroupSnapshotsV319Test-2049066699 tempest-GroupSnapshotsV319Test-2049066699-project-member] Task 'cinder.volume.flows.api.create_volume.EntryCreateTask;volume:create' (bf0488ef-f675-4a2b-8ea4-4f10f5c49178) transitioned into state 'SUCCESS' from state 'RUNNING' with result '{'volume_id': 'a496279a-450a-43bd-8e84-96b235557c22', 'volume_properties': VolumeProperties(attach_status='detached',availability_zone='nova',cgsnapshot_id=None,consistencygroup_id=None,display_description=None,display_name='tempest-volume-806859197',encryption_key_id=None,group_id=15a7c6dc-21c1-46f6-9c11-8e4ff322a1a2,group_type_id=,metadata={},multiattach=False,project_id='50fffd15a9984fb98964283ba07da57b',qos_specs=None,replication_status=,reservations=['9553680e-5a55-465a-9fd7-97cd8022bbd9','b7e09ded-92ac-43e5-9abe-079129481c57','591c1c31-6b51-4cc9-959f-5266dd581e9c','f197b2a5-73ef-42ba-a070-cbaa5cea9a1d'],size=1,snapshot_id=None,source_replicaid=,source_volid=None,status='creating',user_id='292a7f0c093045179a53c39bc9ed4d78',volume_type_id=dc47895a-156e-410d-9bf2-004bd180e53c), 'volume': Volume(_name_id=None,admin_metadata=,attach_status='detached',availability_zone='nova',bootable=False,cluster=,cluster_name=None,consistencygroup=,consistencygroup_id=None,created_at=2026-07-24T10:43:14Z,deleted=False,deleted_at=None,display_description=None,display_name='tempest-volume-806859197',ec2_id=None,encryption_key_id=None,glance_metadata=,group=,group_id=15a7c6dc-21c1-46f6-9c11-8e4ff322a1a2,host=None,id=a496279a-450a-43bd-8e84-96b235557c22,launched_at=None,metadata={},migration_status=None,multiattach=False,previous_status=None,project_id='50fffd15a9984fb98964283ba07da57b',provider_auth=None,provider_geometry=None,provider_id=None,provider_location=None,replication_driver_data=None,replication_extended_status=None,replication_status=None,scheduled_at=None,service_uuid=None,shared_targets=True,size=1,snapshot_id=None,snapshots=,source_volid=None,status='creating',terminated_at=None,updated_at=None,use_quota=True,user_id='292a7f0c093045179a53c39bc9ed4d78',volume_attachment=VolumeAttachmentList,volume_type=VolumeType(dc47895a-156e-410d-9bf2-004bd180e53c),volume_type_id=dc47895a-156e-410d-9bf2-004bd180e53c)}' {{(pid=88170) _task_receiver /opt/stack/data/venv/lib/python3.12/site-packages/taskflow/listeners/logging.py:218}}
Jul 24 12:43:14 devstack devstack@c-api.service[88170]: DEBUG cinder.volume.api [None req-0f04ad03-8f1a-419d-ae3a-5a26c76ec593 tempest-GroupSnapshotsV319Test-2049066699 tempest-GroupSnapshotsV319Test-2049066699-project-member] Task 'cinder.volume.flows.api.create_volume.QuotaCommitTask;volume:create' (a67223d0-039c-4b20-af2c-4d96d190aabc) transitioned into state 'RUNNING' from state 'PENDING' {{(pid=88170) _task_receiver /opt/stack/data/venv/lib/python3.12/site-packages/taskflow/listeners/logging.py:242}}
Jul 24 12:43:14 devstack devstack@c-api.service[88170]: DEBUG cinder.volume.api [None req-0f04ad03-8f1a-419d-ae3a-5a26c76ec593 tempest-GroupSnapshotsV319Test-2049066699 tempest-GroupSnapshotsV319Test-2049066699-project-member] Task 'cinder.volume.flows.api.create_volume.QuotaCommitTask;volume:create' (a67223d0-039c-4b20-af2c-4d96d190aabc) transitioned into state 'SUCCESS' from state 'RUNNING' with result '{'volume_properties': VolumeProperties(attach_status='detached',availability_zone='nova',cgsnapshot_id=None,consistencygroup_id=None,display_description=None,display_name='tempest-volume-806859197',encryption_key_id=None,group_id=15a7c6dc-21c1-46f6-9c11-8e4ff322a1a2,group_type_id=,metadata={},multiattach=False,project_id='50fffd15a9984fb98964283ba07da57b',qos_specs=None,replication_status=,reservations=['9553680e-5a55-465a-9fd7-97cd8022bbd9','b7e09ded-92ac-43e5-9abe-079129481c57','591c1c31-6b51-4cc9-959f-5266dd581e9c','f197b2a5-73ef-42ba-a070-cbaa5cea9a1d'],size=1,snapshot_id=None,source_replicaid=,source_volid=None,status='creating',user_id='292a7f0c093045179a53c39bc9ed4d78',volume_type_id=dc47895a-156e-410d-9bf2-004bd180e53c)}' {{(pid=88170) _task_receiver /opt/stack/data/venv/lib/python3.12/site-packages/taskflow/listeners/logging.py:218}}
Jul 24 12:43:14 devstack devstack@c-api.service[88170]: DEBUG cinder.volume.api [None req-0f04ad03-8f1a-419d-ae3a-5a26c76ec593 tempest-GroupSnapshotsV319Test-2049066699 tempest-GroupSnapshotsV319Test-2049066699-project-member] Task 'cinder.volume.flows.api.create_volume.VolumeCastTask;volume:create' (364d3b5b-3037-41f9-bd0c-085a08fc258f) transitioned into state 'RUNNING' from state 'PENDING' {{(pid=88170) _task_receiver /opt/stack/data/venv/lib/python3.12/site-packages/taskflow/listeners/logging.py:242}}
Jul 24 12:43:14 devstack devstack@c-api.service[88169]: INFO cinder.api.openstack.wsgi [None req-d0f52093-62b7-486b-8af2-84bb45cf5452 tempest-GroupsV314Test-1740403098 tempest-GroupsV314Test-1740403098-project-admin] POST http://192.168.122.192/volume/v3/types
Jul 24 12:43:14 devstack devstack@c-api.service[88169]: DEBUG cinder.api.openstack.wsgi [None req-d0f52093-62b7-486b-8af2-84bb45cf5452 tempest-GroupsV314Test-1740403098 tempest-GroupsV314Test-1740403098-project-admin] Action: 'create', calling method: _create, body: {"volume_type": {"name": "tempest-GroupsV314Test-volume-type-74789554"}} {{(pid=88169) _process_stack /opt/stack/cinder/cinder/api/openstack/wsgi.py:876}}
Jul 24 12:43:14 devstack devstack@c-api.service[88169]: /opt/stack/data/venv/lib/python3.12/site-packages/oslo_context/context.py:102: DeprecationWarning: Policy enforcement is depending on the value of is_admin. This key is deprecated. Please update your policy file to use the standard policy values.
Jul 24 12:43:14 devstack devstack@c-api.service[88169]: warnings.warn(
Jul 24 12:43:14 devstack devstack@c-api.service[88170]: DEBUG cinder.volume.api [None req-0f04ad03-8f1a-419d-ae3a-5a26c76ec593 tempest-GroupSnapshotsV319Test-2049066699 tempest-GroupSnapshotsV319Test-2049066699-project-member] Task 'cinder.volume.flows.api.create_volume.VolumeCastTask;volume:create' (364d3b5b-3037-41f9-bd0c-085a08fc258f) transitioned into state 'SUCCESS' from state 'RUNNING' with result 'None' {{(pid=88170) _task_receiver /opt/stack/data/venv/lib/python3.12/site-packages/taskflow/listeners/logging.py:218}}
Jul 24 12:43:14 devstack devstack@c-api.service[88170]: DEBUG cinder.volume.api [None req-0f04ad03-8f1a-419d-ae3a-5a26c76ec593 tempest-GroupSnapshotsV319Test-2049066699 tempest-GroupSnapshotsV319Test-2049066699-project-member] Flow 'volume_create_api' (030b2c98-e29f-448a-8896-b90d03550a57) transitioned into state 'SUCCESS' from state 'RUNNING' {{(pid=88170) _flow_receiver /opt/stack/data/venv/lib/python3.12/site-packages/taskflow/listeners/logging.py:160}}
Jul 24 12:43:14 devstack devstack@c-api.service[88170]: INFO cinder.volume.api [None req-0f04ad03-8f1a-419d-ae3a-5a26c76ec593 tempest-GroupSnapshotsV319Test-2049066699 tempest-GroupSnapshotsV319Test-2049066699-project-member] Create volume request issued successfully.
Jul 24 12:43:14 devstack devstack@c-api.service[88170]: WARNING stevedore.named [None req-0f04ad03-8f1a-419d-ae3a-5a26c76ec593 tempest-GroupSnapshotsV319Test-2049066699 tempest-GroupSnapshotsV319Test-2049066699-project-member] Could not load cinder.keymgr.conf_key_mgr.ConfKeyManager
Jul 24 12:43:14 devstack devstack@c-api.service[88170]: WARNING castellan.key_manager [None req-0f04ad03-8f1a-419d-ae3a-5a26c76ec593 tempest-GroupSnapshotsV319Test-2049066699 tempest-GroupSnapshotsV319Test-2049066699-project-member] Deprecation Warning : cinder.keymgr.conf_key_mgr.ConfKeyManager is not a stevedore based driver, trying to load it as a class: stevedore.exception.NoMatches: No 'castellan.drivers' driver found, looking for 'cinder.keymgr.conf_key_mgr.ConfKeyManager'
Jul 24 12:43:14 devstack devstack@c-api.service[88169]: INFO cinder.api.openstack.wsgi [None req-d0f52093-62b7-486b-8af2-84bb45cf5452 tempest-GroupsV314Test-1740403098 tempest-GroupsV314Test-1740403098-project-admin] http://192.168.122.192/volume/v3/types returned with HTTP 200
Jul 24 12:43:14 devstack devstack@c-api.service[88169]: [pid: 88169|app: 0|req: 190/375] 192.168.122.192 () {60 vars in 1136 bytes} [Fri Jul 24 12:43:13 2026] POST /volume/v3/types => generated 218 bytes in 501 msecs (HTTP/1.1 200) 7 headers in 285 bytes (1 switches on core 0)
Jul 24 12:43:14 devstack devstack@c-api.service[88169]: DEBUG cinder.api.middleware.request_id [None req-a28b424e-70fa-4af2-ae02-95e65c20ff04 None None] RequestId filter calling following filter/app {{(pid=88169) _context_setter /opt/stack/cinder/cinder/api/middleware/request_id.py:62}}
Jul 24 12:43:14 devstack devstack@c-api.service[88169]: INFO cinder.api.openstack.wsgi [None req-a28b424e-70fa-4af2-ae02-95e65c20ff04 tempest-GroupsV314Test-1740403098 tempest-GroupsV314Test-1740403098-project-admin] POST http://192.168.122.192/volume/v3/group_types
Jul 24 12:43:14 devstack devstack@c-api.service[88169]: DEBUG cinder.api.openstack.wsgi [None req-a28b424e-70fa-4af2-ae02-95e65c20ff04 tempest-GroupsV314Test-1740403098 tempest-GroupsV314Test-1740403098-project-admin] Action: 'create', calling method: version_select, body: {"group_type": {"name": "tempest-GroupsV314Test-group-type-86958775"}} {{(pid=88169) _process_stack /opt/stack/cinder/cinder/api/openstack/wsgi.py:876}}
Jul 24 12:43:14 devstack devstack@c-api.service[88169]: INFO cinder.api.openstack.wsgi [None req-a28b424e-70fa-4af2-ae02-95e65c20ff04 tempest-GroupsV314Test-1740403098 tempest-GroupsV314Test-1740403098-project-admin] http://192.168.122.192/volume/v3/group_types returned with HTTP 202
Jul 24 12:43:14 devstack devstack@c-api.service[88169]: [pid: 88169|app: 0|req: 191/376] 192.168.122.192 () {62 vars in 1195 bytes} [Fri Jul 24 12:43:14 2026] POST /volume/v3/group_types => generated 175 bytes in 119 msecs (HTTP/1.1 202) 7 headers in 292 bytes (1 switches on core 0)
Jul 24 12:43:14 devstack devstack@c-api.service[88169]: DEBUG cinder.api.middleware.request_id [None req-441e1963-5ed8-42f8-a81f-0e01c28eb95d None None] RequestId filter calling following filter/app {{(pid=88169) _context_setter /opt/stack/cinder/cinder/api/middleware/request_id.py:62}}
Jul 24 12:43:14 devstack devstack@c-api.service[88170]: DEBUG oslo_db.sqlalchemy.engines [None req-0f04ad03-8f1a-419d-ae3a-5a26c76ec593 tempest-GroupSnapshotsV319Test-2049066699 tempest-GroupSnapshotsV319Test-2049066699-project-member] MySQL server mode set to STRICT_TRANS_TABLES,STRICT_ALL_TABLES,NO_ZERO_IN_DATE,NO_ZERO_DATE,ERROR_FOR_DIVISION_BY_ZERO,TRADITIONAL,NO_ENGINE_SUBSTITUTION {{(pid=88170) _check_effective_sql_mode /opt/stack/data/venv/lib/python3.12/site-packages/oslo_db/sqlalchemy/engines.py:325}}
Jul 24 12:43:14 devstack devstack@c-api.service[88170]: /opt/stack/data/venv/lib/python3.12/site-packages/oslo_context/context.py:102: DeprecationWarning: Policy enforcement is depending on the value of is_admin. This key is deprecated. Please update your policy file to use the standard policy values.
Jul 24 12:43:14 devstack devstack@c-api.service[88170]: warnings.warn(
Jul 24 12:43:14 devstack devstack@c-api.service[88170]: INFO cinder.api.openstack.wsgi [None req-0f04ad03-8f1a-419d-ae3a-5a26c76ec593 tempest-GroupSnapshotsV319Test-2049066699 tempest-GroupSnapshotsV319Test-2049066699-project-member] http://192.168.122.192/volume/v3/volumes returned with HTTP 202
Jul 24 12:43:14 devstack devstack@c-api.service[88170]: [pid: 88170|app: 0|req: 186/377] 192.168.122.192 () {62 vars in 1184 bytes} [Fri Jul 24 12:43:13 2026] POST /volume/v3/volumes => generated 834 bytes in 1352 msecs (HTTP/1.1 202) 7 headers in 292 bytes (1 switches on core 0)
Jul 24 12:43:14 devstack devstack@c-api.service[88170]: DEBUG cinder.api.middleware.request_id [None req-691693e9-fb5a-4708-95fa-7821a039a808 None None] RequestId filter calling following filter/app {{(pid=88170) _context_setter /opt/stack/cinder/cinder/api/middleware/request_id.py:62}}
Jul 24 12:43:14 devstack devstack@c-api.service[88170]: INFO cinder.api.openstack.wsgi [None req-691693e9-fb5a-4708-95fa-7821a039a808 tempest-GroupSnapshotsV319Test-2049066699 tempest-GroupSnapshotsV319Test-2049066699-project-member] GET http://192.168.122.192/volume/v3/volumes/a496279a-450a-43bd-8e84-96b235557c22
Jul 24 12:43:14 devstack devstack@c-api.service[88170]: DEBUG cinder.api.openstack.wsgi [None req-691693e9-fb5a-4708-95fa-7821a039a808 tempest-GroupSnapshotsV319Test-2049066699 tempest-GroupSnapshotsV319Test-2049066699-project-member] Empty body provided in request {{(pid=88170) get_body /opt/stack/cinder/cinder/api/openstack/wsgi.py:725}}
Jul 24 12:43:14 devstack devstack@c-api.service[88170]: DEBUG cinder.api.openstack.wsgi [None req-691693e9-fb5a-4708-95fa-7821a039a808 tempest-GroupSnapshotsV319Test-2049066699 tempest-GroupSnapshotsV319Test-2049066699-project-member] Calling method 'show' {{(pid=88170) _process_stack /opt/stack/cinder/cinder/api/openstack/wsgi.py:878}}
Jul 24 12:43:15 devstack devstack@c-api.service[88170]: /opt/stack/data/venv/lib/python3.12/site-packages/oslo_context/context.py:102: DeprecationWarning: Policy enforcement is depending on the value of is_admin. This key is deprecated. Please update your policy file to use the standard policy values.
Jul 24 12:43:15 devstack devstack@c-api.service[88170]: warnings.warn(
Jul 24 12:43:15 devstack devstack@c-api.service[88170]: INFO cinder.volume.api [None req-691693e9-fb5a-4708-95fa-7821a039a808 tempest-GroupSnapshotsV319Test-2049066699 tempest-GroupSnapshotsV319Test-2049066699-project-member] Volume info retrieved successfully.
Jul 24 12:43:15 devstack devstack@c-api.service[88170]: WARNING stevedore.named [None req-691693e9-fb5a-4708-95fa-7821a039a808 tempest-GroupSnapshotsV319Test-2049066699 tempest-GroupSnapshotsV319Test-2049066699-project-member] Could not load cinder.keymgr.conf_key_mgr.ConfKeyManager
Jul 24 12:43:15 devstack devstack@c-api.service[88170]: WARNING castellan.key_manager [None req-691693e9-fb5a-4708-95fa-7821a039a808 tempest-GroupSnapshotsV319Test-2049066699 tempest-GroupSnapshotsV319Test-2049066699-project-member] Deprecation Warning : cinder.keymgr.conf_key_mgr.ConfKeyManager is not a stevedore based driver, trying to load it as a class: stevedore.exception.NoMatches: No 'castellan.drivers' driver found, looking for 'cinder.keymgr.conf_key_mgr.ConfKeyManager'
Jul 24 12:43:15 devstack devstack@c-api.service[88169]: INFO cinder.api.openstack.wsgi [None req-441e1963-5ed8-42f8-a81f-0e01c28eb95d tempest-GroupsV314Test-1270878288 tempest-GroupsV314Test-1270878288-project-member] POST http://192.168.122.192/volume/v3/groups
Jul 24 12:43:15 devstack devstack@c-api.service[88169]: DEBUG cinder.api.openstack.wsgi [None req-441e1963-5ed8-42f8-a81f-0e01c28eb95d tempest-GroupsV314Test-1270878288 tempest-GroupsV314Test-1270878288-project-member] Action: 'create', calling method: version_select, body: {"group": {"group_type": "553ba1f2-f0f9-4f10-9778-04afd0d1978f", "volume_types": ["9fe5e755-df28-46f6-8afc-d50819c7fb8b"], "name": "tempest-GroupsV314Test-Group-817290694"}} {{(pid=88169) _process_stack /opt/stack/cinder/cinder/api/openstack/wsgi.py:876}}
Jul 24 12:43:15 devstack devstack@c-api.service[88170]: DEBUG oslo_db.sqlalchemy.engines [None req-691693e9-fb5a-4708-95fa-7821a039a808 tempest-GroupSnapshotsV319Test-2049066699 tempest-GroupSnapshotsV319Test-2049066699-project-member] MySQL server mode set to STRICT_TRANS_TABLES,STRICT_ALL_TABLES,NO_ZERO_IN_DATE,NO_ZERO_DATE,ERROR_FOR_DIVISION_BY_ZERO,TRADITIONAL,NO_ENGINE_SUBSTITUTION {{(pid=88170) _check_effective_sql_mode /opt/stack/data/venv/lib/python3.12/site-packages/oslo_db/sqlalchemy/engines.py:325}}
Jul 24 12:43:15 devstack devstack@c-api.service[88169]: DEBUG cinder.api.v3.groups [None req-441e1963-5ed8-42f8-a81f-0e01c28eb95d tempest-GroupsV314Test-1270878288 tempest-GroupsV314Test-1270878288-project-member] Creating new group {'group': {'group_type': '553ba1f2-f0f9-4f10-9778-04afd0d1978f', 'volume_types': ['9fe5e755-df28-46f6-8afc-d50819c7fb8b'], 'name': 'tempest-GroupsV314Test-Group-817290694'}} {{(pid=88169) create /opt/stack/cinder/cinder/api/v3/groups.py:190}}
Jul 24 12:43:15 devstack devstack@c-api.service[88170]: /opt/stack/data/venv/lib/python3.12/site-packages/oslo_context/context.py:102: DeprecationWarning: Policy enforcement is depending on the value of is_admin. This key is deprecated. Please update your policy file to use the standard policy values.
Jul 24 12:43:15 devstack devstack@c-api.service[88170]: warnings.warn(
Jul 24 12:43:15 devstack devstack@c-api.service[88169]: INFO cinder.api.v3.groups [None req-441e1963-5ed8-42f8-a81f-0e01c28eb95d tempest-GroupsV314Test-1270878288 tempest-GroupsV314Test-1270878288-project-member] Creating group tempest-GroupsV314Test-Group-817290694.
Jul 24 12:43:15 devstack devstack@c-api.service[88170]: INFO cinder.api.openstack.wsgi [None req-691693e9-fb5a-4708-95fa-7821a039a808 tempest-GroupSnapshotsV319Test-2049066699 tempest-GroupSnapshotsV319Test-2049066699-project-member] http://192.168.122.192/volume/v3/volumes/a496279a-450a-43bd-8e84-96b235557c22 returned with HTTP 200
Jul 24 12:43:15 devstack devstack@c-api.service[88170]: [pid: 88170|app: 0|req: 187/378] 192.168.122.192 () {60 vars in 1273 bytes} [Fri Jul 24 12:43:14 2026] GET /volume/v3/volumes/a496279a-450a-43bd-8e84-96b235557c22 => generated 926 bytes in 511 msecs (HTTP/1.1 200) 7 headers in 286 bytes (1 switches on core 0)
Jul 24 12:43:15 devstack devstack@c-api.service[88169]: INFO cinder.volume.api [None req-441e1963-5ed8-42f8-a81f-0e01c28eb95d tempest-GroupsV314Test-1270878288 tempest-GroupsV314Test-1270878288-project-member] Availability Zones retrieved successfully.
Jul 24 12:43:15 devstack devstack@c-api.service[88169]: DEBUG cinder.quota [None req-441e1963-5ed8-42f8-a81f-0e01c28eb95d tempest-GroupsV314Test-1270878288 tempest-GroupsV314Test-1270878288-project-member] Created reservations ['012118e8-dd9a-45c8-914c-19b28d911b4d'] {{(pid=88169) reserve /opt/stack/cinder/cinder/quota.py:752}}
Jul 24 12:43:15 devstack devstack@c-api.service[88169]: INFO cinder.api.openstack.wsgi [None req-441e1963-5ed8-42f8-a81f-0e01c28eb95d tempest-GroupsV314Test-1270878288 tempest-GroupsV314Test-1270878288-project-member] http://192.168.122.192/volume/v3/groups returned with HTTP 202
