Jul 24 12:44:30 devstack sudo[96428]: quobyte : PWD=/ ; USER=root ; COMMAND=/opt/stack/data/venv/bin/cinder-rootwrap /etc/cinder/rootwrap.conf qemu-img create -f qcow2 -o backing_file=/opt/stack/data/cinder/mnt/5fe0de35d0dd1f9935787dccf5936892/volume-67ee3165-c605-4c77-b6a0-21655f060e14.10673c80-3d37-4574-a3cb-cec59e742493,backing_fmt=qcow2 /opt/stack/data/cinder/mnt/5fe0de35d0dd1f9935787dccf5936892/volume-67ee3165-c605-4c77-b6a0-21655f060e14.962aa429-47eb-426c-92c8-980131b0133c 1G
Jul 24 12:44:30 devstack sudo[96428]: pam_unix(sudo:session): session opened for user root(uid=0) by (uid=1000)
Jul 24 12:44:30 devstack cinder-volume[88540]: DEBUG cinder.coordination [None req-464b438a-592d-4691-8d8e-6ace095676bf tempest-VolumeTypesAccessTest-1908659327 None] Acquiring lock "cinder-a9a7938b-6a67-4590-8b42-d3e6c758db06-delete_volume" by "delete_volume" {{(pid=88540) __acquire /opt/stack/cinder/cinder/coordination.py:138}}
Jul 24 12:44:30 devstack cinder-volume[88540]: DEBUG cinder.coordination [None req-464b438a-592d-4691-8d8e-6ace095676bf tempest-VolumeTypesAccessTest-1908659327 None] Lock "cinder-a9a7938b-6a67-4590-8b42-d3e6c758db06-delete_volume" acquired by "delete_volume" :: waited 0.045s {{(pid=88540) __acquire /opt/stack/cinder/cinder/coordination.py:141}}
Jul 24 12:44:30 devstack cinder-volume[88540]: INFO cinder.volume.manager [req-903b932a-0d23-402d-8c30-673e08742003 req-5060f3d0-c5dd-4863-9911-da47cdbebdf6 tempest-AttachVolumeNegativeTest-387448775 None] Terminate volume connection completed successfully.
Jul 24 12:44:30 devstack cinder-volume[88540]: DEBUG cinder.volume.manager [req-903b932a-0d23-402d-8c30-673e08742003 req-5060f3d0-c5dd-4863-9911-da47cdbebdf6 tempest-AttachVolumeNegativeTest-387448775 None] Deleting attachment 3d1b5e4a-7a37-49cf-af1b-e713ba937ec6. {{(pid=88540) attachment_delete /opt/stack/cinder/cinder/volume/manager.py:5055}}
Jul 24 12:44:30 devstack cinder-volume[88540]: DEBUG cinder.coordination [None req-464b438a-592d-4691-8d8e-6ace095676bf tempest-VolumeTypesAccessTest-1908659327 None] Acquiring lock "cinder-quobyte-a9a7938b-6a67-4590-8b42-d3e6c758db06" by "delete_volume" {{(pid=88540) __acquire /opt/stack/cinder/cinder/coordination.py:138}}
Jul 24 12:44:30 devstack cinder-volume[88540]: DEBUG cinder.coordination [None req-464b438a-592d-4691-8d8e-6ace095676bf tempest-VolumeTypesAccessTest-1908659327 None] Lock "cinder-quobyte-a9a7938b-6a67-4590-8b42-d3e6c758db06" acquired by "delete_volume" :: waited 0.015s {{(pid=88540) __acquire /opt/stack/cinder/cinder/coordination.py:141}}
Jul 24 12:44:30 devstack cinder-volume[88540]: DEBUG oslo.privsep.daemon [-] privsep: reply[0da63ee9-4108-4834-a7e3-1bdac21a7dbc]: (4, 'qcow2') {{(pid=89605) _call_back /opt/stack/data/venv/lib/python3.12/site-packages/oslo_privsep/daemon.py:580}}
Jul 24 12:44:30 devstack cinder-volume[88540]: DEBUG oslo_concurrency.processutils [None req-464b438a-592d-4691-8d8e-6ace095676bf tempest-VolumeTypesAccessTest-1908659327 None] Running cmd (subprocess): /opt/stack/data/venv/bin/python3.12 -m oslo_concurrency.prlimit --as=1073741824 --cpu=60 -- sudo cinder-rootwrap /etc/cinder/rootwrap.conf env LC_ALL=C qemu-img info -f qcow2 --output=json --force-share /opt/stack/data/cinder/mnt/5fe0de35d0dd1f9935787dccf5936892/volume-a9a7938b-6a67-4590-8b42-d3e6c758db06 {{(pid=88540) execute /opt/stack/data/venv/lib/python3.12/site-packages/oslo_concurrency/processutils.py:440}}
Jul 24 12:44:30 devstack sudo[96437]: quobyte : PWD=/ ; USER=root ; COMMAND=/opt/stack/data/venv/bin/cinder-rootwrap /etc/cinder/rootwrap.conf env LC_ALL=C qemu-img info -f qcow2 --output=json --force-share /opt/stack/data/cinder/mnt/5fe0de35d0dd1f9935787dccf5936892/volume-a9a7938b-6a67-4590-8b42-d3e6c758db06
Jul 24 12:44:30 devstack sudo[96437]: pam_unix(sudo:session): session opened for user root(uid=0) by (uid=1000)
Jul 24 12:44:30 devstack sudo[96428]: pam_unix(sudo:session): session closed for user root
Jul 24 12:44:30 devstack cinder-volume[88540]: DEBUG oslo_concurrency.processutils [None req-4f409f4f-a4ce-4ce8-b0ee-b4fd80b2c76e tempest-SnapshotsActionsTest-1486704715 None] CMD "sudo cinder-rootwrap /etc/cinder/rootwrap.conf qemu-img create -f qcow2 -o backing_file=/opt/stack/data/cinder/mnt/5fe0de35d0dd1f9935787dccf5936892/volume-67ee3165-c605-4c77-b6a0-21655f060e14.10673c80-3d37-4574-a3cb-cec59e742493,backing_fmt=qcow2 /opt/stack/data/cinder/mnt/5fe0de35d0dd1f9935787dccf5936892/volume-67ee3165-c605-4c77-b6a0-21655f060e14.962aa429-47eb-426c-92c8-980131b0133c 1G" returned: 0 in 0.628s {{(pid=88540) execute /opt/stack/data/venv/lib/python3.12/site-packages/oslo_concurrency/processutils.py:468}}
Jul 24 12:44:30 devstack cinder-volume[88540]: DEBUG oslo_concurrency.processutils [None req-4f409f4f-a4ce-4ce8-b0ee-b4fd80b2c76e tempest-SnapshotsActionsTest-1486704715 None] Running cmd (subprocess): sudo cinder-rootwrap /etc/cinder/rootwrap.conf qemu-img rebase -u -b volume-67ee3165-c605-4c77-b6a0-21655f060e14.10673c80-3d37-4574-a3cb-cec59e742493 -F qcow2 /opt/stack/data/cinder/mnt/5fe0de35d0dd1f9935787dccf5936892/volume-67ee3165-c605-4c77-b6a0-21655f060e14.962aa429-47eb-426c-92c8-980131b0133c {{(pid=88540) execute /opt/stack/data/venv/lib/python3.12/site-packages/oslo_concurrency/processutils.py:440}}
Jul 24 12:44:30 devstack sudo[96439]: quobyte : PWD=/ ; USER=root ; COMMAND=/opt/stack/data/venv/bin/cinder-rootwrap /etc/cinder/rootwrap.conf qemu-img rebase -u -b volume-67ee3165-c605-4c77-b6a0-21655f060e14.10673c80-3d37-4574-a3cb-cec59e742493 -F qcow2 /opt/stack/data/cinder/mnt/5fe0de35d0dd1f9935787dccf5936892/volume-67ee3165-c605-4c77-b6a0-21655f060e14.962aa429-47eb-426c-92c8-980131b0133c
Jul 24 12:44:30 devstack sudo[96439]: pam_unix(sudo:session): session opened for user root(uid=0) by (uid=1000)
Jul 24 12:44:31 devstack sudo[96437]: pam_unix(sudo:session): session closed for user root
Jul 24 12:44:31 devstack cinder-volume[88540]: DEBUG oslo_concurrency.processutils [None req-464b438a-592d-4691-8d8e-6ace095676bf tempest-VolumeTypesAccessTest-1908659327 None] CMD "/opt/stack/data/venv/bin/python3.12 -m oslo_concurrency.prlimit --as=1073741824 --cpu=60 -- sudo cinder-rootwrap /etc/cinder/rootwrap.conf env LC_ALL=C qemu-img info -f qcow2 --output=json --force-share /opt/stack/data/cinder/mnt/5fe0de35d0dd1f9935787dccf5936892/volume-a9a7938b-6a67-4590-8b42-d3e6c758db06" returned: 0 in 0.451s {{(pid=88540) execute /opt/stack/data/venv/lib/python3.12/site-packages/oslo_concurrency/processutils.py:468}}
Jul 24 12:44:31 devstack cinder-volume[88540]: DEBUG oslo_concurrency.processutils [None req-464b438a-592d-4691-8d8e-6ace095676bf tempest-VolumeTypesAccessTest-1908659327 None] Running cmd (subprocess): sudo cinder-rootwrap /etc/cinder/rootwrap.conf rm -f /opt/stack/data/cinder/mnt/5fe0de35d0dd1f9935787dccf5936892/volume-a9a7938b-6a67-4590-8b42-d3e6c758db06 {{(pid=88540) execute /opt/stack/data/venv/lib/python3.12/site-packages/oslo_concurrency/processutils.py:440}}
Jul 24 12:44:31 devstack sudo[96444]: quobyte : PWD=/ ; USER=root ; COMMAND=/opt/stack/data/venv/bin/cinder-rootwrap /etc/cinder/rootwrap.conf rm -f /opt/stack/data/cinder/mnt/5fe0de35d0dd1f9935787dccf5936892/volume-a9a7938b-6a67-4590-8b42-d3e6c758db06
Jul 24 12:44:31 devstack sudo[96444]: pam_unix(sudo:session): session opened for user root(uid=0) by (uid=1000)
Jul 24 12:44:31 devstack sudo[96439]: pam_unix(sudo:session): session closed for user root
Jul 24 12:44:31 devstack cinder-volume[88540]: DEBUG oslo_concurrency.processutils [None req-4f409f4f-a4ce-4ce8-b0ee-b4fd80b2c76e tempest-SnapshotsActionsTest-1486704715 None] CMD "sudo cinder-rootwrap /etc/cinder/rootwrap.conf qemu-img rebase -u -b volume-67ee3165-c605-4c77-b6a0-21655f060e14.10673c80-3d37-4574-a3cb-cec59e742493 -F qcow2 /opt/stack/data/cinder/mnt/5fe0de35d0dd1f9935787dccf5936892/volume-67ee3165-c605-4c77-b6a0-21655f060e14.962aa429-47eb-426c-92c8-980131b0133c" returned: 0 in 0.378s {{(pid=88540) execute /opt/stack/data/venv/lib/python3.12/site-packages/oslo_concurrency/processutils.py:468}}
Jul 24 12:44:31 devstack cinder-volume[88540]: WARNING cinder.volume.drivers.remotefs [None req-4f409f4f-a4ce-4ce8-b0ee-b4fd80b2c76e tempest-SnapshotsActionsTest-1486704715 None] /opt/stack/data/cinder/mnt/5fe0de35d0dd1f9935787dccf5936892/volume-67ee3165-c605-4c77-b6a0-21655f060e14.962aa429-47eb-426c-92c8-980131b0133c is being set with open permissions: ugo+rw
Jul 24 12:44:31 devstack cinder-volume[88540]: DEBUG oslo_concurrency.processutils [None req-4f409f4f-a4ce-4ce8-b0ee-b4fd80b2c76e tempest-SnapshotsActionsTest-1486704715 None] Running cmd (subprocess): sudo cinder-rootwrap /etc/cinder/rootwrap.conf chmod ugo+rw /opt/stack/data/cinder/mnt/5fe0de35d0dd1f9935787dccf5936892/volume-67ee3165-c605-4c77-b6a0-21655f060e14.962aa429-47eb-426c-92c8-980131b0133c {{(pid=88540) execute /opt/stack/data/venv/lib/python3.12/site-packages/oslo_concurrency/processutils.py:440}}
Jul 24 12:44:31 devstack sudo[96449]: quobyte : PWD=/ ; USER=root ; COMMAND=/opt/stack/data/venv/bin/cinder-rootwrap /etc/cinder/rootwrap.conf chmod ugo+rw /opt/stack/data/cinder/mnt/5fe0de35d0dd1f9935787dccf5936892/volume-67ee3165-c605-4c77-b6a0-21655f060e14.962aa429-47eb-426c-92c8-980131b0133c
Jul 24 12:44:31 devstack sudo[96449]: pam_unix(sudo:session): session opened for user root(uid=0) by (uid=1000)
Jul 24 12:44:31 devstack sudo[96444]: pam_unix(sudo:session): session closed for user root
Jul 24 12:44:31 devstack cinder-volume[88540]: DEBUG oslo_concurrency.processutils [None req-464b438a-592d-4691-8d8e-6ace095676bf tempest-VolumeTypesAccessTest-1908659327 None] CMD "sudo cinder-rootwrap /etc/cinder/rootwrap.conf rm -f /opt/stack/data/cinder/mnt/5fe0de35d0dd1f9935787dccf5936892/volume-a9a7938b-6a67-4590-8b42-d3e6c758db06" returned: 0 in 0.344s {{(pid=88540) execute /opt/stack/data/venv/lib/python3.12/site-packages/oslo_concurrency/processutils.py:468}}
Jul 24 12:44:31 devstack cinder-volume[88540]: DEBUG cinder.coordination [None req-464b438a-592d-4691-8d8e-6ace095676bf tempest-VolumeTypesAccessTest-1908659327 None] Lock "cinder-quobyte-a9a7938b-6a67-4590-8b42-d3e6c758db06" released by "delete_volume" :: held 0.876s {{(pid=88540) __release /opt/stack/cinder/cinder/coordination.py:152}}
Jul 24 12:44:31 devstack cinder-volume[88540]: WARNING cinder.quota [None req-464b438a-592d-4691-8d8e-6ace095676bf tempest-VolumeTypesAccessTest-1908659327 None] Deprecated: Default quota for resource: volumes_tempest-VolumeTypesAccessTest-volume-type-201479304 is set by the default quota flag: quota_volumes_tempest-VolumeTypesAccessTest-volume-type-201479304, it is now deprecated. Please use the default quota class for default quota.
Jul 24 12:44:31 devstack cinder-volume[88540]: WARNING cinder.quota [None req-464b438a-592d-4691-8d8e-6ace095676bf tempest-VolumeTypesAccessTest-1908659327 None] Deprecated: Default quota for resource: gigabytes_tempest-VolumeTypesAccessTest-volume-type-201479304 is set by the default quota flag: quota_gigabytes_tempest-VolumeTypesAccessTest-volume-type-201479304, it is now deprecated. Please use the default quota class for default quota.
Jul 24 12:44:31 devstack cinder-volume[88540]: DEBUG cinder.quota [None req-464b438a-592d-4691-8d8e-6ace095676bf tempest-VolumeTypesAccessTest-1908659327 None] Created reservations ['70bd37c6-8d1c-49f5-a387-f06b04c9d611', '4f4d9a27-4bc6-480e-ba07-3fd53cafecd7', 'e8117911-dc16-4c2e-bcdb-7fbe0348baa3', 'd2350211-18c5-47e6-a106-d9886b4ce752'] {{(pid=88540) reserve /opt/stack/cinder/cinder/quota.py:752}}
Jul 24 12:44:31 devstack cinder-volume[88540]: DEBUG oslo_concurrency.lockutils [None req-464b438a-592d-4691-8d8e-6ace095676bf tempest-VolumeTypesAccessTest-1908659327 None] Acquiring lock "quobyte_ensure" by "cinder.volume.drivers.quobyte.QuobyteDriver._ensure_shares_mounted" {{(pid=88540) inner /opt/stack/data/venv/lib/python3.12/site-packages/oslo_concurrency/lockutils.py:512}}
Jul 24 12:44:31 devstack cinder-volume[88540]: DEBUG oslo_concurrency.lockutils [None req-464b438a-592d-4691-8d8e-6ace095676bf tempest-VolumeTypesAccessTest-1908659327 None] Lock "quobyte_ensure" acquired by "cinder.volume.drivers.quobyte.QuobyteDriver._ensure_shares_mounted" :: waited 0.001s {{(pid=88540) inner /opt/stack/data/venv/lib/python3.12/site-packages/oslo_concurrency/lockutils.py:525}}
Jul 24 12:44:31 devstack cinder-volume[88540]: DEBUG cinder.volume.drivers.quobyte [None req-464b438a-592d-4691-8d8e-6ace095676bf tempest-VolumeTypesAccessTest-1908659327 None] Quobyte Volume URL set to: {'osci02.corp.quobyte.com/cinder-vol-10189ae9-ccd9-4972-87ee-c2cef0b0c9c4': None} {{(pid=88540) _load_shares_config /opt/stack/cinder/cinder/volume/drivers/quobyte.py:651}}
Jul 24 12:44:31 devstack cinder-volume[88540]: DEBUG cinder.volume.drivers.quobyte [None req-464b438a-592d-4691-8d8e-6ace095676bf tempest-VolumeTypesAccessTest-1908659327 None] Available shares ['osci02.corp.quobyte.com/cinder-vol-10189ae9-ccd9-4972-87ee-c2cef0b0c9c4'] {{(pid=88540) _ensure_shares_mounted /opt/stack/cinder/cinder/volume/drivers/quobyte.py:681}}
Jul 24 12:44:31 devstack cinder-volume[88540]: DEBUG oslo_concurrency.lockutils [None req-464b438a-592d-4691-8d8e-6ace095676bf tempest-VolumeTypesAccessTest-1908659327 None] Lock "quobyte_ensure" "released" by "cinder.volume.drivers.quobyte.QuobyteDriver._ensure_shares_mounted" :: held 0.010s {{(pid=88540) inner /opt/stack/data/venv/lib/python3.12/site-packages/oslo_concurrency/lockutils.py:544}}
Jul 24 12:44:31 devstack cinder-volume[88540]: DEBUG oslo_concurrency.processutils [None req-464b438a-592d-4691-8d8e-6ace095676bf tempest-VolumeTypesAccessTest-1908659327 None] Running cmd (subprocess): sudo cinder-rootwrap /etc/cinder/rootwrap.conf df --portability --block-size 1 /opt/stack/data/cinder/mnt/5fe0de35d0dd1f9935787dccf5936892 {{(pid=88540) execute /opt/stack/data/venv/lib/python3.12/site-packages/oslo_concurrency/processutils.py:440}}
Jul 24 12:44:31 devstack sudo[96449]: pam_unix(sudo:session): session closed for user root
Jul 24 12:44:31 devstack cinder-volume[88540]: DEBUG oslo_concurrency.processutils [None req-4f409f4f-a4ce-4ce8-b0ee-b4fd80b2c76e tempest-SnapshotsActionsTest-1486704715 None] CMD "sudo cinder-rootwrap /etc/cinder/rootwrap.conf chmod ugo+rw /opt/stack/data/cinder/mnt/5fe0de35d0dd1f9935787dccf5936892/volume-67ee3165-c605-4c77-b6a0-21655f060e14.962aa429-47eb-426c-92c8-980131b0133c" returned: 0 in 0.387s {{(pid=88540) execute /opt/stack/data/venv/lib/python3.12/site-packages/oslo_concurrency/processutils.py:468}}
Jul 24 12:44:31 devstack sudo[96456]: quobyte : PWD=/ ; USER=root ; COMMAND=/opt/stack/data/venv/bin/cinder-rootwrap /etc/cinder/rootwrap.conf df --portability --block-size 1 /opt/stack/data/cinder/mnt/5fe0de35d0dd1f9935787dccf5936892
Jul 24 12:44:31 devstack sudo[96456]: pam_unix(sudo:session): session opened for user root(uid=0) by (uid=1000)
Jul 24 12:44:31 devstack cinder-volume[88540]: DEBUG oslo_concurrency.lockutils [None req-4f409f4f-a4ce-4ce8-b0ee-b4fd80b2c76e tempest-SnapshotsActionsTest-1486704715 None] Lock "quobyte" "released" by "cinder.volume.drivers.quobyte.QuobyteDriver.create_snapshot" :: held 2.018s {{(pid=88540) inner /opt/stack/data/venv/lib/python3.12/site-packages/oslo_concurrency/lockutils.py:544}}
Jul 24 12:44:31 devstack cinder-volume[88540]: INFO cinder.volume.manager [None req-4f409f4f-a4ce-4ce8-b0ee-b4fd80b2c76e tempest-SnapshotsActionsTest-1486704715 None] Create snapshot completed successfully
Jul 24 12:44:31 devstack sudo[96456]: pam_unix(sudo:session): session closed for user root
Jul 24 12:44:31 devstack cinder-volume[88540]: DEBUG oslo_concurrency.processutils [None req-464b438a-592d-4691-8d8e-6ace095676bf tempest-VolumeTypesAccessTest-1908659327 None] CMD "sudo cinder-rootwrap /etc/cinder/rootwrap.conf df --portability --block-size 1 /opt/stack/data/cinder/mnt/5fe0de35d0dd1f9935787dccf5936892" returned: 0 in 0.348s {{(pid=88540) execute /opt/stack/data/venv/lib/python3.12/site-packages/oslo_concurrency/processutils.py:468}}
Jul 24 12:44:31 devstack cinder-volume[88540]: DEBUG cinder.manager [None req-464b438a-592d-4691-8d8e-6ace095676bf tempest-VolumeTypesAccessTest-1908659327 None] Notifying Schedulers of capabilities ... {{(pid=88540) _publish_service_capabilities /opt/stack/cinder/cinder/manager.py:219}}
Jul 24 12:44:31 devstack cinder-volume[88540]: INFO cinder.volume.manager [None req-464b438a-592d-4691-8d8e-6ace095676bf tempest-VolumeTypesAccessTest-1908659327 None] Deleted volume successfully.
Jul 24 12:44:32 devstack cinder-volume[88540]: DEBUG cinder.coordination [None req-464b438a-592d-4691-8d8e-6ace095676bf tempest-VolumeTypesAccessTest-1908659327 None] Lock "cinder-a9a7938b-6a67-4590-8b42-d3e6c758db06-delete_volume" released by "delete_volume" :: held 1.533s {{(pid=88540) __release /opt/stack/cinder/cinder/coordination.py:152}}
Jul 24 12:44:32 devstack cinder-volume[88540]: DEBUG cinder.coordination [None req-44f1cbcc-eca8-4518-b658-ac051bfcc796 tempest-SnapshotsActionsTest-380960932 None] Acquiring lock "cinder-962aa429-47eb-426c-92c8-980131b0133c-delete_snapshot" by "delete_snapshot" {{(pid=88540) __acquire /opt/stack/cinder/cinder/coordination.py:138}}
Jul 24 12:44:32 devstack cinder-volume[88540]: DEBUG cinder.coordination [None req-44f1cbcc-eca8-4518-b658-ac051bfcc796 tempest-SnapshotsActionsTest-380960932 None] Lock "cinder-962aa429-47eb-426c-92c8-980131b0133c-delete_snapshot" acquired by "delete_snapshot" :: waited 0.045s {{(pid=88540) __acquire /opt/stack/cinder/cinder/coordination.py:141}}
Jul 24 12:44:32 devstack cinder-volume[88540]: DEBUG cinder.coordination [None req-44f1cbcc-eca8-4518-b658-ac051bfcc796 tempest-SnapshotsActionsTest-380960932 None] Acquiring lock "cinder-quobyte-67ee3165-c605-4c77-b6a0-21655f060e14" by "delete_snapshot" {{(pid=88540) __acquire /opt/stack/cinder/cinder/coordination.py:138}}
Jul 24 12:44:32 devstack cinder-volume[88540]: DEBUG cinder.coordination [None req-44f1cbcc-eca8-4518-b658-ac051bfcc796 tempest-SnapshotsActionsTest-380960932 None] Lock "cinder-quobyte-67ee3165-c605-4c77-b6a0-21655f060e14" acquired by "delete_snapshot" :: waited 0.032s {{(pid=88540) __acquire /opt/stack/cinder/cinder/coordination.py:141}}
Jul 24 12:44:32 devstack cinder-volume[88540]: DEBUG cinder.coordination [None req-44f1cbcc-eca8-4518-b658-ac051bfcc796 tempest-SnapshotsActionsTest-380960932 None] Acquiring lock "cinder-quobyte-962aa429-47eb-426c-92c8-980131b0133c" by "_delete_snapshot" {{(pid=88540) __acquire /opt/stack/cinder/cinder/coordination.py:138}}
Jul 24 12:44:32 devstack cinder-volume[88540]: DEBUG cinder.coordination [None req-44f1cbcc-eca8-4518-b658-ac051bfcc796 tempest-SnapshotsActionsTest-380960932 None] Lock "cinder-quobyte-962aa429-47eb-426c-92c8-980131b0133c" acquired by "_delete_snapshot" :: waited 0.034s {{(pid=88540) __acquire /opt/stack/cinder/cinder/coordination.py:141}}
Jul 24 12:44:32 devstack cinder-volume[88540]: DEBUG cinder.volume.drivers.remotefs [None req-44f1cbcc-eca8-4518-b658-ac051bfcc796 tempest-SnapshotsActionsTest-380960932 None] Deleting offline snapshot 962aa429-47eb-426c-92c8-980131b0133c of volume 67ee3165-c605-4c77-b6a0-21655f060e14 {{(pid=88540) _delete_snapshot /opt/stack/cinder/cinder/volume/drivers/remotefs.py:1288}}
Jul 24 12:44:32 devstack cinder-volume[88540]: DEBUG cinder.volume.drivers.remotefs [None req-44f1cbcc-eca8-4518-b658-ac051bfcc796 tempest-SnapshotsActionsTest-380960932 None] snapshot_file for this snap is: volume-67ee3165-c605-4c77-b6a0-21655f060e14.962aa429-47eb-426c-92c8-980131b0133c {{(pid=88540) _delete_snapshot /opt/stack/cinder/cinder/volume/drivers/remotefs.py:1317}}
Jul 24 12:44:32 devstack cinder-volume[88540]: DEBUG oslo.privsep.daemon [-] privsep: reply[24472855-2d2e-4d3c-994e-5f9a814362f2]: (4, 'qcow2') {{(pid=89605) _call_back /opt/stack/data/venv/lib/python3.12/site-packages/oslo_privsep/daemon.py:580}}
Jul 24 12:44:32 devstack cinder-volume[88540]: DEBUG oslo_concurrency.processutils [None req-44f1cbcc-eca8-4518-b658-ac051bfcc796 tempest-SnapshotsActionsTest-380960932 None] Running cmd (subprocess): /opt/stack/data/venv/bin/python3.12 -m oslo_concurrency.prlimit --as=1073741824 --cpu=60 -- sudo cinder-rootwrap /etc/cinder/rootwrap.conf env LC_ALL=C qemu-img info -f qcow2 --output=json --force-share /opt/stack/data/cinder/mnt/5fe0de35d0dd1f9935787dccf5936892/volume-67ee3165-c605-4c77-b6a0-21655f060e14.962aa429-47eb-426c-92c8-980131b0133c {{(pid=88540) execute /opt/stack/data/venv/lib/python3.12/site-packages/oslo_concurrency/processutils.py:440}}
Jul 24 12:44:32 devstack sudo[96482]: quobyte : PWD=/ ; USER=root ; COMMAND=/opt/stack/data/venv/bin/cinder-rootwrap /etc/cinder/rootwrap.conf env LC_ALL=C qemu-img info -f qcow2 --output=json --force-share /opt/stack/data/cinder/mnt/5fe0de35d0dd1f9935787dccf5936892/volume-67ee3165-c605-4c77-b6a0-21655f060e14.962aa429-47eb-426c-92c8-980131b0133c
Jul 24 12:44:32 devstack sudo[96482]: pam_unix(sudo:session): session opened for user root(uid=0) by (uid=1000)
Jul 24 12:44:32 devstack sudo[96482]: pam_unix(sudo:session): session closed for user root
Jul 24 12:44:32 devstack cinder-volume[88540]: DEBUG oslo_concurrency.processutils [None req-44f1cbcc-eca8-4518-b658-ac051bfcc796 tempest-SnapshotsActionsTest-380960932 None] CMD "/opt/stack/data/venv/bin/python3.12 -m oslo_concurrency.prlimit --as=1073741824 --cpu=60 -- sudo cinder-rootwrap /etc/cinder/rootwrap.conf env LC_ALL=C qemu-img info -f qcow2 --output=json --force-share /opt/stack/data/cinder/mnt/5fe0de35d0dd1f9935787dccf5936892/volume-67ee3165-c605-4c77-b6a0-21655f060e14.962aa429-47eb-426c-92c8-980131b0133c" returned: 0 in 0.494s {{(pid=88540) execute /opt/stack/data/venv/lib/python3.12/site-packages/oslo_concurrency/processutils.py:468}}
Jul 24 12:44:32 devstack cinder-volume[88540]: DEBUG cinder.volume.drivers.remotefs [None req-44f1cbcc-eca8-4518-b658-ac051bfcc796 tempest-SnapshotsActionsTest-380960932 None] Fetching qemu-img info with special backing_file_template: (/opt/stack/data/cinder/mnt/[0-9a-f]+/)?(volume-67ee3165-c605-4c77-b6a0-21655f060e14(.(tmp-snap-)?[0-9a-f-]+)?|volume_from_snapshot_cache/(tmp-snap-)?[0-9a-f-]+(.(child-|parent-)[0-9a-f-]+)?)$ {{(pid=88540) _qemu_img_info_base /opt/stack/cinder/cinder/volume/drivers/remotefs.py:896}}
Jul 24 12:44:32 devstack cinder-volume[88540]: DEBUG oslo.privsep.daemon [-] privsep: reply[2956b398-7ca8-4ad0-94dd-6113fbb5c12b]: (4, 'qcow2') {{(pid=89605) _call_back /opt/stack/data/venv/lib/python3.12/site-packages/oslo_privsep/daemon.py:580}}
Jul 24 12:44:32 devstack cinder-volume[88540]: DEBUG oslo_concurrency.processutils [None req-44f1cbcc-eca8-4518-b658-ac051bfcc796 tempest-SnapshotsActionsTest-380960932 None] Running cmd (subprocess): /opt/stack/data/venv/bin/python3.12 -m oslo_concurrency.prlimit --as=1073741824 --cpu=60 -- sudo cinder-rootwrap /etc/cinder/rootwrap.conf env LC_ALL=C qemu-img info -f qcow2 --output=json --force-share /opt/stack/data/cinder/mnt/5fe0de35d0dd1f9935787dccf5936892/volume-67ee3165-c605-4c77-b6a0-21655f060e14.10673c80-3d37-4574-a3cb-cec59e742493 {{(pid=88540) execute /opt/stack/data/venv/lib/python3.12/site-packages/oslo_concurrency/processutils.py:440}}
Jul 24 12:44:33 devstack sudo[96487]: quobyte : PWD=/ ; USER=root ; COMMAND=/opt/stack/data/venv/bin/cinder-rootwrap /etc/cinder/rootwrap.conf env LC_ALL=C qemu-img info -f qcow2 --output=json --force-share /opt/stack/data/cinder/mnt/5fe0de35d0dd1f9935787dccf5936892/volume-67ee3165-c605-4c77-b6a0-21655f060e14.10673c80-3d37-4574-a3cb-cec59e742493
Jul 24 12:44:33 devstack sudo[96487]: pam_unix(sudo:session): session opened for user root(uid=0) by (uid=1000)
Jul 24 12:44:33 devstack sudo[96487]: pam_unix(sudo:session): session closed for user root
Jul 24 12:44:33 devstack cinder-volume[88540]: DEBUG oslo_concurrency.processutils [None req-44f1cbcc-eca8-4518-b658-ac051bfcc796 tempest-SnapshotsActionsTest-380960932 None] CMD "/opt/stack/data/venv/bin/python3.12 -m oslo_concurrency.prlimit --as=1073741824 --cpu=60 -- sudo cinder-rootwrap /etc/cinder/rootwrap.conf env LC_ALL=C qemu-img info -f qcow2 --output=json --force-share /opt/stack/data/cinder/mnt/5fe0de35d0dd1f9935787dccf5936892/volume-67ee3165-c605-4c77-b6a0-21655f060e14.10673c80-3d37-4574-a3cb-cec59e742493" returned: 0 in 0.521s {{(pid=88540) execute /opt/stack/data/venv/lib/python3.12/site-packages/oslo_concurrency/processutils.py:468}}
Jul 24 12:44:33 devstack cinder-volume[88540]: DEBUG cinder.volume.drivers.remotefs [None req-44f1cbcc-eca8-4518-b658-ac051bfcc796 tempest-SnapshotsActionsTest-380960932 None] Fetching qemu-img info with special backing_file_template: (/opt/stack/data/cinder/mnt/[0-9a-f]+/)?(volume-67ee3165-c605-4c77-b6a0-21655f060e14(.(tmp-snap-)?[0-9a-f-]+)?|volume_from_snapshot_cache/(tmp-snap-)?[0-9a-f-]+(.(child-|parent-)[0-9a-f-]+)?)$ {{(pid=88540) _qemu_img_info_base /opt/stack/cinder/cinder/volume/drivers/remotefs.py:896}}
Jul 24 12:44:33 devstack cinder-volume[88540]: DEBUG oslo_concurrency.processutils [None req-44f1cbcc-eca8-4518-b658-ac051bfcc796 tempest-SnapshotsActionsTest-380960932 None] Running cmd (subprocess): sudo cinder-rootwrap /etc/cinder/rootwrap.conf qemu-img commit -d /opt/stack/data/cinder/mnt/5fe0de35d0dd1f9935787dccf5936892/volume-67ee3165-c605-4c77-b6a0-21655f060e14.962aa429-47eb-426c-92c8-980131b0133c {{(pid=88540) execute /opt/stack/data/venv/lib/python3.12/site-packages/oslo_concurrency/processutils.py:440}}
Jul 24 12:44:33 devstack sudo[96494]: quobyte : PWD=/ ; USER=root ; COMMAND=/opt/stack/data/venv/bin/cinder-rootwrap /etc/cinder/rootwrap.conf qemu-img commit -d /opt/stack/data/cinder/mnt/5fe0de35d0dd1f9935787dccf5936892/volume-67ee3165-c605-4c77-b6a0-21655f060e14.962aa429-47eb-426c-92c8-980131b0133c
Jul 24 12:44:33 devstack sudo[96494]: pam_unix(sudo:session): session opened for user root(uid=0) by (uid=1000)
Jul 24 12:44:33 devstack sudo[96494]: pam_unix(sudo:session): session closed for user root
Jul 24 12:44:33 devstack cinder-volume[88540]: DEBUG oslo_concurrency.processutils [None req-44f1cbcc-eca8-4518-b658-ac051bfcc796 tempest-SnapshotsActionsTest-380960932 None] CMD "sudo cinder-rootwrap /etc/cinder/rootwrap.conf qemu-img commit -d /opt/stack/data/cinder/mnt/5fe0de35d0dd1f9935787dccf5936892/volume-67ee3165-c605-4c77-b6a0-21655f060e14.962aa429-47eb-426c-92c8-980131b0133c" returned: 0 in 0.443s {{(pid=88540) execute /opt/stack/data/venv/lib/python3.12/site-packages/oslo_concurrency/processutils.py:468}}
Jul 24 12:44:33 devstack cinder-volume[88540]: DEBUG oslo_concurrency.processutils [None req-44f1cbcc-eca8-4518-b658-ac051bfcc796 tempest-SnapshotsActionsTest-380960932 None] Running cmd (subprocess): sudo cinder-rootwrap /etc/cinder/rootwrap.conf rm -f /opt/stack/data/cinder/mnt/5fe0de35d0dd1f9935787dccf5936892/volume-67ee3165-c605-4c77-b6a0-21655f060e14.962aa429-47eb-426c-92c8-980131b0133c {{(pid=88540) execute /opt/stack/data/venv/lib/python3.12/site-packages/oslo_concurrency/processutils.py:440}}
Jul 24 12:44:33 devstack sudo[96500]: quobyte : PWD=/ ; USER=root ; COMMAND=/opt/stack/data/venv/bin/cinder-rootwrap /etc/cinder/rootwrap.conf rm -f /opt/stack/data/cinder/mnt/5fe0de35d0dd1f9935787dccf5936892/volume-67ee3165-c605-4c77-b6a0-21655f060e14.962aa429-47eb-426c-92c8-980131b0133c
Jul 24 12:44:33 devstack sudo[96500]: pam_unix(sudo:session): session opened for user root(uid=0) by (uid=1000)
Jul 24 12:44:34 devstack sudo[96500]: pam_unix(sudo:session): session closed for user root
Jul 24 12:44:34 devstack cinder-volume[88540]: DEBUG oslo_concurrency.processutils [None req-44f1cbcc-eca8-4518-b658-ac051bfcc796 tempest-SnapshotsActionsTest-380960932 None] CMD "sudo cinder-rootwrap /etc/cinder/rootwrap.conf rm -f /opt/stack/data/cinder/mnt/5fe0de35d0dd1f9935787dccf5936892/volume-67ee3165-c605-4c77-b6a0-21655f060e14.962aa429-47eb-426c-92c8-980131b0133c" returned: 0 in 0.436s {{(pid=88540) execute /opt/stack/data/venv/lib/python3.12/site-packages/oslo_concurrency/processutils.py:468}}
Jul 24 12:44:34 devstack cinder-volume[88540]: DEBUG cinder.coordination [None req-44f1cbcc-eca8-4518-b658-ac051bfcc796 tempest-SnapshotsActionsTest-380960932 None] Lock "cinder-quobyte-962aa429-47eb-426c-92c8-980131b0133c" released by "_delete_snapshot" :: held 2.058s {{(pid=88540) __release /opt/stack/cinder/cinder/coordination.py:152}}
Jul 24 12:44:34 devstack cinder-volume[88540]: DEBUG cinder.coordination [None req-44f1cbcc-eca8-4518-b658-ac051bfcc796 tempest-SnapshotsActionsTest-380960932 None] Lock "cinder-quobyte-67ee3165-c605-4c77-b6a0-21655f060e14" released by "delete_snapshot" :: held 2.104s {{(pid=88540) __release /opt/stack/cinder/cinder/coordination.py:152}}
Jul 24 12:44:34 devstack cinder-volume[88540]: WARNING cinder.quota [None req-44f1cbcc-eca8-4518-b658-ac051bfcc796 tempest-SnapshotsActionsTest-380960932 None] Deprecated: Default quota for resource: snapshots_QuobyteHD is set by the default quota flag: quota_snapshots_QuobyteHD, it is now deprecated. Please use the default quota class for default quota.
Jul 24 12:44:34 devstack cinder-volume[88540]: DEBUG cinder.quota [None req-44f1cbcc-eca8-4518-b658-ac051bfcc796 tempest-SnapshotsActionsTest-380960932 None] Created reservations ['83ef209c-5a47-4337-9bd0-4c2172734408', '49fb2d3f-7fc2-4a76-8e37-84c9f14157a6', '9b4bf860-1290-4b93-8767-51472a74d0dd', 'd76f333c-3e86-40a6-9611-e97e939b26d5'] {{(pid=88540) reserve /opt/stack/cinder/cinder/quota.py:752}}
Jul 24 12:44:34 devstack cinder-volume[88540]: INFO cinder.volume.manager [None req-44f1cbcc-eca8-4518-b658-ac051bfcc796 tempest-SnapshotsActionsTest-380960932 None] Delete snapshot completed successfully.
Jul 24 12:44:34 devstack cinder-volume[88540]: DEBUG cinder.coordination [None req-44f1cbcc-eca8-4518-b658-ac051bfcc796 tempest-SnapshotsActionsTest-380960932 None] Lock "cinder-962aa429-47eb-426c-92c8-980131b0133c-delete_snapshot" released by "delete_snapshot" :: held 2.363s {{(pid=88540) __release /opt/stack/cinder/cinder/coordination.py:152}}
Jul 24 12:44:35 devstack cinder-volume[88540]: DEBUG oslo_concurrency.lockutils [None req-6724fb97-6c0f-4adc-a52d-d828ba9a2879 tempest-SnapshotsActionsTest-1486704715 None] Acquiring lock "quobyte" by "cinder.volume.drivers.quobyte.QuobyteDriver.create_snapshot" {{(pid=88540) inner /opt/stack/data/venv/lib/python3.12/site-packages/oslo_concurrency/lockutils.py:512}}
Jul 24 12:44:35 devstack cinder-volume[88540]: DEBUG oslo_concurrency.lockutils [None req-6724fb97-6c0f-4adc-a52d-d828ba9a2879 tempest-SnapshotsActionsTest-1486704715 None] Lock "quobyte" acquired by "cinder.volume.drivers.quobyte.QuobyteDriver.create_snapshot" :: waited 0.001s {{(pid=88540) inner /opt/stack/data/venv/lib/python3.12/site-packages/oslo_concurrency/lockutils.py:525}}
Jul 24 12:44:35 devstack cinder-volume[88540]: DEBUG cinder.volume.drivers.remotefs [None req-6724fb97-6c0f-4adc-a52d-d828ba9a2879 tempest-SnapshotsActionsTest-1486704715 None] Creating offline snapshot 979558f2-c830-4d64-87e4-4002aaca1e27 of volume 67ee3165-c605-4c77-b6a0-21655f060e14 {{(pid=88540) _create_snapshot /opt/stack/cinder/cinder/volume/drivers/remotefs.py:1816}}
Jul 24 12:44:35 devstack cinder-volume[88540]: DEBUG oslo.privsep.daemon [-] privsep: reply[a60d8de7-5b1a-4dd6-8a84-b27e28b783c3]: (4, 'qcow2') {{(pid=89605) _call_back /opt/stack/data/venv/lib/python3.12/site-packages/oslo_privsep/daemon.py:580}}
Jul 24 12:44:36 devstack cinder-volume[88540]: DEBUG oslo_concurrency.processutils [None req-6724fb97-6c0f-4adc-a52d-d828ba9a2879 tempest-SnapshotsActionsTest-1486704715 None] Running cmd (subprocess): /opt/stack/data/venv/bin/python3.12 -m oslo_concurrency.prlimit --as=1073741824 --cpu=60 -- sudo cinder-rootwrap /etc/cinder/rootwrap.conf env LC_ALL=C qemu-img info -f qcow2 --output=json --force-share /opt/stack/data/cinder/mnt/5fe0de35d0dd1f9935787dccf5936892/volume-67ee3165-c605-4c77-b6a0-21655f060e14.10673c80-3d37-4574-a3cb-cec59e742493 {{(pid=88540) execute /opt/stack/data/venv/lib/python3.12/site-packages/oslo_concurrency/processutils.py:440}}
Jul 24 12:44:36 devstack sudo[96503]: quobyte : PWD=/ ; USER=root ; COMMAND=/opt/stack/data/venv/bin/cinder-rootwrap /etc/cinder/rootwrap.conf env LC_ALL=C qemu-img info -f qcow2 --output=json --force-share /opt/stack/data/cinder/mnt/5fe0de35d0dd1f9935787dccf5936892/volume-67ee3165-c605-4c77-b6a0-21655f060e14.10673c80-3d37-4574-a3cb-cec59e742493
Jul 24 12:44:36 devstack sudo[96503]: pam_unix(sudo:session): session opened for user root(uid=0) by (uid=1000)
Jul 24 12:44:36 devstack sudo[96503]: pam_unix(sudo:session): session closed for user root
Jul 24 12:44:36 devstack cinder-volume[88540]: DEBUG oslo_concurrency.processutils [None req-6724fb97-6c0f-4adc-a52d-d828ba9a2879 tempest-SnapshotsActionsTest-1486704715 None] CMD "/opt/stack/data/venv/bin/python3.12 -m oslo_concurrency.prlimit --as=1073741824 --cpu=60 -- sudo cinder-rootwrap /etc/cinder/rootwrap.conf env LC_ALL=C qemu-img info -f qcow2 --output=json --force-share /opt/stack/data/cinder/mnt/5fe0de35d0dd1f9935787dccf5936892/volume-67ee3165-c605-4c77-b6a0-21655f060e14.10673c80-3d37-4574-a3cb-cec59e742493" returned: 0 in 0.481s {{(pid=88540) execute /opt/stack/data/venv/lib/python3.12/site-packages/oslo_concurrency/processutils.py:468}}
Jul 24 12:44:36 devstack cinder-volume[88540]: DEBUG cinder.volume.drivers.remotefs [None req-6724fb97-6c0f-4adc-a52d-d828ba9a2879 tempest-SnapshotsActionsTest-1486704715 None] Fetching qemu-img info with special backing_file_template: (/opt/stack/data/cinder/mnt/[0-9a-f]+/)?(volume-67ee3165-c605-4c77-b6a0-21655f060e14(.(tmp-snap-)?[0-9a-f-]+)?|volume_from_snapshot_cache/(tmp-snap-)?[0-9a-f-]+(.(child-|parent-)[0-9a-f-]+)?)$ {{(pid=88540) _qemu_img_info_base /opt/stack/cinder/cinder/volume/drivers/remotefs.py:896}}
Jul 24 12:44:36 devstack cinder-volume[88540]: DEBUG oslo_concurrency.processutils [None req-6724fb97-6c0f-4adc-a52d-d828ba9a2879 tempest-SnapshotsActionsTest-1486704715 None] Running cmd (subprocess): sudo cinder-rootwrap /etc/cinder/rootwrap.conf qemu-img create -f qcow2 -o backing_file=/opt/stack/data/cinder/mnt/5fe0de35d0dd1f9935787dccf5936892/volume-67ee3165-c605-4c77-b6a0-21655f060e14.10673c80-3d37-4574-a3cb-cec59e742493,backing_fmt=qcow2 /opt/stack/data/cinder/mnt/5fe0de35d0dd1f9935787dccf5936892/volume-67ee3165-c605-4c77-b6a0-21655f060e14.979558f2-c830-4d64-87e4-4002aaca1e27 1G {{(pid=88540) execute /opt/stack/data/venv/lib/python3.12/site-packages/oslo_concurrency/processutils.py:440}}
Jul 24 12:44:36 devstack sudo[96509]: quobyte : PWD=/ ; USER=root ; COMMAND=/opt/stack/data/venv/bin/cinder-rootwrap /etc/cinder/rootwrap.conf qemu-img create -f qcow2 -o backing_file=/opt/stack/data/cinder/mnt/5fe0de35d0dd1f9935787dccf5936892/volume-67ee3165-c605-4c77-b6a0-21655f060e14.10673c80-3d37-4574-a3cb-cec59e742493,backing_fmt=qcow2 /opt/stack/data/cinder/mnt/5fe0de35d0dd1f9935787dccf5936892/volume-67ee3165-c605-4c77-b6a0-21655f060e14.979558f2-c830-4d64-87e4-4002aaca1e27 1G
Jul 24 12:44:36 devstack sudo[96509]: pam_unix(sudo:session): session opened for user root(uid=0) by (uid=1000)
Jul 24 12:44:37 devstack sudo[96509]: pam_unix(sudo:session): session closed for user root
Jul 24 12:44:37 devstack cinder-volume[88540]: DEBUG oslo_concurrency.processutils [None req-6724fb97-6c0f-4adc-a52d-d828ba9a2879 tempest-SnapshotsActionsTest-1486704715 None] CMD "sudo cinder-rootwrap /etc/cinder/rootwrap.conf qemu-img create -f qcow2 -o backing_file=/opt/stack/data/cinder/mnt/5fe0de35d0dd1f9935787dccf5936892/volume-67ee3165-c605-4c77-b6a0-21655f060e14.10673c80-3d37-4574-a3cb-cec59e742493,backing_fmt=qcow2 /opt/stack/data/cinder/mnt/5fe0de35d0dd1f9935787dccf5936892/volume-67ee3165-c605-4c77-b6a0-21655f060e14.979558f2-c830-4d64-87e4-4002aaca1e27 1G" returned: 0 in 0.691s {{(pid=88540) execute /opt/stack/data/venv/lib/python3.12/site-packages/oslo_concurrency/processutils.py:468}}
Jul 24 12:44:37 devstack cinder-volume[88540]: DEBUG oslo_concurrency.processutils [None req-6724fb97-6c0f-4adc-a52d-d828ba9a2879 tempest-SnapshotsActionsTest-1486704715 None] Running cmd (subprocess): sudo cinder-rootwrap /etc/cinder/rootwrap.conf qemu-img rebase -u -b volume-67ee3165-c605-4c77-b6a0-21655f060e14.10673c80-3d37-4574-a3cb-cec59e742493 -F qcow2 /opt/stack/data/cinder/mnt/5fe0de35d0dd1f9935787dccf5936892/volume-67ee3165-c605-4c77-b6a0-21655f060e14.979558f2-c830-4d64-87e4-4002aaca1e27 {{(pid=88540) execute /opt/stack/data/venv/lib/python3.12/site-packages/oslo_concurrency/processutils.py:440}}
Jul 24 12:44:37 devstack sudo[96515]: quobyte : PWD=/ ; USER=root ; COMMAND=/opt/stack/data/venv/bin/cinder-rootwrap /etc/cinder/rootwrap.conf qemu-img rebase -u -b volume-67ee3165-c605-4c77-b6a0-21655f060e14.10673c80-3d37-4574-a3cb-cec59e742493 -F qcow2 /opt/stack/data/cinder/mnt/5fe0de35d0dd1f9935787dccf5936892/volume-67ee3165-c605-4c77-b6a0-21655f060e14.979558f2-c830-4d64-87e4-4002aaca1e27
Jul 24 12:44:37 devstack sudo[96515]: pam_unix(sudo:session): session opened for user root(uid=0) by (uid=1000)
Jul 24 12:44:37 devstack sudo[96515]: pam_unix(sudo:session): session closed for user root
Jul 24 12:44:37 devstack cinder-volume[88540]: DEBUG oslo_concurrency.processutils [None req-6724fb97-6c0f-4adc-a52d-d828ba9a2879 tempest-SnapshotsActionsTest-1486704715 None] CMD "sudo cinder-rootwrap /etc/cinder/rootwrap.conf qemu-img rebase -u -b volume-67ee3165-c605-4c77-b6a0-21655f060e14.10673c80-3d37-4574-a3cb-cec59e742493 -F qcow2 /opt/stack/data/cinder/mnt/5fe0de35d0dd1f9935787dccf5936892/volume-67ee3165-c605-4c77-b6a0-21655f060e14.979558f2-c830-4d64-87e4-4002aaca1e27" returned: 0 in 0.412s {{(pid=88540) execute /opt/stack/data/venv/lib/python3.12/site-packages/oslo_concurrency/processutils.py:468}}
Jul 24 12:44:37 devstack cinder-volume[88540]: WARNING cinder.volume.drivers.remotefs [None req-6724fb97-6c0f-4adc-a52d-d828ba9a2879 tempest-SnapshotsActionsTest-1486704715 None] /opt/stack/data/cinder/mnt/5fe0de35d0dd1f9935787dccf5936892/volume-67ee3165-c605-4c77-b6a0-21655f060e14.979558f2-c830-4d64-87e4-4002aaca1e27 is being set with open permissions: ugo+rw
Jul 24 12:44:37 devstack cinder-volume[88540]: DEBUG oslo_concurrency.processutils [None req-6724fb97-6c0f-4adc-a52d-d828ba9a2879 tempest-SnapshotsActionsTest-1486704715 None] Running cmd (subprocess): sudo cinder-rootwrap /etc/cinder/rootwrap.conf chmod ugo+rw /opt/stack/data/cinder/mnt/5fe0de35d0dd1f9935787dccf5936892/volume-67ee3165-c605-4c77-b6a0-21655f060e14.979558f2-c830-4d64-87e4-4002aaca1e27 {{(pid=88540) execute /opt/stack/data/venv/lib/python3.12/site-packages/oslo_concurrency/processutils.py:440}}
Jul 24 12:44:37 devstack sudo[96520]: quobyte : PWD=/ ; USER=root ; COMMAND=/opt/stack/data/venv/bin/cinder-rootwrap /etc/cinder/rootwrap.conf chmod ugo+rw /opt/stack/data/cinder/mnt/5fe0de35d0dd1f9935787dccf5936892/volume-67ee3165-c605-4c77-b6a0-21655f060e14.979558f2-c830-4d64-87e4-4002aaca1e27
Jul 24 12:44:37 devstack sudo[96520]: pam_unix(sudo:session): session opened for user root(uid=0) by (uid=1000)
Jul 24 12:44:37 devstack sudo[96520]: pam_unix(sudo:session): session closed for user root
Jul 24 12:44:37 devstack cinder-volume[88540]: DEBUG oslo_concurrency.processutils [None req-6724fb97-6c0f-4adc-a52d-d828ba9a2879 tempest-SnapshotsActionsTest-1486704715 None] CMD "sudo cinder-rootwrap /etc/cinder/rootwrap.conf chmod ugo+rw /opt/stack/data/cinder/mnt/5fe0de35d0dd1f9935787dccf5936892/volume-67ee3165-c605-4c77-b6a0-21655f060e14.979558f2-c830-4d64-87e4-4002aaca1e27" returned: 0 in 0.322s {{(pid=88540) execute /opt/stack/data/venv/lib/python3.12/site-packages/oslo_concurrency/processutils.py:468}}
Jul 24 12:44:37 devstack cinder-volume[88540]: DEBUG oslo_concurrency.lockutils [None req-6724fb97-6c0f-4adc-a52d-d828ba9a2879 tempest-SnapshotsActionsTest-1486704715 None] Lock "quobyte" "released" by "cinder.volume.drivers.quobyte.QuobyteDriver.create_snapshot" :: held 2.041s {{(pid=88540) inner /opt/stack/data/venv/lib/python3.12/site-packages/oslo_concurrency/lockutils.py:544}}
Jul 24 12:44:38 devstack cinder-volume[88540]: INFO cinder.volume.manager [None req-6724fb97-6c0f-4adc-a52d-d828ba9a2879 tempest-SnapshotsActionsTest-1486704715 None] Create snapshot completed successfully
Jul 24 12:44:39 devstack cinder-volume[88540]: DEBUG cinder.coordination [None req-e77e2fc2-e23a-4947-b0e4-00d2a6a0c031 tempest-SnapshotsActionsTest-380960932 None] Acquiring lock "cinder-979558f2-c830-4d64-87e4-4002aaca1e27-delete_snapshot" by "delete_snapshot" {{(pid=88540) __acquire /opt/stack/cinder/cinder/coordination.py:138}}
Jul 24 12:44:39 devstack cinder-volume[88540]: DEBUG cinder.coordination [None req-e77e2fc2-e23a-4947-b0e4-00d2a6a0c031 tempest-SnapshotsActionsTest-380960932 None] Lock "cinder-979558f2-c830-4d64-87e4-4002aaca1e27-delete_snapshot" acquired by "delete_snapshot" :: waited 0.022s {{(pid=88540) __acquire /opt/stack/cinder/cinder/coordination.py:141}}
Jul 24 12:44:39 devstack cinder-volume[88540]: DEBUG cinder.coordination [None req-e77e2fc2-e23a-4947-b0e4-00d2a6a0c031 tempest-SnapshotsActionsTest-380960932 None] Acquiring lock "cinder-quobyte-67ee3165-c605-4c77-b6a0-21655f060e14" by "delete_snapshot" {{(pid=88540) __acquire /opt/stack/cinder/cinder/coordination.py:138}}
Jul 24 12:44:39 devstack cinder-volume[88540]: DEBUG cinder.coordination [None req-e77e2fc2-e23a-4947-b0e4-00d2a6a0c031 tempest-SnapshotsActionsTest-380960932 None] Lock "cinder-quobyte-67ee3165-c605-4c77-b6a0-21655f060e14" acquired by "delete_snapshot" :: waited 0.032s {{(pid=88540) __acquire /opt/stack/cinder/cinder/coordination.py:141}}
Jul 24 12:44:39 devstack cinder-volume[88540]: DEBUG cinder.coordination [None req-e77e2fc2-e23a-4947-b0e4-00d2a6a0c031 tempest-SnapshotsActionsTest-380960932 None] Acquiring lock "cinder-quobyte-979558f2-c830-4d64-87e4-4002aaca1e27" by "_delete_snapshot" {{(pid=88540) __acquire /opt/stack/cinder/cinder/coordination.py:138}}
Jul 24 12:44:39 devstack cinder-volume[88540]: DEBUG cinder.coordination [None req-e77e2fc2-e23a-4947-b0e4-00d2a6a0c031 tempest-SnapshotsActionsTest-380960932 None] Lock "cinder-quobyte-979558f2-c830-4d64-87e4-4002aaca1e27" acquired by "_delete_snapshot" :: waited 0.019s {{(pid=88540) __acquire /opt/stack/cinder/cinder/coordination.py:141}}
Jul 24 12:44:39 devstack cinder-volume[88540]: DEBUG cinder.volume.drivers.remotefs [None req-e77e2fc2-e23a-4947-b0e4-00d2a6a0c031 tempest-SnapshotsActionsTest-380960932 None] Deleting offline snapshot 979558f2-c830-4d64-87e4-4002aaca1e27 of volume 67ee3165-c605-4c77-b6a0-21655f060e14 {{(pid=88540) _delete_snapshot /opt/stack/cinder/cinder/volume/drivers/remotefs.py:1288}}
Jul 24 12:44:39 devstack cinder-volume[88540]: DEBUG cinder.volume.drivers.remotefs [None req-e77e2fc2-e23a-4947-b0e4-00d2a6a0c031 tempest-SnapshotsActionsTest-380960932 None] snapshot_file for this snap is: volume-67ee3165-c605-4c77-b6a0-21655f060e14.979558f2-c830-4d64-87e4-4002aaca1e27 {{(pid=88540) _delete_snapshot /opt/stack/cinder/cinder/volume/drivers/remotefs.py:1317}}
Jul 24 12:44:39 devstack cinder-volume[88540]: DEBUG oslo.privsep.daemon [-] privsep: reply[d4ab05bf-5ff6-4892-b02a-018438f800f9]: (4, 'qcow2') {{(pid=89605) _call_back /opt/stack/data/venv/lib/python3.12/site-packages/oslo_privsep/daemon.py:580}}
Jul 24 12:44:39 devstack cinder-volume[88540]: DEBUG oslo_concurrency.processutils [None req-e77e2fc2-e23a-4947-b0e4-00d2a6a0c031 tempest-SnapshotsActionsTest-380960932 None] Running cmd (subprocess): /opt/stack/data/venv/bin/python3.12 -m oslo_concurrency.prlimit --as=1073741824 --cpu=60 -- sudo cinder-rootwrap /etc/cinder/rootwrap.conf env LC_ALL=C qemu-img info -f qcow2 --output=json --force-share /opt/stack/data/cinder/mnt/5fe0de35d0dd1f9935787dccf5936892/volume-67ee3165-c605-4c77-b6a0-21655f060e14.979558f2-c830-4d64-87e4-4002aaca1e27 {{(pid=88540) execute /opt/stack/data/venv/lib/python3.12/site-packages/oslo_concurrency/processutils.py:440}}
Jul 24 12:44:39 devstack sudo[96524]: quobyte : PWD=/ ; USER=root ; COMMAND=/opt/stack/data/venv/bin/cinder-rootwrap /etc/cinder/rootwrap.conf env LC_ALL=C qemu-img info -f qcow2 --output=json --force-share /opt/stack/data/cinder/mnt/5fe0de35d0dd1f9935787dccf5936892/volume-67ee3165-c605-4c77-b6a0-21655f060e14.979558f2-c830-4d64-87e4-4002aaca1e27
Jul 24 12:44:39 devstack sudo[96524]: pam_unix(sudo:session): session opened for user root(uid=0) by (uid=1000)
Jul 24 12:44:40 devstack sudo[96524]: pam_unix(sudo:session): session closed for user root
Jul 24 12:44:40 devstack cinder-volume[88540]: DEBUG oslo_concurrency.processutils [None req-e77e2fc2-e23a-4947-b0e4-00d2a6a0c031 tempest-SnapshotsActionsTest-380960932 None] CMD "/opt/stack/data/venv/bin/python3.12 -m oslo_concurrency.prlimit --as=1073741824 --cpu=60 -- sudo cinder-rootwrap /etc/cinder/rootwrap.conf env LC_ALL=C qemu-img info -f qcow2 --output=json --force-share /opt/stack/data/cinder/mnt/5fe0de35d0dd1f9935787dccf5936892/volume-67ee3165-c605-4c77-b6a0-21655f060e14.979558f2-c830-4d64-87e4-4002aaca1e27" returned: 0 in 0.426s {{(pid=88540) execute /opt/stack/data/venv/lib/python3.12/site-packages/oslo_concurrency/processutils.py:468}}
Jul 24 12:44:40 devstack cinder-volume[88540]: DEBUG cinder.volume.drivers.remotefs [None req-e77e2fc2-e23a-4947-b0e4-00d2a6a0c031 tempest-SnapshotsActionsTest-380960932 None] Fetching qemu-img info with special backing_file_template: (/opt/stack/data/cinder/mnt/[0-9a-f]+/)?(volume-67ee3165-c605-4c77-b6a0-21655f060e14(.(tmp-snap-)?[0-9a-f-]+)?|volume_from_snapshot_cache/(tmp-snap-)?[0-9a-f-]+(.(child-|parent-)[0-9a-f-]+)?)$ {{(pid=88540) _qemu_img_info_base /opt/stack/cinder/cinder/volume/drivers/remotefs.py:896}}
Jul 24 12:44:40 devstack cinder-volume[88540]: DEBUG oslo.privsep.daemon [-] privsep: reply[676af183-d005-4fd3-9ca8-3ac2d978c3a7]: (4, 'qcow2') {{(pid=89605) _call_back /opt/stack/data/venv/lib/python3.12/site-packages/oslo_privsep/daemon.py:580}}
Jul 24 12:44:40 devstack cinder-volume[88540]: DEBUG oslo_concurrency.processutils [None req-e77e2fc2-e23a-4947-b0e4-00d2a6a0c031 tempest-SnapshotsActionsTest-380960932 None] Running cmd (subprocess): /opt/stack/data/venv/bin/python3.12 -m oslo_concurrency.prlimit --as=1073741824 --cpu=60 -- sudo cinder-rootwrap /etc/cinder/rootwrap.conf env LC_ALL=C qemu-img info -f qcow2 --output=json --force-share /opt/stack/data/cinder/mnt/5fe0de35d0dd1f9935787dccf5936892/volume-67ee3165-c605-4c77-b6a0-21655f060e14.10673c80-3d37-4574-a3cb-cec59e742493 {{(pid=88540) execute /opt/stack/data/venv/lib/python3.12/site-packages/oslo_concurrency/processutils.py:440}}
Jul 24 12:44:40 devstack sudo[96529]: quobyte : PWD=/ ; USER=root ; COMMAND=/opt/stack/data/venv/bin/cinder-rootwrap /etc/cinder/rootwrap.conf env LC_ALL=C qemu-img info -f qcow2 --output=json --force-share /opt/stack/data/cinder/mnt/5fe0de35d0dd1f9935787dccf5936892/volume-67ee3165-c605-4c77-b6a0-21655f060e14.10673c80-3d37-4574-a3cb-cec59e742493
Jul 24 12:44:40 devstack sudo[96529]: pam_unix(sudo:session): session opened for user root(uid=0) by (uid=1000)
Jul 24 12:44:40 devstack sudo[96529]: pam_unix(sudo:session): session closed for user root
Jul 24 12:44:40 devstack cinder-volume[88540]: DEBUG oslo_concurrency.processutils [None req-e77e2fc2-e23a-4947-b0e4-00d2a6a0c031 tempest-SnapshotsActionsTest-380960932 None] CMD "/opt/stack/data/venv/bin/python3.12 -m oslo_concurrency.prlimit --as=1073741824 --cpu=60 -- sudo cinder-rootwrap /etc/cinder/rootwrap.conf env LC_ALL=C qemu-img info -f qcow2 --output=json --force-share /opt/stack/data/cinder/mnt/5fe0de35d0dd1f9935787dccf5936892/volume-67ee3165-c605-4c77-b6a0-21655f060e14.10673c80-3d37-4574-a3cb-cec59e742493" returned: 0 in 0.522s {{(pid=88540) execute /opt/stack/data/venv/lib/python3.12/site-packages/oslo_concurrency/processutils.py:468}}
Jul 24 12:44:40 devstack cinder-volume[88540]: DEBUG cinder.volume.drivers.remotefs [None req-e77e2fc2-e23a-4947-b0e4-00d2a6a0c031 tempest-SnapshotsActionsTest-380960932 None] Fetching qemu-img info with special backing_file_template: (/opt/stack/data/cinder/mnt/[0-9a-f]+/)?(volume-67ee3165-c605-4c77-b6a0-21655f060e14(.(tmp-snap-)?[0-9a-f-]+)?|volume_from_snapshot_cache/(tmp-snap-)?[0-9a-f-]+(.(child-|parent-)[0-9a-f-]+)?)$ {{(pid=88540) _qemu_img_info_base /opt/stack/cinder/cinder/volume/drivers/remotefs.py:896}}
Jul 24 12:44:40 devstack cinder-volume[88540]: DEBUG oslo_concurrency.processutils [None req-e77e2fc2-e23a-4947-b0e4-00d2a6a0c031 tempest-SnapshotsActionsTest-380960932 None] Running cmd (subprocess): sudo cinder-rootwrap /etc/cinder/rootwrap.conf qemu-img commit -d /opt/stack/data/cinder/mnt/5fe0de35d0dd1f9935787dccf5936892/volume-67ee3165-c605-4c77-b6a0-21655f060e14.979558f2-c830-4d64-87e4-4002aaca1e27 {{(pid=88540) execute /opt/stack/data/venv/lib/python3.12/site-packages/oslo_concurrency/processutils.py:440}}
Jul 24 12:44:40 devstack sudo[96534]: quobyte : PWD=/ ; USER=root ; COMMAND=/opt/stack/data/venv/bin/cinder-rootwrap /etc/cinder/rootwrap.conf qemu-img commit -d /opt/stack/data/cinder/mnt/5fe0de35d0dd1f9935787dccf5936892/volume-67ee3165-c605-4c77-b6a0-21655f060e14.979558f2-c830-4d64-87e4-4002aaca1e27
Jul 24 12:44:40 devstack sudo[96534]: pam_unix(sudo:session): session opened for user root(uid=0) by (uid=1000)
Jul 24 12:44:41 devstack sudo[96534]: pam_unix(sudo:session): session closed for user root
Jul 24 12:44:41 devstack cinder-volume[88540]: DEBUG oslo_concurrency.processutils [None req-e77e2fc2-e23a-4947-b0e4-00d2a6a0c031 tempest-SnapshotsActionsTest-380960932 None] CMD "sudo cinder-rootwrap /etc/cinder/rootwrap.conf qemu-img commit -d /opt/stack/data/cinder/mnt/5fe0de35d0dd1f9935787dccf5936892/volume-67ee3165-c605-4c77-b6a0-21655f060e14.979558f2-c830-4d64-87e4-4002aaca1e27" returned: 0 in 0.529s {{(pid=88540) execute /opt/stack/data/venv/lib/python3.12/site-packages/oslo_concurrency/processutils.py:468}}
