Jul 16 23:09:26 devstack devstack@n-api.service[62196]: DEBUG nova.api.openstack.wsgi_app [None req-8c8309c4-443e-47ba-a062-3fb5aada7583 None None] keystone_authtoken.memcache_sasl_enabled = False {{(pid=62196) log_opt_values /opt/stack/data/venv/lib/python3.12/site-packages/oslo_config/cfg.py:3253}}
Jul 16 23:09:26 devstack devstack@n-api.service[62196]: DEBUG nova.api.openstack.wsgi_app [None req-8c8309c4-443e-47ba-a062-3fb5aada7583 None None] keystone_authtoken.memcache_secret_key = **** {{(pid=62196) log_opt_values /opt/stack/data/venv/lib/python3.12/site-packages/oslo_config/cfg.py:3253}}
Jul 16 23:09:26 devstack devstack@n-api.service[62195]: DEBUG nova.api.openstack.wsgi_app [None req-0886d80c-38da-49f3-a8eb-f277dedcf815 None None] keystone_authtoken.http_connect_timeout = None {{(pid=62195) log_opt_values /opt/stack/data/venv/lib/python3.12/site-packages/oslo_config/cfg.py:3253}}
Jul 16 23:09:26 devstack devstack@n-api.service[62196]: DEBUG nova.api.openstack.wsgi_app [None req-8c8309c4-443e-47ba-a062-3fb5aada7583 None None] keystone_authtoken.memcache_security_strategy = None {{(pid=62196) log_opt_values /opt/stack/data/venv/lib/python3.12/site-packages/oslo_config/cfg.py:3253}}
Jul 16 23:09:26 devstack devstack@n-api.service[62195]: DEBUG nova.api.openstack.wsgi_app [None req-0886d80c-38da-49f3-a8eb-f277dedcf815 None None] keystone_authtoken.http_request_max_retries = 3 {{(pid=62195) log_opt_values /opt/stack/data/venv/lib/python3.12/site-packages/oslo_config/cfg.py:3253}}
Jul 16 23:09:26 devstack devstack@n-api.service[62196]: DEBUG nova.api.openstack.wsgi_app [None req-8c8309c4-443e-47ba-a062-3fb5aada7583 None None] keystone_authtoken.memcache_tls_allowed_ciphers = None {{(pid=62196) log_opt_values /opt/stack/data/venv/lib/python3.12/site-packages/oslo_config/cfg.py:3253}}
Jul 16 23:09:26 devstack devstack@n-api.service[62195]: DEBUG nova.api.openstack.wsgi_app [None req-0886d80c-38da-49f3-a8eb-f277dedcf815 None None] keystone_authtoken.include_service_catalog = True {{(pid=62195) log_opt_values /opt/stack/data/venv/lib/python3.12/site-packages/oslo_config/cfg.py:3253}}
Jul 16 23:09:26 devstack devstack@n-api.service[62196]: DEBUG nova.api.openstack.wsgi_app [None req-8c8309c4-443e-47ba-a062-3fb5aada7583 None None] keystone_authtoken.memcache_tls_cafile = None {{(pid=62196) log_opt_values /opt/stack/data/venv/lib/python3.12/site-packages/oslo_config/cfg.py:3253}}
Jul 16 23:09:26 devstack devstack@n-api.service[62195]: DEBUG nova.api.openstack.wsgi_app [None req-0886d80c-38da-49f3-a8eb-f277dedcf815 None None] keystone_authtoken.insecure = False {{(pid=62195) log_opt_values /opt/stack/data/venv/lib/python3.12/site-packages/oslo_config/cfg.py:3253}}
Jul 16 23:09:26 devstack devstack@n-api.service[62196]: DEBUG nova.api.openstack.wsgi_app [None req-8c8309c4-443e-47ba-a062-3fb5aada7583 None None] keystone_authtoken.memcache_tls_certfile = None {{(pid=62196) log_opt_values /opt/stack/data/venv/lib/python3.12/site-packages/oslo_config/cfg.py:3253}}
Jul 16 23:09:26 devstack devstack@n-api.service[62195]: DEBUG nova.api.openstack.wsgi_app [None req-0886d80c-38da-49f3-a8eb-f277dedcf815 None None] keystone_authtoken.interface = public {{(pid=62195) log_opt_values /opt/stack/data/venv/lib/python3.12/site-packages/oslo_config/cfg.py:3253}}
Jul 16 23:09:26 devstack devstack@n-api.service[62196]: DEBUG nova.api.openstack.wsgi_app [None req-8c8309c4-443e-47ba-a062-3fb5aada7583 None None] keystone_authtoken.memcache_tls_enabled = False {{(pid=62196) log_opt_values /opt/stack/data/venv/lib/python3.12/site-packages/oslo_config/cfg.py:3253}}
Jul 16 23:09:26 devstack devstack@n-api.service[62195]: DEBUG nova.api.openstack.wsgi_app [None req-0886d80c-38da-49f3-a8eb-f277dedcf815 None None] keystone_authtoken.keyfile = None {{(pid=62195) log_opt_values /opt/stack/data/venv/lib/python3.12/site-packages/oslo_config/cfg.py:3253}}
Jul 16 23:09:26 devstack devstack@n-api.service[62196]: DEBUG nova.api.openstack.wsgi_app [None req-8c8309c4-443e-47ba-a062-3fb5aada7583 None None] keystone_authtoken.memcache_tls_keyfile = None {{(pid=62196) log_opt_values /opt/stack/data/venv/lib/python3.12/site-packages/oslo_config/cfg.py:3253}}
Jul 16 23:09:26 devstack devstack@n-api.service[62195]: DEBUG nova.api.openstack.wsgi_app [None req-0886d80c-38da-49f3-a8eb-f277dedcf815 None None] keystone_authtoken.memcache_password = {{(pid=62195) log_opt_values /opt/stack/data/venv/lib/python3.12/site-packages/oslo_config/cfg.py:3253}}
Jul 16 23:09:26 devstack devstack@n-api.service[62196]: DEBUG nova.api.openstack.wsgi_app [None req-8c8309c4-443e-47ba-a062-3fb5aada7583 None None] keystone_authtoken.memcache_use_advanced_pool = True {{(pid=62196) log_opt_values /opt/stack/data/venv/lib/python3.12/site-packages/oslo_config/cfg.py:3253}}
Jul 16 23:09:26 devstack devstack@n-api.service[62195]: DEBUG nova.api.openstack.wsgi_app [None req-0886d80c-38da-49f3-a8eb-f277dedcf815 None None] keystone_authtoken.memcache_pool_conn_get_timeout = 10 {{(pid=62195) log_opt_values /opt/stack/data/venv/lib/python3.12/site-packages/oslo_config/cfg.py:3253}}
Jul 16 23:09:26 devstack devstack@n-api.service[62196]: DEBUG nova.api.openstack.wsgi_app [None req-8c8309c4-443e-47ba-a062-3fb5aada7583 None None] keystone_authtoken.memcache_username = {{(pid=62196) log_opt_values /opt/stack/data/venv/lib/python3.12/site-packages/oslo_config/cfg.py:3253}}
Jul 16 23:09:26 devstack devstack@n-api.service[62195]: DEBUG nova.api.openstack.wsgi_app [None req-0886d80c-38da-49f3-a8eb-f277dedcf815 None None] keystone_authtoken.memcache_pool_dead_retry = 300 {{(pid=62195) log_opt_values /opt/stack/data/venv/lib/python3.12/site-packages/oslo_config/cfg.py:3253}}
Jul 16 23:09:26 devstack devstack@n-api.service[62196]: DEBUG nova.api.openstack.wsgi_app [None req-8c8309c4-443e-47ba-a062-3fb5aada7583 None None] keystone_authtoken.memcached_servers = ['localhost:11211'] {{(pid=62196) log_opt_values /opt/stack/data/venv/lib/python3.12/site-packages/oslo_config/cfg.py:3253}}
Jul 16 23:09:26 devstack devstack@n-api.service[62195]: DEBUG nova.api.openstack.wsgi_app [None req-0886d80c-38da-49f3-a8eb-f277dedcf815 None None] keystone_authtoken.memcache_pool_maxsize = 10 {{(pid=62195) log_opt_values /opt/stack/data/venv/lib/python3.12/site-packages/oslo_config/cfg.py:3253}}
Jul 16 23:09:26 devstack devstack@n-api.service[62196]: DEBUG nova.api.openstack.wsgi_app [None req-8c8309c4-443e-47ba-a062-3fb5aada7583 None None] keystone_authtoken.password = **** {{(pid=62196) log_opt_values /opt/stack/data/venv/lib/python3.12/site-packages/oslo_config/cfg.py:3253}}
Jul 16 23:09:26 devstack devstack@n-api.service[62195]: DEBUG nova.api.openstack.wsgi_app [None req-0886d80c-38da-49f3-a8eb-f277dedcf815 None None] keystone_authtoken.memcache_pool_socket_timeout = 3 {{(pid=62195) log_opt_values /opt/stack/data/venv/lib/python3.12/site-packages/oslo_config/cfg.py:3253}}
Jul 16 23:09:26 devstack devstack@n-api.service[62196]: DEBUG nova.api.openstack.wsgi_app [None req-8c8309c4-443e-47ba-a062-3fb5aada7583 None None] keystone_authtoken.project_domain_id = None {{(pid=62196) log_opt_values /opt/stack/data/venv/lib/python3.12/site-packages/oslo_config/cfg.py:3253}}
Jul 16 23:09:26 devstack devstack@n-api.service[62195]: DEBUG nova.api.openstack.wsgi_app [None req-0886d80c-38da-49f3-a8eb-f277dedcf815 None None] keystone_authtoken.memcache_pool_unused_timeout = 60 {{(pid=62195) log_opt_values /opt/stack/data/venv/lib/python3.12/site-packages/oslo_config/cfg.py:3253}}
Jul 16 23:09:26 devstack devstack@n-api.service[62196]: DEBUG nova.api.openstack.wsgi_app [None req-8c8309c4-443e-47ba-a062-3fb5aada7583 None None] keystone_authtoken.project_domain_name = Default {{(pid=62196) log_opt_values /opt/stack/data/venv/lib/python3.12/site-packages/oslo_config/cfg.py:3253}}
Jul 16 23:09:26 devstack devstack@n-api.service[62195]: DEBUG nova.api.openstack.wsgi_app [None req-0886d80c-38da-49f3-a8eb-f277dedcf815 None None] keystone_authtoken.memcache_sasl_enabled = False {{(pid=62195) log_opt_values /opt/stack/data/venv/lib/python3.12/site-packages/oslo_config/cfg.py:3253}}
Jul 16 23:09:26 devstack devstack@n-api.service[62196]: DEBUG nova.api.openstack.wsgi_app [None req-8c8309c4-443e-47ba-a062-3fb5aada7583 None None] keystone_authtoken.project_id = None {{(pid=62196) log_opt_values /opt/stack/data/venv/lib/python3.12/site-packages/oslo_config/cfg.py:3253}}
Jul 16 23:09:26 devstack devstack@n-api.service[62195]: DEBUG nova.api.openstack.wsgi_app [None req-0886d80c-38da-49f3-a8eb-f277dedcf815 None None] keystone_authtoken.memcache_secret_key = **** {{(pid=62195) log_opt_values /opt/stack/data/venv/lib/python3.12/site-packages/oslo_config/cfg.py:3253}}
Jul 16 23:09:26 devstack devstack@n-api.service[62196]: DEBUG nova.api.openstack.wsgi_app [None req-8c8309c4-443e-47ba-a062-3fb5aada7583 None None] keystone_authtoken.project_name = service {{(pid=62196) log_opt_values /opt/stack/data/venv/lib/python3.12/site-packages/oslo_config/cfg.py:3253}}
Jul 16 23:09:26 devstack devstack@n-api.service[62195]: DEBUG nova.api.openstack.wsgi_app [None req-0886d80c-38da-49f3-a8eb-f277dedcf815 None None] keystone_authtoken.memcache_security_strategy = None {{(pid=62195) log_opt_values /opt/stack/data/venv/lib/python3.12/site-packages/oslo_config/cfg.py:3253}}
Jul 16 23:09:26 devstack devstack@n-api.service[62196]: DEBUG nova.api.openstack.wsgi_app [None req-8c8309c4-443e-47ba-a062-3fb5aada7583 None None] keystone_authtoken.region_name = None {{(pid=62196) log_opt_values /opt/stack/data/venv/lib/python3.12/site-packages/oslo_config/cfg.py:3253}}
Jul 16 23:09:26 devstack devstack@n-api.service[62195]: DEBUG nova.api.openstack.wsgi_app [None req-0886d80c-38da-49f3-a8eb-f277dedcf815 None None] keystone_authtoken.memcache_tls_allowed_ciphers = None {{(pid=62195) log_opt_values /opt/stack/data/venv/lib/python3.12/site-packages/oslo_config/cfg.py:3253}}
Jul 16 23:09:26 devstack devstack@n-api.service[62196]: DEBUG nova.api.openstack.wsgi_app [None req-8c8309c4-443e-47ba-a062-3fb5aada7583 None None] keystone_authtoken.service_token_roles = ['service'] {{(pid=62196) log_opt_values /opt/stack/data/venv/lib/python3.12/site-packages/oslo_config/cfg.py:3253}}
Jul 16 23:09:26 devstack devstack@n-api.service[62195]: DEBUG nova.api.openstack.wsgi_app [None req-0886d80c-38da-49f3-a8eb-f277dedcf815 None None] keystone_authtoken.memcache_tls_cafile = None {{(pid=62195) log_opt_values /opt/stack/data/venv/lib/python3.12/site-packages/oslo_config/cfg.py:3253}}
Jul 16 23:09:26 devstack devstack@n-api.service[62196]: DEBUG nova.api.openstack.wsgi_app [None req-8c8309c4-443e-47ba-a062-3fb5aada7583 None None] keystone_authtoken.service_token_roles_required = True {{(pid=62196) log_opt_values /opt/stack/data/venv/lib/python3.12/site-packages/oslo_config/cfg.py:3253}}
Jul 16 23:09:26 devstack devstack@n-api.service[62195]: DEBUG nova.api.openstack.wsgi_app [None req-0886d80c-38da-49f3-a8eb-f277dedcf815 None None] keystone_authtoken.memcache_tls_certfile = None {{(pid=62195) log_opt_values /opt/stack/data/venv/lib/python3.12/site-packages/oslo_config/cfg.py:3253}}
Jul 16 23:09:26 devstack devstack@n-api.service[62196]: DEBUG nova.api.openstack.wsgi_app [None req-8c8309c4-443e-47ba-a062-3fb5aada7583 None None] keystone_authtoken.service_type = None {{(pid=62196) log_opt_values /opt/stack/data/venv/lib/python3.12/site-packages/oslo_config/cfg.py:3253}}
Jul 16 23:09:26 devstack devstack@n-api.service[62195]: DEBUG nova.api.openstack.wsgi_app [None req-0886d80c-38da-49f3-a8eb-f277dedcf815 None None] keystone_authtoken.memcache_tls_enabled = False {{(pid=62195) log_opt_values /opt/stack/data/venv/lib/python3.12/site-packages/oslo_config/cfg.py:3253}}
Jul 16 23:09:26 devstack devstack@n-api.service[62196]: DEBUG nova.api.openstack.wsgi_app [None req-8c8309c4-443e-47ba-a062-3fb5aada7583 None None] keystone_authtoken.system_scope = None {{(pid=62196) log_opt_values /opt/stack/data/venv/lib/python3.12/site-packages/oslo_config/cfg.py:3253}}
Jul 16 23:09:26 devstack devstack@n-api.service[62195]: DEBUG nova.api.openstack.wsgi_app [None req-0886d80c-38da-49f3-a8eb-f277dedcf815 None None] keystone_authtoken.memcache_tls_keyfile = None {{(pid=62195) log_opt_values /opt/stack/data/venv/lib/python3.12/site-packages/oslo_config/cfg.py:3253}}
Jul 16 23:09:26 devstack devstack@n-api.service[62196]: DEBUG nova.api.openstack.wsgi_app [None req-8c8309c4-443e-47ba-a062-3fb5aada7583 None None] keystone_authtoken.token_cache_time = 300 {{(pid=62196) log_opt_values /opt/stack/data/venv/lib/python3.12/site-packages/oslo_config/cfg.py:3253}}
Jul 16 23:09:26 devstack devstack@n-api.service[62195]: DEBUG nova.api.openstack.wsgi_app [None req-0886d80c-38da-49f3-a8eb-f277dedcf815 None None] keystone_authtoken.memcache_use_advanced_pool = True {{(pid=62195) log_opt_values /opt/stack/data/venv/lib/python3.12/site-packages/oslo_config/cfg.py:3253}}
Jul 16 23:09:26 devstack devstack@n-api.service[62196]: DEBUG nova.api.openstack.wsgi_app [None req-8c8309c4-443e-47ba-a062-3fb5aada7583 None None] keystone_authtoken.trust_id = None {{(pid=62196) log_opt_values /opt/stack/data/venv/lib/python3.12/site-packages/oslo_config/cfg.py:3253}}
Jul 16 23:09:26 devstack devstack@n-api.service[62195]: DEBUG nova.api.openstack.wsgi_app [None req-0886d80c-38da-49f3-a8eb-f277dedcf815 None None] keystone_authtoken.memcache_username = {{(pid=62195) log_opt_values /opt/stack/data/venv/lib/python3.12/site-packages/oslo_config/cfg.py:3253}}
Jul 16 23:09:26 devstack devstack@n-api.service[62196]: DEBUG nova.api.openstack.wsgi_app [None req-8c8309c4-443e-47ba-a062-3fb5aada7583 None None] keystone_authtoken.user_domain_id = None {{(pid=62196) log_opt_values /opt/stack/data/venv/lib/python3.12/site-packages/oslo_config/cfg.py:3253}}
Jul 16 23:09:26 devstack devstack@n-api.service[62195]: DEBUG nova.api.openstack.wsgi_app [None req-0886d80c-38da-49f3-a8eb-f277dedcf815 None None] keystone_authtoken.memcached_servers = ['localhost:11211'] {{(pid=62195) log_opt_values /opt/stack/data/venv/lib/python3.12/site-packages/oslo_config/cfg.py:3253}}
Jul 16 23:09:26 devstack devstack@n-api.service[62196]: DEBUG nova.api.openstack.wsgi_app [None req-8c8309c4-443e-47ba-a062-3fb5aada7583 None None] keystone_authtoken.user_domain_name = Default {{(pid=62196) log_opt_values /opt/stack/data/venv/lib/python3.12/site-packages/oslo_config/cfg.py:3253}}
Jul 16 23:09:26 devstack devstack@n-api.service[62195]: DEBUG nova.api.openstack.wsgi_app [None req-0886d80c-38da-49f3-a8eb-f277dedcf815 None None] keystone_authtoken.password = **** {{(pid=62195) log_opt_values /opt/stack/data/venv/lib/python3.12/site-packages/oslo_config/cfg.py:3253}}
Jul 16 23:09:26 devstack devstack@n-api.service[62196]: DEBUG nova.api.openstack.wsgi_app [None req-8c8309c4-443e-47ba-a062-3fb5aada7583 None None] keystone_authtoken.user_id = None {{(pid=62196) log_opt_values /opt/stack/data/venv/lib/python3.12/site-packages/oslo_config/cfg.py:3253}}
Jul 16 23:09:26 devstack devstack@n-api.service[62195]: DEBUG nova.api.openstack.wsgi_app [None req-0886d80c-38da-49f3-a8eb-f277dedcf815 None None] keystone_authtoken.project_domain_id = None {{(pid=62195) log_opt_values /opt/stack/data/venv/lib/python3.12/site-packages/oslo_config/cfg.py:3253}}
Jul 16 23:09:26 devstack devstack@n-api.service[62196]: DEBUG nova.api.openstack.wsgi_app [None req-8c8309c4-443e-47ba-a062-3fb5aada7583 None None] keystone_authtoken.username = nova {{(pid=62196) log_opt_values /opt/stack/data/venv/lib/python3.12/site-packages/oslo_config/cfg.py:3253}}
Jul 16 23:09:26 devstack devstack@n-api.service[62195]: DEBUG nova.api.openstack.wsgi_app [None req-0886d80c-38da-49f3-a8eb-f277dedcf815 None None] keystone_authtoken.project_domain_name = Default {{(pid=62195) log_opt_values /opt/stack/data/venv/lib/python3.12/site-packages/oslo_config/cfg.py:3253}}
Jul 16 23:09:26 devstack devstack@n-api.service[62196]: DEBUG nova.api.openstack.wsgi_app [None req-8c8309c4-443e-47ba-a062-3fb5aada7583 None None] keystone_authtoken.www_authenticate_uri = http://192.168.122.154/identity {{(pid=62196) log_opt_values /opt/stack/data/venv/lib/python3.12/site-packages/oslo_config/cfg.py:3253}}
Jul 16 23:09:26 devstack devstack@n-api.service[62195]: DEBUG nova.api.openstack.wsgi_app [None req-0886d80c-38da-49f3-a8eb-f277dedcf815 None None] keystone_authtoken.project_id = None {{(pid=62195) log_opt_values /opt/stack/data/venv/lib/python3.12/site-packages/oslo_config/cfg.py:3253}}
Jul 16 23:09:26 devstack devstack@n-api.service[62196]: DEBUG nova.api.openstack.wsgi_app [None req-8c8309c4-443e-47ba-a062-3fb5aada7583 None None] ******************************************************************************** {{(pid=62196) log_opt_values /opt/stack/data/venv/lib/python3.12/site-packages/oslo_config/cfg.py:3260}}
Jul 16 23:09:26 devstack devstack@n-api.service[62196]: WSGI app 0 (mountpoint='') ready in 6 seconds on interpreter 0x79e8092a4668 pid: 62196 (default app)
Jul 16 23:09:26 devstack devstack@n-api.service[62195]: DEBUG nova.api.openstack.wsgi_app [None req-0886d80c-38da-49f3-a8eb-f277dedcf815 None None] keystone_authtoken.project_name = service {{(pid=62195) log_opt_values /opt/stack/data/venv/lib/python3.12/site-packages/oslo_config/cfg.py:3253}}
Jul 16 23:09:26 devstack devstack@n-api.service[62195]: DEBUG nova.api.openstack.wsgi_app [None req-0886d80c-38da-49f3-a8eb-f277dedcf815 None None] keystone_authtoken.region_name = None {{(pid=62195) log_opt_values /opt/stack/data/venv/lib/python3.12/site-packages/oslo_config/cfg.py:3253}}
Jul 16 23:09:26 devstack devstack@n-api.service[62195]: DEBUG nova.api.openstack.wsgi_app [None req-0886d80c-38da-49f3-a8eb-f277dedcf815 None None] keystone_authtoken.service_token_roles = ['service'] {{(pid=62195) log_opt_values /opt/stack/data/venv/lib/python3.12/site-packages/oslo_config/cfg.py:3253}}
Jul 16 23:09:26 devstack devstack@n-api.service[62195]: DEBUG nova.api.openstack.wsgi_app [None req-0886d80c-38da-49f3-a8eb-f277dedcf815 None None] keystone_authtoken.service_token_roles_required = True {{(pid=62195) log_opt_values /opt/stack/data/venv/lib/python3.12/site-packages/oslo_config/cfg.py:3253}}
Jul 16 23:09:26 devstack devstack@n-api.service[62196]: DEBUG nova.api.openstack.wsgi [None req-8c8309c4-443e-47ba-a062-3fb5aada7583 None None] Calling method '>' {{(pid=62196) _process_stack /opt/stack/nova/nova/api/openstack/wsgi.py:551}}
Jul 16 23:09:26 devstack devstack@n-api.service[62195]: DEBUG nova.api.openstack.wsgi_app [None req-0886d80c-38da-49f3-a8eb-f277dedcf815 None None] keystone_authtoken.service_type = None {{(pid=62195) log_opt_values /opt/stack/data/venv/lib/python3.12/site-packages/oslo_config/cfg.py:3253}}
Jul 16 23:09:26 devstack devstack@n-api.service[62195]: DEBUG nova.api.openstack.wsgi_app [None req-0886d80c-38da-49f3-a8eb-f277dedcf815 None None] keystone_authtoken.system_scope = None {{(pid=62195) log_opt_values /opt/stack/data/venv/lib/python3.12/site-packages/oslo_config/cfg.py:3253}}
Jul 16 23:09:26 devstack devstack@n-api.service[62195]: DEBUG nova.api.openstack.wsgi_app [None req-0886d80c-38da-49f3-a8eb-f277dedcf815 None None] keystone_authtoken.token_cache_time = 300 {{(pid=62195) log_opt_values /opt/stack/data/venv/lib/python3.12/site-packages/oslo_config/cfg.py:3253}}
Jul 16 23:09:26 devstack devstack@n-api.service[62195]: DEBUG nova.api.openstack.wsgi_app [None req-0886d80c-38da-49f3-a8eb-f277dedcf815 None None] keystone_authtoken.trust_id = None {{(pid=62195) log_opt_values /opt/stack/data/venv/lib/python3.12/site-packages/oslo_config/cfg.py:3253}}
Jul 16 23:09:26 devstack devstack@n-api.service[62195]: DEBUG nova.api.openstack.wsgi_app [None req-0886d80c-38da-49f3-a8eb-f277dedcf815 None None] keystone_authtoken.user_domain_id = None {{(pid=62195) log_opt_values /opt/stack/data/venv/lib/python3.12/site-packages/oslo_config/cfg.py:3253}}
Jul 16 23:09:26 devstack devstack@n-api.service[62195]: DEBUG nova.api.openstack.wsgi_app [None req-0886d80c-38da-49f3-a8eb-f277dedcf815 None None] keystone_authtoken.user_domain_name = Default {{(pid=62195) log_opt_values /opt/stack/data/venv/lib/python3.12/site-packages/oslo_config/cfg.py:3253}}
Jul 16 23:09:26 devstack devstack@n-api.service[62195]: DEBUG nova.api.openstack.wsgi_app [None req-0886d80c-38da-49f3-a8eb-f277dedcf815 None None] keystone_authtoken.user_id = None {{(pid=62195) log_opt_values /opt/stack/data/venv/lib/python3.12/site-packages/oslo_config/cfg.py:3253}}
Jul 16 23:09:26 devstack devstack@n-api.service[62195]: DEBUG nova.api.openstack.wsgi_app [None req-0886d80c-38da-49f3-a8eb-f277dedcf815 None None] keystone_authtoken.username = nova {{(pid=62195) log_opt_values /opt/stack/data/venv/lib/python3.12/site-packages/oslo_config/cfg.py:3253}}
Jul 16 23:09:26 devstack devstack@n-api.service[62195]: DEBUG nova.api.openstack.wsgi_app [None req-0886d80c-38da-49f3-a8eb-f277dedcf815 None None] keystone_authtoken.www_authenticate_uri = http://192.168.122.154/identity {{(pid=62195) log_opt_values /opt/stack/data/venv/lib/python3.12/site-packages/oslo_config/cfg.py:3253}}
Jul 16 23:09:26 devstack devstack@n-api.service[62195]: DEBUG nova.api.openstack.wsgi_app [None req-0886d80c-38da-49f3-a8eb-f277dedcf815 None None] ******************************************************************************** {{(pid=62195) log_opt_values /opt/stack/data/venv/lib/python3.12/site-packages/oslo_config/cfg.py:3260}}
Jul 16 23:09:26 devstack devstack@n-api.service[62195]: WSGI app 0 (mountpoint='') ready in 6 seconds on interpreter 0x79e8092a4668 pid: 62195 (default app)
Jul 16 23:09:26 devstack devstack@n-api.service[62196]: INFO nova.api.openstack.requestlog [None req-8c8309c4-443e-47ba-a062-3fb5aada7583 None None] 192.168.122.154 "GET /compute/v2.1/" status: 200 len: 393 microversion: 2.1 time: 0.005471
Jul 16 23:09:26 devstack devstack@n-api.service[62196]: [pid: 62196|app: 0|req: 1/1] 192.168.122.154 () {50 vars in 791 bytes} [Thu Jul 16 23:09:26 2026] GET /compute/v2.1/ => generated 393 bytes in 7 msecs (HTTP/1.1 200) 9 headers in 357 bytes (1 switches on core 0)
Jul 16 23:09:34 devstack devstack@n-api.service[62196]: DEBUG dbcounter [-] [62196] Writing DB stats nova_api:SELECT=1 {{(pid=62196) stat_writer /opt/stack/data/venv/lib/python3.12/site-packages/dbcounter.py:115}}
Jul 16 23:09:34 devstack devstack@n-api.service[62195]: DEBUG dbcounter [-] [62195] Writing DB stats nova_api:SELECT=1 {{(pid=62195) stat_writer /opt/stack/data/venv/lib/python3.12/site-packages/dbcounter.py:115}}
Jul 16 23:09:34 devstack devstack@n-api.service[62196]: DEBUG dbcounter [-] [62196] Writing DB stats nova_cell0:SELECT=1 {{(pid=62196) stat_writer /opt/stack/data/venv/lib/python3.12/site-packages/dbcounter.py:115}}
Jul 16 23:09:34 devstack devstack@n-api.service[62196]: DEBUG dbcounter [-] [62196] Writing DB stats nova_cell1:SELECT=1 {{(pid=62196) stat_writer /opt/stack/data/venv/lib/python3.12/site-packages/dbcounter.py:115}}
Jul 16 23:09:34 devstack devstack@n-api.service[62196]: DEBUG dbcounter [-] [62196] Writing DB stats nova_cell0:SELECT=2,nova_cell0:INSERT=1 {{(pid=62196) stat_writer /opt/stack/data/venv/lib/python3.12/site-packages/dbcounter.py:115}}
Jul 16 23:09:34 devstack devstack@n-api.service[62195]: DEBUG dbcounter [-] [62195] Writing DB stats nova_cell1:SELECT=1 {{(pid=62195) stat_writer /opt/stack/data/venv/lib/python3.12/site-packages/dbcounter.py:115}}
Jul 16 23:09:34 devstack devstack@n-api.service[62195]: DEBUG dbcounter [-] [62195] Writing DB stats nova_cell0:SELECT=1 {{(pid=62195) stat_writer /opt/stack/data/venv/lib/python3.12/site-packages/dbcounter.py:115}}
Jul 16 23:09:34 devstack devstack@n-api.service[62195]: DEBUG dbcounter [-] [62195] Writing DB stats nova_cell0:SELECT=1 {{(pid=62195) stat_writer /opt/stack/data/venv/lib/python3.12/site-packages/dbcounter.py:115}}
Jul 16 23:11:46 devstack devstack@n-api.service[62195]: DEBUG nova.api.openstack.wsgi [None req-0886d80c-38da-49f3-a8eb-f277dedcf815 None None] Calling method '>' {{(pid=62195) _process_stack /opt/stack/nova/nova/api/openstack/wsgi.py:551}}
Jul 16 23:11:46 devstack devstack@n-api.service[62195]: INFO nova.api.openstack.requestlog [None req-0886d80c-38da-49f3-a8eb-f277dedcf815 None None] 192.168.122.154 "GET /compute/v2.1" status: 200 len: 393 microversion: 2.1 time: 0.016918
Jul 16 23:11:46 devstack devstack@n-api.service[62195]: [pid: 62195|app: 0|req: 1/2] 192.168.122.154 () {54 vars in 935 bytes} [Thu Jul 16 23:11:46 2026] GET /compute/v2.1 => generated 393 bytes in 19 msecs (HTTP/1.1 200) 9 headers in 357 bytes (1 switches on core 0)
Jul 16 23:11:46 devstack devstack@n-api.service[62196]: DEBUG nova.api.openstack.wsgi [None req-28536bb4-6b5d-40b8-8212-3a4745dafbfb admin admin] Calling method '>' {{(pid=62196) _process_stack /opt/stack/nova/nova/api/openstack/wsgi.py:551}}
Jul 16 23:11:46 devstack devstack@n-api.service[62196]: INFO nova.api.openstack.requestlog [None req-28536bb4-6b5d-40b8-8212-3a4745dafbfb admin admin] 192.168.122.154 "GET /compute/v2.1/flavors/detail?is_public=True" status: 200 len: 15 microversion: 2.61 time: 0.566513
Jul 16 23:11:46 devstack devstack@n-api.service[62196]: [pid: 62196|app: 0|req: 2/3] 192.168.122.154 () {60 vars in 1296 bytes} [Thu Jul 16 23:11:46 2026] GET /compute/v2.1/flavors/detail?is_public=True => generated 15 bytes in 568 msecs (HTTP/1.1 200) 9 headers in 358 bytes (1 switches on core 0)
Jul 16 23:11:49 devstack devstack@n-api.service[62195]: DEBUG nova.api.openstack.wsgi [None req-0886d80c-38da-49f3-a8eb-f277dedcf815 None None] Calling method '>' {{(pid=62195) _process_stack /opt/stack/nova/nova/api/openstack/wsgi.py:551}}
Jul 16 23:11:49 devstack devstack@n-api.service[62195]: INFO nova.api.openstack.requestlog [None req-0886d80c-38da-49f3-a8eb-f277dedcf815 None None] 192.168.122.154 "GET /compute/v2.1" status: 200 len: 393 microversion: 2.1 time: 0.005191
Jul 16 23:11:49 devstack devstack@n-api.service[62195]: [pid: 62195|app: 0|req: 2/4] 192.168.122.154 () {54 vars in 935 bytes} [Thu Jul 16 23:11:49 2026] GET /compute/v2.1 => generated 393 bytes in 6 msecs (HTTP/1.1 200) 9 headers in 357 bytes (1 switches on core 0)
Jul 16 23:11:49 devstack devstack@n-api.service[62196]: DEBUG nova.api.openstack.wsgi [None req-5b6150c2-059c-40ce-bb7c-c6aec9cdc301 admin admin] Action: 'create', calling method: >, body: {"flavor": {"name": "cirros256", "os-flavor-access:is_public": true, "ram": 256, "vcpus": 1, "disk": 1, "swap": 0, "id": "c1", "OS-FLV-EXT-DATA:ephemeral": 0}} {{(pid=62196) _process_stack /opt/stack/nova/nova/api/openstack/wsgi.py:549}}
Jul 16 23:11:50 devstack devstack@n-api.service[62196]: INFO nova.api.openstack.requestlog [None req-5b6150c2-059c-40ce-bb7c-c6aec9cdc301 admin admin] 192.168.122.154 "POST /compute/v2.1/flavors" status: 200 len: 415 microversion: 2.61 time: 0.182997
Jul 16 23:11:50 devstack devstack@n-api.service[62196]: [pid: 62196|app: 0|req: 3/5] 192.168.122.154 () {64 vars in 1287 bytes} [Thu Jul 16 23:11:49 2026] POST /compute/v2.1/flavors => generated 415 bytes in 184 msecs (HTTP/1.1 200) 9 headers in 359 bytes (1 switches on core 0)
Jul 16 23:11:50 devstack devstack@n-api.service[62195]: DEBUG nova.api.openstack.wsgi [None req-d89f664d-dcb1-4d5b-8822-57809ae87e7d admin admin] Action: 'create', calling method: >, body: {"extra_specs": {"hw_rng:allowed": "True"}} {{(pid=62195) _process_stack /opt/stack/nova/nova/api/openstack/wsgi.py:549}}
Jul 16 23:11:50 devstack devstack@n-api.service[62195]: INFO nova.api.openstack.requestlog [None req-d89f664d-dcb1-4d5b-8822-57809ae87e7d admin admin] 192.168.122.154 "POST /compute/v2.1/flavors/c1/os-extra_specs" status: 200 len: 43 microversion: 2.61 time: 0.458070
Jul 16 23:11:50 devstack devstack@n-api.service[62195]: [pid: 62195|app: 0|req: 3/6] 192.168.122.154 () {64 vars in 1340 bytes} [Thu Jul 16 23:11:50 2026] POST /compute/v2.1/flavors/c1/os-extra_specs => generated 43 bytes in 462 msecs (HTTP/1.1 200) 9 headers in 358 bytes (1 switches on core 0)
Jul 16 23:11:53 devstack devstack@n-api.service[62196]: DEBUG nova.api.openstack.wsgi [None req-5b6150c2-059c-40ce-bb7c-c6aec9cdc301 admin admin] Calling method '>' {{(pid=62196) _process_stack /opt/stack/nova/nova/api/openstack/wsgi.py:551}}
Jul 16 23:11:53 devstack devstack@n-api.service[62196]: INFO nova.api.openstack.requestlog [None req-5b6150c2-059c-40ce-bb7c-c6aec9cdc301 admin admin] 192.168.122.154 "GET /compute/v2.1" status: 200 len: 393 microversion: 2.1 time: 0.011807
Jul 16 23:11:53 devstack devstack@n-api.service[62196]: [pid: 62196|app: 0|req: 4/7] 192.168.122.154 () {54 vars in 935 bytes} [Thu Jul 16 23:11:53 2026] GET /compute/v2.1 => generated 393 bytes in 13 msecs (HTTP/1.1 200) 9 headers in 357 bytes (1 switches on core 0)
Jul 16 23:11:53 devstack devstack@n-api.service[62195]: DEBUG nova.api.openstack.wsgi [None req-3cc59122-8f5e-4181-bc15-0a638c4e1d55 admin admin] Action: 'create', calling method: >, body: {"flavor": {"swap": 0, "name": "ds512M", "OS-FLV-EXT-DATA:ephemeral": 0, "disk": 5, "vcpus": 1, "ram": 512, "os-flavor-access:is_public": true, "id": "d1"}} {{(pid=62195) _process_stack /opt/stack/nova/nova/api/openstack/wsgi.py:549}}
Jul 16 23:11:53 devstack devstack@n-api.service[62195]: INFO nova.api.openstack.requestlog [None req-3cc59122-8f5e-4181-bc15-0a638c4e1d55 admin admin] 192.168.122.154 "POST /compute/v2.1/flavors" status: 200 len: 412 microversion: 2.61 time: 0.225436
Jul 16 23:11:53 devstack devstack@n-api.service[62195]: [pid: 62195|app: 0|req: 4/8] 192.168.122.154 () {64 vars in 1287 bytes} [Thu Jul 16 23:11:53 2026] POST /compute/v2.1/flavors => generated 412 bytes in 227 msecs (HTTP/1.1 200) 9 headers in 359 bytes (2 switches on core 0)
Jul 16 23:11:53 devstack devstack@n-api.service[62196]: DEBUG nova.api.openstack.wsgi [None req-18eda099-775e-4894-8110-7168ef01213a admin admin] Action: 'create', calling method: >, body: {"extra_specs": {"hw_rng:allowed": "True"}} {{(pid=62196) _process_stack /opt/stack/nova/nova/api/openstack/wsgi.py:549}}
Jul 16 23:11:54 devstack devstack@n-api.service[62196]: INFO nova.api.openstack.requestlog [None req-18eda099-775e-4894-8110-7168ef01213a admin admin] 192.168.122.154 "POST /compute/v2.1/flavors/d1/os-extra_specs" status: 200 len: 43 microversion: 2.61 time: 0.114268
Jul 16 23:11:54 devstack devstack@n-api.service[62196]: [pid: 62196|app: 0|req: 5/9] 192.168.122.154 () {64 vars in 1340 bytes} [Thu Jul 16 23:11:53 2026] POST /compute/v2.1/flavors/d1/os-extra_specs => generated 43 bytes in 119 msecs (HTTP/1.1 200) 9 headers in 358 bytes (1 switches on core 0)
Jul 16 23:11:57 devstack devstack@n-api.service[62195]: DEBUG nova.api.openstack.wsgi [None req-3cc59122-8f5e-4181-bc15-0a638c4e1d55 admin admin] Calling method '>' {{(pid=62195) _process_stack /opt/stack/nova/nova/api/openstack/wsgi.py:551}}
Jul 16 23:11:57 devstack devstack@n-api.service[62195]: INFO nova.api.openstack.requestlog [None req-3cc59122-8f5e-4181-bc15-0a638c4e1d55 admin admin] 192.168.122.154 "GET /compute/v2.1" status: 200 len: 393 microversion: 2.1 time: 0.014982
Jul 16 23:11:57 devstack devstack@n-api.service[62195]: [pid: 62195|app: 0|req: 5/10] 192.168.122.154 () {54 vars in 935 bytes} [Thu Jul 16 23:11:57 2026] GET /compute/v2.1 => generated 393 bytes in 16 msecs (HTTP/1.1 200) 9 headers in 357 bytes (1 switches on core 0)
Jul 16 23:11:57 devstack devstack@n-api.service[62196]: DEBUG nova.api.openstack.wsgi [None req-17350949-cc39-4bfd-b38f-e563c0ea1c91 admin admin] Action: 'create', calling method: >, body: {"flavor": {"id": "d2", "name": "ds1G", "ram": 1024, "disk": 10, "OS-FLV-EXT-DATA:ephemeral": 0, "os-flavor-access:is_public": true, "swap": 0, "vcpus": 1}} {{(pid=62196) _process_stack /opt/stack/nova/nova/api/openstack/wsgi.py:549}}
Jul 16 23:11:57 devstack devstack@n-api.service[62196]: INFO nova.api.openstack.requestlog [None req-17350949-cc39-4bfd-b38f-e563c0ea1c91 admin admin] 192.168.122.154 "POST /compute/v2.1/flavors" status: 200 len: 412 microversion: 2.61 time: 0.148463
Jul 16 23:11:57 devstack devstack@n-api.service[62196]: [pid: 62196|app: 0|req: 6/11] 192.168.122.154 () {64 vars in 1287 bytes} [Thu Jul 16 23:11:57 2026] POST /compute/v2.1/flavors => generated 412 bytes in 152 msecs (HTTP/1.1 200) 9 headers in 359 bytes (1 switches on core 0)
Jul 16 23:11:57 devstack devstack@n-api.service[62195]: DEBUG nova.api.openstack.wsgi [None req-90171af6-25f9-4fa5-b571-7853eeb66cee admin admin] Action: 'create', calling method: >, body: {"extra_specs": {"hw_rng:allowed": "True"}} {{(pid=62195) _process_stack /opt/stack/nova/nova/api/openstack/wsgi.py:549}}
Jul 16 23:11:57 devstack devstack@n-api.service[62195]: INFO nova.api.openstack.requestlog [None req-90171af6-25f9-4fa5-b571-7853eeb66cee admin admin] 192.168.122.154 "POST /compute/v2.1/flavors/d2/os-extra_specs" status: 200 len: 43 microversion: 2.61 time: 0.083696
Jul 16 23:11:57 devstack devstack@n-api.service[62195]: [pid: 62195|app: 0|req: 6/12] 192.168.122.154 () {64 vars in 1340 bytes} [Thu Jul 16 23:11:57 2026] POST /compute/v2.1/flavors/d2/os-extra_specs => generated 43 bytes in 86 msecs (HTTP/1.1 200) 9 headers in 358 bytes (1 switches on core 0)
Jul 16 23:12:00 devstack devstack@n-api.service[62196]: DEBUG nova.api.openstack.wsgi [None req-17350949-cc39-4bfd-b38f-e563c0ea1c91 admin admin] Calling method '>' {{(pid=62196) _process_stack /opt/stack/nova/nova/api/openstack/wsgi.py:551}}
Jul 16 23:12:00 devstack devstack@n-api.service[62196]: INFO nova.api.openstack.requestlog [None req-17350949-cc39-4bfd-b38f-e563c0ea1c91 admin admin] 192.168.122.154 "GET /compute/v2.1" status: 200 len: 393 microversion: 2.1 time: 0.013279
Jul 16 23:12:00 devstack devstack@n-api.service[62196]: [pid: 62196|app: 0|req: 7/13] 192.168.122.154 () {54 vars in 935 bytes} [Thu Jul 16 23:12:00 2026] GET /compute/v2.1 => generated 393 bytes in 15 msecs (HTTP/1.1 200) 9 headers in 357 bytes (2 switches on core 0)
Jul 16 23:12:00 devstack devstack@n-api.service[62195]: DEBUG nova.api.openstack.wsgi [None req-6c6405b2-c3ba-44f5-a7b4-b25ce0406120 admin admin] Action: 'create', calling method: >, body: {"flavor": {"disk": 10, "vcpus": 2, "ram": 2048, "id": "d3", "OS-FLV-EXT-DATA:ephemeral": 0, "name": "ds2G", "swap": 0, "os-flavor-access:is_public": true}} {{(pid=62195) _process_stack /opt/stack/nova/nova/api/openstack/wsgi.py:549}}
Jul 16 23:12:00 devstack devstack@n-api.service[62195]: INFO nova.api.openstack.requestlog [None req-6c6405b2-c3ba-44f5-a7b4-b25ce0406120 admin admin] 192.168.122.154 "POST /compute/v2.1/flavors" status: 200 len: 412 microversion: 2.61 time: 0.112659
Jul 16 23:12:00 devstack devstack@n-api.service[62195]: [pid: 62195|app: 0|req: 7/14] 192.168.122.154 () {64 vars in 1287 bytes} [Thu Jul 16 23:12:00 2026] POST /compute/v2.1/flavors => generated 412 bytes in 114 msecs (HTTP/1.1 200) 9 headers in 359 bytes (1 switches on core 0)
Jul 16 23:12:00 devstack devstack@n-api.service[62196]: DEBUG nova.api.openstack.wsgi [None req-cd8572b5-e6a7-46f4-96a4-067a71652e43 admin admin] Action: 'create', calling method: >, body: {"extra_specs": {"hw_rng:allowed": "True"}} {{(pid=62196) _process_stack /opt/stack/nova/nova/api/openstack/wsgi.py:549}}
Jul 16 23:12:00 devstack devstack@n-api.service[62196]: INFO nova.api.openstack.requestlog [None req-cd8572b5-e6a7-46f4-96a4-067a71652e43 admin admin] 192.168.122.154 "POST /compute/v2.1/flavors/d3/os-extra_specs" status: 200 len: 43 microversion: 2.61 time: 0.058179
Jul 16 23:12:00 devstack devstack@n-api.service[62196]: [pid: 62196|app: 0|req: 8/15] 192.168.122.154 () {64 vars in 1340 bytes} [Thu Jul 16 23:12:00 2026] POST /compute/v2.1/flavors/d3/os-extra_specs => generated 43 bytes in 60 msecs (HTTP/1.1 200) 9 headers in 358 bytes (1 switches on core 0)
Jul 16 23:12:04 devstack devstack@n-api.service[62195]: DEBUG nova.api.openstack.wsgi [None req-6c6405b2-c3ba-44f5-a7b4-b25ce0406120 admin admin] Calling method '>' {{(pid=62195) _process_stack /opt/stack/nova/nova/api/openstack/wsgi.py:551}}
Jul 16 23:12:04 devstack devstack@n-api.service[62195]: INFO nova.api.openstack.requestlog [None req-6c6405b2-c3ba-44f5-a7b4-b25ce0406120 admin admin] 192.168.122.154 "GET /compute/v2.1" status: 200 len: 393 microversion: 2.1 time: 0.005909
Jul 16 23:12:04 devstack devstack@n-api.service[62195]: [pid: 62195|app: 0|req: 8/16] 192.168.122.154 () {54 vars in 935 bytes} [Thu Jul 16 23:12:04 2026] GET /compute/v2.1 => generated 393 bytes in 7 msecs (HTTP/1.1 200) 9 headers in 357 bytes (1 switches on core 0)
Jul 16 23:12:04 devstack devstack@n-api.service[62196]: DEBUG nova.api.openstack.wsgi [None req-527da018-f14e-46bb-97bf-20abd6dd25ee admin admin] Action: 'create', calling method: >, body: {"flavor": {"ram": 4096, "swap": 0, "id": "d4", "vcpus": 4, "os-flavor-access:is_public": true, "name": "ds4G", "disk": 20, "OS-FLV-EXT-DATA:ephemeral": 0}} {{(pid=62196) _process_stack /opt/stack/nova/nova/api/openstack/wsgi.py:549}}
Jul 16 23:12:04 devstack devstack@n-api.service[62196]: INFO nova.api.openstack.requestlog [None req-527da018-f14e-46bb-97bf-20abd6dd25ee admin admin] 192.168.122.154 "POST /compute/v2.1/flavors" status: 200 len: 412 microversion: 2.61 time: 0.091729
Jul 16 23:12:04 devstack devstack@n-api.service[62196]: [pid: 62196|app: 0|req: 9/17] 192.168.122.154 () {64 vars in 1287 bytes} [Thu Jul 16 23:12:04 2026] POST /compute/v2.1/flavors => generated 412 bytes in 93 msecs (HTTP/1.1 200) 9 headers in 359 bytes (1 switches on core 0)
Jul 16 23:12:04 devstack devstack@n-api.service[62195]: DEBUG nova.api.openstack.wsgi [None req-e00903b1-12bc-4bf9-8a62-9705218799d1 admin admin] Action: 'create', calling method: >, body: {"extra_specs": {"hw_rng:allowed": "True"}} {{(pid=62195) _process_stack /opt/stack/nova/nova/api/openstack/wsgi.py:549}}
Jul 16 23:12:04 devstack devstack@n-api.service[62195]: INFO nova.api.openstack.requestlog [None req-e00903b1-12bc-4bf9-8a62-9705218799d1 admin admin] 192.168.122.154 "POST /compute/v2.1/flavors/d4/os-extra_specs" status: 200 len: 43 microversion: 2.61 time: 0.048180
Jul 16 23:12:04 devstack devstack@n-api.service[62195]: [pid: 62195|app: 0|req: 9/18] 192.168.122.154 () {64 vars in 1340 bytes} [Thu Jul 16 23:12:04 2026] POST /compute/v2.1/flavors/d4/os-extra_specs => generated 43 bytes in 50 msecs (HTTP/1.1 200) 9 headers in 358 bytes (2 switches on core 0)
Jul 16 23:12:07 devstack devstack@n-api.service[62196]: DEBUG nova.api.openstack.wsgi [None req-527da018-f14e-46bb-97bf-20abd6dd25ee admin admin] Calling method '>' {{(pid=62196) _process_stack /opt/stack/nova/nova/api/openstack/wsgi.py:551}}
Jul 16 23:12:07 devstack devstack@n-api.service[62196]: INFO nova.api.openstack.requestlog [None req-527da018-f14e-46bb-97bf-20abd6dd25ee admin admin] 192.168.122.154 "GET /compute/v2.1" status: 200 len: 393 microversion: 2.1 time: 0.009684
Jul 16 23:12:07 devstack devstack@n-api.service[62196]: [pid: 62196|app: 0|req: 10/19] 192.168.122.154 () {54 vars in 935 bytes} [Thu Jul 16 23:12:07 2026] GET /compute/v2.1 => generated 393 bytes in 11 msecs (HTTP/1.1 200) 9 headers in 357 bytes (1 switches on core 0)
Jul 16 23:12:07 devstack devstack@n-api.service[62195]: DEBUG nova.api.openstack.wsgi [None req-da308c49-0630-43e1-99c1-b393e1f7028d admin admin] Calling method '>' {{(pid=62195) _process_stack /opt/stack/nova/nova/api/openstack/wsgi.py:551}}
Jul 16 23:12:07 devstack devstack@n-api.service[62195]: INFO nova.api.openstack.requestlog [None req-da308c49-0630-43e1-99c1-b393e1f7028d admin admin] 192.168.122.154 "GET /compute/v2.1/flavors/detail?is_public=True" status: 200 len: 2146 microversion: 2.61 time: 0.088496
Jul 16 23:12:07 devstack devstack@n-api.service[62195]: [pid: 62195|app: 0|req: 10/20] 192.168.122.154 () {60 vars in 1296 bytes} [Thu Jul 16 23:12:07 2026] GET /compute/v2.1/flavors/detail?is_public=True => generated 2146 bytes in 90 msecs (HTTP/1.1 200) 9 headers in 360 bytes (1 switches on core 0)
Jul 16 23:12:10 devstack devstack@n-api.service[62196]: DEBUG nova.api.openstack.wsgi [None req-527da018-f14e-46bb-97bf-20abd6dd25ee admin admin] Calling method '>' {{(pid=62196) _process_stack /opt/stack/nova/nova/api/openstack/wsgi.py:551}}
Jul 16 23:12:10 devstack devstack@n-api.service[62196]: INFO nova.api.openstack.requestlog [None req-527da018-f14e-46bb-97bf-20abd6dd25ee admin admin] 192.168.122.154 "GET /compute/v2.1" status: 200 len: 393 microversion: 2.1 time: 0.006224
Jul 16 23:12:10 devstack devstack@n-api.service[62196]: [pid: 62196|app: 0|req: 11/21] 192.168.122.154 () {54 vars in 935 bytes} [Thu Jul 16 23:12:10 2026] GET /compute/v2.1 => generated 393 bytes in 7 msecs (HTTP/1.1 200) 9 headers in 357 bytes (1 switches on core 0)
Jul 16 23:12:10 devstack devstack@n-api.service[62195]: DEBUG nova.api.openstack.wsgi [None req-df9150b6-6000-4fc5-89ea-4998ff9ed2a4 admin admin] Action: 'create', calling method: >, body: {"flavor": {"OS-FLV-EXT-DATA:ephemeral": 0, "os-flavor-access:is_public": true, "name": "m1.tiny", "swap": 0, "disk": 1, "ram": 512, "id": "1", "vcpus": 1}} {{(pid=62195) _process_stack /opt/stack/nova/nova/api/openstack/wsgi.py:549}}
Jul 16 23:12:10 devstack devstack@n-api.service[62195]: INFO nova.api.openstack.requestlog [None req-df9150b6-6000-4fc5-89ea-4998ff9ed2a4 admin admin] 192.168.122.154 "POST /compute/v2.1/flavors" status: 200 len: 410 microversion: 2.61 time: 0.087358
Jul 16 23:12:10 devstack devstack@n-api.service[62195]: [pid: 62195|app: 0|req: 11/22] 192.168.122.154 () {64 vars in 1287 bytes} [Thu Jul 16 23:12:10 2026] POST /compute/v2.1/flavors => generated 410 bytes in 89 msecs (HTTP/1.1 200) 9 headers in 359 bytes (1 switches on core 0)
Jul 16 23:12:10 devstack devstack@n-api.service[62196]: DEBUG nova.api.openstack.wsgi [None req-8ec49997-38fa-499c-b94c-e64ec5d734ff admin admin] Action: 'create', calling method: >, body: {"extra_specs": {"hw_rng:allowed": "True"}} {{(pid=62196) _process_stack /opt/stack/nova/nova/api/openstack/wsgi.py:549}}
Jul 16 23:12:10 devstack devstack@n-api.service[62196]: INFO nova.api.openstack.requestlog [None req-8ec49997-38fa-499c-b94c-e64ec5d734ff admin admin] 192.168.122.154 "POST /compute/v2.1/flavors/1/os-extra_specs" status: 200 len: 43 microversion: 2.61 time: 0.037098
Jul 16 23:12:10 devstack devstack@n-api.service[62196]: [pid: 62196|app: 0|req: 12/23] 192.168.122.154 () {64 vars in 1337 bytes} [Thu Jul 16 23:12:10 2026] POST /compute/v2.1/flavors/1/os-extra_specs => generated 43 bytes in 38 msecs (HTTP/1.1 200) 9 headers in 358 bytes (1 switches on core 0)
Jul 16 23:12:14 devstack devstack@n-api.service[62195]: DEBUG nova.api.openstack.wsgi [None req-df9150b6-6000-4fc5-89ea-4998ff9ed2a4 admin admin] Calling method '>' {{(pid=62195) _process_stack /opt/stack/nova/nova/api/openstack/wsgi.py:551}}
Jul 16 23:12:14 devstack devstack@n-api.service[62195]: INFO nova.api.openstack.requestlog [None req-df9150b6-6000-4fc5-89ea-4998ff9ed2a4 admin admin] 192.168.122.154 "GET /compute/v2.1" status: 200 len: 393 microversion: 2.1 time: 0.005902
Jul 16 23:12:14 devstack devstack@n-api.service[62195]: [pid: 62195|app: 0|req: 12/24] 192.168.122.154 () {54 vars in 935 bytes} [Thu Jul 16 23:12:14 2026] GET /compute/v2.1 => generated 393 bytes in 7 msecs (HTTP/1.1 200) 9 headers in 357 bytes (1 switches on core 0)
Jul 16 23:12:14 devstack devstack@n-api.service[62196]: DEBUG nova.api.openstack.wsgi [None req-3e69f985-a568-49c8-9f03-d96737c47498 admin admin] Action: 'create', calling method: >, body: {"flavor": {"OS-FLV-EXT-DATA:ephemeral": 0, "vcpus": 1, "os-flavor-access:is_public": true, "disk": 20, "swap": 0, "ram": 2048, "id": "2", "name": "m1.small"}} {{(pid=62196) _process_stack /opt/stack/nova/nova/api/openstack/wsgi.py:549}}
Jul 16 23:12:14 devstack devstack@n-api.service[62196]: INFO nova.api.openstack.requestlog [None req-3e69f985-a568-49c8-9f03-d96737c47498 admin admin] 192.168.122.154 "POST /compute/v2.1/flavors" status: 200 len: 413 microversion: 2.61 time: 0.082599
Jul 16 23:12:14 devstack devstack@n-api.service[62196]: [pid: 62196|app: 0|req: 13/25] 192.168.122.154 () {64 vars in 1287 bytes} [Thu Jul 16 23:12:14 2026] POST /compute/v2.1/flavors => generated 413 bytes in 84 msecs (HTTP/1.1 200) 9 headers in 359 bytes (1 switches on core 0)
Jul 16 23:12:14 devstack devstack@n-api.service[62195]: DEBUG nova.api.openstack.wsgi [None req-0d98df2f-fa49-4a38-a0e9-8dc5eee4368d admin admin] Action: 'create', calling method: >, body: {"extra_specs": {"hw_rng:allowed": "True"}} {{(pid=62195) _process_stack /opt/stack/nova/nova/api/openstack/wsgi.py:549}}
Jul 16 23:12:14 devstack devstack@n-api.service[62195]: INFO nova.api.openstack.requestlog [None req-0d98df2f-fa49-4a38-a0e9-8dc5eee4368d admin admin] 192.168.122.154 "POST /compute/v2.1/flavors/2/os-extra_specs" status: 200 len: 43 microversion: 2.61 time: 0.046761
Jul 16 23:12:14 devstack devstack@n-api.service[62195]: [pid: 62195|app: 0|req: 13/26] 192.168.122.154 () {64 vars in 1337 bytes} [Thu Jul 16 23:12:14 2026] POST /compute/v2.1/flavors/2/os-extra_specs => generated 43 bytes in 48 msecs (HTTP/1.1 200) 9 headers in 358 bytes (1 switches on core 0)
Jul 16 23:12:17 devstack devstack@n-api.service[62196]: DEBUG nova.api.openstack.wsgi [None req-3e69f985-a568-49c8-9f03-d96737c47498 admin admin] Calling method '>' {{(pid=62196) _process_stack /opt/stack/nova/nova/api/openstack/wsgi.py:551}}
Jul 16 23:12:17 devstack devstack@n-api.service[62196]: INFO nova.api.openstack.requestlog [None req-3e69f985-a568-49c8-9f03-d96737c47498 admin admin] 192.168.122.154 "GET /compute/v2.1" status: 200 len: 393 microversion: 2.1 time: 0.008585
Jul 16 23:12:17 devstack devstack@n-api.service[62196]: [pid: 62196|app: 0|req: 14/27] 192.168.122.154 () {54 vars in 935 bytes} [Thu Jul 16 23:12:17 2026] GET /compute/v2.1 => generated 393 bytes in 10 msecs (HTTP/1.1 200) 9 headers in 357 bytes (1 switches on core 0)
Jul 16 23:12:17 devstack devstack@n-api.service[62195]: DEBUG nova.api.openstack.wsgi [None req-ec693b07-1d47-45cf-accb-fd931e2c33e1 admin admin] Action: 'create', calling method: >, body: {"flavor": {"OS-FLV-EXT-DATA:ephemeral": 0, "disk": 40, "id": "3", "swap": 0, "os-flavor-access:is_public": true, "name": "m1.medium", "vcpus": 2, "ram": 4096}} {{(pid=62195) _process_stack /opt/stack/nova/nova/api/openstack/wsgi.py:549}}
Jul 16 23:12:17 devstack devstack@n-api.service[62195]: INFO nova.api.openstack.requestlog [None req-ec693b07-1d47-45cf-accb-fd931e2c33e1 admin admin] 192.168.122.154 "POST /compute/v2.1/flavors" status: 200 len: 414 microversion: 2.61 time: 0.090739
Jul 16 23:12:17 devstack devstack@n-api.service[62195]: [pid: 62195|app: 0|req: 14/28] 192.168.122.154 () {64 vars in 1287 bytes} [Thu Jul 16 23:12:17 2026] POST /compute/v2.1/flavors => generated 414 bytes in 92 msecs (HTTP/1.1 200) 9 headers in 359 bytes (1 switches on core 0)
Jul 16 23:12:17 devstack devstack@n-api.service[62196]: DEBUG nova.api.openstack.wsgi [None req-fa002a51-f880-44b6-811b-ed2fcd4561fb admin admin] Action: 'create', calling method: >, body: {"extra_specs": {"hw_rng:allowed": "True"}} {{(pid=62196) _process_stack /opt/stack/nova/nova/api/openstack/wsgi.py:549}}
Jul 16 23:12:17 devstack devstack@n-api.service[62196]: INFO nova.api.openstack.requestlog [None req-fa002a51-f880-44b6-811b-ed2fcd4561fb admin admin] 192.168.122.154 "POST /compute/v2.1/flavors/3/os-extra_specs" status: 200 len: 43 microversion: 2.61 time: 0.039117
Jul 16 23:12:17 devstack devstack@n-api.service[62196]: [pid: 62196|app: 0|req: 15/29] 192.168.122.154 () {64 vars in 1337 bytes} [Thu Jul 16 23:12:17 2026] POST /compute/v2.1/flavors/3/os-extra_specs => generated 43 bytes in 41 msecs (HTTP/1.1 200) 9 headers in 358 bytes (1 switches on core 0)
Jul 16 23:12:20 devstack devstack@n-api.service[62195]: DEBUG nova.api.openstack.wsgi [None req-ec693b07-1d47-45cf-accb-fd931e2c33e1 admin admin] Calling method '>' {{(pid=62195) _process_stack /opt/stack/nova/nova/api/openstack/wsgi.py:551}}
Jul 16 23:12:20 devstack devstack@n-api.service[62195]: INFO nova.api.openstack.requestlog [None req-ec693b07-1d47-45cf-accb-fd931e2c33e1 admin admin] 192.168.122.154 "GET /compute/v2.1" status: 200 len: 393 microversion: 2.1 time: 0.007552
Jul 16 23:12:20 devstack devstack@n-api.service[62195]: [pid: 62195|app: 0|req: 15/30] 192.168.122.154 () {54 vars in 935 bytes} [Thu Jul 16 23:12:20 2026] GET /compute/v2.1 => generated 393 bytes in 8 msecs (HTTP/1.1 200) 9 headers in 357 bytes (1 switches on core 0)
Jul 16 23:12:20 devstack devstack@n-api.service[62196]: DEBUG nova.api.openstack.wsgi [None req-50785bdf-90f3-465a-bd98-e26876644b32 admin admin] Action: 'create', calling method: >, body: {"flavor": {"swap": 0, "name": "m1.large", "os-flavor-access:is_public": true, "OS-FLV-EXT-DATA:ephemeral": 0, "disk": 80, "id": "4", "vcpus": 4, "ram": 8192}} {{(pid=62196) _process_stack /opt/stack/nova/nova/api/openstack/wsgi.py:549}}
Jul 16 23:12:20 devstack devstack@n-api.service[62196]: INFO nova.api.openstack.requestlog [None req-50785bdf-90f3-465a-bd98-e26876644b32 admin admin] 192.168.122.154 "POST /compute/v2.1/flavors" status: 200 len: 413 microversion: 2.61 time: 0.083720
Jul 16 23:12:20 devstack devstack@n-api.service[62196]: [pid: 62196|app: 0|req: 16/31] 192.168.122.154 () {64 vars in 1287 bytes} [Thu Jul 16 23:12:20 2026] POST /compute/v2.1/flavors => generated 413 bytes in 85 msecs (HTTP/1.1 200) 9 headers in 359 bytes (1 switches on core 0)
Jul 16 23:12:20 devstack devstack@n-api.service[62195]: DEBUG nova.api.openstack.wsgi [None req-d96658aa-a347-40d0-b41e-fd761e68ecce admin admin] Action: 'create', calling method: >, body: {"extra_specs": {"hw_rng:allowed": "True"}} {{(pid=62195) _process_stack /opt/stack/nova/nova/api/openstack/wsgi.py:549}}
Jul 16 23:12:20 devstack devstack@n-api.service[62195]: INFO nova.api.openstack.requestlog [None req-d96658aa-a347-40d0-b41e-fd761e68ecce admin admin] 192.168.122.154 "POST /compute/v2.1/flavors/4/os-extra_specs" status: 200 len: 43 microversion: 2.61 time: 0.034377
