Sep 05 05:07:57 devstack cinder-volume[89331]: DEBUG cinder.manager [None req-2fce19f6-3ebf-428c-b52e-8aa93db81117 tempest-VolumesActionsTest-818028394 None] Notifying Schedulers of capabilities ... {{(pid=89331) _publish_service_capabilities /opt/stack/cinder/cinder/manager.py:219}}
Sep 05 05:07:57 devstack cinder-volume[89331]: INFO cinder.volume.manager [None req-2fce19f6-3ebf-428c-b52e-8aa93db81117 tempest-VolumesActionsTest-818028394 None] Deleted volume successfully.
Sep 05 05:07:57 devstack cinder-volume[89331]: DEBUG cinder.coordination [None req-2fce19f6-3ebf-428c-b52e-8aa93db81117 tempest-VolumesActionsTest-818028394 None] Lock "cinder-99dc7a42-ef52-4f68-9703-3f31b1a99e71-delete_volume" released by "delete_volume" :: held 2.026s {{(pid=89331) __release /opt/stack/cinder/cinder/coordination.py:152}}
Sep 05 05:07:58 devstack cinder-volume[89331]: INFO cinder.volume.manager [None req-729de218-defe-4a61-8856-ccca1b5944b4 tempest-GroupSnapshotsTest-1729556448 None] Update group completed successfully.
Sep 05 05:08:00 devstack cinder-volume[89331]: INFO cinder.volume.manager [None req-a10345ef-e355-4930-9dd1-3cfa3b04b157 tempest-GroupSnapshotsTest-1729556448 None] Update group completed successfully.
Sep 05 05:08:01 devstack cinder-volume[89331]: INFO cinder.volume.manager [None req-9320a3ee-38eb-40cd-bcea-e0ae880a7974 tempest-GroupSnapshotsTest-1729556448 None] GroupSnapshot 6afcaa33-b99d-4da7-ac69-5cc9cf327c8d: creating.
Sep 05 05:08:01 devstack cinder-volume[89331]: DEBUG cinder.volume.manager [None req-9320a3ee-38eb-40cd-bcea-e0ae880a7974 tempest-GroupSnapshotsTest-1729556448 None] Group snapshot 6afcaa33-b99d-4da7-ac69-5cc9cf327c8d: creating. {{(pid=89331) create_group_snapshot /opt/stack/cinder/cinder/volume/manager.py:4175}}
Sep 05 05:08:01 devstack cinder-volume[89331]: DEBUG oslo_concurrency.lockutils [None req-9320a3ee-38eb-40cd-bcea-e0ae880a7974 tempest-GroupSnapshotsTest-1729556448 None] Acquiring lock "quobyte" by "cinder.volume.drivers.quobyte.QuobyteDriver.create_snapshot" {{(pid=89331) inner /opt/stack/data/venv/lib/python3.12/site-packages/oslo_concurrency/lockutils.py:512}}
Sep 05 05:08:01 devstack cinder-volume[89331]: DEBUG oslo_concurrency.lockutils [None req-9320a3ee-38eb-40cd-bcea-e0ae880a7974 tempest-GroupSnapshotsTest-1729556448 None] Lock "quobyte" acquired by "cinder.volume.drivers.quobyte.QuobyteDriver.create_snapshot" :: waited 0.001s {{(pid=89331) inner /opt/stack/data/venv/lib/python3.12/site-packages/oslo_concurrency/lockutils.py:525}}
Sep 05 05:08:01 devstack cinder-volume[89331]: DEBUG cinder.volume.drivers.remotefs [None req-9320a3ee-38eb-40cd-bcea-e0ae880a7974 tempest-GroupSnapshotsTest-1729556448 None] Creating offline snapshot 7998581a-5085-42b4-b2bd-244a4bfd9f43 of volume 6d0ec410-bc8f-482a-aa10-b46e6ff5078c {{(pid=89331) _create_snapshot /opt/stack/cinder/cinder/volume/drivers/remotefs.py:1816}}
Sep 05 05:08:01 devstack cinder-volume[89331]: DEBUG oslo.privsep.daemon [-] privsep: reply[caf68b55-6de9-4645-808c-d09edead8d48]: (4, 'qcow2') {{(pid=90987) _call_back /opt/stack/data/venv/lib/python3.12/site-packages/oslo_privsep/daemon.py:580}}
Sep 05 05:08:01 devstack cinder-volume[89331]: DEBUG oslo_concurrency.processutils [None req-9320a3ee-38eb-40cd-bcea-e0ae880a7974 tempest-GroupSnapshotsTest-1729556448 None] Running cmd (subprocess): /opt/stack/data/venv/bin/python3.12 -m oslo_concurrency.prlimit --as=1073741824 --cpu=60 -- sudo cinder-rootwrap /etc/cinder/rootwrap.conf env LC_ALL=C qemu-img info -f qcow2 --output=json --force-share /opt/stack/data/cinder/mnt/f9f4acd68a126b159f1fe5a41340a9a9/volume-6d0ec410-bc8f-482a-aa10-b46e6ff5078c {{(pid=89331) execute /opt/stack/data/venv/lib/python3.12/site-packages/oslo_concurrency/processutils.py:440}}
Sep 05 05:08:01 devstack sudo[97683]: quobyte : PWD=/ ; USER=root ; COMMAND=/opt/stack/data/venv/bin/cinder-rootwrap /etc/cinder/rootwrap.conf env LC_ALL=C qemu-img info -f qcow2 --output=json --force-share /opt/stack/data/cinder/mnt/f9f4acd68a126b159f1fe5a41340a9a9/volume-6d0ec410-bc8f-482a-aa10-b46e6ff5078c
Sep 05 05:08:01 devstack sudo[97683]: pam_unix(sudo:session): session opened for user root(uid=0) by (uid=1000)
Sep 05 05:08:02 devstack sudo[97683]: pam_unix(sudo:session): session closed for user root
Sep 05 05:08:02 devstack cinder-volume[89331]: DEBUG oslo_concurrency.processutils [None req-9320a3ee-38eb-40cd-bcea-e0ae880a7974 tempest-GroupSnapshotsTest-1729556448 None] CMD "/opt/stack/data/venv/bin/python3.12 -m oslo_concurrency.prlimit --as=1073741824 --cpu=60 -- sudo cinder-rootwrap /etc/cinder/rootwrap.conf env LC_ALL=C qemu-img info -f qcow2 --output=json --force-share /opt/stack/data/cinder/mnt/f9f4acd68a126b159f1fe5a41340a9a9/volume-6d0ec410-bc8f-482a-aa10-b46e6ff5078c" returned: 0 in 0.517s {{(pid=89331) execute /opt/stack/data/venv/lib/python3.12/site-packages/oslo_concurrency/processutils.py:468}}
Sep 05 05:08:02 devstack cinder-volume[89331]: DEBUG oslo_concurrency.processutils [None req-9320a3ee-38eb-40cd-bcea-e0ae880a7974 tempest-GroupSnapshotsTest-1729556448 None] Running cmd (subprocess): sudo cinder-rootwrap /etc/cinder/rootwrap.conf qemu-img create -f qcow2 -o backing_file=/opt/stack/data/cinder/mnt/f9f4acd68a126b159f1fe5a41340a9a9/volume-6d0ec410-bc8f-482a-aa10-b46e6ff5078c,backing_fmt=qcow2 /opt/stack/data/cinder/mnt/f9f4acd68a126b159f1fe5a41340a9a9/volume-6d0ec410-bc8f-482a-aa10-b46e6ff5078c.7998581a-5085-42b4-b2bd-244a4bfd9f43 1G {{(pid=89331) execute /opt/stack/data/venv/lib/python3.12/site-packages/oslo_concurrency/processutils.py:440}}
Sep 05 05:08:02 devstack sudo[97690]: quobyte : PWD=/ ; USER=root ; COMMAND=/opt/stack/data/venv/bin/cinder-rootwrap /etc/cinder/rootwrap.conf qemu-img create -f qcow2 -o backing_file=/opt/stack/data/cinder/mnt/f9f4acd68a126b159f1fe5a41340a9a9/volume-6d0ec410-bc8f-482a-aa10-b46e6ff5078c,backing_fmt=qcow2 /opt/stack/data/cinder/mnt/f9f4acd68a126b159f1fe5a41340a9a9/volume-6d0ec410-bc8f-482a-aa10-b46e6ff5078c.7998581a-5085-42b4-b2bd-244a4bfd9f43 1G
Sep 05 05:08:02 devstack sudo[97690]: pam_unix(sudo:session): session opened for user root(uid=0) by (uid=1000)
Sep 05 05:08:02 devstack sudo[97690]: pam_unix(sudo:session): session closed for user root
Sep 05 05:08:02 devstack cinder-volume[89331]: DEBUG oslo_concurrency.processutils [None req-9320a3ee-38eb-40cd-bcea-e0ae880a7974 tempest-GroupSnapshotsTest-1729556448 None] CMD "sudo cinder-rootwrap /etc/cinder/rootwrap.conf qemu-img create -f qcow2 -o backing_file=/opt/stack/data/cinder/mnt/f9f4acd68a126b159f1fe5a41340a9a9/volume-6d0ec410-bc8f-482a-aa10-b46e6ff5078c,backing_fmt=qcow2 /opt/stack/data/cinder/mnt/f9f4acd68a126b159f1fe5a41340a9a9/volume-6d0ec410-bc8f-482a-aa10-b46e6ff5078c.7998581a-5085-42b4-b2bd-244a4bfd9f43 1G" returned: 0 in 0.593s {{(pid=89331) execute /opt/stack/data/venv/lib/python3.12/site-packages/oslo_concurrency/processutils.py:468}}
Sep 05 05:08:02 devstack cinder-volume[89331]: DEBUG oslo_concurrency.processutils [None req-9320a3ee-38eb-40cd-bcea-e0ae880a7974 tempest-GroupSnapshotsTest-1729556448 None] Running cmd (subprocess): sudo cinder-rootwrap /etc/cinder/rootwrap.conf qemu-img rebase -u -b volume-6d0ec410-bc8f-482a-aa10-b46e6ff5078c -F qcow2 /opt/stack/data/cinder/mnt/f9f4acd68a126b159f1fe5a41340a9a9/volume-6d0ec410-bc8f-482a-aa10-b46e6ff5078c.7998581a-5085-42b4-b2bd-244a4bfd9f43 {{(pid=89331) execute /opt/stack/data/venv/lib/python3.12/site-packages/oslo_concurrency/processutils.py:440}}
Sep 05 05:08:02 devstack sudo[97700]: quobyte : PWD=/ ; USER=root ; COMMAND=/opt/stack/data/venv/bin/cinder-rootwrap /etc/cinder/rootwrap.conf qemu-img rebase -u -b volume-6d0ec410-bc8f-482a-aa10-b46e6ff5078c -F qcow2 /opt/stack/data/cinder/mnt/f9f4acd68a126b159f1fe5a41340a9a9/volume-6d0ec410-bc8f-482a-aa10-b46e6ff5078c.7998581a-5085-42b4-b2bd-244a4bfd9f43
Sep 05 05:08:02 devstack sudo[97700]: pam_unix(sudo:session): session opened for user root(uid=0) by (uid=1000)
Sep 05 05:08:03 devstack cinder-volume[89331]: DEBUG cinder.volume.flows.manager.create_volume [None req-5f9f9f64-a256-4ae7-a031-20ed2993dfa2 tempest-VolumesActionsTest-818028394 None] Volume reschedule parameters: True retry: {'num_attempts': 1, 'backends': ['devstack@QuobyteHD#QuobyteHD'], 'hosts': ['devstack@QuobyteHD#QuobyteHD']} {{(pid=89331) get_flow /opt/stack/cinder/cinder/volume/flows/manager/create_volume.py:1397}}
Sep 05 05:08:03 devstack cinder-volume[89331]: DEBUG cinder.volume.manager [None req-5f9f9f64-a256-4ae7-a031-20ed2993dfa2 tempest-VolumesActionsTest-818028394 None] Flow 'volume_create_manager' (3f62a926-0aed-4893-9706-9aa6d6cca6b3) transitioned into state 'RUNNING' from state 'PENDING' {{(pid=89331) _flow_receiver /opt/stack/data/venv/lib/python3.12/site-packages/taskflow/listeners/logging.py:160}}
Sep 05 05:08:03 devstack cinder-volume[89331]: DEBUG cinder.volume.manager [None req-5f9f9f64-a256-4ae7-a031-20ed2993dfa2 tempest-VolumesActionsTest-818028394 None] Task 'cinder.volume.flows.manager.create_volume.ExtractVolumeRefTask;volume:create' (f2d07fa0-1995-44c9-b6f7-2ae8050f34f1) transitioned into state 'RUNNING' from state 'PENDING' {{(pid=89331) _task_receiver /opt/stack/data/venv/lib/python3.12/site-packages/taskflow/listeners/logging.py:242}}
Sep 05 05:08:03 devstack cinder-volume[89331]: DEBUG cinder.volume.manager [None req-5f9f9f64-a256-4ae7-a031-20ed2993dfa2 tempest-VolumesActionsTest-818028394 None] Task 'cinder.volume.flows.manager.create_volume.ExtractVolumeRefTask;volume:create' (f2d07fa0-1995-44c9-b6f7-2ae8050f34f1) transitioned into state 'SUCCESS' from state 'RUNNING' with result 'Volume(_name_id=None,admin_metadata=,attach_status='detached',availability_zone='nova',bootable=False,cluster=,cluster_name=None,consistencygroup=,consistencygroup_id=None,created_at=2026-09-05T03:08:03Z,deleted=False,deleted_at=None,display_description=None,display_name='tempest-VolumesActionsTest-Volume-171681418',ec2_id=None,encryption_key_id=None,glance_metadata=,group=,group_id=None,host='devstack@QuobyteHD#QuobyteHD',id=28ecd8e8-ee2e-4e04-8a2b-fb35b4ce1709,launched_at=None,metadata={},migration_status=None,multiattach=False,previous_status=None,project_id='80930effaa3b4b0fa26cc55d32c5292b',provider_auth=None,provider_geometry=None,provider_id=None,provider_location=None,replication_driver_data=None,replication_extended_status=None,replication_status=None,scheduled_at=2026-09-05T03:08:03Z,service_uuid=None,shared_targets=True,size=1,snapshot_id=None,snapshots=,source_volid=None,status='creating',terminated_at=None,updated_at=2026-09-05T03:08:03Z,use_quota=True,user_id='acac602cc4644dc98ca1bab773db38ec',volume_attachment=VolumeAttachmentList,volume_type=VolumeType(05c51b41-f1ea-4226-84fc-6421ffff3f36),volume_type_id=05c51b41-f1ea-4226-84fc-6421ffff3f36)' {{(pid=89331) _task_receiver /opt/stack/data/venv/lib/python3.12/site-packages/taskflow/listeners/logging.py:218}}
Sep 05 05:08:03 devstack cinder-volume[89331]: DEBUG cinder.volume.manager [None req-5f9f9f64-a256-4ae7-a031-20ed2993dfa2 tempest-VolumesActionsTest-818028394 None] Task 'cinder.volume.flows.manager.create_volume.OnFailureRescheduleTask;volume:create' (ac1a4006-20bd-4a67-bf61-355e92d1d332) transitioned into state 'RUNNING' from state 'PENDING' {{(pid=89331) _task_receiver /opt/stack/data/venv/lib/python3.12/site-packages/taskflow/listeners/logging.py:242}}
Sep 05 05:08:03 devstack cinder-volume[89331]: DEBUG cinder.volume.manager [None req-5f9f9f64-a256-4ae7-a031-20ed2993dfa2 tempest-VolumesActionsTest-818028394 None] Task 'cinder.volume.flows.manager.create_volume.OnFailureRescheduleTask;volume:create' (ac1a4006-20bd-4a67-bf61-355e92d1d332) transitioned into state 'SUCCESS' from state 'RUNNING' with result 'None' {{(pid=89331) _task_receiver /opt/stack/data/venv/lib/python3.12/site-packages/taskflow/listeners/logging.py:218}}
Sep 05 05:08:03 devstack cinder-volume[89331]: DEBUG cinder.volume.manager [None req-5f9f9f64-a256-4ae7-a031-20ed2993dfa2 tempest-VolumesActionsTest-818028394 None] Task 'cinder.volume.flows.manager.create_volume.ExtractVolumeSpecTask;volume:create' (505e3013-6fe6-449f-a9d3-1c32e7718d36) transitioned into state 'RUNNING' from state 'PENDING' {{(pid=89331) _task_receiver /opt/stack/data/venv/lib/python3.12/site-packages/taskflow/listeners/logging.py:242}}
Sep 05 05:08:03 devstack cinder-volume[89331]: DEBUG cinder.volume.manager [None req-5f9f9f64-a256-4ae7-a031-20ed2993dfa2 tempest-VolumesActionsTest-818028394 None] Task 'cinder.volume.flows.manager.create_volume.ExtractVolumeSpecTask;volume:create' (505e3013-6fe6-449f-a9d3-1c32e7718d36) transitioned into state 'SUCCESS' from state 'RUNNING' with result '{'status': 'creating', 'type': 'raw', 'volume_id': '28ecd8e8-ee2e-4e04-8a2b-fb35b4ce1709', 'volume_name': 'volume-28ecd8e8-ee2e-4e04-8a2b-fb35b4ce1709', 'volume_size': 1}' {{(pid=89331) _task_receiver /opt/stack/data/venv/lib/python3.12/site-packages/taskflow/listeners/logging.py:218}}
Sep 05 05:08:03 devstack cinder-volume[89331]: DEBUG cinder.volume.manager [None req-5f9f9f64-a256-4ae7-a031-20ed2993dfa2 tempest-VolumesActionsTest-818028394 None] Task 'cinder.volume.flows.manager.create_volume.NotifyVolumeActionTask;volume:create, create.start' (dce1690c-539c-418d-acdd-af86b799379b) transitioned into state 'RUNNING' from state 'PENDING' {{(pid=89331) _task_receiver /opt/stack/data/venv/lib/python3.12/site-packages/taskflow/listeners/logging.py:242}}
Sep 05 05:08:03 devstack cinder-volume[89331]: DEBUG cinder.volume.manager [None req-5f9f9f64-a256-4ae7-a031-20ed2993dfa2 tempest-VolumesActionsTest-818028394 None] Task 'cinder.volume.flows.manager.create_volume.NotifyVolumeActionTask;volume:create, create.start' (dce1690c-539c-418d-acdd-af86b799379b) transitioned into state 'SUCCESS' from state 'RUNNING' with result 'None' {{(pid=89331) _task_receiver /opt/stack/data/venv/lib/python3.12/site-packages/taskflow/listeners/logging.py:218}}
Sep 05 05:08:03 devstack cinder-volume[89331]: DEBUG cinder.volume.manager [None req-5f9f9f64-a256-4ae7-a031-20ed2993dfa2 tempest-VolumesActionsTest-818028394 None] Task 'cinder.volume.flows.manager.create_volume.CreateVolumeFromSpecTask;volume:create' (56628115-dc52-478e-ac68-5af420a7fce3) transitioned into state 'RUNNING' from state 'PENDING' {{(pid=89331) _task_receiver /opt/stack/data/venv/lib/python3.12/site-packages/taskflow/listeners/logging.py:242}}
Sep 05 05:08:03 devstack cinder-volume[89331]: INFO cinder.volume.flows.manager.create_volume [None req-5f9f9f64-a256-4ae7-a031-20ed2993dfa2 tempest-VolumesActionsTest-818028394 None] Volume 28ecd8e8-ee2e-4e04-8a2b-fb35b4ce1709: being created as raw with specification: {'status': 'creating', 'volume_name': 'volume-28ecd8e8-ee2e-4e04-8a2b-fb35b4ce1709', 'volume_size': 1}
Sep 05 05:08:03 devstack cinder-volume[89331]: DEBUG oslo_concurrency.lockutils [None req-5f9f9f64-a256-4ae7-a031-20ed2993dfa2 tempest-VolumesActionsTest-818028394 None] Acquiring lock "quobyte" by "cinder.volume.drivers.quobyte.QuobyteDriver.create_volume" {{(pid=89331) inner /opt/stack/data/venv/lib/python3.12/site-packages/oslo_concurrency/lockutils.py:512}}
Sep 05 05:08:03 devstack sudo[97700]: pam_unix(sudo:session): session closed for user root
Sep 05 05:08:03 devstack cinder-volume[89331]: DEBUG oslo_concurrency.processutils [None req-9320a3ee-38eb-40cd-bcea-e0ae880a7974 tempest-GroupSnapshotsTest-1729556448 None] CMD "sudo cinder-rootwrap /etc/cinder/rootwrap.conf qemu-img rebase -u -b volume-6d0ec410-bc8f-482a-aa10-b46e6ff5078c -F qcow2 /opt/stack/data/cinder/mnt/f9f4acd68a126b159f1fe5a41340a9a9/volume-6d0ec410-bc8f-482a-aa10-b46e6ff5078c.7998581a-5085-42b4-b2bd-244a4bfd9f43" returned: 0 in 0.453s {{(pid=89331) execute /opt/stack/data/venv/lib/python3.12/site-packages/oslo_concurrency/processutils.py:468}}
Sep 05 05:08:03 devstack cinder-volume[89331]: WARNING cinder.volume.drivers.remotefs [None req-9320a3ee-38eb-40cd-bcea-e0ae880a7974 tempest-GroupSnapshotsTest-1729556448 None] /opt/stack/data/cinder/mnt/f9f4acd68a126b159f1fe5a41340a9a9/volume-6d0ec410-bc8f-482a-aa10-b46e6ff5078c.7998581a-5085-42b4-b2bd-244a4bfd9f43 is being set with open permissions: ugo+rw: NotImplementedError
Sep 05 05:08:03 devstack cinder-volume[89331]: DEBUG oslo_concurrency.processutils [None req-9320a3ee-38eb-40cd-bcea-e0ae880a7974 tempest-GroupSnapshotsTest-1729556448 None] Running cmd (subprocess): sudo cinder-rootwrap /etc/cinder/rootwrap.conf chmod ugo+rw /opt/stack/data/cinder/mnt/f9f4acd68a126b159f1fe5a41340a9a9/volume-6d0ec410-bc8f-482a-aa10-b46e6ff5078c.7998581a-5085-42b4-b2bd-244a4bfd9f43 {{(pid=89331) execute /opt/stack/data/venv/lib/python3.12/site-packages/oslo_concurrency/processutils.py:440}}
Sep 05 05:08:03 devstack sudo[97705]: quobyte : PWD=/ ; USER=root ; COMMAND=/opt/stack/data/venv/bin/cinder-rootwrap /etc/cinder/rootwrap.conf chmod ugo+rw /opt/stack/data/cinder/mnt/f9f4acd68a126b159f1fe5a41340a9a9/volume-6d0ec410-bc8f-482a-aa10-b46e6ff5078c.7998581a-5085-42b4-b2bd-244a4bfd9f43
Sep 05 05:08:03 devstack sudo[97705]: pam_unix(sudo:session): session opened for user root(uid=0) by (uid=1000)
Sep 05 05:08:03 devstack sudo[97705]: pam_unix(sudo:session): session closed for user root
Sep 05 05:08:03 devstack cinder-volume[89331]: DEBUG oslo_concurrency.processutils [None req-9320a3ee-38eb-40cd-bcea-e0ae880a7974 tempest-GroupSnapshotsTest-1729556448 None] CMD "sudo cinder-rootwrap /etc/cinder/rootwrap.conf chmod ugo+rw /opt/stack/data/cinder/mnt/f9f4acd68a126b159f1fe5a41340a9a9/volume-6d0ec410-bc8f-482a-aa10-b46e6ff5078c.7998581a-5085-42b4-b2bd-244a4bfd9f43" returned: 0 in 0.308s {{(pid=89331) execute /opt/stack/data/venv/lib/python3.12/site-packages/oslo_concurrency/processutils.py:468}}
Sep 05 05:08:03 devstack cinder-volume[89331]: DEBUG oslo_concurrency.processutils [None req-9320a3ee-38eb-40cd-bcea-e0ae880a7974 tempest-GroupSnapshotsTest-1729556448 None] Running cmd (subprocess): sudo cinder-rootwrap /etc/cinder/rootwrap.conf truncate -s0 /opt/stack/data/cinder/mnt/f9f4acd68a126b159f1fe5a41340a9a9/volume-6d0ec410-bc8f-482a-aa10-b46e6ff5078c.info {{(pid=89331) execute /opt/stack/data/venv/lib/python3.12/site-packages/oslo_concurrency/processutils.py:440}}
Sep 05 05:08:03 devstack sudo[97709]: quobyte : PWD=/ ; USER=root ; COMMAND=/opt/stack/data/venv/bin/cinder-rootwrap /etc/cinder/rootwrap.conf truncate -s0 /opt/stack/data/cinder/mnt/f9f4acd68a126b159f1fe5a41340a9a9/volume-6d0ec410-bc8f-482a-aa10-b46e6ff5078c.info
Sep 05 05:08:03 devstack sudo[97709]: pam_unix(sudo:session): session opened for user root(uid=0) by (uid=1000)
Sep 05 05:08:04 devstack sudo[97709]: pam_unix(sudo:session): session closed for user root
Sep 05 05:08:04 devstack cinder-volume[89331]: DEBUG oslo_concurrency.processutils [None req-9320a3ee-38eb-40cd-bcea-e0ae880a7974 tempest-GroupSnapshotsTest-1729556448 None] CMD "sudo cinder-rootwrap /etc/cinder/rootwrap.conf truncate -s0 /opt/stack/data/cinder/mnt/f9f4acd68a126b159f1fe5a41340a9a9/volume-6d0ec410-bc8f-482a-aa10-b46e6ff5078c.info" returned: 0 in 0.424s {{(pid=89331) execute /opt/stack/data/venv/lib/python3.12/site-packages/oslo_concurrency/processutils.py:468}}
Sep 05 05:08:04 devstack cinder-volume[89331]: WARNING cinder.volume.drivers.remotefs [None req-9320a3ee-38eb-40cd-bcea-e0ae880a7974 tempest-GroupSnapshotsTest-1729556448 None] /opt/stack/data/cinder/mnt/f9f4acd68a126b159f1fe5a41340a9a9/volume-6d0ec410-bc8f-482a-aa10-b46e6ff5078c.info is being set with open permissions: ugo+rw: NotImplementedError
Sep 05 05:08:04 devstack cinder-volume[89331]: DEBUG oslo_concurrency.processutils [None req-9320a3ee-38eb-40cd-bcea-e0ae880a7974 tempest-GroupSnapshotsTest-1729556448 None] Running cmd (subprocess): sudo cinder-rootwrap /etc/cinder/rootwrap.conf chmod ugo+rw /opt/stack/data/cinder/mnt/f9f4acd68a126b159f1fe5a41340a9a9/volume-6d0ec410-bc8f-482a-aa10-b46e6ff5078c.info {{(pid=89331) execute /opt/stack/data/venv/lib/python3.12/site-packages/oslo_concurrency/processutils.py:440}}
Sep 05 05:08:04 devstack sudo[97722]: quobyte : PWD=/ ; USER=root ; COMMAND=/opt/stack/data/venv/bin/cinder-rootwrap /etc/cinder/rootwrap.conf chmod ugo+rw /opt/stack/data/cinder/mnt/f9f4acd68a126b159f1fe5a41340a9a9/volume-6d0ec410-bc8f-482a-aa10-b46e6ff5078c.info
Sep 05 05:08:04 devstack sudo[97722]: pam_unix(sudo:session): session opened for user root(uid=0) by (uid=1000)
Sep 05 05:08:04 devstack sudo[97722]: pam_unix(sudo:session): session closed for user root
Sep 05 05:08:04 devstack cinder-volume[89331]: DEBUG oslo_concurrency.processutils [None req-9320a3ee-38eb-40cd-bcea-e0ae880a7974 tempest-GroupSnapshotsTest-1729556448 None] CMD "sudo cinder-rootwrap /etc/cinder/rootwrap.conf chmod ugo+rw /opt/stack/data/cinder/mnt/f9f4acd68a126b159f1fe5a41340a9a9/volume-6d0ec410-bc8f-482a-aa10-b46e6ff5078c.info" returned: 0 in 0.376s {{(pid=89331) execute /opt/stack/data/venv/lib/python3.12/site-packages/oslo_concurrency/processutils.py:468}}
Sep 05 05:08:04 devstack cinder-volume[89331]: DEBUG oslo_concurrency.lockutils [None req-9320a3ee-38eb-40cd-bcea-e0ae880a7974 tempest-GroupSnapshotsTest-1729556448 None] Lock "quobyte" "released" by "cinder.volume.drivers.quobyte.QuobyteDriver.create_snapshot" :: held 2.802s {{(pid=89331) inner /opt/stack/data/venv/lib/python3.12/site-packages/oslo_concurrency/lockutils.py:544}}
Sep 05 05:08:04 devstack cinder-volume[89331]: DEBUG oslo_concurrency.lockutils [None req-9320a3ee-38eb-40cd-bcea-e0ae880a7974 tempest-GroupSnapshotsTest-1729556448 None] Acquiring lock "quobyte" by "cinder.volume.drivers.quobyte.QuobyteDriver.create_snapshot" {{(pid=89331) inner /opt/stack/data/venv/lib/python3.12/site-packages/oslo_concurrency/lockutils.py:512}}
Sep 05 05:08:04 devstack cinder-volume[89331]: DEBUG oslo_concurrency.lockutils [None req-9320a3ee-38eb-40cd-bcea-e0ae880a7974 tempest-GroupSnapshotsTest-1729556448 None] Lock "quobyte" acquired by "cinder.volume.drivers.quobyte.QuobyteDriver.create_snapshot" :: waited 0.001s {{(pid=89331) inner /opt/stack/data/venv/lib/python3.12/site-packages/oslo_concurrency/lockutils.py:525}}
Sep 05 05:08:04 devstack cinder-volume[89331]: DEBUG cinder.volume.drivers.remotefs [None req-9320a3ee-38eb-40cd-bcea-e0ae880a7974 tempest-GroupSnapshotsTest-1729556448 None] Creating offline snapshot bdc3fca0-85ad-44ea-a454-d3f6b0c4efd9 of volume 7e6188c5-11ca-45e9-a05f-37ef16feb911 {{(pid=89331) _create_snapshot /opt/stack/cinder/cinder/volume/drivers/remotefs.py:1816}}
Sep 05 05:08:04 devstack cinder-volume[89331]: DEBUG oslo.privsep.daemon [-] privsep: reply[c66e1fa1-dd39-418b-8364-41ed30be86d4]: (4, 'qcow2') {{(pid=90987) _call_back /opt/stack/data/venv/lib/python3.12/site-packages/oslo_privsep/daemon.py:580}}
Sep 05 05:08:04 devstack cinder-volume[89331]: DEBUG oslo_concurrency.processutils [None req-9320a3ee-38eb-40cd-bcea-e0ae880a7974 tempest-GroupSnapshotsTest-1729556448 None] Running cmd (subprocess): /opt/stack/data/venv/bin/python3.12 -m oslo_concurrency.prlimit --as=1073741824 --cpu=60 -- sudo cinder-rootwrap /etc/cinder/rootwrap.conf env LC_ALL=C qemu-img info -f qcow2 --output=json --force-share /opt/stack/data/cinder/mnt/f9f4acd68a126b159f1fe5a41340a9a9/volume-7e6188c5-11ca-45e9-a05f-37ef16feb911 {{(pid=89331) execute /opt/stack/data/venv/lib/python3.12/site-packages/oslo_concurrency/processutils.py:440}}
Sep 05 05:08:04 devstack sudo[97730]: quobyte : PWD=/ ; USER=root ; COMMAND=/opt/stack/data/venv/bin/cinder-rootwrap /etc/cinder/rootwrap.conf env LC_ALL=C qemu-img info -f qcow2 --output=json --force-share /opt/stack/data/cinder/mnt/f9f4acd68a126b159f1fe5a41340a9a9/volume-7e6188c5-11ca-45e9-a05f-37ef16feb911
Sep 05 05:08:04 devstack sudo[97730]: pam_unix(sudo:session): session opened for user root(uid=0) by (uid=1000)
Sep 05 05:08:05 devstack sudo[97730]: pam_unix(sudo:session): session closed for user root
Sep 05 05:08:05 devstack cinder-volume[89331]: DEBUG oslo_concurrency.processutils [None req-9320a3ee-38eb-40cd-bcea-e0ae880a7974 tempest-GroupSnapshotsTest-1729556448 None] CMD "/opt/stack/data/venv/bin/python3.12 -m oslo_concurrency.prlimit --as=1073741824 --cpu=60 -- sudo cinder-rootwrap /etc/cinder/rootwrap.conf env LC_ALL=C qemu-img info -f qcow2 --output=json --force-share /opt/stack/data/cinder/mnt/f9f4acd68a126b159f1fe5a41340a9a9/volume-7e6188c5-11ca-45e9-a05f-37ef16feb911" returned: 0 in 0.433s {{(pid=89331) execute /opt/stack/data/venv/lib/python3.12/site-packages/oslo_concurrency/processutils.py:468}}
Sep 05 05:08:05 devstack cinder-volume[89331]: DEBUG oslo_concurrency.processutils [None req-9320a3ee-38eb-40cd-bcea-e0ae880a7974 tempest-GroupSnapshotsTest-1729556448 None] Running cmd (subprocess): sudo cinder-rootwrap /etc/cinder/rootwrap.conf qemu-img create -f qcow2 -o backing_file=/opt/stack/data/cinder/mnt/f9f4acd68a126b159f1fe5a41340a9a9/volume-7e6188c5-11ca-45e9-a05f-37ef16feb911,backing_fmt=qcow2 /opt/stack/data/cinder/mnt/f9f4acd68a126b159f1fe5a41340a9a9/volume-7e6188c5-11ca-45e9-a05f-37ef16feb911.bdc3fca0-85ad-44ea-a454-d3f6b0c4efd9 1G {{(pid=89331) execute /opt/stack/data/venv/lib/python3.12/site-packages/oslo_concurrency/processutils.py:440}}
Sep 05 05:08:05 devstack sudo[97735]: quobyte : PWD=/ ; USER=root ; COMMAND=/opt/stack/data/venv/bin/cinder-rootwrap /etc/cinder/rootwrap.conf qemu-img create -f qcow2 -o backing_file=/opt/stack/data/cinder/mnt/f9f4acd68a126b159f1fe5a41340a9a9/volume-7e6188c5-11ca-45e9-a05f-37ef16feb911,backing_fmt=qcow2 /opt/stack/data/cinder/mnt/f9f4acd68a126b159f1fe5a41340a9a9/volume-7e6188c5-11ca-45e9-a05f-37ef16feb911.bdc3fca0-85ad-44ea-a454-d3f6b0c4efd9 1G
Sep 05 05:08:05 devstack sudo[97735]: pam_unix(sudo:session): session opened for user root(uid=0) by (uid=1000)
Sep 05 05:08:05 devstack sudo[97735]: pam_unix(sudo:session): session closed for user root
Sep 05 05:08:05 devstack cinder-volume[89331]: DEBUG oslo_concurrency.processutils [None req-9320a3ee-38eb-40cd-bcea-e0ae880a7974 tempest-GroupSnapshotsTest-1729556448 None] CMD "sudo cinder-rootwrap /etc/cinder/rootwrap.conf qemu-img create -f qcow2 -o backing_file=/opt/stack/data/cinder/mnt/f9f4acd68a126b159f1fe5a41340a9a9/volume-7e6188c5-11ca-45e9-a05f-37ef16feb911,backing_fmt=qcow2 /opt/stack/data/cinder/mnt/f9f4acd68a126b159f1fe5a41340a9a9/volume-7e6188c5-11ca-45e9-a05f-37ef16feb911.bdc3fca0-85ad-44ea-a454-d3f6b0c4efd9 1G" returned: 0 in 0.510s {{(pid=89331) execute /opt/stack/data/venv/lib/python3.12/site-packages/oslo_concurrency/processutils.py:468}}
Sep 05 05:08:05 devstack cinder-volume[89331]: DEBUG oslo_concurrency.processutils [None req-9320a3ee-38eb-40cd-bcea-e0ae880a7974 tempest-GroupSnapshotsTest-1729556448 None] Running cmd (subprocess): sudo cinder-rootwrap /etc/cinder/rootwrap.conf qemu-img rebase -u -b volume-7e6188c5-11ca-45e9-a05f-37ef16feb911 -F qcow2 /opt/stack/data/cinder/mnt/f9f4acd68a126b159f1fe5a41340a9a9/volume-7e6188c5-11ca-45e9-a05f-37ef16feb911.bdc3fca0-85ad-44ea-a454-d3f6b0c4efd9 {{(pid=89331) execute /opt/stack/data/venv/lib/python3.12/site-packages/oslo_concurrency/processutils.py:440}}
Sep 05 05:08:05 devstack sudo[97742]: quobyte : PWD=/ ; USER=root ; COMMAND=/opt/stack/data/venv/bin/cinder-rootwrap /etc/cinder/rootwrap.conf qemu-img rebase -u -b volume-7e6188c5-11ca-45e9-a05f-37ef16feb911 -F qcow2 /opt/stack/data/cinder/mnt/f9f4acd68a126b159f1fe5a41340a9a9/volume-7e6188c5-11ca-45e9-a05f-37ef16feb911.bdc3fca0-85ad-44ea-a454-d3f6b0c4efd9
Sep 05 05:08:05 devstack sudo[97742]: pam_unix(sudo:session): session opened for user root(uid=0) by (uid=1000)
Sep 05 05:08:05 devstack sudo[97742]: pam_unix(sudo:session): session closed for user root
Sep 05 05:08:05 devstack cinder-volume[89331]: DEBUG oslo_concurrency.processutils [None req-9320a3ee-38eb-40cd-bcea-e0ae880a7974 tempest-GroupSnapshotsTest-1729556448 None] CMD "sudo cinder-rootwrap /etc/cinder/rootwrap.conf qemu-img rebase -u -b volume-7e6188c5-11ca-45e9-a05f-37ef16feb911 -F qcow2 /opt/stack/data/cinder/mnt/f9f4acd68a126b159f1fe5a41340a9a9/volume-7e6188c5-11ca-45e9-a05f-37ef16feb911.bdc3fca0-85ad-44ea-a454-d3f6b0c4efd9" returned: 0 in 0.369s {{(pid=89331) execute /opt/stack/data/venv/lib/python3.12/site-packages/oslo_concurrency/processutils.py:468}}
Sep 05 05:08:05 devstack cinder-volume[89331]: WARNING cinder.volume.drivers.remotefs [None req-9320a3ee-38eb-40cd-bcea-e0ae880a7974 tempest-GroupSnapshotsTest-1729556448 None] /opt/stack/data/cinder/mnt/f9f4acd68a126b159f1fe5a41340a9a9/volume-7e6188c5-11ca-45e9-a05f-37ef16feb911.bdc3fca0-85ad-44ea-a454-d3f6b0c4efd9 is being set with open permissions: ugo+rw: NotImplementedError
Sep 05 05:08:05 devstack cinder-volume[89331]: DEBUG oslo_concurrency.processutils [None req-9320a3ee-38eb-40cd-bcea-e0ae880a7974 tempest-GroupSnapshotsTest-1729556448 None] Running cmd (subprocess): sudo cinder-rootwrap /etc/cinder/rootwrap.conf chmod ugo+rw /opt/stack/data/cinder/mnt/f9f4acd68a126b159f1fe5a41340a9a9/volume-7e6188c5-11ca-45e9-a05f-37ef16feb911.bdc3fca0-85ad-44ea-a454-d3f6b0c4efd9 {{(pid=89331) execute /opt/stack/data/venv/lib/python3.12/site-packages/oslo_concurrency/processutils.py:440}}
Sep 05 05:08:05 devstack sudo[97748]: quobyte : PWD=/ ; USER=root ; COMMAND=/opt/stack/data/venv/bin/cinder-rootwrap /etc/cinder/rootwrap.conf chmod ugo+rw /opt/stack/data/cinder/mnt/f9f4acd68a126b159f1fe5a41340a9a9/volume-7e6188c5-11ca-45e9-a05f-37ef16feb911.bdc3fca0-85ad-44ea-a454-d3f6b0c4efd9
Sep 05 05:08:05 devstack sudo[97748]: pam_unix(sudo:session): session opened for user root(uid=0) by (uid=1000)
Sep 05 05:08:06 devstack sudo[97748]: pam_unix(sudo:session): session closed for user root
Sep 05 05:08:06 devstack cinder-volume[89331]: DEBUG oslo_concurrency.processutils [None req-9320a3ee-38eb-40cd-bcea-e0ae880a7974 tempest-GroupSnapshotsTest-1729556448 None] CMD "sudo cinder-rootwrap /etc/cinder/rootwrap.conf chmod ugo+rw /opt/stack/data/cinder/mnt/f9f4acd68a126b159f1fe5a41340a9a9/volume-7e6188c5-11ca-45e9-a05f-37ef16feb911.bdc3fca0-85ad-44ea-a454-d3f6b0c4efd9" returned: 0 in 0.306s {{(pid=89331) execute /opt/stack/data/venv/lib/python3.12/site-packages/oslo_concurrency/processutils.py:468}}
Sep 05 05:08:06 devstack cinder-volume[89331]: DEBUG oslo_concurrency.processutils [None req-9320a3ee-38eb-40cd-bcea-e0ae880a7974 tempest-GroupSnapshotsTest-1729556448 None] Running cmd (subprocess): sudo cinder-rootwrap /etc/cinder/rootwrap.conf truncate -s0 /opt/stack/data/cinder/mnt/f9f4acd68a126b159f1fe5a41340a9a9/volume-7e6188c5-11ca-45e9-a05f-37ef16feb911.info {{(pid=89331) execute /opt/stack/data/venv/lib/python3.12/site-packages/oslo_concurrency/processutils.py:440}}
Sep 05 05:08:06 devstack sudo[97754]: quobyte : PWD=/ ; USER=root ; COMMAND=/opt/stack/data/venv/bin/cinder-rootwrap /etc/cinder/rootwrap.conf truncate -s0 /opt/stack/data/cinder/mnt/f9f4acd68a126b159f1fe5a41340a9a9/volume-7e6188c5-11ca-45e9-a05f-37ef16feb911.info
Sep 05 05:08:06 devstack sudo[97754]: pam_unix(sudo:session): session opened for user root(uid=0) by (uid=1000)
Sep 05 05:08:06 devstack sudo[97754]: pam_unix(sudo:session): session closed for user root
Sep 05 05:08:06 devstack cinder-volume[89331]: DEBUG oslo_concurrency.processutils [None req-9320a3ee-38eb-40cd-bcea-e0ae880a7974 tempest-GroupSnapshotsTest-1729556448 None] CMD "sudo cinder-rootwrap /etc/cinder/rootwrap.conf truncate -s0 /opt/stack/data/cinder/mnt/f9f4acd68a126b159f1fe5a41340a9a9/volume-7e6188c5-11ca-45e9-a05f-37ef16feb911.info" returned: 0 in 0.485s {{(pid=89331) execute /opt/stack/data/venv/lib/python3.12/site-packages/oslo_concurrency/processutils.py:468}}
Sep 05 05:08:06 devstack cinder-volume[89331]: WARNING cinder.volume.drivers.remotefs [None req-9320a3ee-38eb-40cd-bcea-e0ae880a7974 tempest-GroupSnapshotsTest-1729556448 None] /opt/stack/data/cinder/mnt/f9f4acd68a126b159f1fe5a41340a9a9/volume-7e6188c5-11ca-45e9-a05f-37ef16feb911.info is being set with open permissions: ugo+rw: NotImplementedError
Sep 05 05:08:06 devstack cinder-volume[89331]: DEBUG oslo_concurrency.processutils [None req-9320a3ee-38eb-40cd-bcea-e0ae880a7974 tempest-GroupSnapshotsTest-1729556448 None] Running cmd (subprocess): sudo cinder-rootwrap /etc/cinder/rootwrap.conf chmod ugo+rw /opt/stack/data/cinder/mnt/f9f4acd68a126b159f1fe5a41340a9a9/volume-7e6188c5-11ca-45e9-a05f-37ef16feb911.info {{(pid=89331) execute /opt/stack/data/venv/lib/python3.12/site-packages/oslo_concurrency/processutils.py:440}}
Sep 05 05:08:06 devstack sudo[97796]: quobyte : PWD=/ ; USER=root ; COMMAND=/opt/stack/data/venv/bin/cinder-rootwrap /etc/cinder/rootwrap.conf chmod ugo+rw /opt/stack/data/cinder/mnt/f9f4acd68a126b159f1fe5a41340a9a9/volume-7e6188c5-11ca-45e9-a05f-37ef16feb911.info
Sep 05 05:08:06 devstack sudo[97796]: pam_unix(sudo:session): session opened for user root(uid=0) by (uid=1000)
Sep 05 05:08:07 devstack sudo[97796]: pam_unix(sudo:session): session closed for user root
Sep 05 05:08:07 devstack cinder-volume[89331]: DEBUG oslo_concurrency.processutils [None req-9320a3ee-38eb-40cd-bcea-e0ae880a7974 tempest-GroupSnapshotsTest-1729556448 None] CMD "sudo cinder-rootwrap /etc/cinder/rootwrap.conf chmod ugo+rw /opt/stack/data/cinder/mnt/f9f4acd68a126b159f1fe5a41340a9a9/volume-7e6188c5-11ca-45e9-a05f-37ef16feb911.info" returned: 0 in 0.563s {{(pid=89331) execute /opt/stack/data/venv/lib/python3.12/site-packages/oslo_concurrency/processutils.py:468}}
Sep 05 05:08:07 devstack cinder-volume[89331]: DEBUG oslo_concurrency.lockutils [None req-9320a3ee-38eb-40cd-bcea-e0ae880a7974 tempest-GroupSnapshotsTest-1729556448 None] Lock "quobyte" "released" by "cinder.volume.drivers.quobyte.QuobyteDriver.create_snapshot" :: held 2.825s {{(pid=89331) inner /opt/stack/data/venv/lib/python3.12/site-packages/oslo_concurrency/lockutils.py:544}}
Sep 05 05:08:07 devstack cinder-volume[89331]: DEBUG oslo_concurrency.lockutils [None req-5f9f9f64-a256-4ae7-a031-20ed2993dfa2 tempest-VolumesActionsTest-818028394 None] Lock "quobyte" acquired by "cinder.volume.drivers.quobyte.QuobyteDriver.create_volume" :: waited 4.202s {{(pid=89331) inner /opt/stack/data/venv/lib/python3.12/site-packages/oslo_concurrency/lockutils.py:525}}
Sep 05 05:08:07 devstack cinder-volume[89331]: DEBUG cinder.volume.drivers.quobyte [None req-5f9f9f64-a256-4ae7-a031-20ed2993dfa2 tempest-VolumesActionsTest-818028394 None] ==> create_volume: call "{'self': , 'volume': Volume(_name_id=None,admin_metadata=,attach_status='detached',availability_zone='nova',bootable=False,cluster=,cluster_name=None,consistencygroup=,consistencygroup_id=None,created_at=2026-09-05T03:08:03Z,deleted=False,deleted_at=None,display_description=None,display_name='tempest-VolumesActionsTest-Volume-171681418',ec2_id=None,encryption_key_id=None,glance_metadata=,group=,group_id=None,host='devstack@QuobyteHD#QuobyteHD',id=28ecd8e8-ee2e-4e04-8a2b-fb35b4ce1709,launched_at=None,metadata={},migration_status=None,multiattach=False,previous_status=None,project_id='80930effaa3b4b0fa26cc55d32c5292b',provider_auth=None,provider_geometry=None,provider_id=None,provider_location=None,replication_driver_data=None,replication_extended_status=None,replication_status=None,scheduled_at=2026-09-05T03:08:03Z,service_uuid=None,shared_targets=True,size=1,snapshot_id=None,snapshots=,source_volid=None,status='creating',terminated_at=None,updated_at=2026-09-05T03:08:03Z,use_quota=True,user_id='acac602cc4644dc98ca1bab773db38ec',volume_attachment=VolumeAttachmentList,volume_type=VolumeType(05c51b41-f1ea-4226-84fc-6421ffff3f36),volume_type_id=05c51b41-f1ea-4226-84fc-6421ffff3f36)}" {{(pid=89331) trace_logging_wrapper /opt/stack/cinder/cinder/volume/volume_utils.py:1497}}
Sep 05 05:08:07 devstack cinder-volume[89331]: DEBUG cinder.volume.drivers.remotefs [None req-5f9f9f64-a256-4ae7-a031-20ed2993dfa2 tempest-VolumesActionsTest-818028394 None] Creating volume 28ecd8e8-ee2e-4e04-8a2b-fb35b4ce1709 {{(pid=89331) create_volume /opt/stack/cinder/cinder/volume/drivers/remotefs.py:292}}
Sep 05 05:08:07 devstack cinder-volume[89331]: DEBUG oslo_concurrency.lockutils [None req-5f9f9f64-a256-4ae7-a031-20ed2993dfa2 tempest-VolumesActionsTest-818028394 None] Acquiring lock "quobyte_ensure" by "cinder.volume.drivers.quobyte.QuobyteDriver._ensure_shares_mounted" {{(pid=89331) inner /opt/stack/data/venv/lib/python3.12/site-packages/oslo_concurrency/lockutils.py:512}}
Sep 05 05:08:07 devstack cinder-volume[89331]: DEBUG oslo_concurrency.lockutils [None req-5f9f9f64-a256-4ae7-a031-20ed2993dfa2 tempest-VolumesActionsTest-818028394 None] Lock "quobyte_ensure" acquired by "cinder.volume.drivers.quobyte.QuobyteDriver._ensure_shares_mounted" :: waited 0.001s {{(pid=89331) inner /opt/stack/data/venv/lib/python3.12/site-packages/oslo_concurrency/lockutils.py:525}}
Sep 05 05:08:07 devstack cinder-volume[89331]: DEBUG cinder.volume.drivers.quobyte [None req-5f9f9f64-a256-4ae7-a031-20ed2993dfa2 tempest-VolumesActionsTest-818028394 None] Quobyte Volume URL set to: {'osci02.corp.quobyte.com/cinder-vol-4a543a9c-4561-452b-a28a-ff3299dc9136': None} {{(pid=89331) _load_shares_config /opt/stack/cinder/cinder/volume/drivers/quobyte.py:662}}
Sep 05 05:08:07 devstack cinder-volume[89331]: DEBUG cinder.volume.drivers.quobyte [None req-5f9f9f64-a256-4ae7-a031-20ed2993dfa2 tempest-VolumesActionsTest-818028394 None] Available shares ['osci02.corp.quobyte.com/cinder-vol-4a543a9c-4561-452b-a28a-ff3299dc9136'] {{(pid=89331) _ensure_shares_mounted /opt/stack/cinder/cinder/volume/drivers/quobyte.py:692}}
Sep 05 05:08:07 devstack cinder-volume[89331]: DEBUG oslo_concurrency.lockutils [None req-5f9f9f64-a256-4ae7-a031-20ed2993dfa2 tempest-VolumesActionsTest-818028394 None] Lock "quobyte_ensure" "released" by "cinder.volume.drivers.quobyte.QuobyteDriver._ensure_shares_mounted" :: held 0.011s {{(pid=89331) inner /opt/stack/data/venv/lib/python3.12/site-packages/oslo_concurrency/lockutils.py:544}}
Sep 05 05:08:07 devstack cinder-volume[89331]: DEBUG cinder.volume.drivers.quobyte [None req-5f9f9f64-a256-4ae7-a031-20ed2993dfa2 tempest-VolumesActionsTest-818028394 None] Selected osci02.corp.quobyte.com/cinder-vol-4a543a9c-4561-452b-a28a-ff3299dc9136 as target Quobyte volume. {{(pid=89331) _find_share /opt/stack/cinder/cinder/volume/drivers/quobyte.py:713}}
Sep 05 05:08:07 devstack cinder-volume[89331]: INFO cinder.volume.drivers.remotefs [None req-5f9f9f64-a256-4ae7-a031-20ed2993dfa2 tempest-VolumesActionsTest-818028394 None] casted to osci02.corp.quobyte.com/cinder-vol-4a543a9c-4561-452b-a28a-ff3299dc9136
Sep 05 05:08:07 devstack cinder-volume[89331]: DEBUG oslo_concurrency.processutils [None req-5f9f9f64-a256-4ae7-a031-20ed2993dfa2 tempest-VolumesActionsTest-818028394 None] Running cmd (subprocess): sudo cinder-rootwrap /etc/cinder/rootwrap.conf qemu-img create -f qcow2 -o preallocation=metadata /opt/stack/data/cinder/mnt/f9f4acd68a126b159f1fe5a41340a9a9/volume-28ecd8e8-ee2e-4e04-8a2b-fb35b4ce1709 1073741824 {{(pid=89331) execute /opt/stack/data/venv/lib/python3.12/site-packages/oslo_concurrency/processutils.py:440}}
Sep 05 05:08:07 devstack sudo[97820]: quobyte : PWD=/ ; USER=root ; COMMAND=/opt/stack/data/venv/bin/cinder-rootwrap /etc/cinder/rootwrap.conf qemu-img create -f qcow2 -o preallocation=metadata /opt/stack/data/cinder/mnt/f9f4acd68a126b159f1fe5a41340a9a9/volume-28ecd8e8-ee2e-4e04-8a2b-fb35b4ce1709 1073741824
Sep 05 05:08:07 devstack sudo[97820]: pam_unix(sudo:session): session opened for user root(uid=0) by (uid=1000)
Sep 05 05:08:07 devstack cinder-volume[89331]: INFO cinder.volume.manager [None req-9320a3ee-38eb-40cd-bcea-e0ae880a7974 tempest-GroupSnapshotsTest-1729556448 None] group_snapshot 6afcaa33-b99d-4da7-ac69-5cc9cf327c8d: created successfully
Sep 05 05:08:08 devstack cinder-volume[89331]: INFO cinder.volume.manager [None req-d8a07543-07e6-416e-82df-299d246b1c7a tempest-GroupSnapshotsTest-1729556448 None] group_snapshot 6afcaa33-b99d-4da7-ac69-5cc9cf327c8d: deleting
Sep 05 05:08:08 devstack sudo[97820]: pam_unix(sudo:session): session closed for user root
Sep 05 05:08:08 devstack cinder-volume[89331]: DEBUG oslo_concurrency.processutils [None req-5f9f9f64-a256-4ae7-a031-20ed2993dfa2 tempest-VolumesActionsTest-818028394 None] CMD "sudo cinder-rootwrap /etc/cinder/rootwrap.conf qemu-img create -f qcow2 -o preallocation=metadata /opt/stack/data/cinder/mnt/f9f4acd68a126b159f1fe5a41340a9a9/volume-28ecd8e8-ee2e-4e04-8a2b-fb35b4ce1709 1073741824" returned: 0 in 0.999s {{(pid=89331) execute /opt/stack/data/venv/lib/python3.12/site-packages/oslo_concurrency/processutils.py:468}}
Sep 05 05:08:08 devstack cinder-volume[89331]: DEBUG cinder.volume.manager [None req-d8a07543-07e6-416e-82df-299d246b1c7a tempest-GroupSnapshotsTest-1729556448 None] group_snapshot 6afcaa33-b99d-4da7-ac69-5cc9cf327c8d: deleting {{(pid=89331) delete_group_snapshot /opt/stack/cinder/cinder/volume/manager.py:4350}}
Sep 05 05:08:08 devstack cinder-volume[89331]: DEBUG cinder.coordination [None req-d8a07543-07e6-416e-82df-299d246b1c7a tempest-GroupSnapshotsTest-1729556448 None] Acquiring lock "cinder-quobyte-6d0ec410-bc8f-482a-aa10-b46e6ff5078c" by "delete_snapshot" {{(pid=89331) __acquire /opt/stack/cinder/cinder/coordination.py:138}}
Sep 05 05:08:08 devstack cinder-volume[89331]: DEBUG oslo_concurrency.processutils [None req-5f9f9f64-a256-4ae7-a031-20ed2993dfa2 tempest-VolumesActionsTest-818028394 None] Running cmd (subprocess): sudo cinder-rootwrap /etc/cinder/rootwrap.conf chmod ugo+rw /opt/stack/data/cinder/mnt/f9f4acd68a126b159f1fe5a41340a9a9/volume-28ecd8e8-ee2e-4e04-8a2b-fb35b4ce1709 {{(pid=89331) execute /opt/stack/data/venv/lib/python3.12/site-packages/oslo_concurrency/processutils.py:440}}
Sep 05 05:08:08 devstack cinder-volume[89331]: DEBUG cinder.coordination [None req-d8a07543-07e6-416e-82df-299d246b1c7a tempest-GroupSnapshotsTest-1729556448 None] Lock "cinder-quobyte-6d0ec410-bc8f-482a-aa10-b46e6ff5078c" acquired by "delete_snapshot" :: waited 0.040s {{(pid=89331) __acquire /opt/stack/cinder/cinder/coordination.py:141}}
Sep 05 05:08:08 devstack cinder-volume[89331]: DEBUG cinder.coordination [None req-d8a07543-07e6-416e-82df-299d246b1c7a tempest-GroupSnapshotsTest-1729556448 None] Acquiring lock "cinder-quobyte-7998581a-5085-42b4-b2bd-244a4bfd9f43" by "_delete_snapshot" {{(pid=89331) __acquire /opt/stack/cinder/cinder/coordination.py:138}}
Sep 05 05:08:08 devstack sudo[97831]: quobyte : PWD=/ ; USER=root ; COMMAND=/opt/stack/data/venv/bin/cinder-rootwrap /etc/cinder/rootwrap.conf chmod ugo+rw /opt/stack/data/cinder/mnt/f9f4acd68a126b159f1fe5a41340a9a9/volume-28ecd8e8-ee2e-4e04-8a2b-fb35b4ce1709
Sep 05 05:08:08 devstack sudo[97831]: pam_unix(sudo:session): session opened for user root(uid=0) by (uid=1000)
Sep 05 05:08:08 devstack cinder-volume[89331]: DEBUG cinder.coordination [None req-d8a07543-07e6-416e-82df-299d246b1c7a tempest-GroupSnapshotsTest-1729556448 None] Lock "cinder-quobyte-7998581a-5085-42b4-b2bd-244a4bfd9f43" acquired by "_delete_snapshot" :: waited 0.026s {{(pid=89331) __acquire /opt/stack/cinder/cinder/coordination.py:141}}
Sep 05 05:08:08 devstack cinder-volume[89331]: DEBUG cinder.volume.drivers.remotefs [None req-d8a07543-07e6-416e-82df-299d246b1c7a tempest-GroupSnapshotsTest-1729556448 None] Deleting offline snapshot 7998581a-5085-42b4-b2bd-244a4bfd9f43 of volume 6d0ec410-bc8f-482a-aa10-b46e6ff5078c {{(pid=89331) _delete_snapshot /opt/stack/cinder/cinder/volume/drivers/remotefs.py:1288}}
Sep 05 05:08:08 devstack cinder-volume[89331]: DEBUG cinder.volume.drivers.remotefs [None req-d8a07543-07e6-416e-82df-299d246b1c7a tempest-GroupSnapshotsTest-1729556448 None] snapshot_file for this snap is: volume-6d0ec410-bc8f-482a-aa10-b46e6ff5078c.7998581a-5085-42b4-b2bd-244a4bfd9f43 {{(pid=89331) _delete_snapshot /opt/stack/cinder/cinder/volume/drivers/remotefs.py:1317}}
Sep 05 05:08:08 devstack cinder-volume[89331]: DEBUG oslo.privsep.daemon [-] privsep: reply[d546c685-1bbe-4b58-8103-1a4b2c9b7721]: (4, 'qcow2') {{(pid=90987) _call_back /opt/stack/data/venv/lib/python3.12/site-packages/oslo_privsep/daemon.py:580}}
Sep 05 05:08:08 devstack cinder-volume[89331]: DEBUG oslo_concurrency.processutils [None req-d8a07543-07e6-416e-82df-299d246b1c7a tempest-GroupSnapshotsTest-1729556448 None] Running cmd (subprocess): /opt/stack/data/venv/bin/python3.12 -m oslo_concurrency.prlimit --as=1073741824 --cpu=60 -- sudo cinder-rootwrap /etc/cinder/rootwrap.conf env LC_ALL=C qemu-img info -f qcow2 --output=json --force-share /opt/stack/data/cinder/mnt/f9f4acd68a126b159f1fe5a41340a9a9/volume-6d0ec410-bc8f-482a-aa10-b46e6ff5078c.7998581a-5085-42b4-b2bd-244a4bfd9f43 {{(pid=89331) execute /opt/stack/data/venv/lib/python3.12/site-packages/oslo_concurrency/processutils.py:440}}
Sep 05 05:08:08 devstack sudo[97833]: quobyte : PWD=/ ; USER=root ; COMMAND=/opt/stack/data/venv/bin/cinder-rootwrap /etc/cinder/rootwrap.conf env LC_ALL=C qemu-img info -f qcow2 --output=json --force-share /opt/stack/data/cinder/mnt/f9f4acd68a126b159f1fe5a41340a9a9/volume-6d0ec410-bc8f-482a-aa10-b46e6ff5078c.7998581a-5085-42b4-b2bd-244a4bfd9f43
Sep 05 05:08:08 devstack sudo[97833]: pam_unix(sudo:session): session opened for user root(uid=0) by (uid=1000)
Sep 05 05:08:08 devstack cinder-volume[89331]: DEBUG oslo_concurrency.processutils [None req-5f9f9f64-a256-4ae7-a031-20ed2993dfa2 tempest-VolumesActionsTest-818028394 None] CMD "sudo cinder-rootwrap /etc/cinder/rootwrap.conf chmod ugo+rw /opt/stack/data/cinder/mnt/f9f4acd68a126b159f1fe5a41340a9a9/volume-28ecd8e8-ee2e-4e04-8a2b-fb35b4ce1709" returned: 0 in 0.361s {{(pid=89331) execute /opt/stack/data/venv/lib/python3.12/site-packages/oslo_concurrency/processutils.py:468}}
Sep 05 05:08:08 devstack sudo[97831]: pam_unix(sudo:session): session closed for user root
Sep 05 05:08:08 devstack cinder-volume[89331]: DEBUG cinder.volume.drivers.quobyte [None req-5f9f9f64-a256-4ae7-a031-20ed2993dfa2 tempest-VolumesActionsTest-818028394 None] <== create_volume: return (1455ms) {'provider_location': 'osci02.corp.quobyte.com/cinder-vol-4a543a9c-4561-452b-a28a-ff3299dc9136'} {{(pid=89331) trace_logging_wrapper /opt/stack/cinder/cinder/volume/volume_utils.py:1522}}
Sep 05 05:08:08 devstack cinder-volume[89331]: DEBUG oslo_concurrency.lockutils [None req-5f9f9f64-a256-4ae7-a031-20ed2993dfa2 tempest-VolumesActionsTest-818028394 None] Lock "quobyte" "released" by "cinder.volume.drivers.quobyte.QuobyteDriver.create_volume" :: held 1.463s {{(pid=89331) inner /opt/stack/data/venv/lib/python3.12/site-packages/oslo_concurrency/lockutils.py:544}}
Sep 05 05:08:08 devstack cinder-volume[89331]: DEBUG cinder.volume.manager [None req-5f9f9f64-a256-4ae7-a031-20ed2993dfa2 tempest-VolumesActionsTest-818028394 None] Task 'cinder.volume.flows.manager.create_volume.CreateVolumeFromSpecTask;volume:create' (56628115-dc52-478e-ac68-5af420a7fce3) transitioned into state 'SUCCESS' from state 'RUNNING' with result '{'status': 'creating', 'volume_name': 'volume-28ecd8e8-ee2e-4e04-8a2b-fb35b4ce1709', 'volume_size': 1}' {{(pid=89331) _task_receiver /opt/stack/data/venv/lib/python3.12/site-packages/taskflow/listeners/logging.py:218}}
Sep 05 05:08:08 devstack cinder-volume[89331]: DEBUG cinder.volume.manager [None req-5f9f9f64-a256-4ae7-a031-20ed2993dfa2 tempest-VolumesActionsTest-818028394 None] Task 'cinder.volume.flows.manager.create_volume.CreateVolumeOnFinishTask;volume:create, create.end' (fa357f16-249d-4e6d-a83a-ec32e3619d11) transitioned into state 'RUNNING' from state 'PENDING' {{(pid=89331) _task_receiver /opt/stack/data/venv/lib/python3.12/site-packages/taskflow/listeners/logging.py:242}}
Sep 05 05:08:08 devstack cinder-volume[89331]: INFO cinder.volume.flows.manager.create_volume [None req-5f9f9f64-a256-4ae7-a031-20ed2993dfa2 tempest-VolumesActionsTest-818028394 None] Volume volume-28ecd8e8-ee2e-4e04-8a2b-fb35b4ce1709 (28ecd8e8-ee2e-4e04-8a2b-fb35b4ce1709): created successfully
Sep 05 05:08:08 devstack cinder-volume[89331]: DEBUG cinder.volume.manager [None req-5f9f9f64-a256-4ae7-a031-20ed2993dfa2 tempest-VolumesActionsTest-818028394 None] Task 'cinder.volume.flows.manager.create_volume.CreateVolumeOnFinishTask;volume:create, create.end' (fa357f16-249d-4e6d-a83a-ec32e3619d11) transitioned into state 'SUCCESS' from state 'RUNNING' with result 'None' {{(pid=89331) _task_receiver /opt/stack/data/venv/lib/python3.12/site-packages/taskflow/listeners/logging.py:218}}
Sep 05 05:08:08 devstack cinder-volume[89331]: DEBUG cinder.volume.manager [None req-5f9f9f64-a256-4ae7-a031-20ed2993dfa2 tempest-VolumesActionsTest-818028394 None] Flow 'volume_create_manager' (3f62a926-0aed-4893-9706-9aa6d6cca6b3) transitioned into state 'SUCCESS' from state 'RUNNING' {{(pid=89331) _flow_receiver /opt/stack/data/venv/lib/python3.12/site-packages/taskflow/listeners/logging.py:160}}
Sep 05 05:08:08 devstack cinder-volume[89331]: INFO cinder.volume.manager [None req-5f9f9f64-a256-4ae7-a031-20ed2993dfa2 tempest-VolumesActionsTest-818028394 None] Created volume successfully.
Sep 05 05:08:09 devstack sudo[97833]: pam_unix(sudo:session): session closed for user root
Sep 05 05:08:09 devstack cinder-volume[89331]: DEBUG oslo_concurrency.processutils [None req-d8a07543-07e6-416e-82df-299d246b1c7a tempest-GroupSnapshotsTest-1729556448 None] CMD "/opt/stack/data/venv/bin/python3.12 -m oslo_concurrency.prlimit --as=1073741824 --cpu=60 -- sudo cinder-rootwrap /etc/cinder/rootwrap.conf env LC_ALL=C qemu-img info -f qcow2 --output=json --force-share /opt/stack/data/cinder/mnt/f9f4acd68a126b159f1fe5a41340a9a9/volume-6d0ec410-bc8f-482a-aa10-b46e6ff5078c.7998581a-5085-42b4-b2bd-244a4bfd9f43" returned: 0 in 0.486s {{(pid=89331) execute /opt/stack/data/venv/lib/python3.12/site-packages/oslo_concurrency/processutils.py:468}}
Sep 05 05:08:09 devstack cinder-volume[89331]: DEBUG cinder.volume.drivers.remotefs [None req-d8a07543-07e6-416e-82df-299d246b1c7a tempest-GroupSnapshotsTest-1729556448 None] Fetching qemu-img info with special backing_file_template: (/opt/stack/data/cinder/mnt/[0-9a-f]+/)?(volume-6d0ec410-bc8f-482a-aa10-b46e6ff5078c(.(tmp-snap-)?[0-9a-f-]+)?|volume_from_snapshot_cache/(tmp-snap-)?[0-9a-f-]+(.(child-|parent-)[0-9a-f-]+)?)$ {{(pid=89331) _qemu_img_info_base /opt/stack/cinder/cinder/volume/drivers/remotefs.py:896}}
