Jul 19 19:51:41 devstack cinder-volume[87353]: DEBUG oslo_concurrency.processutils [None req-8fdd6304-e0e4-498a-9b91-af130e29840f tempest-VolumesListAdminTestJSON-1832335979 None] CMD "sudo cinder-rootwrap /etc/cinder/rootwrap.conf df --portability --block-size 1 /opt/stack/data/cinder/mnt/8d9b6b84b75eb4d2d287583d568105af" returned: 0 in 0.296s {{(pid=87353) execute /opt/stack/data/venv/lib/python3.12/site-packages/oslo_concurrency/processutils.py:468}}
Jul 19 19:51:41 devstack cinder-volume[87353]: DEBUG cinder.manager [None req-8fdd6304-e0e4-498a-9b91-af130e29840f tempest-VolumesListAdminTestJSON-1832335979 None] Notifying Schedulers of capabilities ... {{(pid=87353) _publish_service_capabilities /opt/stack/cinder/cinder/manager.py:219}}
Jul 19 19:51:41 devstack cinder-volume[87353]: INFO cinder.volume.manager [None req-8fdd6304-e0e4-498a-9b91-af130e29840f tempest-VolumesListAdminTestJSON-1832335979 None] Deleted volume successfully.
Jul 19 19:51:41 devstack cinder-volume[87353]: DEBUG cinder.coordination [None req-8fdd6304-e0e4-498a-9b91-af130e29840f tempest-VolumesListAdminTestJSON-1832335979 None] Lock "cinder-4afac975-ac82-489b-8460-090f69183163-delete_volume" released by "delete_volume" :: held 1.438s {{(pid=87353) __release /opt/stack/cinder/cinder/coordination.py:152}}
Jul 19 19:51:42 devstack cinder-volume[87353]: INFO cinder.volume.manager [None req-81304007-4929-4898-b7ec-9874b91693ef tempest-GroupSnapshotsTest-1278955057 None] GroupSnapshot 9f88802c-102a-4344-be67-f59a30428d85: creating.
Jul 19 19:51:42 devstack cinder-volume[87353]: DEBUG cinder.volume.manager [None req-81304007-4929-4898-b7ec-9874b91693ef tempest-GroupSnapshotsTest-1278955057 None] Group snapshot 9f88802c-102a-4344-be67-f59a30428d85: creating. {{(pid=87353) create_group_snapshot /opt/stack/cinder/cinder/volume/manager.py:4175}}
Jul 19 19:51:42 devstack cinder-volume[87353]: DEBUG oslo_concurrency.lockutils [None req-81304007-4929-4898-b7ec-9874b91693ef tempest-GroupSnapshotsTest-1278955057 None] Acquiring lock "quobyte" by "cinder.volume.drivers.quobyte.QuobyteDriver.create_snapshot" {{(pid=87353) inner /opt/stack/data/venv/lib/python3.12/site-packages/oslo_concurrency/lockutils.py:512}}
Jul 19 19:51:42 devstack cinder-volume[87353]: DEBUG oslo_concurrency.lockutils [None req-81304007-4929-4898-b7ec-9874b91693ef tempest-GroupSnapshotsTest-1278955057 None] Lock "quobyte" acquired by "cinder.volume.drivers.quobyte.QuobyteDriver.create_snapshot" :: waited 0.001s {{(pid=87353) inner /opt/stack/data/venv/lib/python3.12/site-packages/oslo_concurrency/lockutils.py:525}}
Jul 19 19:51:42 devstack cinder-volume[87353]: DEBUG cinder.volume.drivers.remotefs [None req-81304007-4929-4898-b7ec-9874b91693ef tempest-GroupSnapshotsTest-1278955057 None] Creating offline snapshot d064718f-d4fc-4078-a774-1959b1502f54 of volume b62dc06f-f13a-4d57-bd8d-eae272b216cb {{(pid=87353) _create_snapshot /opt/stack/cinder/cinder/volume/drivers/remotefs.py:1816}}
Jul 19 19:51:42 devstack cinder-volume[87353]: DEBUG oslo.privsep.daemon [-] privsep: reply[17903519-3825-49de-ba38-84d3e9b89dcb]: (4, 'qcow2') {{(pid=88926) _call_back /opt/stack/data/venv/lib/python3.12/site-packages/oslo_privsep/daemon.py:580}}
Jul 19 19:51:42 devstack cinder-volume[87353]: DEBUG oslo_concurrency.processutils [None req-81304007-4929-4898-b7ec-9874b91693ef tempest-GroupSnapshotsTest-1278955057 None] Running cmd (subprocess): /opt/stack/data/venv/bin/python3.12 -m oslo_concurrency.prlimit --as=1073741824 --cpu=60 -- sudo cinder-rootwrap /etc/cinder/rootwrap.conf env LC_ALL=C qemu-img info -f qcow2 --output=json --force-share /opt/stack/data/cinder/mnt/8d9b6b84b75eb4d2d287583d568105af/volume-b62dc06f-f13a-4d57-bd8d-eae272b216cb {{(pid=87353) execute /opt/stack/data/venv/lib/python3.12/site-packages/oslo_concurrency/processutils.py:440}}
Jul 19 19:51:42 devstack sudo[94795]: quobyte : PWD=/ ; USER=root ; COMMAND=/opt/stack/data/venv/bin/cinder-rootwrap /etc/cinder/rootwrap.conf env LC_ALL=C qemu-img info -f qcow2 --output=json --force-share /opt/stack/data/cinder/mnt/8d9b6b84b75eb4d2d287583d568105af/volume-b62dc06f-f13a-4d57-bd8d-eae272b216cb
Jul 19 19:51:42 devstack sudo[94795]: pam_unix(sudo:session): session opened for user root(uid=0) by (uid=1000)
Jul 19 19:51:42 devstack cinder-volume[87353]: DEBUG cinder.volume.flows.manager.create_volume [None req-c8f6afdd-70ea-4e66-9585-61ba16fb5f57 tempest-VolumesMetadataTest-183979282 None] Volume reschedule parameters: True retry: {'num_attempts': 1, 'backends': ['devstack@QuobyteHD#QuobyteHD'], 'hosts': ['devstack@QuobyteHD#QuobyteHD']} {{(pid=87353) get_flow /opt/stack/cinder/cinder/volume/flows/manager/create_volume.py:1397}}
Jul 19 19:51:42 devstack cinder-volume[87353]: DEBUG cinder.volume.manager [None req-c8f6afdd-70ea-4e66-9585-61ba16fb5f57 tempest-VolumesMetadataTest-183979282 None] Flow 'volume_create_manager' (76840017-fb0f-46d1-ae71-5d6f2ea6928a) transitioned into state 'RUNNING' from state 'PENDING' {{(pid=87353) _flow_receiver /opt/stack/data/venv/lib/python3.12/site-packages/taskflow/listeners/logging.py:160}}
Jul 19 19:51:42 devstack cinder-volume[87353]: DEBUG cinder.volume.manager [None req-c8f6afdd-70ea-4e66-9585-61ba16fb5f57 tempest-VolumesMetadataTest-183979282 None] Task 'cinder.volume.flows.manager.create_volume.ExtractVolumeRefTask;volume:create' (5b80144a-5770-4d28-8d8f-09bfaf91287a) transitioned into state 'RUNNING' from state 'PENDING' {{(pid=87353) _task_receiver /opt/stack/data/venv/lib/python3.12/site-packages/taskflow/listeners/logging.py:242}}
Jul 19 19:51:42 devstack cinder-volume[87353]: DEBUG cinder.volume.manager [None req-c8f6afdd-70ea-4e66-9585-61ba16fb5f57 tempest-VolumesMetadataTest-183979282 None] Task 'cinder.volume.flows.manager.create_volume.ExtractVolumeRefTask;volume:create' (5b80144a-5770-4d28-8d8f-09bfaf91287a) transitioned into state 'SUCCESS' from state 'RUNNING' with result 'Volume(_name_id=None,admin_metadata=,attach_status='detached',availability_zone='nova',bootable=False,cluster=,cluster_name=None,consistencygroup=,consistencygroup_id=None,created_at=2026-07-19T17:51:42Z,deleted=False,deleted_at=None,display_description=None,display_name='tempest-VolumesMetadataTest-Volume-569086615',ec2_id=None,encryption_key_id=None,glance_metadata=,group=,group_id=None,host='devstack@QuobyteHD#QuobyteHD',id=97193524-e34b-4ad9-8837-7bcd7c767aa2,launched_at=None,metadata={},migration_status=None,multiattach=False,previous_status=None,project_id='59cfd4caf7a1434b8148a53b6f90dc72',provider_auth=None,provider_geometry=None,provider_id=None,provider_location=None,replication_driver_data=None,replication_extended_status=None,replication_status=None,scheduled_at=2026-07-19T17:51:42Z,service_uuid=None,shared_targets=True,size=1,snapshot_id=None,snapshots=,source_volid=None,status='creating',terminated_at=None,updated_at=2026-07-19T17:51:42Z,use_quota=True,user_id='a64d3f7af4f143a4ad7afdcfa2ebb749',volume_attachment=VolumeAttachmentList,volume_type=VolumeType(42280ef2-6a38-4c5a-b765-6c88ffdc7098),volume_type_id=42280ef2-6a38-4c5a-b765-6c88ffdc7098)' {{(pid=87353) _task_receiver /opt/stack/data/venv/lib/python3.12/site-packages/taskflow/listeners/logging.py:218}}
Jul 19 19:51:42 devstack cinder-volume[87353]: DEBUG cinder.volume.manager [None req-c8f6afdd-70ea-4e66-9585-61ba16fb5f57 tempest-VolumesMetadataTest-183979282 None] Task 'cinder.volume.flows.manager.create_volume.OnFailureRescheduleTask;volume:create' (ed842aeb-4b10-4b22-9d3b-e606d95eec8b) transitioned into state 'RUNNING' from state 'PENDING' {{(pid=87353) _task_receiver /opt/stack/data/venv/lib/python3.12/site-packages/taskflow/listeners/logging.py:242}}
Jul 19 19:51:42 devstack cinder-volume[87353]: DEBUG cinder.volume.manager [None req-c8f6afdd-70ea-4e66-9585-61ba16fb5f57 tempest-VolumesMetadataTest-183979282 None] Task 'cinder.volume.flows.manager.create_volume.OnFailureRescheduleTask;volume:create' (ed842aeb-4b10-4b22-9d3b-e606d95eec8b) transitioned into state 'SUCCESS' from state 'RUNNING' with result 'None' {{(pid=87353) _task_receiver /opt/stack/data/venv/lib/python3.12/site-packages/taskflow/listeners/logging.py:218}}
Jul 19 19:51:42 devstack cinder-volume[87353]: DEBUG cinder.volume.manager [None req-c8f6afdd-70ea-4e66-9585-61ba16fb5f57 tempest-VolumesMetadataTest-183979282 None] Task 'cinder.volume.flows.manager.create_volume.ExtractVolumeSpecTask;volume:create' (eb55934e-1423-400a-b920-bb6d562ed270) transitioned into state 'RUNNING' from state 'PENDING' {{(pid=87353) _task_receiver /opt/stack/data/venv/lib/python3.12/site-packages/taskflow/listeners/logging.py:242}}
Jul 19 19:51:42 devstack cinder-volume[87353]: DEBUG cinder.volume.manager [None req-c8f6afdd-70ea-4e66-9585-61ba16fb5f57 tempest-VolumesMetadataTest-183979282 None] Task 'cinder.volume.flows.manager.create_volume.ExtractVolumeSpecTask;volume:create' (eb55934e-1423-400a-b920-bb6d562ed270) transitioned into state 'SUCCESS' from state 'RUNNING' with result '{'status': 'creating', 'type': 'raw', 'volume_id': '97193524-e34b-4ad9-8837-7bcd7c767aa2', 'volume_name': 'volume-97193524-e34b-4ad9-8837-7bcd7c767aa2', 'volume_size': 1}' {{(pid=87353) _task_receiver /opt/stack/data/venv/lib/python3.12/site-packages/taskflow/listeners/logging.py:218}}
Jul 19 19:51:42 devstack cinder-volume[87353]: DEBUG cinder.volume.manager [None req-c8f6afdd-70ea-4e66-9585-61ba16fb5f57 tempest-VolumesMetadataTest-183979282 None] Task 'cinder.volume.flows.manager.create_volume.NotifyVolumeActionTask;volume:create, create.start' (c9016f73-a2ce-4349-88d3-f1bfc188e742) transitioned into state 'RUNNING' from state 'PENDING' {{(pid=87353) _task_receiver /opt/stack/data/venv/lib/python3.12/site-packages/taskflow/listeners/logging.py:242}}
Jul 19 19:51:42 devstack cinder-volume[87353]: DEBUG cinder.volume.manager [None req-c8f6afdd-70ea-4e66-9585-61ba16fb5f57 tempest-VolumesMetadataTest-183979282 None] Task 'cinder.volume.flows.manager.create_volume.NotifyVolumeActionTask;volume:create, create.start' (c9016f73-a2ce-4349-88d3-f1bfc188e742) transitioned into state 'SUCCESS' from state 'RUNNING' with result 'None' {{(pid=87353) _task_receiver /opt/stack/data/venv/lib/python3.12/site-packages/taskflow/listeners/logging.py:218}}
Jul 19 19:51:42 devstack cinder-volume[87353]: DEBUG cinder.volume.manager [None req-c8f6afdd-70ea-4e66-9585-61ba16fb5f57 tempest-VolumesMetadataTest-183979282 None] Task 'cinder.volume.flows.manager.create_volume.CreateVolumeFromSpecTask;volume:create' (6608d9f2-247a-4de1-a884-d0f2c45e648b) transitioned into state 'RUNNING' from state 'PENDING' {{(pid=87353) _task_receiver /opt/stack/data/venv/lib/python3.12/site-packages/taskflow/listeners/logging.py:242}}
Jul 19 19:51:42 devstack cinder-volume[87353]: INFO cinder.volume.flows.manager.create_volume [None req-c8f6afdd-70ea-4e66-9585-61ba16fb5f57 tempest-VolumesMetadataTest-183979282 None] Volume 97193524-e34b-4ad9-8837-7bcd7c767aa2: being created as raw with specification: {'status': 'creating', 'volume_name': 'volume-97193524-e34b-4ad9-8837-7bcd7c767aa2', 'volume_size': 1}
Jul 19 19:51:42 devstack cinder-volume[87353]: DEBUG oslo_concurrency.lockutils [None req-c8f6afdd-70ea-4e66-9585-61ba16fb5f57 tempest-VolumesMetadataTest-183979282 None] Acquiring lock "quobyte" by "cinder.volume.drivers.quobyte.QuobyteDriver.create_volume" {{(pid=87353) inner /opt/stack/data/venv/lib/python3.12/site-packages/oslo_concurrency/lockutils.py:512}}
Jul 19 19:51:42 devstack sudo[94795]: pam_unix(sudo:session): session closed for user root
Jul 19 19:51:42 devstack cinder-volume[87353]: DEBUG oslo_concurrency.processutils [None req-81304007-4929-4898-b7ec-9874b91693ef tempest-GroupSnapshotsTest-1278955057 None] CMD "/opt/stack/data/venv/bin/python3.12 -m oslo_concurrency.prlimit --as=1073741824 --cpu=60 -- sudo cinder-rootwrap /etc/cinder/rootwrap.conf env LC_ALL=C qemu-img info -f qcow2 --output=json --force-share /opt/stack/data/cinder/mnt/8d9b6b84b75eb4d2d287583d568105af/volume-b62dc06f-f13a-4d57-bd8d-eae272b216cb" returned: 0 in 0.513s {{(pid=87353) execute /opt/stack/data/venv/lib/python3.12/site-packages/oslo_concurrency/processutils.py:468}}
Jul 19 19:51:42 devstack cinder-volume[87353]: DEBUG oslo_concurrency.processutils [None req-81304007-4929-4898-b7ec-9874b91693ef tempest-GroupSnapshotsTest-1278955057 None] Running cmd (subprocess): sudo cinder-rootwrap /etc/cinder/rootwrap.conf qemu-img create -f qcow2 -o backing_file=/opt/stack/data/cinder/mnt/8d9b6b84b75eb4d2d287583d568105af/volume-b62dc06f-f13a-4d57-bd8d-eae272b216cb,backing_fmt=qcow2 /opt/stack/data/cinder/mnt/8d9b6b84b75eb4d2d287583d568105af/volume-b62dc06f-f13a-4d57-bd8d-eae272b216cb.d064718f-d4fc-4078-a774-1959b1502f54 1G {{(pid=87353) execute /opt/stack/data/venv/lib/python3.12/site-packages/oslo_concurrency/processutils.py:440}}
Jul 19 19:51:42 devstack sudo[94802]: quobyte : PWD=/ ; USER=root ; COMMAND=/opt/stack/data/venv/bin/cinder-rootwrap /etc/cinder/rootwrap.conf qemu-img create -f qcow2 -o backing_file=/opt/stack/data/cinder/mnt/8d9b6b84b75eb4d2d287583d568105af/volume-b62dc06f-f13a-4d57-bd8d-eae272b216cb,backing_fmt=qcow2 /opt/stack/data/cinder/mnt/8d9b6b84b75eb4d2d287583d568105af/volume-b62dc06f-f13a-4d57-bd8d-eae272b216cb.d064718f-d4fc-4078-a774-1959b1502f54 1G
Jul 19 19:51:42 devstack sudo[94802]: pam_unix(sudo:session): session opened for user root(uid=0) by (uid=1000)
Jul 19 19:51:43 devstack sudo[94802]: pam_unix(sudo:session): session closed for user root
Jul 19 19:51:43 devstack cinder-volume[87353]: DEBUG oslo_concurrency.processutils [None req-81304007-4929-4898-b7ec-9874b91693ef tempest-GroupSnapshotsTest-1278955057 None] CMD "sudo cinder-rootwrap /etc/cinder/rootwrap.conf qemu-img create -f qcow2 -o backing_file=/opt/stack/data/cinder/mnt/8d9b6b84b75eb4d2d287583d568105af/volume-b62dc06f-f13a-4d57-bd8d-eae272b216cb,backing_fmt=qcow2 /opt/stack/data/cinder/mnt/8d9b6b84b75eb4d2d287583d568105af/volume-b62dc06f-f13a-4d57-bd8d-eae272b216cb.d064718f-d4fc-4078-a774-1959b1502f54 1G" returned: 0 in 0.532s {{(pid=87353) execute /opt/stack/data/venv/lib/python3.12/site-packages/oslo_concurrency/processutils.py:468}}
Jul 19 19:51:43 devstack cinder-volume[87353]: DEBUG oslo_concurrency.processutils [None req-81304007-4929-4898-b7ec-9874b91693ef tempest-GroupSnapshotsTest-1278955057 None] Running cmd (subprocess): sudo cinder-rootwrap /etc/cinder/rootwrap.conf qemu-img rebase -u -b volume-b62dc06f-f13a-4d57-bd8d-eae272b216cb -F qcow2 /opt/stack/data/cinder/mnt/8d9b6b84b75eb4d2d287583d568105af/volume-b62dc06f-f13a-4d57-bd8d-eae272b216cb.d064718f-d4fc-4078-a774-1959b1502f54 {{(pid=87353) execute /opt/stack/data/venv/lib/python3.12/site-packages/oslo_concurrency/processutils.py:440}}
Jul 19 19:51:43 devstack sudo[94808]: quobyte : PWD=/ ; USER=root ; COMMAND=/opt/stack/data/venv/bin/cinder-rootwrap /etc/cinder/rootwrap.conf qemu-img rebase -u -b volume-b62dc06f-f13a-4d57-bd8d-eae272b216cb -F qcow2 /opt/stack/data/cinder/mnt/8d9b6b84b75eb4d2d287583d568105af/volume-b62dc06f-f13a-4d57-bd8d-eae272b216cb.d064718f-d4fc-4078-a774-1959b1502f54
Jul 19 19:51:43 devstack sudo[94808]: pam_unix(sudo:session): session opened for user root(uid=0) by (uid=1000)
Jul 19 19:51:43 devstack sudo[94808]: pam_unix(sudo:session): session closed for user root
Jul 19 19:51:43 devstack cinder-volume[87353]: DEBUG oslo_concurrency.processutils [None req-81304007-4929-4898-b7ec-9874b91693ef tempest-GroupSnapshotsTest-1278955057 None] CMD "sudo cinder-rootwrap /etc/cinder/rootwrap.conf qemu-img rebase -u -b volume-b62dc06f-f13a-4d57-bd8d-eae272b216cb -F qcow2 /opt/stack/data/cinder/mnt/8d9b6b84b75eb4d2d287583d568105af/volume-b62dc06f-f13a-4d57-bd8d-eae272b216cb.d064718f-d4fc-4078-a774-1959b1502f54" returned: 0 in 0.328s {{(pid=87353) execute /opt/stack/data/venv/lib/python3.12/site-packages/oslo_concurrency/processutils.py:468}}
Jul 19 19:51:43 devstack cinder-volume[87353]: WARNING cinder.volume.drivers.remotefs [None req-81304007-4929-4898-b7ec-9874b91693ef tempest-GroupSnapshotsTest-1278955057 None] /opt/stack/data/cinder/mnt/8d9b6b84b75eb4d2d287583d568105af/volume-b62dc06f-f13a-4d57-bd8d-eae272b216cb.d064718f-d4fc-4078-a774-1959b1502f54 is being set with open permissions: ugo+rw: NotImplementedError
Jul 19 19:51:43 devstack cinder-volume[87353]: DEBUG oslo_concurrency.processutils [None req-81304007-4929-4898-b7ec-9874b91693ef tempest-GroupSnapshotsTest-1278955057 None] Running cmd (subprocess): sudo cinder-rootwrap /etc/cinder/rootwrap.conf chmod ugo+rw /opt/stack/data/cinder/mnt/8d9b6b84b75eb4d2d287583d568105af/volume-b62dc06f-f13a-4d57-bd8d-eae272b216cb.d064718f-d4fc-4078-a774-1959b1502f54 {{(pid=87353) execute /opt/stack/data/venv/lib/python3.12/site-packages/oslo_concurrency/processutils.py:440}}
Jul 19 19:51:43 devstack sudo[94814]: quobyte : PWD=/ ; USER=root ; COMMAND=/opt/stack/data/venv/bin/cinder-rootwrap /etc/cinder/rootwrap.conf chmod ugo+rw /opt/stack/data/cinder/mnt/8d9b6b84b75eb4d2d287583d568105af/volume-b62dc06f-f13a-4d57-bd8d-eae272b216cb.d064718f-d4fc-4078-a774-1959b1502f54
Jul 19 19:51:43 devstack sudo[94814]: pam_unix(sudo:session): session opened for user root(uid=0) by (uid=1000)
Jul 19 19:51:43 devstack sudo[94814]: pam_unix(sudo:session): session closed for user root
Jul 19 19:51:43 devstack cinder-volume[87353]: DEBUG oslo_concurrency.processutils [None req-81304007-4929-4898-b7ec-9874b91693ef tempest-GroupSnapshotsTest-1278955057 None] CMD "sudo cinder-rootwrap /etc/cinder/rootwrap.conf chmod ugo+rw /opt/stack/data/cinder/mnt/8d9b6b84b75eb4d2d287583d568105af/volume-b62dc06f-f13a-4d57-bd8d-eae272b216cb.d064718f-d4fc-4078-a774-1959b1502f54" returned: 0 in 0.261s {{(pid=87353) execute /opt/stack/data/venv/lib/python3.12/site-packages/oslo_concurrency/processutils.py:468}}
Jul 19 19:51:43 devstack cinder-volume[87353]: DEBUG oslo_concurrency.processutils [None req-81304007-4929-4898-b7ec-9874b91693ef tempest-GroupSnapshotsTest-1278955057 None] Running cmd (subprocess): sudo cinder-rootwrap /etc/cinder/rootwrap.conf truncate -s0 /opt/stack/data/cinder/mnt/8d9b6b84b75eb4d2d287583d568105af/volume-b62dc06f-f13a-4d57-bd8d-eae272b216cb.info {{(pid=87353) execute /opt/stack/data/venv/lib/python3.12/site-packages/oslo_concurrency/processutils.py:440}}
Jul 19 19:51:43 devstack sudo[94817]: quobyte : PWD=/ ; USER=root ; COMMAND=/opt/stack/data/venv/bin/cinder-rootwrap /etc/cinder/rootwrap.conf truncate -s0 /opt/stack/data/cinder/mnt/8d9b6b84b75eb4d2d287583d568105af/volume-b62dc06f-f13a-4d57-bd8d-eae272b216cb.info
Jul 19 19:51:43 devstack sudo[94817]: pam_unix(sudo:session): session opened for user root(uid=0) by (uid=1000)
Jul 19 19:51:44 devstack sudo[94817]: pam_unix(sudo:session): session closed for user root
Jul 19 19:51:44 devstack cinder-volume[87353]: DEBUG oslo_concurrency.processutils [None req-81304007-4929-4898-b7ec-9874b91693ef tempest-GroupSnapshotsTest-1278955057 None] CMD "sudo cinder-rootwrap /etc/cinder/rootwrap.conf truncate -s0 /opt/stack/data/cinder/mnt/8d9b6b84b75eb4d2d287583d568105af/volume-b62dc06f-f13a-4d57-bd8d-eae272b216cb.info" returned: 0 in 0.286s {{(pid=87353) execute /opt/stack/data/venv/lib/python3.12/site-packages/oslo_concurrency/processutils.py:468}}
Jul 19 19:51:44 devstack cinder-volume[87353]: WARNING cinder.volume.drivers.remotefs [None req-81304007-4929-4898-b7ec-9874b91693ef tempest-GroupSnapshotsTest-1278955057 None] /opt/stack/data/cinder/mnt/8d9b6b84b75eb4d2d287583d568105af/volume-b62dc06f-f13a-4d57-bd8d-eae272b216cb.info is being set with open permissions: ugo+rw: NotImplementedError
Jul 19 19:51:44 devstack cinder-volume[87353]: DEBUG oslo_concurrency.processutils [None req-81304007-4929-4898-b7ec-9874b91693ef tempest-GroupSnapshotsTest-1278955057 None] Running cmd (subprocess): sudo cinder-rootwrap /etc/cinder/rootwrap.conf chmod ugo+rw /opt/stack/data/cinder/mnt/8d9b6b84b75eb4d2d287583d568105af/volume-b62dc06f-f13a-4d57-bd8d-eae272b216cb.info {{(pid=87353) execute /opt/stack/data/venv/lib/python3.12/site-packages/oslo_concurrency/processutils.py:440}}
Jul 19 19:51:44 devstack sudo[94822]: quobyte : PWD=/ ; USER=root ; COMMAND=/opt/stack/data/venv/bin/cinder-rootwrap /etc/cinder/rootwrap.conf chmod ugo+rw /opt/stack/data/cinder/mnt/8d9b6b84b75eb4d2d287583d568105af/volume-b62dc06f-f13a-4d57-bd8d-eae272b216cb.info
Jul 19 19:51:44 devstack sudo[94822]: pam_unix(sudo:session): session opened for user root(uid=0) by (uid=1000)
Jul 19 19:51:44 devstack sudo[94822]: pam_unix(sudo:session): session closed for user root
Jul 19 19:51:44 devstack cinder-volume[87353]: DEBUG oslo_concurrency.processutils [None req-81304007-4929-4898-b7ec-9874b91693ef tempest-GroupSnapshotsTest-1278955057 None] CMD "sudo cinder-rootwrap /etc/cinder/rootwrap.conf chmod ugo+rw /opt/stack/data/cinder/mnt/8d9b6b84b75eb4d2d287583d568105af/volume-b62dc06f-f13a-4d57-bd8d-eae272b216cb.info" returned: 0 in 0.324s {{(pid=87353) execute /opt/stack/data/venv/lib/python3.12/site-packages/oslo_concurrency/processutils.py:468}}
Jul 19 19:51:44 devstack cinder-volume[87353]: DEBUG oslo_concurrency.lockutils [None req-81304007-4929-4898-b7ec-9874b91693ef tempest-GroupSnapshotsTest-1278955057 None] Lock "quobyte" "released" by "cinder.volume.drivers.quobyte.QuobyteDriver.create_snapshot" :: held 2.357s {{(pid=87353) inner /opt/stack/data/venv/lib/python3.12/site-packages/oslo_concurrency/lockutils.py:544}}
Jul 19 19:51:44 devstack cinder-volume[87353]: DEBUG oslo_concurrency.lockutils [None req-81304007-4929-4898-b7ec-9874b91693ef tempest-GroupSnapshotsTest-1278955057 None] Acquiring lock "quobyte" by "cinder.volume.drivers.quobyte.QuobyteDriver.create_snapshot" {{(pid=87353) inner /opt/stack/data/venv/lib/python3.12/site-packages/oslo_concurrency/lockutils.py:512}}
Jul 19 19:51:44 devstack cinder-volume[87353]: DEBUG oslo_concurrency.lockutils [None req-81304007-4929-4898-b7ec-9874b91693ef tempest-GroupSnapshotsTest-1278955057 None] Lock "quobyte" acquired by "cinder.volume.drivers.quobyte.QuobyteDriver.create_snapshot" :: waited 0.000s {{(pid=87353) inner /opt/stack/data/venv/lib/python3.12/site-packages/oslo_concurrency/lockutils.py:525}}
Jul 19 19:51:44 devstack cinder-volume[87353]: DEBUG cinder.volume.drivers.remotefs [None req-81304007-4929-4898-b7ec-9874b91693ef tempest-GroupSnapshotsTest-1278955057 None] Creating offline snapshot e33f84f1-53ff-402d-b25e-96f394f8f07d of volume 278e214d-e0b6-44d3-9516-82cb88b4517f {{(pid=87353) _create_snapshot /opt/stack/cinder/cinder/volume/drivers/remotefs.py:1816}}
Jul 19 19:51:44 devstack cinder-volume[87353]: DEBUG oslo.privsep.daemon [-] privsep: reply[b016a379-b812-4a70-9aba-d2ba014cf96c]: (4, 'qcow2') {{(pid=88926) _call_back /opt/stack/data/venv/lib/python3.12/site-packages/oslo_privsep/daemon.py:580}}
Jul 19 19:51:44 devstack cinder-volume[87353]: DEBUG oslo_concurrency.processutils [None req-81304007-4929-4898-b7ec-9874b91693ef tempest-GroupSnapshotsTest-1278955057 None] Running cmd (subprocess): /opt/stack/data/venv/bin/python3.12 -m oslo_concurrency.prlimit --as=1073741824 --cpu=60 -- sudo cinder-rootwrap /etc/cinder/rootwrap.conf env LC_ALL=C qemu-img info -f qcow2 --output=json --force-share /opt/stack/data/cinder/mnt/8d9b6b84b75eb4d2d287583d568105af/volume-278e214d-e0b6-44d3-9516-82cb88b4517f {{(pid=87353) execute /opt/stack/data/venv/lib/python3.12/site-packages/oslo_concurrency/processutils.py:440}}
Jul 19 19:51:44 devstack sudo[94825]: quobyte : PWD=/ ; USER=root ; COMMAND=/opt/stack/data/venv/bin/cinder-rootwrap /etc/cinder/rootwrap.conf env LC_ALL=C qemu-img info -f qcow2 --output=json --force-share /opt/stack/data/cinder/mnt/8d9b6b84b75eb4d2d287583d568105af/volume-278e214d-e0b6-44d3-9516-82cb88b4517f
Jul 19 19:51:44 devstack sudo[94825]: pam_unix(sudo:session): session opened for user root(uid=0) by (uid=1000)
Jul 19 19:51:44 devstack sudo[94825]: pam_unix(sudo:session): session closed for user root
Jul 19 19:51:44 devstack cinder-volume[87353]: DEBUG oslo_concurrency.processutils [None req-81304007-4929-4898-b7ec-9874b91693ef tempest-GroupSnapshotsTest-1278955057 None] CMD "/opt/stack/data/venv/bin/python3.12 -m oslo_concurrency.prlimit --as=1073741824 --cpu=60 -- sudo cinder-rootwrap /etc/cinder/rootwrap.conf env LC_ALL=C qemu-img info -f qcow2 --output=json --force-share /opt/stack/data/cinder/mnt/8d9b6b84b75eb4d2d287583d568105af/volume-278e214d-e0b6-44d3-9516-82cb88b4517f" returned: 0 in 0.396s {{(pid=87353) execute /opt/stack/data/venv/lib/python3.12/site-packages/oslo_concurrency/processutils.py:468}}
Jul 19 19:51:44 devstack cinder-volume[87353]: DEBUG oslo_concurrency.processutils [None req-81304007-4929-4898-b7ec-9874b91693ef tempest-GroupSnapshotsTest-1278955057 None] Running cmd (subprocess): sudo cinder-rootwrap /etc/cinder/rootwrap.conf qemu-img create -f qcow2 -o backing_file=/opt/stack/data/cinder/mnt/8d9b6b84b75eb4d2d287583d568105af/volume-278e214d-e0b6-44d3-9516-82cb88b4517f,backing_fmt=qcow2 /opt/stack/data/cinder/mnt/8d9b6b84b75eb4d2d287583d568105af/volume-278e214d-e0b6-44d3-9516-82cb88b4517f.e33f84f1-53ff-402d-b25e-96f394f8f07d 1G {{(pid=87353) execute /opt/stack/data/venv/lib/python3.12/site-packages/oslo_concurrency/processutils.py:440}}
Jul 19 19:51:44 devstack sudo[94830]: quobyte : PWD=/ ; USER=root ; COMMAND=/opt/stack/data/venv/bin/cinder-rootwrap /etc/cinder/rootwrap.conf qemu-img create -f qcow2 -o backing_file=/opt/stack/data/cinder/mnt/8d9b6b84b75eb4d2d287583d568105af/volume-278e214d-e0b6-44d3-9516-82cb88b4517f,backing_fmt=qcow2 /opt/stack/data/cinder/mnt/8d9b6b84b75eb4d2d287583d568105af/volume-278e214d-e0b6-44d3-9516-82cb88b4517f.e33f84f1-53ff-402d-b25e-96f394f8f07d 1G
Jul 19 19:51:44 devstack sudo[94830]: pam_unix(sudo:session): session opened for user root(uid=0) by (uid=1000)
Jul 19 19:51:45 devstack sudo[94830]: pam_unix(sudo:session): session closed for user root
Jul 19 19:51:45 devstack cinder-volume[87353]: DEBUG oslo_concurrency.processutils [None req-81304007-4929-4898-b7ec-9874b91693ef tempest-GroupSnapshotsTest-1278955057 None] CMD "sudo cinder-rootwrap /etc/cinder/rootwrap.conf qemu-img create -f qcow2 -o backing_file=/opt/stack/data/cinder/mnt/8d9b6b84b75eb4d2d287583d568105af/volume-278e214d-e0b6-44d3-9516-82cb88b4517f,backing_fmt=qcow2 /opt/stack/data/cinder/mnt/8d9b6b84b75eb4d2d287583d568105af/volume-278e214d-e0b6-44d3-9516-82cb88b4517f.e33f84f1-53ff-402d-b25e-96f394f8f07d 1G" returned: 0 in 0.585s {{(pid=87353) execute /opt/stack/data/venv/lib/python3.12/site-packages/oslo_concurrency/processutils.py:468}}
Jul 19 19:51:45 devstack cinder-volume[87353]: DEBUG oslo_concurrency.processutils [None req-81304007-4929-4898-b7ec-9874b91693ef tempest-GroupSnapshotsTest-1278955057 None] Running cmd (subprocess): sudo cinder-rootwrap /etc/cinder/rootwrap.conf qemu-img rebase -u -b volume-278e214d-e0b6-44d3-9516-82cb88b4517f -F qcow2 /opt/stack/data/cinder/mnt/8d9b6b84b75eb4d2d287583d568105af/volume-278e214d-e0b6-44d3-9516-82cb88b4517f.e33f84f1-53ff-402d-b25e-96f394f8f07d {{(pid=87353) execute /opt/stack/data/venv/lib/python3.12/site-packages/oslo_concurrency/processutils.py:440}}
Jul 19 19:51:45 devstack sudo[94835]: quobyte : PWD=/ ; USER=root ; COMMAND=/opt/stack/data/venv/bin/cinder-rootwrap /etc/cinder/rootwrap.conf qemu-img rebase -u -b volume-278e214d-e0b6-44d3-9516-82cb88b4517f -F qcow2 /opt/stack/data/cinder/mnt/8d9b6b84b75eb4d2d287583d568105af/volume-278e214d-e0b6-44d3-9516-82cb88b4517f.e33f84f1-53ff-402d-b25e-96f394f8f07d
Jul 19 19:51:45 devstack sudo[94835]: pam_unix(sudo:session): session opened for user root(uid=0) by (uid=1000)
Jul 19 19:51:45 devstack sudo[94835]: pam_unix(sudo:session): session closed for user root
Jul 19 19:51:45 devstack cinder-volume[87353]: DEBUG oslo_concurrency.processutils [None req-81304007-4929-4898-b7ec-9874b91693ef tempest-GroupSnapshotsTest-1278955057 None] CMD "sudo cinder-rootwrap /etc/cinder/rootwrap.conf qemu-img rebase -u -b volume-278e214d-e0b6-44d3-9516-82cb88b4517f -F qcow2 /opt/stack/data/cinder/mnt/8d9b6b84b75eb4d2d287583d568105af/volume-278e214d-e0b6-44d3-9516-82cb88b4517f.e33f84f1-53ff-402d-b25e-96f394f8f07d" returned: 0 in 0.383s {{(pid=87353) execute /opt/stack/data/venv/lib/python3.12/site-packages/oslo_concurrency/processutils.py:468}}
Jul 19 19:51:45 devstack cinder-volume[87353]: WARNING cinder.volume.drivers.remotefs [None req-81304007-4929-4898-b7ec-9874b91693ef tempest-GroupSnapshotsTest-1278955057 None] /opt/stack/data/cinder/mnt/8d9b6b84b75eb4d2d287583d568105af/volume-278e214d-e0b6-44d3-9516-82cb88b4517f.e33f84f1-53ff-402d-b25e-96f394f8f07d is being set with open permissions: ugo+rw: NotImplementedError
Jul 19 19:51:45 devstack cinder-volume[87353]: DEBUG oslo_concurrency.processutils [None req-81304007-4929-4898-b7ec-9874b91693ef tempest-GroupSnapshotsTest-1278955057 None] Running cmd (subprocess): sudo cinder-rootwrap /etc/cinder/rootwrap.conf chmod ugo+rw /opt/stack/data/cinder/mnt/8d9b6b84b75eb4d2d287583d568105af/volume-278e214d-e0b6-44d3-9516-82cb88b4517f.e33f84f1-53ff-402d-b25e-96f394f8f07d {{(pid=87353) execute /opt/stack/data/venv/lib/python3.12/site-packages/oslo_concurrency/processutils.py:440}}
Jul 19 19:51:45 devstack sudo[94841]: quobyte : PWD=/ ; USER=root ; COMMAND=/opt/stack/data/venv/bin/cinder-rootwrap /etc/cinder/rootwrap.conf chmod ugo+rw /opt/stack/data/cinder/mnt/8d9b6b84b75eb4d2d287583d568105af/volume-278e214d-e0b6-44d3-9516-82cb88b4517f.e33f84f1-53ff-402d-b25e-96f394f8f07d
Jul 19 19:51:45 devstack sudo[94841]: pam_unix(sudo:session): session opened for user root(uid=0) by (uid=1000)
Jul 19 19:51:46 devstack sudo[94841]: pam_unix(sudo:session): session closed for user root
Jul 19 19:51:46 devstack cinder-volume[87353]: DEBUG oslo_concurrency.processutils [None req-81304007-4929-4898-b7ec-9874b91693ef tempest-GroupSnapshotsTest-1278955057 None] CMD "sudo cinder-rootwrap /etc/cinder/rootwrap.conf chmod ugo+rw /opt/stack/data/cinder/mnt/8d9b6b84b75eb4d2d287583d568105af/volume-278e214d-e0b6-44d3-9516-82cb88b4517f.e33f84f1-53ff-402d-b25e-96f394f8f07d" returned: 0 in 0.328s {{(pid=87353) execute /opt/stack/data/venv/lib/python3.12/site-packages/oslo_concurrency/processutils.py:468}}
Jul 19 19:51:46 devstack cinder-volume[87353]: DEBUG oslo_concurrency.processutils [None req-81304007-4929-4898-b7ec-9874b91693ef tempest-GroupSnapshotsTest-1278955057 None] Running cmd (subprocess): sudo cinder-rootwrap /etc/cinder/rootwrap.conf truncate -s0 /opt/stack/data/cinder/mnt/8d9b6b84b75eb4d2d287583d568105af/volume-278e214d-e0b6-44d3-9516-82cb88b4517f.info {{(pid=87353) execute /opt/stack/data/venv/lib/python3.12/site-packages/oslo_concurrency/processutils.py:440}}
Jul 19 19:51:46 devstack sudo[94844]: quobyte : PWD=/ ; USER=root ; COMMAND=/opt/stack/data/venv/bin/cinder-rootwrap /etc/cinder/rootwrap.conf truncate -s0 /opt/stack/data/cinder/mnt/8d9b6b84b75eb4d2d287583d568105af/volume-278e214d-e0b6-44d3-9516-82cb88b4517f.info
Jul 19 19:51:46 devstack sudo[94844]: pam_unix(sudo:session): session opened for user root(uid=0) by (uid=1000)
Jul 19 19:51:46 devstack sudo[94844]: pam_unix(sudo:session): session closed for user root
Jul 19 19:51:46 devstack cinder-volume[87353]: DEBUG oslo_concurrency.processutils [None req-81304007-4929-4898-b7ec-9874b91693ef tempest-GroupSnapshotsTest-1278955057 None] CMD "sudo cinder-rootwrap /etc/cinder/rootwrap.conf truncate -s0 /opt/stack/data/cinder/mnt/8d9b6b84b75eb4d2d287583d568105af/volume-278e214d-e0b6-44d3-9516-82cb88b4517f.info" returned: 0 in 0.279s {{(pid=87353) execute /opt/stack/data/venv/lib/python3.12/site-packages/oslo_concurrency/processutils.py:468}}
Jul 19 19:51:46 devstack cinder-volume[87353]: WARNING cinder.volume.drivers.remotefs [None req-81304007-4929-4898-b7ec-9874b91693ef tempest-GroupSnapshotsTest-1278955057 None] /opt/stack/data/cinder/mnt/8d9b6b84b75eb4d2d287583d568105af/volume-278e214d-e0b6-44d3-9516-82cb88b4517f.info is being set with open permissions: ugo+rw: NotImplementedError
Jul 19 19:51:46 devstack cinder-volume[87353]: DEBUG oslo_concurrency.processutils [None req-81304007-4929-4898-b7ec-9874b91693ef tempest-GroupSnapshotsTest-1278955057 None] Running cmd (subprocess): sudo cinder-rootwrap /etc/cinder/rootwrap.conf chmod ugo+rw /opt/stack/data/cinder/mnt/8d9b6b84b75eb4d2d287583d568105af/volume-278e214d-e0b6-44d3-9516-82cb88b4517f.info {{(pid=87353) execute /opt/stack/data/venv/lib/python3.12/site-packages/oslo_concurrency/processutils.py:440}}
Jul 19 19:51:46 devstack sudo[94847]: quobyte : PWD=/ ; USER=root ; COMMAND=/opt/stack/data/venv/bin/cinder-rootwrap /etc/cinder/rootwrap.conf chmod ugo+rw /opt/stack/data/cinder/mnt/8d9b6b84b75eb4d2d287583d568105af/volume-278e214d-e0b6-44d3-9516-82cb88b4517f.info
Jul 19 19:51:46 devstack sudo[94847]: pam_unix(sudo:session): session opened for user root(uid=0) by (uid=1000)
Jul 19 19:51:46 devstack sudo[94847]: pam_unix(sudo:session): session closed for user root
Jul 19 19:51:46 devstack cinder-volume[87353]: DEBUG oslo_concurrency.processutils [None req-81304007-4929-4898-b7ec-9874b91693ef tempest-GroupSnapshotsTest-1278955057 None] CMD "sudo cinder-rootwrap /etc/cinder/rootwrap.conf chmod ugo+rw /opt/stack/data/cinder/mnt/8d9b6b84b75eb4d2d287583d568105af/volume-278e214d-e0b6-44d3-9516-82cb88b4517f.info" returned: 0 in 0.311s {{(pid=87353) execute /opt/stack/data/venv/lib/python3.12/site-packages/oslo_concurrency/processutils.py:468}}
Jul 19 19:51:46 devstack cinder-volume[87353]: DEBUG oslo_concurrency.lockutils [None req-81304007-4929-4898-b7ec-9874b91693ef tempest-GroupSnapshotsTest-1278955057 None] Lock "quobyte" "released" by "cinder.volume.drivers.quobyte.QuobyteDriver.create_snapshot" :: held 2.398s {{(pid=87353) inner /opt/stack/data/venv/lib/python3.12/site-packages/oslo_concurrency/lockutils.py:544}}
Jul 19 19:51:46 devstack cinder-volume[87353]: DEBUG oslo_concurrency.lockutils [None req-c8f6afdd-70ea-4e66-9585-61ba16fb5f57 tempest-VolumesMetadataTest-183979282 None] Lock "quobyte" acquired by "cinder.volume.drivers.quobyte.QuobyteDriver.create_volume" :: waited 4.240s {{(pid=87353) inner /opt/stack/data/venv/lib/python3.12/site-packages/oslo_concurrency/lockutils.py:525}}
Jul 19 19:51:46 devstack cinder-volume[87353]: DEBUG cinder.volume.drivers.quobyte [None req-c8f6afdd-70ea-4e66-9585-61ba16fb5f57 tempest-VolumesMetadataTest-183979282 None] ==> create_volume: call "{'self': , 'volume': Volume(_name_id=None,admin_metadata=,attach_status='detached',availability_zone='nova',bootable=False,cluster=,cluster_name=None,consistencygroup=,consistencygroup_id=None,created_at=2026-07-19T17:51:42Z,deleted=False,deleted_at=None,display_description=None,display_name='tempest-VolumesMetadataTest-Volume-569086615',ec2_id=None,encryption_key_id=None,glance_metadata=,group=,group_id=None,host='devstack@QuobyteHD#QuobyteHD',id=97193524-e34b-4ad9-8837-7bcd7c767aa2,launched_at=None,metadata={},migration_status=None,multiattach=False,previous_status=None,project_id='59cfd4caf7a1434b8148a53b6f90dc72',provider_auth=None,provider_geometry=None,provider_id=None,provider_location=None,replication_driver_data=None,replication_extended_status=None,replication_status=None,scheduled_at=2026-07-19T17:51:42Z,service_uuid=None,shared_targets=True,size=1,snapshot_id=None,snapshots=,source_volid=None,status='creating',terminated_at=None,updated_at=2026-07-19T17:51:42Z,use_quota=True,user_id='a64d3f7af4f143a4ad7afdcfa2ebb749',volume_attachment=VolumeAttachmentList,volume_type=VolumeType(42280ef2-6a38-4c5a-b765-6c88ffdc7098),volume_type_id=42280ef2-6a38-4c5a-b765-6c88ffdc7098)}" {{(pid=87353) trace_logging_wrapper /opt/stack/cinder/cinder/volume/volume_utils.py:1497}}
Jul 19 19:51:46 devstack cinder-volume[87353]: DEBUG cinder.volume.drivers.remotefs [None req-c8f6afdd-70ea-4e66-9585-61ba16fb5f57 tempest-VolumesMetadataTest-183979282 None] Creating volume 97193524-e34b-4ad9-8837-7bcd7c767aa2 {{(pid=87353) create_volume /opt/stack/cinder/cinder/volume/drivers/remotefs.py:292}}
Jul 19 19:51:46 devstack cinder-volume[87353]: DEBUG oslo_concurrency.lockutils [None req-c8f6afdd-70ea-4e66-9585-61ba16fb5f57 tempest-VolumesMetadataTest-183979282 None] Acquiring lock "quobyte_ensure" by "cinder.volume.drivers.quobyte.QuobyteDriver._ensure_shares_mounted" {{(pid=87353) inner /opt/stack/data/venv/lib/python3.12/site-packages/oslo_concurrency/lockutils.py:512}}
Jul 19 19:51:46 devstack cinder-volume[87353]: DEBUG oslo_concurrency.lockutils [None req-c8f6afdd-70ea-4e66-9585-61ba16fb5f57 tempest-VolumesMetadataTest-183979282 None] Lock "quobyte_ensure" acquired by "cinder.volume.drivers.quobyte.QuobyteDriver._ensure_shares_mounted" :: waited 0.000s {{(pid=87353) inner /opt/stack/data/venv/lib/python3.12/site-packages/oslo_concurrency/lockutils.py:525}}
Jul 19 19:51:46 devstack cinder-volume[87353]: DEBUG cinder.volume.drivers.quobyte [None req-c8f6afdd-70ea-4e66-9585-61ba16fb5f57 tempest-VolumesMetadataTest-183979282 None] Quobyte Volume URL set to: {'osci02.corp.quobyte.com/cinder-vol-6763f7ca-d648-4707-8f73-a4940b66e237': None} {{(pid=87353) _load_shares_config /opt/stack/cinder/cinder/volume/drivers/quobyte.py:651}}
Jul 19 19:51:46 devstack cinder-volume[87353]: DEBUG cinder.volume.drivers.quobyte [None req-c8f6afdd-70ea-4e66-9585-61ba16fb5f57 tempest-VolumesMetadataTest-183979282 None] Available shares ['osci02.corp.quobyte.com/cinder-vol-6763f7ca-d648-4707-8f73-a4940b66e237'] {{(pid=87353) _ensure_shares_mounted /opt/stack/cinder/cinder/volume/drivers/quobyte.py:681}}
Jul 19 19:51:46 devstack cinder-volume[87353]: DEBUG oslo_concurrency.lockutils [None req-c8f6afdd-70ea-4e66-9585-61ba16fb5f57 tempest-VolumesMetadataTest-183979282 None] Lock "quobyte_ensure" "released" by "cinder.volume.drivers.quobyte.QuobyteDriver._ensure_shares_mounted" :: held 0.007s {{(pid=87353) inner /opt/stack/data/venv/lib/python3.12/site-packages/oslo_concurrency/lockutils.py:544}}
Jul 19 19:51:46 devstack cinder-volume[87353]: DEBUG cinder.volume.drivers.quobyte [None req-c8f6afdd-70ea-4e66-9585-61ba16fb5f57 tempest-VolumesMetadataTest-183979282 None] Selected osci02.corp.quobyte.com/cinder-vol-6763f7ca-d648-4707-8f73-a4940b66e237 as target Quobyte volume. {{(pid=87353) _find_share /opt/stack/cinder/cinder/volume/drivers/quobyte.py:702}}
Jul 19 19:51:46 devstack cinder-volume[87353]: INFO cinder.volume.drivers.remotefs [None req-c8f6afdd-70ea-4e66-9585-61ba16fb5f57 tempest-VolumesMetadataTest-183979282 None] casted to osci02.corp.quobyte.com/cinder-vol-6763f7ca-d648-4707-8f73-a4940b66e237
Jul 19 19:51:46 devstack cinder-volume[87353]: DEBUG oslo_concurrency.processutils [None req-c8f6afdd-70ea-4e66-9585-61ba16fb5f57 tempest-VolumesMetadataTest-183979282 None] Running cmd (subprocess): sudo cinder-rootwrap /etc/cinder/rootwrap.conf qemu-img create -f qcow2 -o preallocation=metadata /opt/stack/data/cinder/mnt/8d9b6b84b75eb4d2d287583d568105af/volume-97193524-e34b-4ad9-8837-7bcd7c767aa2 1073741824 {{(pid=87353) execute /opt/stack/data/venv/lib/python3.12/site-packages/oslo_concurrency/processutils.py:440}}
Jul 19 19:51:46 devstack sudo[94850]: quobyte : PWD=/ ; USER=root ; COMMAND=/opt/stack/data/venv/bin/cinder-rootwrap /etc/cinder/rootwrap.conf qemu-img create -f qcow2 -o preallocation=metadata /opt/stack/data/cinder/mnt/8d9b6b84b75eb4d2d287583d568105af/volume-97193524-e34b-4ad9-8837-7bcd7c767aa2 1073741824
Jul 19 19:51:46 devstack sudo[94850]: pam_unix(sudo:session): session opened for user root(uid=0) by (uid=1000)
Jul 19 19:51:47 devstack cinder-volume[87353]: INFO cinder.volume.manager [None req-81304007-4929-4898-b7ec-9874b91693ef tempest-GroupSnapshotsTest-1278955057 None] group_snapshot 9f88802c-102a-4344-be67-f59a30428d85: created successfully
Jul 19 19:51:47 devstack sudo[94850]: pam_unix(sudo:session): session closed for user root
Jul 19 19:51:47 devstack cinder-volume[87353]: DEBUG oslo_concurrency.processutils [None req-c8f6afdd-70ea-4e66-9585-61ba16fb5f57 tempest-VolumesMetadataTest-183979282 None] CMD "sudo cinder-rootwrap /etc/cinder/rootwrap.conf qemu-img create -f qcow2 -o preallocation=metadata /opt/stack/data/cinder/mnt/8d9b6b84b75eb4d2d287583d568105af/volume-97193524-e34b-4ad9-8837-7bcd7c767aa2 1073741824" returned: 0 in 0.614s {{(pid=87353) execute /opt/stack/data/venv/lib/python3.12/site-packages/oslo_concurrency/processutils.py:468}}
Jul 19 19:51:47 devstack cinder-volume[87353]: INFO cinder.volume.manager [None req-afa8fb1e-88f3-4d26-a21c-eadb463b05c6 tempest-GroupSnapshotsTest-1278955057 None] group_snapshot 9f88802c-102a-4344-be67-f59a30428d85: deleting
Jul 19 19:51:47 devstack cinder-volume[87353]: DEBUG oslo_concurrency.processutils [None req-c8f6afdd-70ea-4e66-9585-61ba16fb5f57 tempest-VolumesMetadataTest-183979282 None] Running cmd (subprocess): sudo cinder-rootwrap /etc/cinder/rootwrap.conf chmod ugo+rw /opt/stack/data/cinder/mnt/8d9b6b84b75eb4d2d287583d568105af/volume-97193524-e34b-4ad9-8837-7bcd7c767aa2 {{(pid=87353) execute /opt/stack/data/venv/lib/python3.12/site-packages/oslo_concurrency/processutils.py:440}}
Jul 19 19:51:47 devstack cinder-volume[87353]: DEBUG cinder.volume.manager [None req-afa8fb1e-88f3-4d26-a21c-eadb463b05c6 tempest-GroupSnapshotsTest-1278955057 None] group_snapshot 9f88802c-102a-4344-be67-f59a30428d85: deleting {{(pid=87353) delete_group_snapshot /opt/stack/cinder/cinder/volume/manager.py:4350}}
Jul 19 19:51:47 devstack sudo[94856]: quobyte : PWD=/ ; USER=root ; COMMAND=/opt/stack/data/venv/bin/cinder-rootwrap /etc/cinder/rootwrap.conf chmod ugo+rw /opt/stack/data/cinder/mnt/8d9b6b84b75eb4d2d287583d568105af/volume-97193524-e34b-4ad9-8837-7bcd7c767aa2
Jul 19 19:51:47 devstack sudo[94856]: pam_unix(sudo:session): session opened for user root(uid=0) by (uid=1000)
Jul 19 19:51:47 devstack cinder-volume[87353]: DEBUG cinder.coordination [None req-afa8fb1e-88f3-4d26-a21c-eadb463b05c6 tempest-GroupSnapshotsTest-1278955057 None] Acquiring lock "cinder-quobyte-b62dc06f-f13a-4d57-bd8d-eae272b216cb" by "delete_snapshot" {{(pid=87353) __acquire /opt/stack/cinder/cinder/coordination.py:138}}
Jul 19 19:51:47 devstack cinder-volume[87353]: DEBUG cinder.coordination [None req-afa8fb1e-88f3-4d26-a21c-eadb463b05c6 tempest-GroupSnapshotsTest-1278955057 None] Lock "cinder-quobyte-b62dc06f-f13a-4d57-bd8d-eae272b216cb" acquired by "delete_snapshot" :: waited 0.035s {{(pid=87353) __acquire /opt/stack/cinder/cinder/coordination.py:141}}
Jul 19 19:51:47 devstack cinder-volume[87353]: DEBUG cinder.coordination [None req-afa8fb1e-88f3-4d26-a21c-eadb463b05c6 tempest-GroupSnapshotsTest-1278955057 None] Acquiring lock "cinder-quobyte-d064718f-d4fc-4078-a774-1959b1502f54" by "_delete_snapshot" {{(pid=87353) __acquire /opt/stack/cinder/cinder/coordination.py:138}}
Jul 19 19:51:47 devstack cinder-volume[87353]: DEBUG cinder.coordination [None req-afa8fb1e-88f3-4d26-a21c-eadb463b05c6 tempest-GroupSnapshotsTest-1278955057 None] Lock "cinder-quobyte-d064718f-d4fc-4078-a774-1959b1502f54" acquired by "_delete_snapshot" :: waited 0.034s {{(pid=87353) __acquire /opt/stack/cinder/cinder/coordination.py:141}}
Jul 19 19:51:47 devstack cinder-volume[87353]: DEBUG cinder.volume.drivers.remotefs [None req-afa8fb1e-88f3-4d26-a21c-eadb463b05c6 tempest-GroupSnapshotsTest-1278955057 None] Deleting offline snapshot d064718f-d4fc-4078-a774-1959b1502f54 of volume b62dc06f-f13a-4d57-bd8d-eae272b216cb {{(pid=87353) _delete_snapshot /opt/stack/cinder/cinder/volume/drivers/remotefs.py:1288}}
Jul 19 19:51:47 devstack cinder-volume[87353]: DEBUG cinder.volume.drivers.remotefs [None req-afa8fb1e-88f3-4d26-a21c-eadb463b05c6 tempest-GroupSnapshotsTest-1278955057 None] snapshot_file for this snap is: volume-b62dc06f-f13a-4d57-bd8d-eae272b216cb.d064718f-d4fc-4078-a774-1959b1502f54 {{(pid=87353) _delete_snapshot /opt/stack/cinder/cinder/volume/drivers/remotefs.py:1317}}
Jul 19 19:51:47 devstack cinder-volume[87353]: DEBUG oslo.privsep.daemon [-] privsep: reply[f6d9b645-369e-4d54-8ef0-f5dd8cf170fc]: (4, 'qcow2') {{(pid=88926) _call_back /opt/stack/data/venv/lib/python3.12/site-packages/oslo_privsep/daemon.py:580}}
Jul 19 19:51:47 devstack cinder-volume[87353]: DEBUG oslo_concurrency.processutils [None req-afa8fb1e-88f3-4d26-a21c-eadb463b05c6 tempest-GroupSnapshotsTest-1278955057 None] Running cmd (subprocess): /opt/stack/data/venv/bin/python3.12 -m oslo_concurrency.prlimit --as=1073741824 --cpu=60 -- sudo cinder-rootwrap /etc/cinder/rootwrap.conf env LC_ALL=C qemu-img info -f qcow2 --output=json --force-share /opt/stack/data/cinder/mnt/8d9b6b84b75eb4d2d287583d568105af/volume-b62dc06f-f13a-4d57-bd8d-eae272b216cb.d064718f-d4fc-4078-a774-1959b1502f54 {{(pid=87353) execute /opt/stack/data/venv/lib/python3.12/site-packages/oslo_concurrency/processutils.py:440}}
Jul 19 19:51:48 devstack sudo[94858]: quobyte : PWD=/ ; USER=root ; COMMAND=/opt/stack/data/venv/bin/cinder-rootwrap /etc/cinder/rootwrap.conf env LC_ALL=C qemu-img info -f qcow2 --output=json --force-share /opt/stack/data/cinder/mnt/8d9b6b84b75eb4d2d287583d568105af/volume-b62dc06f-f13a-4d57-bd8d-eae272b216cb.d064718f-d4fc-4078-a774-1959b1502f54
Jul 19 19:51:48 devstack sudo[94858]: pam_unix(sudo:session): session opened for user root(uid=0) by (uid=1000)
Jul 19 19:51:48 devstack sudo[94856]: pam_unix(sudo:session): session closed for user root
Jul 19 19:51:48 devstack cinder-volume[87353]: DEBUG oslo_concurrency.processutils [None req-c8f6afdd-70ea-4e66-9585-61ba16fb5f57 tempest-VolumesMetadataTest-183979282 None] CMD "sudo cinder-rootwrap /etc/cinder/rootwrap.conf chmod ugo+rw /opt/stack/data/cinder/mnt/8d9b6b84b75eb4d2d287583d568105af/volume-97193524-e34b-4ad9-8837-7bcd7c767aa2" returned: 0 in 0.489s {{(pid=87353) execute /opt/stack/data/venv/lib/python3.12/site-packages/oslo_concurrency/processutils.py:468}}
Jul 19 19:51:48 devstack cinder-volume[87353]: DEBUG cinder.volume.drivers.quobyte [None req-c8f6afdd-70ea-4e66-9585-61ba16fb5f57 tempest-VolumesMetadataTest-183979282 None] <== create_volume: return (1180ms) {'provider_location': 'osci02.corp.quobyte.com/cinder-vol-6763f7ca-d648-4707-8f73-a4940b66e237'} {{(pid=87353) trace_logging_wrapper /opt/stack/cinder/cinder/volume/volume_utils.py:1522}}
Jul 19 19:51:48 devstack cinder-volume[87353]: DEBUG oslo_concurrency.lockutils [None req-c8f6afdd-70ea-4e66-9585-61ba16fb5f57 tempest-VolumesMetadataTest-183979282 None] Lock "quobyte" "released" by "cinder.volume.drivers.quobyte.QuobyteDriver.create_volume" :: held 1.185s {{(pid=87353) inner /opt/stack/data/venv/lib/python3.12/site-packages/oslo_concurrency/lockutils.py:544}}
Jul 19 19:51:48 devstack cinder-volume[87353]: DEBUG cinder.volume.manager [None req-c8f6afdd-70ea-4e66-9585-61ba16fb5f57 tempest-VolumesMetadataTest-183979282 None] Task 'cinder.volume.flows.manager.create_volume.CreateVolumeFromSpecTask;volume:create' (6608d9f2-247a-4de1-a884-d0f2c45e648b) transitioned into state 'SUCCESS' from state 'RUNNING' with result '{'status': 'creating', 'volume_name': 'volume-97193524-e34b-4ad9-8837-7bcd7c767aa2', 'volume_size': 1}' {{(pid=87353) _task_receiver /opt/stack/data/venv/lib/python3.12/site-packages/taskflow/listeners/logging.py:218}}
Jul 19 19:51:48 devstack cinder-volume[87353]: DEBUG cinder.volume.manager [None req-c8f6afdd-70ea-4e66-9585-61ba16fb5f57 tempest-VolumesMetadataTest-183979282 None] Task 'cinder.volume.flows.manager.create_volume.CreateVolumeOnFinishTask;volume:create, create.end' (9e3ba32c-ec94-426d-92c4-d26c7f955364) transitioned into state 'RUNNING' from state 'PENDING' {{(pid=87353) _task_receiver /opt/stack/data/venv/lib/python3.12/site-packages/taskflow/listeners/logging.py:242}}
Jul 19 19:51:48 devstack cinder-volume[87353]: INFO cinder.volume.flows.manager.create_volume [None req-c8f6afdd-70ea-4e66-9585-61ba16fb5f57 tempest-VolumesMetadataTest-183979282 None] Volume volume-97193524-e34b-4ad9-8837-7bcd7c767aa2 (97193524-e34b-4ad9-8837-7bcd7c767aa2): created successfully
Jul 19 19:51:48 devstack cinder-volume[87353]: DEBUG cinder.volume.manager [None req-c8f6afdd-70ea-4e66-9585-61ba16fb5f57 tempest-VolumesMetadataTest-183979282 None] Task 'cinder.volume.flows.manager.create_volume.CreateVolumeOnFinishTask;volume:create, create.end' (9e3ba32c-ec94-426d-92c4-d26c7f955364) transitioned into state 'SUCCESS' from state 'RUNNING' with result 'None' {{(pid=87353) _task_receiver /opt/stack/data/venv/lib/python3.12/site-packages/taskflow/listeners/logging.py:218}}
Jul 19 19:51:48 devstack cinder-volume[87353]: DEBUG cinder.volume.manager [None req-c8f6afdd-70ea-4e66-9585-61ba16fb5f57 tempest-VolumesMetadataTest-183979282 None] Flow 'volume_create_manager' (76840017-fb0f-46d1-ae71-5d6f2ea6928a) transitioned into state 'SUCCESS' from state 'RUNNING' {{(pid=87353) _flow_receiver /opt/stack/data/venv/lib/python3.12/site-packages/taskflow/listeners/logging.py:160}}
Jul 19 19:51:48 devstack cinder-volume[87353]: INFO cinder.volume.manager [None req-c8f6afdd-70ea-4e66-9585-61ba16fb5f57 tempest-VolumesMetadataTest-183979282 None] Created volume successfully.
Jul 19 19:51:48 devstack sudo[94858]: pam_unix(sudo:session): session closed for user root
Jul 19 19:51:48 devstack cinder-volume[87353]: DEBUG oslo_concurrency.processutils [None req-afa8fb1e-88f3-4d26-a21c-eadb463b05c6 tempest-GroupSnapshotsTest-1278955057 None] CMD "/opt/stack/data/venv/bin/python3.12 -m oslo_concurrency.prlimit --as=1073741824 --cpu=60 -- sudo cinder-rootwrap /etc/cinder/rootwrap.conf env LC_ALL=C qemu-img info -f qcow2 --output=json --force-share /opt/stack/data/cinder/mnt/8d9b6b84b75eb4d2d287583d568105af/volume-b62dc06f-f13a-4d57-bd8d-eae272b216cb.d064718f-d4fc-4078-a774-1959b1502f54" returned: 0 in 0.602s {{(pid=87353) execute /opt/stack/data/venv/lib/python3.12/site-packages/oslo_concurrency/processutils.py:468}}
