Jul 19 19:50:49 devstack cinder-volume[87353]: DEBUG cinder.volume.drivers.quobyte [None req-b84c67e7-5877-499c-a56d-36e2a50ad6ab tempest-VolumesDeleteCascade-833718977 None] Selected osci02.corp.quobyte.com/cinder-vol-6763f7ca-d648-4707-8f73-a4940b66e237 as target Quobyte volume. {{(pid=87353) _find_share /opt/stack/cinder/cinder/volume/drivers/quobyte.py:702}}
Jul 19 19:50:49 devstack cinder-volume[87353]: INFO cinder.volume.drivers.remotefs [None req-b84c67e7-5877-499c-a56d-36e2a50ad6ab tempest-VolumesDeleteCascade-833718977 None] casted to osci02.corp.quobyte.com/cinder-vol-6763f7ca-d648-4707-8f73-a4940b66e237
Jul 19 19:50:49 devstack cinder-volume[87353]: DEBUG oslo_concurrency.processutils [None req-b84c67e7-5877-499c-a56d-36e2a50ad6ab tempest-VolumesDeleteCascade-833718977 None] Running cmd (subprocess): sudo cinder-rootwrap /etc/cinder/rootwrap.conf qemu-img create -f qcow2 -o preallocation=metadata /opt/stack/data/cinder/mnt/8d9b6b84b75eb4d2d287583d568105af/volume-0814e9f4-f3d4-48ce-b391-031cd3d243c9 1073741824 {{(pid=87353) execute /opt/stack/data/venv/lib/python3.12/site-packages/oslo_concurrency/processutils.py:440}}
Jul 19 19:50:49 devstack sudo[94018]: quobyte : PWD=/ ; USER=root ; COMMAND=/opt/stack/data/venv/bin/cinder-rootwrap /etc/cinder/rootwrap.conf qemu-img create -f qcow2 -o preallocation=metadata /opt/stack/data/cinder/mnt/8d9b6b84b75eb4d2d287583d568105af/volume-0814e9f4-f3d4-48ce-b391-031cd3d243c9 1073741824
Jul 19 19:50:49 devstack sudo[94018]: pam_unix(sudo:session): session opened for user root(uid=0) by (uid=1000)
Jul 19 19:50:50 devstack sudo[94018]: pam_unix(sudo:session): session closed for user root
Jul 19 19:50:50 devstack cinder-volume[87353]: DEBUG oslo_concurrency.processutils [None req-b84c67e7-5877-499c-a56d-36e2a50ad6ab tempest-VolumesDeleteCascade-833718977 None] CMD "sudo cinder-rootwrap /etc/cinder/rootwrap.conf qemu-img create -f qcow2 -o preallocation=metadata /opt/stack/data/cinder/mnt/8d9b6b84b75eb4d2d287583d568105af/volume-0814e9f4-f3d4-48ce-b391-031cd3d243c9 1073741824" returned: 0 in 0.590s {{(pid=87353) execute /opt/stack/data/venv/lib/python3.12/site-packages/oslo_concurrency/processutils.py:468}}
Jul 19 19:50:50 devstack cinder-volume[87353]: DEBUG oslo_concurrency.processutils [None req-b84c67e7-5877-499c-a56d-36e2a50ad6ab tempest-VolumesDeleteCascade-833718977 None] Running cmd (subprocess): sudo cinder-rootwrap /etc/cinder/rootwrap.conf chmod ugo+rw /opt/stack/data/cinder/mnt/8d9b6b84b75eb4d2d287583d568105af/volume-0814e9f4-f3d4-48ce-b391-031cd3d243c9 {{(pid=87353) execute /opt/stack/data/venv/lib/python3.12/site-packages/oslo_concurrency/processutils.py:440}}
Jul 19 19:50:50 devstack sudo[94034]: quobyte : PWD=/ ; USER=root ; COMMAND=/opt/stack/data/venv/bin/cinder-rootwrap /etc/cinder/rootwrap.conf chmod ugo+rw /opt/stack/data/cinder/mnt/8d9b6b84b75eb4d2d287583d568105af/volume-0814e9f4-f3d4-48ce-b391-031cd3d243c9
Jul 19 19:50:50 devstack sudo[94034]: pam_unix(sudo:session): session opened for user root(uid=0) by (uid=1000)
Jul 19 19:50:51 devstack sudo[94034]: pam_unix(sudo:session): session closed for user root
Jul 19 19:50:51 devstack cinder-volume[87353]: DEBUG oslo_concurrency.processutils [None req-b84c67e7-5877-499c-a56d-36e2a50ad6ab tempest-VolumesDeleteCascade-833718977 None] CMD "sudo cinder-rootwrap /etc/cinder/rootwrap.conf chmod ugo+rw /opt/stack/data/cinder/mnt/8d9b6b84b75eb4d2d287583d568105af/volume-0814e9f4-f3d4-48ce-b391-031cd3d243c9" returned: 0 in 0.452s {{(pid=87353) execute /opt/stack/data/venv/lib/python3.12/site-packages/oslo_concurrency/processutils.py:468}}
Jul 19 19:50:51 devstack cinder-volume[87353]: DEBUG cinder.volume.drivers.quobyte [None req-b84c67e7-5877-499c-a56d-36e2a50ad6ab tempest-VolumesDeleteCascade-833718977 None] <== create_volume: return (1104ms) {'provider_location': 'osci02.corp.quobyte.com/cinder-vol-6763f7ca-d648-4707-8f73-a4940b66e237'} {{(pid=87353) trace_logging_wrapper /opt/stack/cinder/cinder/volume/volume_utils.py:1522}}
Jul 19 19:50:51 devstack cinder-volume[87353]: DEBUG oslo_concurrency.lockutils [None req-b84c67e7-5877-499c-a56d-36e2a50ad6ab tempest-VolumesDeleteCascade-833718977 None] Lock "quobyte" "released" by "cinder.volume.drivers.quobyte.QuobyteDriver.create_volume" :: held 1.110s {{(pid=87353) inner /opt/stack/data/venv/lib/python3.12/site-packages/oslo_concurrency/lockutils.py:544}}
Jul 19 19:50:51 devstack cinder-volume[87353]: DEBUG cinder.volume.manager [None req-b84c67e7-5877-499c-a56d-36e2a50ad6ab tempest-VolumesDeleteCascade-833718977 None] Task 'cinder.volume.flows.manager.create_volume.CreateVolumeFromSpecTask;volume:create' (36ce19b0-e690-48b0-98b8-29b7fdfd3eb2) transitioned into state 'SUCCESS' from state 'RUNNING' with result '{'status': 'creating', 'volume_name': 'volume-0814e9f4-f3d4-48ce-b391-031cd3d243c9', 'volume_size': 1}' {{(pid=87353) _task_receiver /opt/stack/data/venv/lib/python3.12/site-packages/taskflow/listeners/logging.py:218}}
Jul 19 19:50:51 devstack cinder-volume[87353]: DEBUG cinder.volume.manager [None req-b84c67e7-5877-499c-a56d-36e2a50ad6ab tempest-VolumesDeleteCascade-833718977 None] Task 'cinder.volume.flows.manager.create_volume.CreateVolumeOnFinishTask;volume:create, create.end' (1b507c66-ea53-4595-ac74-05077f1ff163) transitioned into state 'RUNNING' from state 'PENDING' {{(pid=87353) _task_receiver /opt/stack/data/venv/lib/python3.12/site-packages/taskflow/listeners/logging.py:242}}
Jul 19 19:50:51 devstack cinder-volume[87353]: INFO cinder.volume.flows.manager.create_volume [None req-b84c67e7-5877-499c-a56d-36e2a50ad6ab tempest-VolumesDeleteCascade-833718977 None] Volume volume-0814e9f4-f3d4-48ce-b391-031cd3d243c9 (0814e9f4-f3d4-48ce-b391-031cd3d243c9): created successfully
Jul 19 19:50:51 devstack cinder-volume[87353]: DEBUG cinder.volume.manager [None req-b84c67e7-5877-499c-a56d-36e2a50ad6ab tempest-VolumesDeleteCascade-833718977 None] Task 'cinder.volume.flows.manager.create_volume.CreateVolumeOnFinishTask;volume:create, create.end' (1b507c66-ea53-4595-ac74-05077f1ff163) transitioned into state 'SUCCESS' from state 'RUNNING' with result 'None' {{(pid=87353) _task_receiver /opt/stack/data/venv/lib/python3.12/site-packages/taskflow/listeners/logging.py:218}}
Jul 19 19:50:51 devstack cinder-volume[87353]: DEBUG cinder.volume.manager [None req-b84c67e7-5877-499c-a56d-36e2a50ad6ab tempest-VolumesDeleteCascade-833718977 None] Flow 'volume_create_manager' (025a740f-56ee-4789-a98a-861dd1d84d57) transitioned into state 'SUCCESS' from state 'RUNNING' {{(pid=87353) _flow_receiver /opt/stack/data/venv/lib/python3.12/site-packages/taskflow/listeners/logging.py:160}}
Jul 19 19:50:51 devstack cinder-volume[87353]: INFO cinder.volume.manager [None req-b84c67e7-5877-499c-a56d-36e2a50ad6ab tempest-VolumesDeleteCascade-833718977 None] Created volume successfully.
Jul 19 19:50:51 devstack cinder-volume[87353]: INFO cinder.volume.manager [None req-2e8fa10d-3ea5-473b-9713-41a55cbe99a3 tempest-GroupSnapshotsTest-1278955057 None] Group tempest-GroupSnapshotsTest-Group-1488098779: creating
Jul 19 19:50:51 devstack cinder-volume[87353]: INFO cinder.volume.manager [None req-2e8fa10d-3ea5-473b-9713-41a55cbe99a3 tempest-GroupSnapshotsTest-1278955057 None] Group tempest-GroupSnapshotsTest-Group-1488098779: created successfully
Jul 19 19:50:51 devstack cinder-volume[87353]: INFO cinder.volume.manager [None req-2e8fa10d-3ea5-473b-9713-41a55cbe99a3 tempest-GroupSnapshotsTest-1278955057 None] Create group completed successfully.
Jul 19 19:50:52 devstack cinder-volume[87353]: DEBUG oslo_concurrency.lockutils [None req-b74660ba-2fb4-4a3f-a21a-4ec8d7505f7a tempest-VolumesDeleteCascade-833718977 None] Acquiring lock "quobyte" by "cinder.volume.drivers.quobyte.QuobyteDriver.create_snapshot" {{(pid=87353) inner /opt/stack/data/venv/lib/python3.12/site-packages/oslo_concurrency/lockutils.py:512}}
Jul 19 19:50:52 devstack cinder-volume[87353]: DEBUG oslo_concurrency.lockutils [None req-b74660ba-2fb4-4a3f-a21a-4ec8d7505f7a tempest-VolumesDeleteCascade-833718977 None] Lock "quobyte" acquired by "cinder.volume.drivers.quobyte.QuobyteDriver.create_snapshot" :: waited 0.001s {{(pid=87353) inner /opt/stack/data/venv/lib/python3.12/site-packages/oslo_concurrency/lockutils.py:525}}
Jul 19 19:50:52 devstack cinder-volume[87353]: DEBUG cinder.volume.drivers.remotefs [None req-b74660ba-2fb4-4a3f-a21a-4ec8d7505f7a tempest-VolumesDeleteCascade-833718977 None] Creating offline snapshot a21d6dc9-fab0-4ee9-84c1-fe216f7660dc of volume 0814e9f4-f3d4-48ce-b391-031cd3d243c9 {{(pid=87353) _create_snapshot /opt/stack/cinder/cinder/volume/drivers/remotefs.py:1816}}
Jul 19 19:50:52 devstack cinder-volume[87353]: DEBUG oslo.privsep.daemon [-] privsep: reply[50cf8898-2e40-4125-b078-cdabe1c8a764]: (4, 'qcow2') {{(pid=88926) _call_back /opt/stack/data/venv/lib/python3.12/site-packages/oslo_privsep/daemon.py:580}}
Jul 19 19:50:52 devstack cinder-volume[87353]: DEBUG oslo_concurrency.processutils [None req-b74660ba-2fb4-4a3f-a21a-4ec8d7505f7a tempest-VolumesDeleteCascade-833718977 None] Running cmd (subprocess): /opt/stack/data/venv/bin/python3.12 -m oslo_concurrency.prlimit --as=1073741824 --cpu=60 -- sudo cinder-rootwrap /etc/cinder/rootwrap.conf env LC_ALL=C qemu-img info -f qcow2 --output=json --force-share /opt/stack/data/cinder/mnt/8d9b6b84b75eb4d2d287583d568105af/volume-0814e9f4-f3d4-48ce-b391-031cd3d243c9 {{(pid=87353) execute /opt/stack/data/venv/lib/python3.12/site-packages/oslo_concurrency/processutils.py:440}}
Jul 19 19:50:52 devstack sudo[94042]: quobyte : PWD=/ ; USER=root ; COMMAND=/opt/stack/data/venv/bin/cinder-rootwrap /etc/cinder/rootwrap.conf env LC_ALL=C qemu-img info -f qcow2 --output=json --force-share /opt/stack/data/cinder/mnt/8d9b6b84b75eb4d2d287583d568105af/volume-0814e9f4-f3d4-48ce-b391-031cd3d243c9
Jul 19 19:50:52 devstack sudo[94042]: pam_unix(sudo:session): session opened for user root(uid=0) by (uid=1000)
Jul 19 19:50:52 devstack sudo[94042]: pam_unix(sudo:session): session closed for user root
Jul 19 19:50:52 devstack cinder-volume[87353]: DEBUG oslo_concurrency.processutils [None req-b74660ba-2fb4-4a3f-a21a-4ec8d7505f7a tempest-VolumesDeleteCascade-833718977 None] CMD "/opt/stack/data/venv/bin/python3.12 -m oslo_concurrency.prlimit --as=1073741824 --cpu=60 -- sudo cinder-rootwrap /etc/cinder/rootwrap.conf env LC_ALL=C qemu-img info -f qcow2 --output=json --force-share /opt/stack/data/cinder/mnt/8d9b6b84b75eb4d2d287583d568105af/volume-0814e9f4-f3d4-48ce-b391-031cd3d243c9" returned: 0 in 0.492s {{(pid=87353) execute /opt/stack/data/venv/lib/python3.12/site-packages/oslo_concurrency/processutils.py:468}}
Jul 19 19:50:52 devstack cinder-volume[87353]: DEBUG oslo_concurrency.processutils [None req-b74660ba-2fb4-4a3f-a21a-4ec8d7505f7a tempest-VolumesDeleteCascade-833718977 None] Running cmd (subprocess): sudo cinder-rootwrap /etc/cinder/rootwrap.conf qemu-img create -f qcow2 -o backing_file=/opt/stack/data/cinder/mnt/8d9b6b84b75eb4d2d287583d568105af/volume-0814e9f4-f3d4-48ce-b391-031cd3d243c9,backing_fmt=qcow2 /opt/stack/data/cinder/mnt/8d9b6b84b75eb4d2d287583d568105af/volume-0814e9f4-f3d4-48ce-b391-031cd3d243c9.a21d6dc9-fab0-4ee9-84c1-fe216f7660dc 1G {{(pid=87353) execute /opt/stack/data/venv/lib/python3.12/site-packages/oslo_concurrency/processutils.py:440}}
Jul 19 19:50:52 devstack sudo[94048]: quobyte : PWD=/ ; USER=root ; COMMAND=/opt/stack/data/venv/bin/cinder-rootwrap /etc/cinder/rootwrap.conf qemu-img create -f qcow2 -o backing_file=/opt/stack/data/cinder/mnt/8d9b6b84b75eb4d2d287583d568105af/volume-0814e9f4-f3d4-48ce-b391-031cd3d243c9,backing_fmt=qcow2 /opt/stack/data/cinder/mnt/8d9b6b84b75eb4d2d287583d568105af/volume-0814e9f4-f3d4-48ce-b391-031cd3d243c9.a21d6dc9-fab0-4ee9-84c1-fe216f7660dc 1G
Jul 19 19:50:52 devstack sudo[94048]: pam_unix(sudo:session): session opened for user root(uid=0) by (uid=1000)
Jul 19 19:50:53 devstack cinder-volume[87353]: DEBUG cinder.volume.flows.manager.create_volume [None req-acb507e2-f951-4fa1-9409-614b951a57a0 tempest-GroupSnapshotsTest-1278955057 None] Volume reschedule parameters: True retry: {'num_attempts': 1, 'backends': ['devstack@QuobyteHD#QuobyteHD'], 'hosts': ['devstack@QuobyteHD#QuobyteHD']} {{(pid=87353) get_flow /opt/stack/cinder/cinder/volume/flows/manager/create_volume.py:1397}}
Jul 19 19:50:53 devstack cinder-volume[87353]: DEBUG cinder.volume.manager [None req-acb507e2-f951-4fa1-9409-614b951a57a0 tempest-GroupSnapshotsTest-1278955057 None] Flow 'volume_create_manager' (69be0b05-f2e9-4858-8384-95fb462e3a9c) transitioned into state 'RUNNING' from state 'PENDING' {{(pid=87353) _flow_receiver /opt/stack/data/venv/lib/python3.12/site-packages/taskflow/listeners/logging.py:160}}
Jul 19 19:50:53 devstack sudo[94048]: pam_unix(sudo:session): session closed for user root
Jul 19 19:50:53 devstack cinder-volume[87353]: DEBUG cinder.volume.manager [None req-acb507e2-f951-4fa1-9409-614b951a57a0 tempest-GroupSnapshotsTest-1278955057 None] Task 'cinder.volume.flows.manager.create_volume.ExtractVolumeRefTask;volume:create' (778b6c47-9b68-471c-9c30-853c71b13c68) transitioned into state 'RUNNING' from state 'PENDING' {{(pid=87353) _task_receiver /opt/stack/data/venv/lib/python3.12/site-packages/taskflow/listeners/logging.py:242}}
Jul 19 19:50:53 devstack cinder-volume[87353]: DEBUG oslo_concurrency.processutils [None req-b74660ba-2fb4-4a3f-a21a-4ec8d7505f7a tempest-VolumesDeleteCascade-833718977 None] CMD "sudo cinder-rootwrap /etc/cinder/rootwrap.conf qemu-img create -f qcow2 -o backing_file=/opt/stack/data/cinder/mnt/8d9b6b84b75eb4d2d287583d568105af/volume-0814e9f4-f3d4-48ce-b391-031cd3d243c9,backing_fmt=qcow2 /opt/stack/data/cinder/mnt/8d9b6b84b75eb4d2d287583d568105af/volume-0814e9f4-f3d4-48ce-b391-031cd3d243c9.a21d6dc9-fab0-4ee9-84c1-fe216f7660dc 1G" returned: 0 in 0.603s {{(pid=87353) execute /opt/stack/data/venv/lib/python3.12/site-packages/oslo_concurrency/processutils.py:468}}
Jul 19 19:50:53 devstack cinder-volume[87353]: DEBUG oslo_concurrency.processutils [None req-b74660ba-2fb4-4a3f-a21a-4ec8d7505f7a tempest-VolumesDeleteCascade-833718977 None] Running cmd (subprocess): sudo cinder-rootwrap /etc/cinder/rootwrap.conf qemu-img rebase -u -b volume-0814e9f4-f3d4-48ce-b391-031cd3d243c9 -F qcow2 /opt/stack/data/cinder/mnt/8d9b6b84b75eb4d2d287583d568105af/volume-0814e9f4-f3d4-48ce-b391-031cd3d243c9.a21d6dc9-fab0-4ee9-84c1-fe216f7660dc {{(pid=87353) execute /opt/stack/data/venv/lib/python3.12/site-packages/oslo_concurrency/processutils.py:440}}
Jul 19 19:50:53 devstack cinder-volume[87353]: DEBUG cinder.volume.manager [None req-acb507e2-f951-4fa1-9409-614b951a57a0 tempest-GroupSnapshotsTest-1278955057 None] Task 'cinder.volume.flows.manager.create_volume.ExtractVolumeRefTask;volume:create' (778b6c47-9b68-471c-9c30-853c71b13c68) transitioned into state 'SUCCESS' from state 'RUNNING' with result 'Volume(_name_id=None,admin_metadata=,attach_status='detached',availability_zone='nova',bootable=False,cluster=,cluster_name=None,consistencygroup=,consistencygroup_id=None,created_at=2026-07-19T17:50:53Z,deleted=False,deleted_at=None,display_description=None,display_name='tempest-volume-602180757',ec2_id=None,encryption_key_id=None,glance_metadata=,group=,group_id=b258f0c5-8c52-4130-8c1f-2e62431add3e,host='devstack@QuobyteHD#QuobyteHD',id=b7f0e09b-4daf-4988-9969-114c0f9da997,launched_at=None,metadata={},migration_status=None,multiattach=False,previous_status=None,project_id='d72133d9c10f4a29a7eb9a750619a89e',provider_auth=None,provider_geometry=None,provider_id=None,provider_location=None,replication_driver_data=None,replication_extended_status=None,replication_status=None,scheduled_at=2026-07-19T17:50:53Z,service_uuid=None,shared_targets=True,size=1,snapshot_id=None,snapshots=,source_volid=None,status='creating',terminated_at=None,updated_at=2026-07-19T17:50:53Z,use_quota=True,user_id='1857250344a047d6a1052091cdf2c219',volume_attachment=VolumeAttachmentList,volume_type=VolumeType(e903bc55-36e0-4b79-8e15-1a53a6e109af),volume_type_id=e903bc55-36e0-4b79-8e15-1a53a6e109af)' {{(pid=87353) _task_receiver /opt/stack/data/venv/lib/python3.12/site-packages/taskflow/listeners/logging.py:218}}
Jul 19 19:50:53 devstack cinder-volume[87353]: DEBUG cinder.volume.manager [None req-acb507e2-f951-4fa1-9409-614b951a57a0 tempest-GroupSnapshotsTest-1278955057 None] Task 'cinder.volume.flows.manager.create_volume.OnFailureRescheduleTask;volume:create' (d9c27d3b-8a49-47b0-9c96-de86730dc723) transitioned into state 'RUNNING' from state 'PENDING' {{(pid=87353) _task_receiver /opt/stack/data/venv/lib/python3.12/site-packages/taskflow/listeners/logging.py:242}}
Jul 19 19:50:53 devstack cinder-volume[87353]: DEBUG cinder.volume.manager [None req-acb507e2-f951-4fa1-9409-614b951a57a0 tempest-GroupSnapshotsTest-1278955057 None] Task 'cinder.volume.flows.manager.create_volume.OnFailureRescheduleTask;volume:create' (d9c27d3b-8a49-47b0-9c96-de86730dc723) transitioned into state 'SUCCESS' from state 'RUNNING' with result 'None' {{(pid=87353) _task_receiver /opt/stack/data/venv/lib/python3.12/site-packages/taskflow/listeners/logging.py:218}}
Jul 19 19:50:53 devstack cinder-volume[87353]: DEBUG cinder.volume.manager [None req-acb507e2-f951-4fa1-9409-614b951a57a0 tempest-GroupSnapshotsTest-1278955057 None] Task 'cinder.volume.flows.manager.create_volume.ExtractVolumeSpecTask;volume:create' (a771bac9-0ea9-4ff3-84e1-919868ef2962) transitioned into state 'RUNNING' from state 'PENDING' {{(pid=87353) _task_receiver /opt/stack/data/venv/lib/python3.12/site-packages/taskflow/listeners/logging.py:242}}
Jul 19 19:50:53 devstack sudo[94055]: quobyte : PWD=/ ; USER=root ; COMMAND=/opt/stack/data/venv/bin/cinder-rootwrap /etc/cinder/rootwrap.conf qemu-img rebase -u -b volume-0814e9f4-f3d4-48ce-b391-031cd3d243c9 -F qcow2 /opt/stack/data/cinder/mnt/8d9b6b84b75eb4d2d287583d568105af/volume-0814e9f4-f3d4-48ce-b391-031cd3d243c9.a21d6dc9-fab0-4ee9-84c1-fe216f7660dc
Jul 19 19:50:53 devstack sudo[94055]: pam_unix(sudo:session): session opened for user root(uid=0) by (uid=1000)
Jul 19 19:50:53 devstack cinder-volume[87353]: DEBUG cinder.volume.manager [None req-acb507e2-f951-4fa1-9409-614b951a57a0 tempest-GroupSnapshotsTest-1278955057 None] Task 'cinder.volume.flows.manager.create_volume.ExtractVolumeSpecTask;volume:create' (a771bac9-0ea9-4ff3-84e1-919868ef2962) transitioned into state 'SUCCESS' from state 'RUNNING' with result '{'status': 'creating', 'type': 'raw', 'volume_id': 'b7f0e09b-4daf-4988-9969-114c0f9da997', 'volume_name': 'volume-b7f0e09b-4daf-4988-9969-114c0f9da997', 'volume_size': 1}' {{(pid=87353) _task_receiver /opt/stack/data/venv/lib/python3.12/site-packages/taskflow/listeners/logging.py:218}}
Jul 19 19:50:53 devstack cinder-volume[87353]: DEBUG cinder.volume.manager [None req-acb507e2-f951-4fa1-9409-614b951a57a0 tempest-GroupSnapshotsTest-1278955057 None] Task 'cinder.volume.flows.manager.create_volume.NotifyVolumeActionTask;volume:create, create.start' (03bd5d27-b4cf-481e-8c93-2c2470d287d2) transitioned into state 'RUNNING' from state 'PENDING' {{(pid=87353) _task_receiver /opt/stack/data/venv/lib/python3.12/site-packages/taskflow/listeners/logging.py:242}}
Jul 19 19:50:53 devstack cinder-volume[87353]: DEBUG cinder.volume.manager [None req-acb507e2-f951-4fa1-9409-614b951a57a0 tempest-GroupSnapshotsTest-1278955057 None] Task 'cinder.volume.flows.manager.create_volume.NotifyVolumeActionTask;volume:create, create.start' (03bd5d27-b4cf-481e-8c93-2c2470d287d2) transitioned into state 'SUCCESS' from state 'RUNNING' with result 'None' {{(pid=87353) _task_receiver /opt/stack/data/venv/lib/python3.12/site-packages/taskflow/listeners/logging.py:218}}
Jul 19 19:50:53 devstack cinder-volume[87353]: DEBUG cinder.volume.manager [None req-acb507e2-f951-4fa1-9409-614b951a57a0 tempest-GroupSnapshotsTest-1278955057 None] Task 'cinder.volume.flows.manager.create_volume.CreateVolumeFromSpecTask;volume:create' (9e2a8970-4155-4258-9aef-8a9f947d4e4f) transitioned into state 'RUNNING' from state 'PENDING' {{(pid=87353) _task_receiver /opt/stack/data/venv/lib/python3.12/site-packages/taskflow/listeners/logging.py:242}}
Jul 19 19:50:53 devstack cinder-volume[87353]: INFO cinder.volume.flows.manager.create_volume [None req-acb507e2-f951-4fa1-9409-614b951a57a0 tempest-GroupSnapshotsTest-1278955057 None] Volume b7f0e09b-4daf-4988-9969-114c0f9da997: being created as raw with specification: {'status': 'creating', 'volume_name': 'volume-b7f0e09b-4daf-4988-9969-114c0f9da997', 'volume_size': 1}
Jul 19 19:50:53 devstack cinder-volume[87353]: DEBUG oslo_concurrency.lockutils [None req-acb507e2-f951-4fa1-9409-614b951a57a0 tempest-GroupSnapshotsTest-1278955057 None] Acquiring lock "quobyte" by "cinder.volume.drivers.quobyte.QuobyteDriver.create_volume" {{(pid=87353) inner /opt/stack/data/venv/lib/python3.12/site-packages/oslo_concurrency/lockutils.py:512}}
Jul 19 19:50:53 devstack sudo[94055]: pam_unix(sudo:session): session closed for user root
Jul 19 19:50:53 devstack cinder-volume[87353]: DEBUG oslo_concurrency.processutils [None req-b74660ba-2fb4-4a3f-a21a-4ec8d7505f7a tempest-VolumesDeleteCascade-833718977 None] CMD "sudo cinder-rootwrap /etc/cinder/rootwrap.conf qemu-img rebase -u -b volume-0814e9f4-f3d4-48ce-b391-031cd3d243c9 -F qcow2 /opt/stack/data/cinder/mnt/8d9b6b84b75eb4d2d287583d568105af/volume-0814e9f4-f3d4-48ce-b391-031cd3d243c9.a21d6dc9-fab0-4ee9-84c1-fe216f7660dc" returned: 0 in 0.432s {{(pid=87353) execute /opt/stack/data/venv/lib/python3.12/site-packages/oslo_concurrency/processutils.py:468}}
Jul 19 19:50:53 devstack cinder-volume[87353]: WARNING cinder.volume.drivers.remotefs [None req-b74660ba-2fb4-4a3f-a21a-4ec8d7505f7a tempest-VolumesDeleteCascade-833718977 None] /opt/stack/data/cinder/mnt/8d9b6b84b75eb4d2d287583d568105af/volume-0814e9f4-f3d4-48ce-b391-031cd3d243c9.a21d6dc9-fab0-4ee9-84c1-fe216f7660dc is being set with open permissions: ugo+rw
Jul 19 19:50:53 devstack cinder-volume[87353]: DEBUG oslo_concurrency.processutils [None req-b74660ba-2fb4-4a3f-a21a-4ec8d7505f7a tempest-VolumesDeleteCascade-833718977 None] Running cmd (subprocess): sudo cinder-rootwrap /etc/cinder/rootwrap.conf chmod ugo+rw /opt/stack/data/cinder/mnt/8d9b6b84b75eb4d2d287583d568105af/volume-0814e9f4-f3d4-48ce-b391-031cd3d243c9.a21d6dc9-fab0-4ee9-84c1-fe216f7660dc {{(pid=87353) execute /opt/stack/data/venv/lib/python3.12/site-packages/oslo_concurrency/processutils.py:440}}
Jul 19 19:50:53 devstack sudo[94070]: quobyte : PWD=/ ; USER=root ; COMMAND=/opt/stack/data/venv/bin/cinder-rootwrap /etc/cinder/rootwrap.conf chmod ugo+rw /opt/stack/data/cinder/mnt/8d9b6b84b75eb4d2d287583d568105af/volume-0814e9f4-f3d4-48ce-b391-031cd3d243c9.a21d6dc9-fab0-4ee9-84c1-fe216f7660dc
Jul 19 19:50:53 devstack sudo[94070]: pam_unix(sudo:session): session opened for user root(uid=0) by (uid=1000)
Jul 19 19:50:54 devstack sudo[94070]: pam_unix(sudo:session): session closed for user root
Jul 19 19:50:54 devstack cinder-volume[87353]: DEBUG oslo_concurrency.processutils [None req-b74660ba-2fb4-4a3f-a21a-4ec8d7505f7a tempest-VolumesDeleteCascade-833718977 None] CMD "sudo cinder-rootwrap /etc/cinder/rootwrap.conf chmod ugo+rw /opt/stack/data/cinder/mnt/8d9b6b84b75eb4d2d287583d568105af/volume-0814e9f4-f3d4-48ce-b391-031cd3d243c9.a21d6dc9-fab0-4ee9-84c1-fe216f7660dc" returned: 0 in 0.462s {{(pid=87353) execute /opt/stack/data/venv/lib/python3.12/site-packages/oslo_concurrency/processutils.py:468}}
Jul 19 19:50:54 devstack cinder-volume[87353]: DEBUG oslo_concurrency.processutils [None req-b74660ba-2fb4-4a3f-a21a-4ec8d7505f7a tempest-VolumesDeleteCascade-833718977 None] Running cmd (subprocess): sudo cinder-rootwrap /etc/cinder/rootwrap.conf truncate -s0 /opt/stack/data/cinder/mnt/8d9b6b84b75eb4d2d287583d568105af/volume-0814e9f4-f3d4-48ce-b391-031cd3d243c9.info {{(pid=87353) execute /opt/stack/data/venv/lib/python3.12/site-packages/oslo_concurrency/processutils.py:440}}
Jul 19 19:50:54 devstack sudo[94115]: quobyte : PWD=/ ; USER=root ; COMMAND=/opt/stack/data/venv/bin/cinder-rootwrap /etc/cinder/rootwrap.conf truncate -s0 /opt/stack/data/cinder/mnt/8d9b6b84b75eb4d2d287583d568105af/volume-0814e9f4-f3d4-48ce-b391-031cd3d243c9.info
Jul 19 19:50:54 devstack sudo[94115]: pam_unix(sudo:session): session opened for user root(uid=0) by (uid=1000)
Jul 19 19:50:55 devstack sudo[94115]: pam_unix(sudo:session): session closed for user root
Jul 19 19:50:55 devstack cinder-volume[87353]: DEBUG oslo_concurrency.processutils [None req-b74660ba-2fb4-4a3f-a21a-4ec8d7505f7a tempest-VolumesDeleteCascade-833718977 None] CMD "sudo cinder-rootwrap /etc/cinder/rootwrap.conf truncate -s0 /opt/stack/data/cinder/mnt/8d9b6b84b75eb4d2d287583d568105af/volume-0814e9f4-f3d4-48ce-b391-031cd3d243c9.info" returned: 0 in 0.664s {{(pid=87353) execute /opt/stack/data/venv/lib/python3.12/site-packages/oslo_concurrency/processutils.py:468}}
Jul 19 19:50:55 devstack cinder-volume[87353]: WARNING cinder.volume.drivers.remotefs [None req-b74660ba-2fb4-4a3f-a21a-4ec8d7505f7a tempest-VolumesDeleteCascade-833718977 None] /opt/stack/data/cinder/mnt/8d9b6b84b75eb4d2d287583d568105af/volume-0814e9f4-f3d4-48ce-b391-031cd3d243c9.info is being set with open permissions: ugo+rw
Jul 19 19:50:55 devstack cinder-volume[87353]: DEBUG oslo_concurrency.processutils [None req-b74660ba-2fb4-4a3f-a21a-4ec8d7505f7a tempest-VolumesDeleteCascade-833718977 None] Running cmd (subprocess): sudo cinder-rootwrap /etc/cinder/rootwrap.conf chmod ugo+rw /opt/stack/data/cinder/mnt/8d9b6b84b75eb4d2d287583d568105af/volume-0814e9f4-f3d4-48ce-b391-031cd3d243c9.info {{(pid=87353) execute /opt/stack/data/venv/lib/python3.12/site-packages/oslo_concurrency/processutils.py:440}}
Jul 19 19:50:55 devstack sudo[94131]: quobyte : PWD=/ ; USER=root ; COMMAND=/opt/stack/data/venv/bin/cinder-rootwrap /etc/cinder/rootwrap.conf chmod ugo+rw /opt/stack/data/cinder/mnt/8d9b6b84b75eb4d2d287583d568105af/volume-0814e9f4-f3d4-48ce-b391-031cd3d243c9.info
Jul 19 19:50:55 devstack sudo[94131]: pam_unix(sudo:session): session opened for user root(uid=0) by (uid=1000)
Jul 19 19:50:55 devstack sudo[94131]: pam_unix(sudo:session): session closed for user root
Jul 19 19:50:55 devstack cinder-volume[87353]: DEBUG oslo_concurrency.processutils [None req-b74660ba-2fb4-4a3f-a21a-4ec8d7505f7a tempest-VolumesDeleteCascade-833718977 None] CMD "sudo cinder-rootwrap /etc/cinder/rootwrap.conf chmod ugo+rw /opt/stack/data/cinder/mnt/8d9b6b84b75eb4d2d287583d568105af/volume-0814e9f4-f3d4-48ce-b391-031cd3d243c9.info" returned: 0 in 0.366s {{(pid=87353) execute /opt/stack/data/venv/lib/python3.12/site-packages/oslo_concurrency/processutils.py:468}}
Jul 19 19:50:55 devstack cinder-volume[87353]: DEBUG oslo_concurrency.lockutils [None req-b74660ba-2fb4-4a3f-a21a-4ec8d7505f7a tempest-VolumesDeleteCascade-833718977 None] Lock "quobyte" "released" by "cinder.volume.drivers.quobyte.QuobyteDriver.create_snapshot" :: held 3.177s {{(pid=87353) inner /opt/stack/data/venv/lib/python3.12/site-packages/oslo_concurrency/lockutils.py:544}}
Jul 19 19:50:55 devstack cinder-volume[87353]: DEBUG oslo_concurrency.lockutils [None req-acb507e2-f951-4fa1-9409-614b951a57a0 tempest-GroupSnapshotsTest-1278955057 None] Lock "quobyte" acquired by "cinder.volume.drivers.quobyte.QuobyteDriver.create_volume" :: waited 1.977s {{(pid=87353) inner /opt/stack/data/venv/lib/python3.12/site-packages/oslo_concurrency/lockutils.py:525}}
Jul 19 19:50:55 devstack cinder-volume[87353]: DEBUG cinder.volume.drivers.quobyte [None req-acb507e2-f951-4fa1-9409-614b951a57a0 tempest-GroupSnapshotsTest-1278955057 None] ==> create_volume: call "{'self': , 'volume': Volume(_name_id=None,admin_metadata=,attach_status='detached',availability_zone='nova',bootable=False,cluster=,cluster_name=None,consistencygroup=,consistencygroup_id=b258f0c5-8c52-4130-8c1f-2e62431add3e,created_at=2026-07-19T17:50:53Z,deleted=False,deleted_at=None,display_description=None,display_name='tempest-volume-602180757',ec2_id=None,encryption_key_id=None,glance_metadata=,group=,group_id=b258f0c5-8c52-4130-8c1f-2e62431add3e,host='devstack@QuobyteHD#QuobyteHD',id=b7f0e09b-4daf-4988-9969-114c0f9da997,launched_at=None,metadata={},migration_status=None,multiattach=False,previous_status=None,project_id='d72133d9c10f4a29a7eb9a750619a89e',provider_auth=None,provider_geometry=None,provider_id=None,provider_location=None,replication_driver_data=None,replication_extended_status=None,replication_status=None,scheduled_at=2026-07-19T17:50:53Z,service_uuid=None,shared_targets=True,size=1,snapshot_id=None,snapshots=,source_volid=None,status='creating',terminated_at=None,updated_at=2026-07-19T17:50:53Z,use_quota=True,user_id='1857250344a047d6a1052091cdf2c219',volume_attachment=VolumeAttachmentList,volume_type=VolumeType(e903bc55-36e0-4b79-8e15-1a53a6e109af),volume_type_id=e903bc55-36e0-4b79-8e15-1a53a6e109af)}" {{(pid=87353) trace_logging_wrapper /opt/stack/cinder/cinder/volume/volume_utils.py:1497}}
Jul 19 19:50:55 devstack cinder-volume[87353]: DEBUG cinder.volume.drivers.remotefs [None req-acb507e2-f951-4fa1-9409-614b951a57a0 tempest-GroupSnapshotsTest-1278955057 None] Creating volume b7f0e09b-4daf-4988-9969-114c0f9da997 {{(pid=87353) create_volume /opt/stack/cinder/cinder/volume/drivers/remotefs.py:292}}
Jul 19 19:50:55 devstack cinder-volume[87353]: DEBUG oslo_concurrency.lockutils [None req-acb507e2-f951-4fa1-9409-614b951a57a0 tempest-GroupSnapshotsTest-1278955057 None] Acquiring lock "quobyte_ensure" by "cinder.volume.drivers.quobyte.QuobyteDriver._ensure_shares_mounted" {{(pid=87353) inner /opt/stack/data/venv/lib/python3.12/site-packages/oslo_concurrency/lockutils.py:512}}
Jul 19 19:50:55 devstack cinder-volume[87353]: DEBUG oslo_concurrency.lockutils [None req-acb507e2-f951-4fa1-9409-614b951a57a0 tempest-GroupSnapshotsTest-1278955057 None] Lock "quobyte_ensure" acquired by "cinder.volume.drivers.quobyte.QuobyteDriver._ensure_shares_mounted" :: waited 0.000s {{(pid=87353) inner /opt/stack/data/venv/lib/python3.12/site-packages/oslo_concurrency/lockutils.py:525}}
Jul 19 19:50:55 devstack cinder-volume[87353]: DEBUG cinder.volume.drivers.quobyte [None req-acb507e2-f951-4fa1-9409-614b951a57a0 tempest-GroupSnapshotsTest-1278955057 None] Quobyte Volume URL set to: {'osci02.corp.quobyte.com/cinder-vol-6763f7ca-d648-4707-8f73-a4940b66e237': None} {{(pid=87353) _load_shares_config /opt/stack/cinder/cinder/volume/drivers/quobyte.py:651}}
Jul 19 19:50:55 devstack cinder-volume[87353]: DEBUG cinder.volume.drivers.quobyte [None req-acb507e2-f951-4fa1-9409-614b951a57a0 tempest-GroupSnapshotsTest-1278955057 None] Available shares ['osci02.corp.quobyte.com/cinder-vol-6763f7ca-d648-4707-8f73-a4940b66e237'] {{(pid=87353) _ensure_shares_mounted /opt/stack/cinder/cinder/volume/drivers/quobyte.py:681}}
Jul 19 19:50:55 devstack cinder-volume[87353]: DEBUG oslo_concurrency.lockutils [None req-acb507e2-f951-4fa1-9409-614b951a57a0 tempest-GroupSnapshotsTest-1278955057 None] Lock "quobyte_ensure" "released" by "cinder.volume.drivers.quobyte.QuobyteDriver._ensure_shares_mounted" :: held 0.006s {{(pid=87353) inner /opt/stack/data/venv/lib/python3.12/site-packages/oslo_concurrency/lockutils.py:544}}
Jul 19 19:50:55 devstack cinder-volume[87353]: DEBUG cinder.volume.drivers.quobyte [None req-acb507e2-f951-4fa1-9409-614b951a57a0 tempest-GroupSnapshotsTest-1278955057 None] Selected osci02.corp.quobyte.com/cinder-vol-6763f7ca-d648-4707-8f73-a4940b66e237 as target Quobyte volume. {{(pid=87353) _find_share /opt/stack/cinder/cinder/volume/drivers/quobyte.py:702}}
Jul 19 19:50:55 devstack cinder-volume[87353]: INFO cinder.volume.drivers.remotefs [None req-acb507e2-f951-4fa1-9409-614b951a57a0 tempest-GroupSnapshotsTest-1278955057 None] casted to osci02.corp.quobyte.com/cinder-vol-6763f7ca-d648-4707-8f73-a4940b66e237
Jul 19 19:50:55 devstack cinder-volume[87353]: DEBUG oslo_concurrency.processutils [None req-acb507e2-f951-4fa1-9409-614b951a57a0 tempest-GroupSnapshotsTest-1278955057 None] Running cmd (subprocess): sudo cinder-rootwrap /etc/cinder/rootwrap.conf qemu-img create -f qcow2 -o preallocation=metadata /opt/stack/data/cinder/mnt/8d9b6b84b75eb4d2d287583d568105af/volume-b7f0e09b-4daf-4988-9969-114c0f9da997 1073741824 {{(pid=87353) execute /opt/stack/data/venv/lib/python3.12/site-packages/oslo_concurrency/processutils.py:440}}
Jul 19 19:50:55 devstack sudo[94137]: quobyte : PWD=/ ; USER=root ; COMMAND=/opt/stack/data/venv/bin/cinder-rootwrap /etc/cinder/rootwrap.conf qemu-img create -f qcow2 -o preallocation=metadata /opt/stack/data/cinder/mnt/8d9b6b84b75eb4d2d287583d568105af/volume-b7f0e09b-4daf-4988-9969-114c0f9da997 1073741824
Jul 19 19:50:55 devstack sudo[94137]: pam_unix(sudo:session): session opened for user root(uid=0) by (uid=1000)
Jul 19 19:50:55 devstack cinder-volume[87353]: INFO cinder.volume.manager [None req-b74660ba-2fb4-4a3f-a21a-4ec8d7505f7a tempest-VolumesDeleteCascade-833718977 None] Create snapshot completed successfully
Jul 19 19:50:56 devstack sudo[94137]: pam_unix(sudo:session): session closed for user root
Jul 19 19:50:56 devstack cinder-volume[87353]: DEBUG oslo_concurrency.processutils [None req-acb507e2-f951-4fa1-9409-614b951a57a0 tempest-GroupSnapshotsTest-1278955057 None] CMD "sudo cinder-rootwrap /etc/cinder/rootwrap.conf qemu-img create -f qcow2 -o preallocation=metadata /opt/stack/data/cinder/mnt/8d9b6b84b75eb4d2d287583d568105af/volume-b7f0e09b-4daf-4988-9969-114c0f9da997 1073741824" returned: 0 in 0.610s {{(pid=87353) execute /opt/stack/data/venv/lib/python3.12/site-packages/oslo_concurrency/processutils.py:468}}
Jul 19 19:50:56 devstack cinder-volume[87353]: DEBUG oslo_concurrency.processutils [None req-acb507e2-f951-4fa1-9409-614b951a57a0 tempest-GroupSnapshotsTest-1278955057 None] Running cmd (subprocess): sudo cinder-rootwrap /etc/cinder/rootwrap.conf chmod ugo+rw /opt/stack/data/cinder/mnt/8d9b6b84b75eb4d2d287583d568105af/volume-b7f0e09b-4daf-4988-9969-114c0f9da997 {{(pid=87353) execute /opt/stack/data/venv/lib/python3.12/site-packages/oslo_concurrency/processutils.py:440}}
Jul 19 19:50:56 devstack sudo[94144]: quobyte : PWD=/ ; USER=root ; COMMAND=/opt/stack/data/venv/bin/cinder-rootwrap /etc/cinder/rootwrap.conf chmod ugo+rw /opt/stack/data/cinder/mnt/8d9b6b84b75eb4d2d287583d568105af/volume-b7f0e09b-4daf-4988-9969-114c0f9da997
Jul 19 19:50:56 devstack sudo[94144]: pam_unix(sudo:session): session opened for user root(uid=0) by (uid=1000)
Jul 19 19:50:56 devstack sudo[94144]: pam_unix(sudo:session): session closed for user root
Jul 19 19:50:56 devstack cinder-volume[87353]: DEBUG oslo_concurrency.processutils [None req-acb507e2-f951-4fa1-9409-614b951a57a0 tempest-GroupSnapshotsTest-1278955057 None] CMD "sudo cinder-rootwrap /etc/cinder/rootwrap.conf chmod ugo+rw /opt/stack/data/cinder/mnt/8d9b6b84b75eb4d2d287583d568105af/volume-b7f0e09b-4daf-4988-9969-114c0f9da997" returned: 0 in 0.290s {{(pid=87353) execute /opt/stack/data/venv/lib/python3.12/site-packages/oslo_concurrency/processutils.py:468}}
Jul 19 19:50:56 devstack cinder-volume[87353]: DEBUG cinder.volume.drivers.quobyte [None req-acb507e2-f951-4fa1-9409-614b951a57a0 tempest-GroupSnapshotsTest-1278955057 None] <== create_volume: return (961ms) {'provider_location': 'osci02.corp.quobyte.com/cinder-vol-6763f7ca-d648-4707-8f73-a4940b66e237'} {{(pid=87353) trace_logging_wrapper /opt/stack/cinder/cinder/volume/volume_utils.py:1522}}
Jul 19 19:50:56 devstack cinder-volume[87353]: DEBUG oslo_concurrency.lockutils [None req-acb507e2-f951-4fa1-9409-614b951a57a0 tempest-GroupSnapshotsTest-1278955057 None] Lock "quobyte" "released" by "cinder.volume.drivers.quobyte.QuobyteDriver.create_volume" :: held 0.965s {{(pid=87353) inner /opt/stack/data/venv/lib/python3.12/site-packages/oslo_concurrency/lockutils.py:544}}
Jul 19 19:50:56 devstack cinder-volume[87353]: DEBUG cinder.volume.manager [None req-acb507e2-f951-4fa1-9409-614b951a57a0 tempest-GroupSnapshotsTest-1278955057 None] Task 'cinder.volume.flows.manager.create_volume.CreateVolumeFromSpecTask;volume:create' (9e2a8970-4155-4258-9aef-8a9f947d4e4f) transitioned into state 'SUCCESS' from state 'RUNNING' with result '{'status': 'creating', 'volume_name': 'volume-b7f0e09b-4daf-4988-9969-114c0f9da997', 'volume_size': 1}' {{(pid=87353) _task_receiver /opt/stack/data/venv/lib/python3.12/site-packages/taskflow/listeners/logging.py:218}}
Jul 19 19:50:56 devstack cinder-volume[87353]: DEBUG cinder.volume.manager [None req-acb507e2-f951-4fa1-9409-614b951a57a0 tempest-GroupSnapshotsTest-1278955057 None] Task 'cinder.volume.flows.manager.create_volume.CreateVolumeOnFinishTask;volume:create, create.end' (b2f180fa-c2c2-40e3-844a-937ba93dd8f0) transitioned into state 'RUNNING' from state 'PENDING' {{(pid=87353) _task_receiver /opt/stack/data/venv/lib/python3.12/site-packages/taskflow/listeners/logging.py:242}}
Jul 19 19:50:56 devstack cinder-volume[87353]: INFO cinder.volume.flows.manager.create_volume [None req-acb507e2-f951-4fa1-9409-614b951a57a0 tempest-GroupSnapshotsTest-1278955057 None] Volume volume-b7f0e09b-4daf-4988-9969-114c0f9da997 (b7f0e09b-4daf-4988-9969-114c0f9da997): created successfully
Jul 19 19:50:56 devstack cinder-volume[87353]: DEBUG cinder.volume.manager [None req-acb507e2-f951-4fa1-9409-614b951a57a0 tempest-GroupSnapshotsTest-1278955057 None] Task 'cinder.volume.flows.manager.create_volume.CreateVolumeOnFinishTask;volume:create, create.end' (b2f180fa-c2c2-40e3-844a-937ba93dd8f0) transitioned into state 'SUCCESS' from state 'RUNNING' with result 'None' {{(pid=87353) _task_receiver /opt/stack/data/venv/lib/python3.12/site-packages/taskflow/listeners/logging.py:218}}
Jul 19 19:50:56 devstack cinder-volume[87353]: DEBUG cinder.volume.manager [None req-acb507e2-f951-4fa1-9409-614b951a57a0 tempest-GroupSnapshotsTest-1278955057 None] Flow 'volume_create_manager' (69be0b05-f2e9-4858-8384-95fb462e3a9c) transitioned into state 'SUCCESS' from state 'RUNNING' {{(pid=87353) _flow_receiver /opt/stack/data/venv/lib/python3.12/site-packages/taskflow/listeners/logging.py:160}}
Jul 19 19:50:56 devstack cinder-volume[87353]: INFO cinder.volume.manager [None req-acb507e2-f951-4fa1-9409-614b951a57a0 tempest-GroupSnapshotsTest-1278955057 None] Created volume successfully.
Jul 19 19:50:56 devstack cinder-volume[87353]: DEBUG oslo_concurrency.lockutils [None req-5f23981c-8128-4d1b-af7d-e33001f03f14 tempest-VolumesDeleteCascade-833718977 None] Acquiring lock "quobyte" by "cinder.volume.drivers.quobyte.QuobyteDriver.create_snapshot" {{(pid=87353) inner /opt/stack/data/venv/lib/python3.12/site-packages/oslo_concurrency/lockutils.py:512}}
Jul 19 19:50:56 devstack cinder-volume[87353]: DEBUG oslo_concurrency.lockutils [None req-5f23981c-8128-4d1b-af7d-e33001f03f14 tempest-VolumesDeleteCascade-833718977 None] Lock "quobyte" acquired by "cinder.volume.drivers.quobyte.QuobyteDriver.create_snapshot" :: waited 0.002s {{(pid=87353) inner /opt/stack/data/venv/lib/python3.12/site-packages/oslo_concurrency/lockutils.py:525}}
Jul 19 19:50:56 devstack cinder-volume[87353]: DEBUG cinder.volume.drivers.remotefs [None req-5f23981c-8128-4d1b-af7d-e33001f03f14 tempest-VolumesDeleteCascade-833718977 None] Creating offline snapshot 77f473be-5f7d-4e51-be48-ce54ef12bde1 of volume 0814e9f4-f3d4-48ce-b391-031cd3d243c9 {{(pid=87353) _create_snapshot /opt/stack/cinder/cinder/volume/drivers/remotefs.py:1816}}
Jul 19 19:50:56 devstack cinder-volume[87353]: DEBUG oslo.privsep.daemon [-] privsep: reply[6187641d-d697-4158-a851-5011858cf00a]: (4, 'qcow2') {{(pid=88926) _call_back /opt/stack/data/venv/lib/python3.12/site-packages/oslo_privsep/daemon.py:580}}
Jul 19 19:50:56 devstack cinder-volume[87353]: DEBUG oslo_concurrency.processutils [None req-5f23981c-8128-4d1b-af7d-e33001f03f14 tempest-VolumesDeleteCascade-833718977 None] Running cmd (subprocess): /opt/stack/data/venv/bin/python3.12 -m oslo_concurrency.prlimit --as=1073741824 --cpu=60 -- sudo cinder-rootwrap /etc/cinder/rootwrap.conf env LC_ALL=C qemu-img info -f qcow2 --output=json --force-share /opt/stack/data/cinder/mnt/8d9b6b84b75eb4d2d287583d568105af/volume-0814e9f4-f3d4-48ce-b391-031cd3d243c9.a21d6dc9-fab0-4ee9-84c1-fe216f7660dc {{(pid=87353) execute /opt/stack/data/venv/lib/python3.12/site-packages/oslo_concurrency/processutils.py:440}}
Jul 19 19:50:57 devstack sudo[94147]: quobyte : PWD=/ ; USER=root ; COMMAND=/opt/stack/data/venv/bin/cinder-rootwrap /etc/cinder/rootwrap.conf env LC_ALL=C qemu-img info -f qcow2 --output=json --force-share /opt/stack/data/cinder/mnt/8d9b6b84b75eb4d2d287583d568105af/volume-0814e9f4-f3d4-48ce-b391-031cd3d243c9.a21d6dc9-fab0-4ee9-84c1-fe216f7660dc
Jul 19 19:50:57 devstack sudo[94147]: pam_unix(sudo:session): session opened for user root(uid=0) by (uid=1000)
Jul 19 19:50:57 devstack sudo[94147]: pam_unix(sudo:session): session closed for user root
Jul 19 19:50:57 devstack cinder-volume[87353]: DEBUG oslo_concurrency.processutils [None req-5f23981c-8128-4d1b-af7d-e33001f03f14 tempest-VolumesDeleteCascade-833718977 None] CMD "/opt/stack/data/venv/bin/python3.12 -m oslo_concurrency.prlimit --as=1073741824 --cpu=60 -- sudo cinder-rootwrap /etc/cinder/rootwrap.conf env LC_ALL=C qemu-img info -f qcow2 --output=json --force-share /opt/stack/data/cinder/mnt/8d9b6b84b75eb4d2d287583d568105af/volume-0814e9f4-f3d4-48ce-b391-031cd3d243c9.a21d6dc9-fab0-4ee9-84c1-fe216f7660dc" returned: 0 in 0.546s {{(pid=87353) execute /opt/stack/data/venv/lib/python3.12/site-packages/oslo_concurrency/processutils.py:468}}
Jul 19 19:50:57 devstack cinder-volume[87353]: DEBUG cinder.volume.drivers.remotefs [None req-5f23981c-8128-4d1b-af7d-e33001f03f14 tempest-VolumesDeleteCascade-833718977 None] Fetching qemu-img info with special backing_file_template: (/opt/stack/data/cinder/mnt/[0-9a-f]+/)?(volume-0814e9f4-f3d4-48ce-b391-031cd3d243c9(.(tmp-snap-)?[0-9a-f-]+)?|volume_from_snapshot_cache/(tmp-snap-)?[0-9a-f-]+(.(child-|parent-)[0-9a-f-]+)?)$ {{(pid=87353) _qemu_img_info_base /opt/stack/cinder/cinder/volume/drivers/remotefs.py:896}}
Jul 19 19:50:57 devstack cinder-volume[87353]: DEBUG oslo_concurrency.processutils [None req-5f23981c-8128-4d1b-af7d-e33001f03f14 tempest-VolumesDeleteCascade-833718977 None] Running cmd (subprocess): sudo cinder-rootwrap /etc/cinder/rootwrap.conf qemu-img create -f qcow2 -o backing_file=/opt/stack/data/cinder/mnt/8d9b6b84b75eb4d2d287583d568105af/volume-0814e9f4-f3d4-48ce-b391-031cd3d243c9.a21d6dc9-fab0-4ee9-84c1-fe216f7660dc,backing_fmt=qcow2 /opt/stack/data/cinder/mnt/8d9b6b84b75eb4d2d287583d568105af/volume-0814e9f4-f3d4-48ce-b391-031cd3d243c9.77f473be-5f7d-4e51-be48-ce54ef12bde1 1G {{(pid=87353) execute /opt/stack/data/venv/lib/python3.12/site-packages/oslo_concurrency/processutils.py:440}}
Jul 19 19:50:57 devstack sudo[94152]: quobyte : PWD=/ ; USER=root ; COMMAND=/opt/stack/data/venv/bin/cinder-rootwrap /etc/cinder/rootwrap.conf qemu-img create -f qcow2 -o backing_file=/opt/stack/data/cinder/mnt/8d9b6b84b75eb4d2d287583d568105af/volume-0814e9f4-f3d4-48ce-b391-031cd3d243c9.a21d6dc9-fab0-4ee9-84c1-fe216f7660dc,backing_fmt=qcow2 /opt/stack/data/cinder/mnt/8d9b6b84b75eb4d2d287583d568105af/volume-0814e9f4-f3d4-48ce-b391-031cd3d243c9.77f473be-5f7d-4e51-be48-ce54ef12bde1 1G
Jul 19 19:50:57 devstack sudo[94152]: pam_unix(sudo:session): session opened for user root(uid=0) by (uid=1000)
Jul 19 19:50:58 devstack cinder-volume[87353]: INFO cinder.volume.manager [None req-566a0585-15d0-4242-a094-444a52d3674f tempest-GroupSnapshotsTest-1278955057 None] GroupSnapshot 856d0540-dae0-48f3-a71d-998d244a14a4: creating.
Jul 19 19:50:58 devstack cinder-volume[87353]: DEBUG cinder.volume.manager [None req-566a0585-15d0-4242-a094-444a52d3674f tempest-GroupSnapshotsTest-1278955057 None] Group snapshot 856d0540-dae0-48f3-a71d-998d244a14a4: creating. {{(pid=87353) create_group_snapshot /opt/stack/cinder/cinder/volume/manager.py:4175}}
Jul 19 19:50:58 devstack cinder-volume[87353]: DEBUG oslo_concurrency.lockutils [None req-566a0585-15d0-4242-a094-444a52d3674f tempest-GroupSnapshotsTest-1278955057 None] Acquiring lock "quobyte" by "cinder.volume.drivers.quobyte.QuobyteDriver.create_snapshot" {{(pid=87353) inner /opt/stack/data/venv/lib/python3.12/site-packages/oslo_concurrency/lockutils.py:512}}
Jul 19 19:50:58 devstack sudo[94152]: pam_unix(sudo:session): session closed for user root
Jul 19 19:50:58 devstack cinder-volume[87353]: DEBUG oslo_concurrency.processutils [None req-5f23981c-8128-4d1b-af7d-e33001f03f14 tempest-VolumesDeleteCascade-833718977 None] CMD "sudo cinder-rootwrap /etc/cinder/rootwrap.conf qemu-img create -f qcow2 -o backing_file=/opt/stack/data/cinder/mnt/8d9b6b84b75eb4d2d287583d568105af/volume-0814e9f4-f3d4-48ce-b391-031cd3d243c9.a21d6dc9-fab0-4ee9-84c1-fe216f7660dc,backing_fmt=qcow2 /opt/stack/data/cinder/mnt/8d9b6b84b75eb4d2d287583d568105af/volume-0814e9f4-f3d4-48ce-b391-031cd3d243c9.77f473be-5f7d-4e51-be48-ce54ef12bde1 1G" returned: 0 in 0.916s {{(pid=87353) execute /opt/stack/data/venv/lib/python3.12/site-packages/oslo_concurrency/processutils.py:468}}
Jul 19 19:50:58 devstack cinder-volume[87353]: DEBUG oslo_concurrency.processutils [None req-5f23981c-8128-4d1b-af7d-e33001f03f14 tempest-VolumesDeleteCascade-833718977 None] Running cmd (subprocess): sudo cinder-rootwrap /etc/cinder/rootwrap.conf qemu-img rebase -u -b volume-0814e9f4-f3d4-48ce-b391-031cd3d243c9.a21d6dc9-fab0-4ee9-84c1-fe216f7660dc -F qcow2 /opt/stack/data/cinder/mnt/8d9b6b84b75eb4d2d287583d568105af/volume-0814e9f4-f3d4-48ce-b391-031cd3d243c9.77f473be-5f7d-4e51-be48-ce54ef12bde1 {{(pid=87353) execute /opt/stack/data/venv/lib/python3.12/site-packages/oslo_concurrency/processutils.py:440}}
Jul 19 19:50:58 devstack sudo[94161]: quobyte : PWD=/ ; USER=root ; COMMAND=/opt/stack/data/venv/bin/cinder-rootwrap /etc/cinder/rootwrap.conf qemu-img rebase -u -b volume-0814e9f4-f3d4-48ce-b391-031cd3d243c9.a21d6dc9-fab0-4ee9-84c1-fe216f7660dc -F qcow2 /opt/stack/data/cinder/mnt/8d9b6b84b75eb4d2d287583d568105af/volume-0814e9f4-f3d4-48ce-b391-031cd3d243c9.77f473be-5f7d-4e51-be48-ce54ef12bde1
Jul 19 19:50:58 devstack sudo[94161]: pam_unix(sudo:session): session opened for user root(uid=0) by (uid=1000)
Jul 19 19:50:58 devstack sudo[94161]: pam_unix(sudo:session): session closed for user root
Jul 19 19:50:58 devstack cinder-volume[87353]: DEBUG oslo_concurrency.processutils [None req-5f23981c-8128-4d1b-af7d-e33001f03f14 tempest-VolumesDeleteCascade-833718977 None] CMD "sudo cinder-rootwrap /etc/cinder/rootwrap.conf qemu-img rebase -u -b volume-0814e9f4-f3d4-48ce-b391-031cd3d243c9.a21d6dc9-fab0-4ee9-84c1-fe216f7660dc -F qcow2 /opt/stack/data/cinder/mnt/8d9b6b84b75eb4d2d287583d568105af/volume-0814e9f4-f3d4-48ce-b391-031cd3d243c9.77f473be-5f7d-4e51-be48-ce54ef12bde1" returned: 0 in 0.556s {{(pid=87353) execute /opt/stack/data/venv/lib/python3.12/site-packages/oslo_concurrency/processutils.py:468}}
Jul 19 19:50:58 devstack cinder-volume[87353]: WARNING cinder.volume.drivers.remotefs [None req-5f23981c-8128-4d1b-af7d-e33001f03f14 tempest-VolumesDeleteCascade-833718977 None] /opt/stack/data/cinder/mnt/8d9b6b84b75eb4d2d287583d568105af/volume-0814e9f4-f3d4-48ce-b391-031cd3d243c9.77f473be-5f7d-4e51-be48-ce54ef12bde1 is being set with open permissions: ugo+rw
Jul 19 19:50:58 devstack cinder-volume[87353]: DEBUG oslo_concurrency.processutils [None req-5f23981c-8128-4d1b-af7d-e33001f03f14 tempest-VolumesDeleteCascade-833718977 None] Running cmd (subprocess): sudo cinder-rootwrap /etc/cinder/rootwrap.conf chmod ugo+rw /opt/stack/data/cinder/mnt/8d9b6b84b75eb4d2d287583d568105af/volume-0814e9f4-f3d4-48ce-b391-031cd3d243c9.77f473be-5f7d-4e51-be48-ce54ef12bde1 {{(pid=87353) execute /opt/stack/data/venv/lib/python3.12/site-packages/oslo_concurrency/processutils.py:440}}
Jul 19 19:50:58 devstack sudo[94167]: quobyte : PWD=/ ; USER=root ; COMMAND=/opt/stack/data/venv/bin/cinder-rootwrap /etc/cinder/rootwrap.conf chmod ugo+rw /opt/stack/data/cinder/mnt/8d9b6b84b75eb4d2d287583d568105af/volume-0814e9f4-f3d4-48ce-b391-031cd3d243c9.77f473be-5f7d-4e51-be48-ce54ef12bde1
Jul 19 19:50:58 devstack sudo[94167]: pam_unix(sudo:session): session opened for user root(uid=0) by (uid=1000)
Jul 19 19:50:59 devstack sudo[94167]: pam_unix(sudo:session): session closed for user root
Jul 19 19:50:59 devstack cinder-volume[87353]: DEBUG oslo_concurrency.processutils [None req-5f23981c-8128-4d1b-af7d-e33001f03f14 tempest-VolumesDeleteCascade-833718977 None] CMD "sudo cinder-rootwrap /etc/cinder/rootwrap.conf chmod ugo+rw /opt/stack/data/cinder/mnt/8d9b6b84b75eb4d2d287583d568105af/volume-0814e9f4-f3d4-48ce-b391-031cd3d243c9.77f473be-5f7d-4e51-be48-ce54ef12bde1" returned: 0 in 0.359s {{(pid=87353) execute /opt/stack/data/venv/lib/python3.12/site-packages/oslo_concurrency/processutils.py:468}}
Jul 19 19:50:59 devstack cinder-volume[87353]: DEBUG oslo_concurrency.lockutils [None req-5f23981c-8128-4d1b-af7d-e33001f03f14 tempest-VolumesDeleteCascade-833718977 None] Lock "quobyte" "released" by "cinder.volume.drivers.quobyte.QuobyteDriver.create_snapshot" :: held 2.565s {{(pid=87353) inner /opt/stack/data/venv/lib/python3.12/site-packages/oslo_concurrency/lockutils.py:544}}
Jul 19 19:50:59 devstack cinder-volume[87353]: DEBUG oslo_concurrency.lockutils [None req-566a0585-15d0-4242-a094-444a52d3674f tempest-GroupSnapshotsTest-1278955057 None] Lock "quobyte" acquired by "cinder.volume.drivers.quobyte.QuobyteDriver.create_snapshot" :: waited 1.163s {{(pid=87353) inner /opt/stack/data/venv/lib/python3.12/site-packages/oslo_concurrency/lockutils.py:525}}
Jul 19 19:50:59 devstack cinder-volume[87353]: DEBUG cinder.volume.drivers.remotefs [None req-566a0585-15d0-4242-a094-444a52d3674f tempest-GroupSnapshotsTest-1278955057 None] Creating offline snapshot 9ad1727e-6aa4-42b8-b2c0-3cbf93165206 of volume b7f0e09b-4daf-4988-9969-114c0f9da997 {{(pid=87353) _create_snapshot /opt/stack/cinder/cinder/volume/drivers/remotefs.py:1816}}
Jul 19 19:50:59 devstack cinder-volume[87353]: INFO cinder.volume.manager [None req-5f23981c-8128-4d1b-af7d-e33001f03f14 tempest-VolumesDeleteCascade-833718977 None] Create snapshot completed successfully
