Jul 19 19:50:12 devstack cinder-volume[87353]: DEBUG oslo_concurrency.processutils [None req-4b435d70-c99c-4fab-9822-56e1209b73fa tempest-SnapshotsActionsTest-780829881 None] CMD "/opt/stack/data/venv/bin/python3.12 -m oslo_concurrency.prlimit --as=1073741824 --cpu=60 -- sudo cinder-rootwrap /etc/cinder/rootwrap.conf env LC_ALL=C qemu-img info -f qcow2 --output=json --force-share /opt/stack/data/cinder/mnt/8d9b6b84b75eb4d2d287583d568105af/volume-c5b5f50d-cab8-4e56-8014-6fc9055865c4.b3dea956-9e1d-4ff4-b29f-c70b426d0941" returned: 0 in 0.422s {{(pid=87353) execute /opt/stack/data/venv/lib/python3.12/site-packages/oslo_concurrency/processutils.py:468}}
Jul 19 19:50:12 devstack cinder-volume[87353]: DEBUG cinder.volume.drivers.remotefs [None req-4b435d70-c99c-4fab-9822-56e1209b73fa tempest-SnapshotsActionsTest-780829881 None] Fetching qemu-img info with special backing_file_template: (/opt/stack/data/cinder/mnt/[0-9a-f]+/)?(volume-c5b5f50d-cab8-4e56-8014-6fc9055865c4(.(tmp-snap-)?[0-9a-f-]+)?|volume_from_snapshot_cache/(tmp-snap-)?[0-9a-f-]+(.(child-|parent-)[0-9a-f-]+)?)$ {{(pid=87353) _qemu_img_info_base /opt/stack/cinder/cinder/volume/drivers/remotefs.py:896}}
Jul 19 19:50:12 devstack cinder-volume[87353]: DEBUG oslo.privsep.daemon [-] privsep: reply[ad054182-d58c-4ff5-856f-e07af4a41a29]: (4, 'qcow2') {{(pid=88926) _call_back /opt/stack/data/venv/lib/python3.12/site-packages/oslo_privsep/daemon.py:580}}
Jul 19 19:50:12 devstack cinder-volume[87353]: DEBUG oslo_concurrency.processutils [None req-4b435d70-c99c-4fab-9822-56e1209b73fa tempest-SnapshotsActionsTest-780829881 None] Running cmd (subprocess): /opt/stack/data/venv/bin/python3.12 -m oslo_concurrency.prlimit --as=1073741824 --cpu=60 -- sudo cinder-rootwrap /etc/cinder/rootwrap.conf env LC_ALL=C qemu-img info -f qcow2 --output=json --force-share /opt/stack/data/cinder/mnt/8d9b6b84b75eb4d2d287583d568105af/volume-c5b5f50d-cab8-4e56-8014-6fc9055865c4.2553847e-571a-40ba-b6cf-c1662a4d68af {{(pid=87353) execute /opt/stack/data/venv/lib/python3.12/site-packages/oslo_concurrency/processutils.py:440}}
Jul 19 19:50:12 devstack sudo[93660]: quobyte : PWD=/ ; USER=root ; COMMAND=/opt/stack/data/venv/bin/cinder-rootwrap /etc/cinder/rootwrap.conf env LC_ALL=C qemu-img info -f qcow2 --output=json --force-share /opt/stack/data/cinder/mnt/8d9b6b84b75eb4d2d287583d568105af/volume-c5b5f50d-cab8-4e56-8014-6fc9055865c4.2553847e-571a-40ba-b6cf-c1662a4d68af
Jul 19 19:50:12 devstack sudo[93660]: pam_unix(sudo:session): session opened for user root(uid=0) by (uid=1000)
Jul 19 19:50:12 devstack sudo[93660]: pam_unix(sudo:session): session closed for user root
Jul 19 19:50:12 devstack cinder-volume[87353]: DEBUG oslo_concurrency.processutils [None req-4b435d70-c99c-4fab-9822-56e1209b73fa tempest-SnapshotsActionsTest-780829881 None] CMD "/opt/stack/data/venv/bin/python3.12 -m oslo_concurrency.prlimit --as=1073741824 --cpu=60 -- sudo cinder-rootwrap /etc/cinder/rootwrap.conf env LC_ALL=C qemu-img info -f qcow2 --output=json --force-share /opt/stack/data/cinder/mnt/8d9b6b84b75eb4d2d287583d568105af/volume-c5b5f50d-cab8-4e56-8014-6fc9055865c4.2553847e-571a-40ba-b6cf-c1662a4d68af" returned: 0 in 0.415s {{(pid=87353) execute /opt/stack/data/venv/lib/python3.12/site-packages/oslo_concurrency/processutils.py:468}}
Jul 19 19:50:12 devstack cinder-volume[87353]: DEBUG cinder.volume.drivers.remotefs [None req-4b435d70-c99c-4fab-9822-56e1209b73fa tempest-SnapshotsActionsTest-780829881 None] Fetching qemu-img info with special backing_file_template: (/opt/stack/data/cinder/mnt/[0-9a-f]+/)?(volume-c5b5f50d-cab8-4e56-8014-6fc9055865c4(.(tmp-snap-)?[0-9a-f-]+)?|volume_from_snapshot_cache/(tmp-snap-)?[0-9a-f-]+(.(child-|parent-)[0-9a-f-]+)?)$ {{(pid=87353) _qemu_img_info_base /opt/stack/cinder/cinder/volume/drivers/remotefs.py:896}}
Jul 19 19:50:12 devstack cinder-volume[87353]: DEBUG oslo_concurrency.processutils [None req-4b435d70-c99c-4fab-9822-56e1209b73fa tempest-SnapshotsActionsTest-780829881 None] Running cmd (subprocess): sudo cinder-rootwrap /etc/cinder/rootwrap.conf qemu-img commit -d /opt/stack/data/cinder/mnt/8d9b6b84b75eb4d2d287583d568105af/volume-c5b5f50d-cab8-4e56-8014-6fc9055865c4.b3dea956-9e1d-4ff4-b29f-c70b426d0941 {{(pid=87353) execute /opt/stack/data/venv/lib/python3.12/site-packages/oslo_concurrency/processutils.py:440}}
Jul 19 19:50:12 devstack sudo[93666]: quobyte : PWD=/ ; USER=root ; COMMAND=/opt/stack/data/venv/bin/cinder-rootwrap /etc/cinder/rootwrap.conf qemu-img commit -d /opt/stack/data/cinder/mnt/8d9b6b84b75eb4d2d287583d568105af/volume-c5b5f50d-cab8-4e56-8014-6fc9055865c4.b3dea956-9e1d-4ff4-b29f-c70b426d0941
Jul 19 19:50:12 devstack sudo[93666]: pam_unix(sudo:session): session opened for user root(uid=0) by (uid=1000)
Jul 19 19:50:12 devstack sudo[93666]: pam_unix(sudo:session): session closed for user root
Jul 19 19:50:12 devstack cinder-volume[87353]: DEBUG oslo_concurrency.processutils [None req-4b435d70-c99c-4fab-9822-56e1209b73fa tempest-SnapshotsActionsTest-780829881 None] CMD "sudo cinder-rootwrap /etc/cinder/rootwrap.conf qemu-img commit -d /opt/stack/data/cinder/mnt/8d9b6b84b75eb4d2d287583d568105af/volume-c5b5f50d-cab8-4e56-8014-6fc9055865c4.b3dea956-9e1d-4ff4-b29f-c70b426d0941" returned: 0 in 0.432s {{(pid=87353) execute /opt/stack/data/venv/lib/python3.12/site-packages/oslo_concurrency/processutils.py:468}}
Jul 19 19:50:12 devstack cinder-volume[87353]: DEBUG oslo_concurrency.processutils [None req-4b435d70-c99c-4fab-9822-56e1209b73fa tempest-SnapshotsActionsTest-780829881 None] Running cmd (subprocess): sudo cinder-rootwrap /etc/cinder/rootwrap.conf rm -f /opt/stack/data/cinder/mnt/8d9b6b84b75eb4d2d287583d568105af/volume-c5b5f50d-cab8-4e56-8014-6fc9055865c4.b3dea956-9e1d-4ff4-b29f-c70b426d0941 {{(pid=87353) execute /opt/stack/data/venv/lib/python3.12/site-packages/oslo_concurrency/processutils.py:440}}
Jul 19 19:50:12 devstack sudo[93672]: quobyte : PWD=/ ; USER=root ; COMMAND=/opt/stack/data/venv/bin/cinder-rootwrap /etc/cinder/rootwrap.conf rm -f /opt/stack/data/cinder/mnt/8d9b6b84b75eb4d2d287583d568105af/volume-c5b5f50d-cab8-4e56-8014-6fc9055865c4.b3dea956-9e1d-4ff4-b29f-c70b426d0941
Jul 19 19:50:12 devstack sudo[93672]: pam_unix(sudo:session): session opened for user root(uid=0) by (uid=1000)
Jul 19 19:50:13 devstack sudo[93672]: pam_unix(sudo:session): session closed for user root
Jul 19 19:50:13 devstack cinder-volume[87353]: DEBUG oslo_concurrency.processutils [None req-4b435d70-c99c-4fab-9822-56e1209b73fa tempest-SnapshotsActionsTest-780829881 None] CMD "sudo cinder-rootwrap /etc/cinder/rootwrap.conf rm -f /opt/stack/data/cinder/mnt/8d9b6b84b75eb4d2d287583d568105af/volume-c5b5f50d-cab8-4e56-8014-6fc9055865c4.b3dea956-9e1d-4ff4-b29f-c70b426d0941" returned: 0 in 0.281s {{(pid=87353) execute /opt/stack/data/venv/lib/python3.12/site-packages/oslo_concurrency/processutils.py:468}}
Jul 19 19:50:13 devstack cinder-volume[87353]: DEBUG cinder.coordination [None req-4b435d70-c99c-4fab-9822-56e1209b73fa tempest-SnapshotsActionsTest-780829881 None] Lock "cinder-quobyte-b3dea956-9e1d-4ff4-b29f-c70b426d0941" released by "_delete_snapshot" :: held 1.687s {{(pid=87353) __release /opt/stack/cinder/cinder/coordination.py:152}}
Jul 19 19:50:13 devstack cinder-volume[87353]: DEBUG cinder.coordination [None req-4b435d70-c99c-4fab-9822-56e1209b73fa tempest-SnapshotsActionsTest-780829881 None] Lock "cinder-quobyte-c5b5f50d-cab8-4e56-8014-6fc9055865c4" released by "delete_snapshot" :: held 1.710s {{(pid=87353) __release /opt/stack/cinder/cinder/coordination.py:152}}
Jul 19 19:50:13 devstack cinder-volume[87353]: DEBUG cinder.quota [None req-4b435d70-c99c-4fab-9822-56e1209b73fa tempest-SnapshotsActionsTest-780829881 None] Created reservations ['e2ef2799-172d-44ea-9ca5-f960253f734e', 'd22febce-9980-4b6c-9d31-51c188170ac8', 'b99b12e8-cd48-401e-acb6-fcfe3f3e4cc4', '4c734e89-8724-494c-ad27-17abe6531011'] {{(pid=87353) reserve /opt/stack/cinder/cinder/quota.py:752}}
Jul 19 19:50:13 devstack cinder-volume[87353]: INFO cinder.volume.manager [None req-4b435d70-c99c-4fab-9822-56e1209b73fa tempest-SnapshotsActionsTest-780829881 None] Delete snapshot completed successfully.
Jul 19 19:50:13 devstack cinder-volume[87353]: DEBUG cinder.coordination [None req-4b435d70-c99c-4fab-9822-56e1209b73fa tempest-SnapshotsActionsTest-780829881 None] Lock "cinder-b3dea956-9e1d-4ff4-b29f-c70b426d0941-delete_snapshot" released by "delete_snapshot" :: held 1.888s {{(pid=87353) __release /opt/stack/cinder/cinder/coordination.py:152}}
Jul 19 19:50:14 devstack cinder-volume[87353]: DEBUG oslo_concurrency.lockutils [None req-53ab209a-e632-4072-af99-4fb59b2d2708 tempest-SnapshotsActionsTest-1541678169 None] Acquiring lock "quobyte" by "cinder.volume.drivers.quobyte.QuobyteDriver.create_snapshot" {{(pid=87353) inner /opt/stack/data/venv/lib/python3.12/site-packages/oslo_concurrency/lockutils.py:512}}
Jul 19 19:50:14 devstack cinder-volume[87353]: DEBUG oslo_concurrency.lockutils [None req-53ab209a-e632-4072-af99-4fb59b2d2708 tempest-SnapshotsActionsTest-1541678169 None] Lock "quobyte" acquired by "cinder.volume.drivers.quobyte.QuobyteDriver.create_snapshot" :: waited 0.001s {{(pid=87353) inner /opt/stack/data/venv/lib/python3.12/site-packages/oslo_concurrency/lockutils.py:525}}
Jul 19 19:50:14 devstack cinder-volume[87353]: DEBUG cinder.volume.drivers.remotefs [None req-53ab209a-e632-4072-af99-4fb59b2d2708 tempest-SnapshotsActionsTest-1541678169 None] Creating offline snapshot 2f9e6676-5c28-4eec-af8d-2197a11cc067 of volume c5b5f50d-cab8-4e56-8014-6fc9055865c4 {{(pid=87353) _create_snapshot /opt/stack/cinder/cinder/volume/drivers/remotefs.py:1816}}
Jul 19 19:50:14 devstack cinder-volume[87353]: DEBUG oslo.privsep.daemon [-] privsep: reply[0960dd05-cb31-46fa-a733-03fd12099bb1]: (4, 'qcow2') {{(pid=88926) _call_back /opt/stack/data/venv/lib/python3.12/site-packages/oslo_privsep/daemon.py:580}}
Jul 19 19:50:14 devstack cinder-volume[87353]: DEBUG oslo_concurrency.processutils [None req-53ab209a-e632-4072-af99-4fb59b2d2708 tempest-SnapshotsActionsTest-1541678169 None] Running cmd (subprocess): /opt/stack/data/venv/bin/python3.12 -m oslo_concurrency.prlimit --as=1073741824 --cpu=60 -- sudo cinder-rootwrap /etc/cinder/rootwrap.conf env LC_ALL=C qemu-img info -f qcow2 --output=json --force-share /opt/stack/data/cinder/mnt/8d9b6b84b75eb4d2d287583d568105af/volume-c5b5f50d-cab8-4e56-8014-6fc9055865c4.2553847e-571a-40ba-b6cf-c1662a4d68af {{(pid=87353) execute /opt/stack/data/venv/lib/python3.12/site-packages/oslo_concurrency/processutils.py:440}}
Jul 19 19:50:14 devstack sudo[93678]: quobyte : PWD=/ ; USER=root ; COMMAND=/opt/stack/data/venv/bin/cinder-rootwrap /etc/cinder/rootwrap.conf env LC_ALL=C qemu-img info -f qcow2 --output=json --force-share /opt/stack/data/cinder/mnt/8d9b6b84b75eb4d2d287583d568105af/volume-c5b5f50d-cab8-4e56-8014-6fc9055865c4.2553847e-571a-40ba-b6cf-c1662a4d68af
Jul 19 19:50:14 devstack sudo[93678]: pam_unix(sudo:session): session opened for user root(uid=0) by (uid=1000)
Jul 19 19:50:14 devstack sudo[93678]: pam_unix(sudo:session): session closed for user root
Jul 19 19:50:14 devstack cinder-volume[87353]: DEBUG oslo_concurrency.processutils [None req-53ab209a-e632-4072-af99-4fb59b2d2708 tempest-SnapshotsActionsTest-1541678169 None] CMD "/opt/stack/data/venv/bin/python3.12 -m oslo_concurrency.prlimit --as=1073741824 --cpu=60 -- sudo cinder-rootwrap /etc/cinder/rootwrap.conf env LC_ALL=C qemu-img info -f qcow2 --output=json --force-share /opt/stack/data/cinder/mnt/8d9b6b84b75eb4d2d287583d568105af/volume-c5b5f50d-cab8-4e56-8014-6fc9055865c4.2553847e-571a-40ba-b6cf-c1662a4d68af" returned: 0 in 0.415s {{(pid=87353) execute /opt/stack/data/venv/lib/python3.12/site-packages/oslo_concurrency/processutils.py:468}}
Jul 19 19:50:14 devstack cinder-volume[87353]: DEBUG cinder.volume.drivers.remotefs [None req-53ab209a-e632-4072-af99-4fb59b2d2708 tempest-SnapshotsActionsTest-1541678169 None] Fetching qemu-img info with special backing_file_template: (/opt/stack/data/cinder/mnt/[0-9a-f]+/)?(volume-c5b5f50d-cab8-4e56-8014-6fc9055865c4(.(tmp-snap-)?[0-9a-f-]+)?|volume_from_snapshot_cache/(tmp-snap-)?[0-9a-f-]+(.(child-|parent-)[0-9a-f-]+)?)$ {{(pid=87353) _qemu_img_info_base /opt/stack/cinder/cinder/volume/drivers/remotefs.py:896}}
Jul 19 19:50:14 devstack cinder-volume[87353]: DEBUG oslo_concurrency.processutils [None req-53ab209a-e632-4072-af99-4fb59b2d2708 tempest-SnapshotsActionsTest-1541678169 None] Running cmd (subprocess): sudo cinder-rootwrap /etc/cinder/rootwrap.conf qemu-img create -f qcow2 -o backing_file=/opt/stack/data/cinder/mnt/8d9b6b84b75eb4d2d287583d568105af/volume-c5b5f50d-cab8-4e56-8014-6fc9055865c4.2553847e-571a-40ba-b6cf-c1662a4d68af,backing_fmt=qcow2 /opt/stack/data/cinder/mnt/8d9b6b84b75eb4d2d287583d568105af/volume-c5b5f50d-cab8-4e56-8014-6fc9055865c4.2f9e6676-5c28-4eec-af8d-2197a11cc067 1G {{(pid=87353) execute /opt/stack/data/venv/lib/python3.12/site-packages/oslo_concurrency/processutils.py:440}}
Jul 19 19:50:14 devstack sudo[93683]: quobyte : PWD=/ ; USER=root ; COMMAND=/opt/stack/data/venv/bin/cinder-rootwrap /etc/cinder/rootwrap.conf qemu-img create -f qcow2 -o backing_file=/opt/stack/data/cinder/mnt/8d9b6b84b75eb4d2d287583d568105af/volume-c5b5f50d-cab8-4e56-8014-6fc9055865c4.2553847e-571a-40ba-b6cf-c1662a4d68af,backing_fmt=qcow2 /opt/stack/data/cinder/mnt/8d9b6b84b75eb4d2d287583d568105af/volume-c5b5f50d-cab8-4e56-8014-6fc9055865c4.2f9e6676-5c28-4eec-af8d-2197a11cc067 1G
Jul 19 19:50:14 devstack sudo[93683]: pam_unix(sudo:session): session opened for user root(uid=0) by (uid=1000)
Jul 19 19:50:15 devstack sudo[93683]: pam_unix(sudo:session): session closed for user root
Jul 19 19:50:15 devstack cinder-volume[87353]: DEBUG oslo_concurrency.processutils [None req-53ab209a-e632-4072-af99-4fb59b2d2708 tempest-SnapshotsActionsTest-1541678169 None] CMD "sudo cinder-rootwrap /etc/cinder/rootwrap.conf qemu-img create -f qcow2 -o backing_file=/opt/stack/data/cinder/mnt/8d9b6b84b75eb4d2d287583d568105af/volume-c5b5f50d-cab8-4e56-8014-6fc9055865c4.2553847e-571a-40ba-b6cf-c1662a4d68af,backing_fmt=qcow2 /opt/stack/data/cinder/mnt/8d9b6b84b75eb4d2d287583d568105af/volume-c5b5f50d-cab8-4e56-8014-6fc9055865c4.2f9e6676-5c28-4eec-af8d-2197a11cc067 1G" returned: 0 in 0.562s {{(pid=87353) execute /opt/stack/data/venv/lib/python3.12/site-packages/oslo_concurrency/processutils.py:468}}
Jul 19 19:50:15 devstack cinder-volume[87353]: DEBUG oslo_concurrency.processutils [None req-53ab209a-e632-4072-af99-4fb59b2d2708 tempest-SnapshotsActionsTest-1541678169 None] Running cmd (subprocess): sudo cinder-rootwrap /etc/cinder/rootwrap.conf qemu-img rebase -u -b volume-c5b5f50d-cab8-4e56-8014-6fc9055865c4.2553847e-571a-40ba-b6cf-c1662a4d68af -F qcow2 /opt/stack/data/cinder/mnt/8d9b6b84b75eb4d2d287583d568105af/volume-c5b5f50d-cab8-4e56-8014-6fc9055865c4.2f9e6676-5c28-4eec-af8d-2197a11cc067 {{(pid=87353) execute /opt/stack/data/venv/lib/python3.12/site-packages/oslo_concurrency/processutils.py:440}}
Jul 19 19:50:15 devstack sudo[93689]: quobyte : PWD=/ ; USER=root ; COMMAND=/opt/stack/data/venv/bin/cinder-rootwrap /etc/cinder/rootwrap.conf qemu-img rebase -u -b volume-c5b5f50d-cab8-4e56-8014-6fc9055865c4.2553847e-571a-40ba-b6cf-c1662a4d68af -F qcow2 /opt/stack/data/cinder/mnt/8d9b6b84b75eb4d2d287583d568105af/volume-c5b5f50d-cab8-4e56-8014-6fc9055865c4.2f9e6676-5c28-4eec-af8d-2197a11cc067
Jul 19 19:50:15 devstack sudo[93689]: pam_unix(sudo:session): session opened for user root(uid=0) by (uid=1000)
Jul 19 19:50:15 devstack cinder-volume[87353]: INFO cinder.volume.manager [req-37cb8bb1-d745-4d3c-af91-4489fc4f4a9e req-f1e3c229-1a10-4a47-90d1-d2c006ef6979 tempest-ServerActionsTestOtherA-62752874 None] Terminate volume connection completed successfully.
Jul 19 19:50:15 devstack cinder-volume[87353]: DEBUG cinder.volume.manager [req-37cb8bb1-d745-4d3c-af91-4489fc4f4a9e req-f1e3c229-1a10-4a47-90d1-d2c006ef6979 tempest-ServerActionsTestOtherA-62752874 None] Deleting attachment 07c3a5da-5f09-408e-926f-77bf23c31750. {{(pid=87353) attachment_delete /opt/stack/cinder/cinder/volume/manager.py:5055}}
Jul 19 19:50:15 devstack sudo[93689]: pam_unix(sudo:session): session closed for user root
Jul 19 19:50:15 devstack cinder-volume[87353]: DEBUG oslo_concurrency.processutils [None req-53ab209a-e632-4072-af99-4fb59b2d2708 tempest-SnapshotsActionsTest-1541678169 None] CMD "sudo cinder-rootwrap /etc/cinder/rootwrap.conf qemu-img rebase -u -b volume-c5b5f50d-cab8-4e56-8014-6fc9055865c4.2553847e-571a-40ba-b6cf-c1662a4d68af -F qcow2 /opt/stack/data/cinder/mnt/8d9b6b84b75eb4d2d287583d568105af/volume-c5b5f50d-cab8-4e56-8014-6fc9055865c4.2f9e6676-5c28-4eec-af8d-2197a11cc067" returned: 0 in 0.332s {{(pid=87353) execute /opt/stack/data/venv/lib/python3.12/site-packages/oslo_concurrency/processutils.py:468}}
Jul 19 19:50:15 devstack cinder-volume[87353]: WARNING cinder.volume.drivers.remotefs [None req-53ab209a-e632-4072-af99-4fb59b2d2708 tempest-SnapshotsActionsTest-1541678169 None] /opt/stack/data/cinder/mnt/8d9b6b84b75eb4d2d287583d568105af/volume-c5b5f50d-cab8-4e56-8014-6fc9055865c4.2f9e6676-5c28-4eec-af8d-2197a11cc067 is being set with open permissions: ugo+rw
Jul 19 19:50:15 devstack cinder-volume[87353]: DEBUG oslo_concurrency.processutils [None req-53ab209a-e632-4072-af99-4fb59b2d2708 tempest-SnapshotsActionsTest-1541678169 None] Running cmd (subprocess): sudo cinder-rootwrap /etc/cinder/rootwrap.conf chmod ugo+rw /opt/stack/data/cinder/mnt/8d9b6b84b75eb4d2d287583d568105af/volume-c5b5f50d-cab8-4e56-8014-6fc9055865c4.2f9e6676-5c28-4eec-af8d-2197a11cc067 {{(pid=87353) execute /opt/stack/data/venv/lib/python3.12/site-packages/oslo_concurrency/processutils.py:440}}
Jul 19 19:50:15 devstack sudo[93698]: quobyte : PWD=/ ; USER=root ; COMMAND=/opt/stack/data/venv/bin/cinder-rootwrap /etc/cinder/rootwrap.conf chmod ugo+rw /opt/stack/data/cinder/mnt/8d9b6b84b75eb4d2d287583d568105af/volume-c5b5f50d-cab8-4e56-8014-6fc9055865c4.2f9e6676-5c28-4eec-af8d-2197a11cc067
Jul 19 19:50:15 devstack sudo[93698]: pam_unix(sudo:session): session opened for user root(uid=0) by (uid=1000)
Jul 19 19:50:15 devstack sudo[93698]: pam_unix(sudo:session): session closed for user root
Jul 19 19:50:15 devstack cinder-volume[87353]: DEBUG oslo_concurrency.processutils [None req-53ab209a-e632-4072-af99-4fb59b2d2708 tempest-SnapshotsActionsTest-1541678169 None] CMD "sudo cinder-rootwrap /etc/cinder/rootwrap.conf chmod ugo+rw /opt/stack/data/cinder/mnt/8d9b6b84b75eb4d2d287583d568105af/volume-c5b5f50d-cab8-4e56-8014-6fc9055865c4.2f9e6676-5c28-4eec-af8d-2197a11cc067" returned: 0 in 0.280s {{(pid=87353) execute /opt/stack/data/venv/lib/python3.12/site-packages/oslo_concurrency/processutils.py:468}}
Jul 19 19:50:15 devstack cinder-volume[87353]: DEBUG oslo_concurrency.lockutils [None req-53ab209a-e632-4072-af99-4fb59b2d2708 tempest-SnapshotsActionsTest-1541678169 None] Lock "quobyte" "released" by "cinder.volume.drivers.quobyte.QuobyteDriver.create_snapshot" :: held 1.704s {{(pid=87353) inner /opt/stack/data/venv/lib/python3.12/site-packages/oslo_concurrency/lockutils.py:544}}
Jul 19 19:50:15 devstack cinder-volume[87353]: INFO cinder.volume.manager [None req-53ab209a-e632-4072-af99-4fb59b2d2708 tempest-SnapshotsActionsTest-1541678169 None] Create snapshot completed successfully
Jul 19 19:50:16 devstack cinder-volume[87353]: DEBUG cinder.coordination [None req-9718c250-daba-4468-9e15-31c31245ebb6 tempest-SnapshotsActionsTest-780829881 None] Acquiring lock "cinder-2f9e6676-5c28-4eec-af8d-2197a11cc067-delete_snapshot" by "delete_snapshot" {{(pid=87353) __acquire /opt/stack/cinder/cinder/coordination.py:138}}
Jul 19 19:50:16 devstack cinder-volume[87353]: DEBUG cinder.coordination [None req-9718c250-daba-4468-9e15-31c31245ebb6 tempest-SnapshotsActionsTest-780829881 None] Lock "cinder-2f9e6676-5c28-4eec-af8d-2197a11cc067-delete_snapshot" acquired by "delete_snapshot" :: waited 0.027s {{(pid=87353) __acquire /opt/stack/cinder/cinder/coordination.py:141}}
Jul 19 19:50:16 devstack cinder-volume[87353]: DEBUG cinder.coordination [None req-9718c250-daba-4468-9e15-31c31245ebb6 tempest-SnapshotsActionsTest-780829881 None] Acquiring lock "cinder-quobyte-c5b5f50d-cab8-4e56-8014-6fc9055865c4" by "delete_snapshot" {{(pid=87353) __acquire /opt/stack/cinder/cinder/coordination.py:138}}
Jul 19 19:50:16 devstack cinder-volume[87353]: DEBUG cinder.coordination [None req-9718c250-daba-4468-9e15-31c31245ebb6 tempest-SnapshotsActionsTest-780829881 None] Lock "cinder-quobyte-c5b5f50d-cab8-4e56-8014-6fc9055865c4" acquired by "delete_snapshot" :: waited 0.039s {{(pid=87353) __acquire /opt/stack/cinder/cinder/coordination.py:141}}
Jul 19 19:50:16 devstack cinder-volume[87353]: DEBUG cinder.coordination [None req-9718c250-daba-4468-9e15-31c31245ebb6 tempest-SnapshotsActionsTest-780829881 None] Acquiring lock "cinder-quobyte-2f9e6676-5c28-4eec-af8d-2197a11cc067" by "_delete_snapshot" {{(pid=87353) __acquire /opt/stack/cinder/cinder/coordination.py:138}}
Jul 19 19:50:16 devstack cinder-volume[87353]: DEBUG cinder.coordination [None req-9718c250-daba-4468-9e15-31c31245ebb6 tempest-SnapshotsActionsTest-780829881 None] Lock "cinder-quobyte-2f9e6676-5c28-4eec-af8d-2197a11cc067" acquired by "_delete_snapshot" :: waited 0.017s {{(pid=87353) __acquire /opt/stack/cinder/cinder/coordination.py:141}}
Jul 19 19:50:16 devstack cinder-volume[87353]: DEBUG cinder.volume.drivers.remotefs [None req-9718c250-daba-4468-9e15-31c31245ebb6 tempest-SnapshotsActionsTest-780829881 None] Deleting offline snapshot 2f9e6676-5c28-4eec-af8d-2197a11cc067 of volume c5b5f50d-cab8-4e56-8014-6fc9055865c4 {{(pid=87353) _delete_snapshot /opt/stack/cinder/cinder/volume/drivers/remotefs.py:1288}}
Jul 19 19:50:16 devstack cinder-volume[87353]: DEBUG cinder.volume.drivers.remotefs [None req-9718c250-daba-4468-9e15-31c31245ebb6 tempest-SnapshotsActionsTest-780829881 None] snapshot_file for this snap is: volume-c5b5f50d-cab8-4e56-8014-6fc9055865c4.2f9e6676-5c28-4eec-af8d-2197a11cc067 {{(pid=87353) _delete_snapshot /opt/stack/cinder/cinder/volume/drivers/remotefs.py:1317}}
Jul 19 19:50:16 devstack cinder-volume[87353]: DEBUG oslo.privsep.daemon [-] privsep: reply[5f4756a4-6d7c-43b5-95e2-571fe4275a3e]: (4, 'qcow2') {{(pid=88926) _call_back /opt/stack/data/venv/lib/python3.12/site-packages/oslo_privsep/daemon.py:580}}
Jul 19 19:50:16 devstack cinder-volume[87353]: DEBUG oslo_concurrency.processutils [None req-9718c250-daba-4468-9e15-31c31245ebb6 tempest-SnapshotsActionsTest-780829881 None] Running cmd (subprocess): /opt/stack/data/venv/bin/python3.12 -m oslo_concurrency.prlimit --as=1073741824 --cpu=60 -- sudo cinder-rootwrap /etc/cinder/rootwrap.conf env LC_ALL=C qemu-img info -f qcow2 --output=json --force-share /opt/stack/data/cinder/mnt/8d9b6b84b75eb4d2d287583d568105af/volume-c5b5f50d-cab8-4e56-8014-6fc9055865c4.2f9e6676-5c28-4eec-af8d-2197a11cc067 {{(pid=87353) execute /opt/stack/data/venv/lib/python3.12/site-packages/oslo_concurrency/processutils.py:440}}
Jul 19 19:50:16 devstack sudo[93744]: quobyte : PWD=/ ; USER=root ; COMMAND=/opt/stack/data/venv/bin/cinder-rootwrap /etc/cinder/rootwrap.conf env LC_ALL=C qemu-img info -f qcow2 --output=json --force-share /opt/stack/data/cinder/mnt/8d9b6b84b75eb4d2d287583d568105af/volume-c5b5f50d-cab8-4e56-8014-6fc9055865c4.2f9e6676-5c28-4eec-af8d-2197a11cc067
Jul 19 19:50:16 devstack sudo[93744]: pam_unix(sudo:session): session opened for user root(uid=0) by (uid=1000)
Jul 19 19:50:17 devstack sudo[93744]: pam_unix(sudo:session): session closed for user root
Jul 19 19:50:17 devstack cinder-volume[87353]: DEBUG oslo_concurrency.processutils [None req-9718c250-daba-4468-9e15-31c31245ebb6 tempest-SnapshotsActionsTest-780829881 None] CMD "/opt/stack/data/venv/bin/python3.12 -m oslo_concurrency.prlimit --as=1073741824 --cpu=60 -- sudo cinder-rootwrap /etc/cinder/rootwrap.conf env LC_ALL=C qemu-img info -f qcow2 --output=json --force-share /opt/stack/data/cinder/mnt/8d9b6b84b75eb4d2d287583d568105af/volume-c5b5f50d-cab8-4e56-8014-6fc9055865c4.2f9e6676-5c28-4eec-af8d-2197a11cc067" returned: 0 in 0.765s {{(pid=87353) execute /opt/stack/data/venv/lib/python3.12/site-packages/oslo_concurrency/processutils.py:468}}
Jul 19 19:50:17 devstack cinder-volume[87353]: DEBUG cinder.volume.drivers.remotefs [None req-9718c250-daba-4468-9e15-31c31245ebb6 tempest-SnapshotsActionsTest-780829881 None] Fetching qemu-img info with special backing_file_template: (/opt/stack/data/cinder/mnt/[0-9a-f]+/)?(volume-c5b5f50d-cab8-4e56-8014-6fc9055865c4(.(tmp-snap-)?[0-9a-f-]+)?|volume_from_snapshot_cache/(tmp-snap-)?[0-9a-f-]+(.(child-|parent-)[0-9a-f-]+)?)$ {{(pid=87353) _qemu_img_info_base /opt/stack/cinder/cinder/volume/drivers/remotefs.py:896}}
Jul 19 19:50:17 devstack cinder-volume[87353]: DEBUG oslo.privsep.daemon [-] privsep: reply[a65a3c6c-a560-481f-b28b-48c1d85721df]: (4, 'qcow2') {{(pid=88926) _call_back /opt/stack/data/venv/lib/python3.12/site-packages/oslo_privsep/daemon.py:580}}
Jul 19 19:50:17 devstack cinder-volume[87353]: DEBUG oslo_concurrency.processutils [None req-9718c250-daba-4468-9e15-31c31245ebb6 tempest-SnapshotsActionsTest-780829881 None] Running cmd (subprocess): /opt/stack/data/venv/bin/python3.12 -m oslo_concurrency.prlimit --as=1073741824 --cpu=60 -- sudo cinder-rootwrap /etc/cinder/rootwrap.conf env LC_ALL=C qemu-img info -f qcow2 --output=json --force-share /opt/stack/data/cinder/mnt/8d9b6b84b75eb4d2d287583d568105af/volume-c5b5f50d-cab8-4e56-8014-6fc9055865c4.2553847e-571a-40ba-b6cf-c1662a4d68af {{(pid=87353) execute /opt/stack/data/venv/lib/python3.12/site-packages/oslo_concurrency/processutils.py:440}}
Jul 19 19:50:17 devstack sudo[93781]: quobyte : PWD=/ ; USER=root ; COMMAND=/opt/stack/data/venv/bin/cinder-rootwrap /etc/cinder/rootwrap.conf env LC_ALL=C qemu-img info -f qcow2 --output=json --force-share /opt/stack/data/cinder/mnt/8d9b6b84b75eb4d2d287583d568105af/volume-c5b5f50d-cab8-4e56-8014-6fc9055865c4.2553847e-571a-40ba-b6cf-c1662a4d68af
Jul 19 19:50:17 devstack sudo[93781]: pam_unix(sudo:session): session opened for user root(uid=0) by (uid=1000)
Jul 19 19:50:17 devstack sudo[93781]: pam_unix(sudo:session): session closed for user root
Jul 19 19:50:17 devstack cinder-volume[87353]: DEBUG oslo_concurrency.processutils [None req-9718c250-daba-4468-9e15-31c31245ebb6 tempest-SnapshotsActionsTest-780829881 None] CMD "/opt/stack/data/venv/bin/python3.12 -m oslo_concurrency.prlimit --as=1073741824 --cpu=60 -- sudo cinder-rootwrap /etc/cinder/rootwrap.conf env LC_ALL=C qemu-img info -f qcow2 --output=json --force-share /opt/stack/data/cinder/mnt/8d9b6b84b75eb4d2d287583d568105af/volume-c5b5f50d-cab8-4e56-8014-6fc9055865c4.2553847e-571a-40ba-b6cf-c1662a4d68af" returned: 0 in 0.513s {{(pid=87353) execute /opt/stack/data/venv/lib/python3.12/site-packages/oslo_concurrency/processutils.py:468}}
Jul 19 19:50:17 devstack cinder-volume[87353]: DEBUG cinder.volume.drivers.remotefs [None req-9718c250-daba-4468-9e15-31c31245ebb6 tempest-SnapshotsActionsTest-780829881 None] Fetching qemu-img info with special backing_file_template: (/opt/stack/data/cinder/mnt/[0-9a-f]+/)?(volume-c5b5f50d-cab8-4e56-8014-6fc9055865c4(.(tmp-snap-)?[0-9a-f-]+)?|volume_from_snapshot_cache/(tmp-snap-)?[0-9a-f-]+(.(child-|parent-)[0-9a-f-]+)?)$ {{(pid=87353) _qemu_img_info_base /opt/stack/cinder/cinder/volume/drivers/remotefs.py:896}}
Jul 19 19:50:17 devstack cinder-volume[87353]: DEBUG oslo_concurrency.processutils [None req-9718c250-daba-4468-9e15-31c31245ebb6 tempest-SnapshotsActionsTest-780829881 None] Running cmd (subprocess): sudo cinder-rootwrap /etc/cinder/rootwrap.conf qemu-img commit -d /opt/stack/data/cinder/mnt/8d9b6b84b75eb4d2d287583d568105af/volume-c5b5f50d-cab8-4e56-8014-6fc9055865c4.2f9e6676-5c28-4eec-af8d-2197a11cc067 {{(pid=87353) execute /opt/stack/data/venv/lib/python3.12/site-packages/oslo_concurrency/processutils.py:440}}
Jul 19 19:50:17 devstack sudo[93792]: quobyte : PWD=/ ; USER=root ; COMMAND=/opt/stack/data/venv/bin/cinder-rootwrap /etc/cinder/rootwrap.conf qemu-img commit -d /opt/stack/data/cinder/mnt/8d9b6b84b75eb4d2d287583d568105af/volume-c5b5f50d-cab8-4e56-8014-6fc9055865c4.2f9e6676-5c28-4eec-af8d-2197a11cc067
Jul 19 19:50:17 devstack sudo[93792]: pam_unix(sudo:session): session opened for user root(uid=0) by (uid=1000)
Jul 19 19:50:18 devstack sudo[93792]: pam_unix(sudo:session): session closed for user root
Jul 19 19:50:18 devstack cinder-volume[87353]: DEBUG oslo_concurrency.processutils [None req-9718c250-daba-4468-9e15-31c31245ebb6 tempest-SnapshotsActionsTest-780829881 None] CMD "sudo cinder-rootwrap /etc/cinder/rootwrap.conf qemu-img commit -d /opt/stack/data/cinder/mnt/8d9b6b84b75eb4d2d287583d568105af/volume-c5b5f50d-cab8-4e56-8014-6fc9055865c4.2f9e6676-5c28-4eec-af8d-2197a11cc067" returned: 0 in 0.527s {{(pid=87353) execute /opt/stack/data/venv/lib/python3.12/site-packages/oslo_concurrency/processutils.py:468}}
Jul 19 19:50:18 devstack cinder-volume[87353]: DEBUG oslo_concurrency.processutils [None req-9718c250-daba-4468-9e15-31c31245ebb6 tempest-SnapshotsActionsTest-780829881 None] Running cmd (subprocess): sudo cinder-rootwrap /etc/cinder/rootwrap.conf rm -f /opt/stack/data/cinder/mnt/8d9b6b84b75eb4d2d287583d568105af/volume-c5b5f50d-cab8-4e56-8014-6fc9055865c4.2f9e6676-5c28-4eec-af8d-2197a11cc067 {{(pid=87353) execute /opt/stack/data/venv/lib/python3.12/site-packages/oslo_concurrency/processutils.py:440}}
Jul 19 19:50:18 devstack sudo[93802]: quobyte : PWD=/ ; USER=root ; COMMAND=/opt/stack/data/venv/bin/cinder-rootwrap /etc/cinder/rootwrap.conf rm -f /opt/stack/data/cinder/mnt/8d9b6b84b75eb4d2d287583d568105af/volume-c5b5f50d-cab8-4e56-8014-6fc9055865c4.2f9e6676-5c28-4eec-af8d-2197a11cc067
Jul 19 19:50:18 devstack sudo[93802]: pam_unix(sudo:session): session opened for user root(uid=0) by (uid=1000)
Jul 19 19:50:18 devstack sudo[93802]: pam_unix(sudo:session): session closed for user root
Jul 19 19:50:18 devstack cinder-volume[87353]: DEBUG oslo_concurrency.processutils [None req-9718c250-daba-4468-9e15-31c31245ebb6 tempest-SnapshotsActionsTest-780829881 None] CMD "sudo cinder-rootwrap /etc/cinder/rootwrap.conf rm -f /opt/stack/data/cinder/mnt/8d9b6b84b75eb4d2d287583d568105af/volume-c5b5f50d-cab8-4e56-8014-6fc9055865c4.2f9e6676-5c28-4eec-af8d-2197a11cc067" returned: 0 in 0.443s {{(pid=87353) execute /opt/stack/data/venv/lib/python3.12/site-packages/oslo_concurrency/processutils.py:468}}
Jul 19 19:50:18 devstack cinder-volume[87353]: DEBUG cinder.coordination [None req-9718c250-daba-4468-9e15-31c31245ebb6 tempest-SnapshotsActionsTest-780829881 None] Lock "cinder-quobyte-2f9e6676-5c28-4eec-af8d-2197a11cc067" released by "_delete_snapshot" :: held 2.504s {{(pid=87353) __release /opt/stack/cinder/cinder/coordination.py:152}}
Jul 19 19:50:18 devstack cinder-volume[87353]: DEBUG cinder.coordination [None req-9718c250-daba-4468-9e15-31c31245ebb6 tempest-SnapshotsActionsTest-780829881 None] Lock "cinder-quobyte-c5b5f50d-cab8-4e56-8014-6fc9055865c4" released by "delete_snapshot" :: held 2.537s {{(pid=87353) __release /opt/stack/cinder/cinder/coordination.py:152}}
Jul 19 19:50:19 devstack cinder-volume[87353]: DEBUG cinder.quota [None req-9718c250-daba-4468-9e15-31c31245ebb6 tempest-SnapshotsActionsTest-780829881 None] Created reservations ['03fa402b-33a9-459e-95d0-98f3f784ee40', '8dd3de4a-fef4-46dc-9d67-85924cc4edde', '8a916d56-1f2a-4016-b9fc-b7d5365a231e', '517312b2-b1f8-4086-bd58-6fdf0f9f8bae'] {{(pid=87353) reserve /opt/stack/cinder/cinder/quota.py:752}}
Jul 19 19:50:19 devstack cinder-volume[87353]: INFO cinder.volume.manager [None req-9718c250-daba-4468-9e15-31c31245ebb6 tempest-SnapshotsActionsTest-780829881 None] Delete snapshot completed successfully.
Jul 19 19:50:19 devstack cinder-volume[87353]: DEBUG cinder.coordination [None req-9718c250-daba-4468-9e15-31c31245ebb6 tempest-SnapshotsActionsTest-780829881 None] Lock "cinder-2f9e6676-5c28-4eec-af8d-2197a11cc067-delete_snapshot" released by "delete_snapshot" :: held 2.778s {{(pid=87353) __release /opt/stack/cinder/cinder/coordination.py:152}}
Jul 19 19:50:20 devstack cinder-volume[87353]: DEBUG oslo_concurrency.lockutils [None req-3df8a1be-c482-42e1-92e9-6a3caab44511 tempest-SnapshotsActionsTest-1541678169 None] Acquiring lock "quobyte" by "cinder.volume.drivers.quobyte.QuobyteDriver.create_snapshot" {{(pid=87353) inner /opt/stack/data/venv/lib/python3.12/site-packages/oslo_concurrency/lockutils.py:512}}
Jul 19 19:50:20 devstack cinder-volume[87353]: DEBUG oslo_concurrency.lockutils [None req-3df8a1be-c482-42e1-92e9-6a3caab44511 tempest-SnapshotsActionsTest-1541678169 None] Lock "quobyte" acquired by "cinder.volume.drivers.quobyte.QuobyteDriver.create_snapshot" :: waited 0.001s {{(pid=87353) inner /opt/stack/data/venv/lib/python3.12/site-packages/oslo_concurrency/lockutils.py:525}}
Jul 19 19:50:20 devstack cinder-volume[87353]: DEBUG cinder.volume.drivers.remotefs [None req-3df8a1be-c482-42e1-92e9-6a3caab44511 tempest-SnapshotsActionsTest-1541678169 None] Creating offline snapshot f1546d2a-f0d9-48f7-a35a-15a757d361f9 of volume c5b5f50d-cab8-4e56-8014-6fc9055865c4 {{(pid=87353) _create_snapshot /opt/stack/cinder/cinder/volume/drivers/remotefs.py:1816}}
Jul 19 19:50:20 devstack cinder-volume[87353]: DEBUG oslo.privsep.daemon [-] privsep: reply[047a41a2-7b44-4f93-af94-9b07d298f2c0]: (4, 'qcow2') {{(pid=88926) _call_back /opt/stack/data/venv/lib/python3.12/site-packages/oslo_privsep/daemon.py:580}}
Jul 19 19:50:20 devstack cinder-volume[87353]: DEBUG oslo_concurrency.processutils [None req-3df8a1be-c482-42e1-92e9-6a3caab44511 tempest-SnapshotsActionsTest-1541678169 None] Running cmd (subprocess): /opt/stack/data/venv/bin/python3.12 -m oslo_concurrency.prlimit --as=1073741824 --cpu=60 -- sudo cinder-rootwrap /etc/cinder/rootwrap.conf env LC_ALL=C qemu-img info -f qcow2 --output=json --force-share /opt/stack/data/cinder/mnt/8d9b6b84b75eb4d2d287583d568105af/volume-c5b5f50d-cab8-4e56-8014-6fc9055865c4.2553847e-571a-40ba-b6cf-c1662a4d68af {{(pid=87353) execute /opt/stack/data/venv/lib/python3.12/site-packages/oslo_concurrency/processutils.py:440}}
Jul 19 19:50:20 devstack sudo[93809]: quobyte : PWD=/ ; USER=root ; COMMAND=/opt/stack/data/venv/bin/cinder-rootwrap /etc/cinder/rootwrap.conf env LC_ALL=C qemu-img info -f qcow2 --output=json --force-share /opt/stack/data/cinder/mnt/8d9b6b84b75eb4d2d287583d568105af/volume-c5b5f50d-cab8-4e56-8014-6fc9055865c4.2553847e-571a-40ba-b6cf-c1662a4d68af
Jul 19 19:50:20 devstack sudo[93809]: pam_unix(sudo:session): session opened for user root(uid=0) by (uid=1000)
Jul 19 19:50:20 devstack sudo[93809]: pam_unix(sudo:session): session closed for user root
Jul 19 19:50:20 devstack cinder-volume[87353]: DEBUG oslo_concurrency.processutils [None req-3df8a1be-c482-42e1-92e9-6a3caab44511 tempest-SnapshotsActionsTest-1541678169 None] CMD "/opt/stack/data/venv/bin/python3.12 -m oslo_concurrency.prlimit --as=1073741824 --cpu=60 -- sudo cinder-rootwrap /etc/cinder/rootwrap.conf env LC_ALL=C qemu-img info -f qcow2 --output=json --force-share /opt/stack/data/cinder/mnt/8d9b6b84b75eb4d2d287583d568105af/volume-c5b5f50d-cab8-4e56-8014-6fc9055865c4.2553847e-571a-40ba-b6cf-c1662a4d68af" returned: 0 in 0.415s {{(pid=87353) execute /opt/stack/data/venv/lib/python3.12/site-packages/oslo_concurrency/processutils.py:468}}
Jul 19 19:50:20 devstack cinder-volume[87353]: DEBUG cinder.volume.drivers.remotefs [None req-3df8a1be-c482-42e1-92e9-6a3caab44511 tempest-SnapshotsActionsTest-1541678169 None] Fetching qemu-img info with special backing_file_template: (/opt/stack/data/cinder/mnt/[0-9a-f]+/)?(volume-c5b5f50d-cab8-4e56-8014-6fc9055865c4(.(tmp-snap-)?[0-9a-f-]+)?|volume_from_snapshot_cache/(tmp-snap-)?[0-9a-f-]+(.(child-|parent-)[0-9a-f-]+)?)$ {{(pid=87353) _qemu_img_info_base /opt/stack/cinder/cinder/volume/drivers/remotefs.py:896}}
Jul 19 19:50:20 devstack cinder-volume[87353]: DEBUG oslo_concurrency.processutils [None req-3df8a1be-c482-42e1-92e9-6a3caab44511 tempest-SnapshotsActionsTest-1541678169 None] Running cmd (subprocess): sudo cinder-rootwrap /etc/cinder/rootwrap.conf qemu-img create -f qcow2 -o backing_file=/opt/stack/data/cinder/mnt/8d9b6b84b75eb4d2d287583d568105af/volume-c5b5f50d-cab8-4e56-8014-6fc9055865c4.2553847e-571a-40ba-b6cf-c1662a4d68af,backing_fmt=qcow2 /opt/stack/data/cinder/mnt/8d9b6b84b75eb4d2d287583d568105af/volume-c5b5f50d-cab8-4e56-8014-6fc9055865c4.f1546d2a-f0d9-48f7-a35a-15a757d361f9 1G {{(pid=87353) execute /opt/stack/data/venv/lib/python3.12/site-packages/oslo_concurrency/processutils.py:440}}
Jul 19 19:50:20 devstack sudo[93814]: quobyte : PWD=/ ; USER=root ; COMMAND=/opt/stack/data/venv/bin/cinder-rootwrap /etc/cinder/rootwrap.conf qemu-img create -f qcow2 -o backing_file=/opt/stack/data/cinder/mnt/8d9b6b84b75eb4d2d287583d568105af/volume-c5b5f50d-cab8-4e56-8014-6fc9055865c4.2553847e-571a-40ba-b6cf-c1662a4d68af,backing_fmt=qcow2 /opt/stack/data/cinder/mnt/8d9b6b84b75eb4d2d287583d568105af/volume-c5b5f50d-cab8-4e56-8014-6fc9055865c4.f1546d2a-f0d9-48f7-a35a-15a757d361f9 1G
Jul 19 19:50:20 devstack sudo[93814]: pam_unix(sudo:session): session opened for user root(uid=0) by (uid=1000)
Jul 19 19:50:21 devstack cinder-volume[87353]: DEBUG cinder.coordination [None req-a22d03c2-61b4-401c-a0a5-be8314e027d5 tempest-ServerActionsTestOtherA-62752874 None] Acquiring lock "cinder-43dad1f6-fea1-428d-b620-617d6a4a457a-delete_volume" by "delete_volume" {{(pid=87353) __acquire /opt/stack/cinder/cinder/coordination.py:138}}
Jul 19 19:50:21 devstack cinder-volume[87353]: DEBUG cinder.coordination [None req-a22d03c2-61b4-401c-a0a5-be8314e027d5 tempest-ServerActionsTestOtherA-62752874 None] Lock "cinder-43dad1f6-fea1-428d-b620-617d6a4a457a-delete_volume" acquired by "delete_volume" :: waited 0.040s {{(pid=87353) __acquire /opt/stack/cinder/cinder/coordination.py:141}}
Jul 19 19:50:21 devstack cinder-volume[87353]: DEBUG cinder.coordination [None req-a22d03c2-61b4-401c-a0a5-be8314e027d5 tempest-ServerActionsTestOtherA-62752874 None] Acquiring lock "cinder-quobyte-43dad1f6-fea1-428d-b620-617d6a4a457a" by "delete_volume" {{(pid=87353) __acquire /opt/stack/cinder/cinder/coordination.py:138}}
Jul 19 19:50:21 devstack cinder-volume[87353]: DEBUG cinder.coordination [None req-a22d03c2-61b4-401c-a0a5-be8314e027d5 tempest-ServerActionsTestOtherA-62752874 None] Lock "cinder-quobyte-43dad1f6-fea1-428d-b620-617d6a4a457a" acquired by "delete_volume" :: waited 0.027s {{(pid=87353) __acquire /opt/stack/cinder/cinder/coordination.py:141}}
Jul 19 19:50:21 devstack cinder-volume[87353]: DEBUG oslo.privsep.daemon [-] privsep: reply[b6181f81-d675-4539-a139-c0549c724b27]: (4, 'qcow2') {{(pid=88926) _call_back /opt/stack/data/venv/lib/python3.12/site-packages/oslo_privsep/daemon.py:580}}
Jul 19 19:50:21 devstack cinder-volume[87353]: DEBUG oslo_concurrency.processutils [None req-a22d03c2-61b4-401c-a0a5-be8314e027d5 tempest-ServerActionsTestOtherA-62752874 None] Running cmd (subprocess): /opt/stack/data/venv/bin/python3.12 -m oslo_concurrency.prlimit --as=1073741824 --cpu=60 -- sudo cinder-rootwrap /etc/cinder/rootwrap.conf env LC_ALL=C qemu-img info -f qcow2 --output=json --force-share /opt/stack/data/cinder/mnt/8d9b6b84b75eb4d2d287583d568105af/volume-43dad1f6-fea1-428d-b620-617d6a4a457a {{(pid=87353) execute /opt/stack/data/venv/lib/python3.12/site-packages/oslo_concurrency/processutils.py:440}}
Jul 19 19:50:21 devstack sudo[93820]: quobyte : PWD=/ ; USER=root ; COMMAND=/opt/stack/data/venv/bin/cinder-rootwrap /etc/cinder/rootwrap.conf env LC_ALL=C qemu-img info -f qcow2 --output=json --force-share /opt/stack/data/cinder/mnt/8d9b6b84b75eb4d2d287583d568105af/volume-43dad1f6-fea1-428d-b620-617d6a4a457a
Jul 19 19:50:21 devstack sudo[93820]: pam_unix(sudo:session): session opened for user root(uid=0) by (uid=1000)
Jul 19 19:50:21 devstack sudo[93814]: pam_unix(sudo:session): session closed for user root
Jul 19 19:50:21 devstack cinder-volume[87353]: DEBUG oslo_concurrency.processutils [None req-3df8a1be-c482-42e1-92e9-6a3caab44511 tempest-SnapshotsActionsTest-1541678169 None] CMD "sudo cinder-rootwrap /etc/cinder/rootwrap.conf qemu-img create -f qcow2 -o backing_file=/opt/stack/data/cinder/mnt/8d9b6b84b75eb4d2d287583d568105af/volume-c5b5f50d-cab8-4e56-8014-6fc9055865c4.2553847e-571a-40ba-b6cf-c1662a4d68af,backing_fmt=qcow2 /opt/stack/data/cinder/mnt/8d9b6b84b75eb4d2d287583d568105af/volume-c5b5f50d-cab8-4e56-8014-6fc9055865c4.f1546d2a-f0d9-48f7-a35a-15a757d361f9 1G" returned: 0 in 0.672s {{(pid=87353) execute /opt/stack/data/venv/lib/python3.12/site-packages/oslo_concurrency/processutils.py:468}}
Jul 19 19:50:21 devstack cinder-volume[87353]: DEBUG oslo_concurrency.processutils [None req-3df8a1be-c482-42e1-92e9-6a3caab44511 tempest-SnapshotsActionsTest-1541678169 None] Running cmd (subprocess): sudo cinder-rootwrap /etc/cinder/rootwrap.conf qemu-img rebase -u -b volume-c5b5f50d-cab8-4e56-8014-6fc9055865c4.2553847e-571a-40ba-b6cf-c1662a4d68af -F qcow2 /opt/stack/data/cinder/mnt/8d9b6b84b75eb4d2d287583d568105af/volume-c5b5f50d-cab8-4e56-8014-6fc9055865c4.f1546d2a-f0d9-48f7-a35a-15a757d361f9 {{(pid=87353) execute /opt/stack/data/venv/lib/python3.12/site-packages/oslo_concurrency/processutils.py:440}}
Jul 19 19:50:21 devstack sudo[93822]: quobyte : PWD=/ ; USER=root ; COMMAND=/opt/stack/data/venv/bin/cinder-rootwrap /etc/cinder/rootwrap.conf qemu-img rebase -u -b volume-c5b5f50d-cab8-4e56-8014-6fc9055865c4.2553847e-571a-40ba-b6cf-c1662a4d68af -F qcow2 /opt/stack/data/cinder/mnt/8d9b6b84b75eb4d2d287583d568105af/volume-c5b5f50d-cab8-4e56-8014-6fc9055865c4.f1546d2a-f0d9-48f7-a35a-15a757d361f9
Jul 19 19:50:21 devstack sudo[93822]: pam_unix(sudo:session): session opened for user root(uid=0) by (uid=1000)
Jul 19 19:50:21 devstack sudo[93820]: pam_unix(sudo:session): session closed for user root
Jul 19 19:50:21 devstack cinder-volume[87353]: DEBUG oslo_concurrency.processutils [None req-a22d03c2-61b4-401c-a0a5-be8314e027d5 tempest-ServerActionsTestOtherA-62752874 None] CMD "/opt/stack/data/venv/bin/python3.12 -m oslo_concurrency.prlimit --as=1073741824 --cpu=60 -- sudo cinder-rootwrap /etc/cinder/rootwrap.conf env LC_ALL=C qemu-img info -f qcow2 --output=json --force-share /opt/stack/data/cinder/mnt/8d9b6b84b75eb4d2d287583d568105af/volume-43dad1f6-fea1-428d-b620-617d6a4a457a" returned: 0 in 0.508s {{(pid=87353) execute /opt/stack/data/venv/lib/python3.12/site-packages/oslo_concurrency/processutils.py:468}}
Jul 19 19:50:21 devstack cinder-volume[87353]: DEBUG oslo_concurrency.processutils [None req-a22d03c2-61b4-401c-a0a5-be8314e027d5 tempest-ServerActionsTestOtherA-62752874 None] Running cmd (subprocess): sudo cinder-rootwrap /etc/cinder/rootwrap.conf rm -f /opt/stack/data/cinder/mnt/8d9b6b84b75eb4d2d287583d568105af/volume-43dad1f6-fea1-428d-b620-617d6a4a457a {{(pid=87353) execute /opt/stack/data/venv/lib/python3.12/site-packages/oslo_concurrency/processutils.py:440}}
Jul 19 19:50:21 devstack sudo[93822]: pam_unix(sudo:session): session closed for user root
Jul 19 19:50:21 devstack sudo[93832]: quobyte : PWD=/ ; USER=root ; COMMAND=/opt/stack/data/venv/bin/cinder-rootwrap /etc/cinder/rootwrap.conf rm -f /opt/stack/data/cinder/mnt/8d9b6b84b75eb4d2d287583d568105af/volume-43dad1f6-fea1-428d-b620-617d6a4a457a
Jul 19 19:50:21 devstack cinder-volume[87353]: DEBUG oslo_concurrency.processutils [None req-3df8a1be-c482-42e1-92e9-6a3caab44511 tempest-SnapshotsActionsTest-1541678169 None] CMD "sudo cinder-rootwrap /etc/cinder/rootwrap.conf qemu-img rebase -u -b volume-c5b5f50d-cab8-4e56-8014-6fc9055865c4.2553847e-571a-40ba-b6cf-c1662a4d68af -F qcow2 /opt/stack/data/cinder/mnt/8d9b6b84b75eb4d2d287583d568105af/volume-c5b5f50d-cab8-4e56-8014-6fc9055865c4.f1546d2a-f0d9-48f7-a35a-15a757d361f9" returned: 0 in 0.320s {{(pid=87353) execute /opt/stack/data/venv/lib/python3.12/site-packages/oslo_concurrency/processutils.py:468}}
Jul 19 19:50:21 devstack cinder-volume[87353]: WARNING cinder.volume.drivers.remotefs [None req-3df8a1be-c482-42e1-92e9-6a3caab44511 tempest-SnapshotsActionsTest-1541678169 None] /opt/stack/data/cinder/mnt/8d9b6b84b75eb4d2d287583d568105af/volume-c5b5f50d-cab8-4e56-8014-6fc9055865c4.f1546d2a-f0d9-48f7-a35a-15a757d361f9 is being set with open permissions: ugo+rw
Jul 19 19:50:21 devstack sudo[93832]: pam_unix(sudo:session): session opened for user root(uid=0) by (uid=1000)
Jul 19 19:50:21 devstack cinder-volume[87353]: DEBUG oslo_concurrency.processutils [None req-3df8a1be-c482-42e1-92e9-6a3caab44511 tempest-SnapshotsActionsTest-1541678169 None] Running cmd (subprocess): sudo cinder-rootwrap /etc/cinder/rootwrap.conf chmod ugo+rw /opt/stack/data/cinder/mnt/8d9b6b84b75eb4d2d287583d568105af/volume-c5b5f50d-cab8-4e56-8014-6fc9055865c4.f1546d2a-f0d9-48f7-a35a-15a757d361f9 {{(pid=87353) execute /opt/stack/data/venv/lib/python3.12/site-packages/oslo_concurrency/processutils.py:440}}
Jul 19 19:50:21 devstack sudo[93834]: quobyte : PWD=/ ; USER=root ; COMMAND=/opt/stack/data/venv/bin/cinder-rootwrap /etc/cinder/rootwrap.conf chmod ugo+rw /opt/stack/data/cinder/mnt/8d9b6b84b75eb4d2d287583d568105af/volume-c5b5f50d-cab8-4e56-8014-6fc9055865c4.f1546d2a-f0d9-48f7-a35a-15a757d361f9
Jul 19 19:50:21 devstack sudo[93834]: pam_unix(sudo:session): session opened for user root(uid=0) by (uid=1000)
Jul 19 19:50:21 devstack sudo[93832]: pam_unix(sudo:session): session closed for user root
Jul 19 19:50:21 devstack cinder-volume[87353]: DEBUG oslo_concurrency.processutils [None req-a22d03c2-61b4-401c-a0a5-be8314e027d5 tempest-ServerActionsTestOtherA-62752874 None] CMD "sudo cinder-rootwrap /etc/cinder/rootwrap.conf rm -f /opt/stack/data/cinder/mnt/8d9b6b84b75eb4d2d287583d568105af/volume-43dad1f6-fea1-428d-b620-617d6a4a457a" returned: 0 in 0.284s {{(pid=87353) execute /opt/stack/data/venv/lib/python3.12/site-packages/oslo_concurrency/processutils.py:468}}
Jul 19 19:50:21 devstack cinder-volume[87353]: DEBUG cinder.coordination [None req-a22d03c2-61b4-401c-a0a5-be8314e027d5 tempest-ServerActionsTestOtherA-62752874 None] Lock "cinder-quobyte-43dad1f6-fea1-428d-b620-617d6a4a457a" released by "delete_volume" :: held 0.845s {{(pid=87353) __release /opt/stack/cinder/cinder/coordination.py:152}}
Jul 19 19:50:22 devstack cinder-volume[87353]: DEBUG cinder.quota [None req-a22d03c2-61b4-401c-a0a5-be8314e027d5 tempest-ServerActionsTestOtherA-62752874 None] Created reservations ['5d23874c-4035-4233-9faa-e95358821347', 'e45660fd-f797-4463-909b-bd2cb32dfbe1', '876558a3-48dd-4105-8f67-da0127ce612a', 'caa6d6ab-186c-4cf6-b952-21daae0a256e'] {{(pid=87353) reserve /opt/stack/cinder/cinder/quota.py:752}}
Jul 19 19:50:22 devstack sudo[93834]: pam_unix(sudo:session): session closed for user root
Jul 19 19:50:22 devstack cinder-volume[87353]: DEBUG oslo_concurrency.processutils [None req-3df8a1be-c482-42e1-92e9-6a3caab44511 tempest-SnapshotsActionsTest-1541678169 None] CMD "sudo cinder-rootwrap /etc/cinder/rootwrap.conf chmod ugo+rw /opt/stack/data/cinder/mnt/8d9b6b84b75eb4d2d287583d568105af/volume-c5b5f50d-cab8-4e56-8014-6fc9055865c4.f1546d2a-f0d9-48f7-a35a-15a757d361f9" returned: 0 in 0.349s {{(pid=87353) execute /opt/stack/data/venv/lib/python3.12/site-packages/oslo_concurrency/processutils.py:468}}
Jul 19 19:50:22 devstack cinder-volume[87353]: DEBUG oslo_concurrency.lockutils [None req-3df8a1be-c482-42e1-92e9-6a3caab44511 tempest-SnapshotsActionsTest-1541678169 None] Lock "quobyte" "released" by "cinder.volume.drivers.quobyte.QuobyteDriver.create_snapshot" :: held 1.892s {{(pid=87353) inner /opt/stack/data/venv/lib/python3.12/site-packages/oslo_concurrency/lockutils.py:544}}
Jul 19 19:50:22 devstack cinder-volume[87353]: INFO cinder.volume.manager [None req-3df8a1be-c482-42e1-92e9-6a3caab44511 tempest-SnapshotsActionsTest-1541678169 None] Create snapshot completed successfully
Jul 19 19:50:22 devstack cinder-volume[87353]: DEBUG cinder.coordination [None req-4e767757-4fa9-40ed-8e21-51010f0a1bbc tempest-AttachVolumeShelveTestJSON-179779931 None] Acquiring lock "cinder-b499c908-65be-48ea-be3e-58d48913b67d-delete_volume" by "delete_volume" {{(pid=87353) __acquire /opt/stack/cinder/cinder/coordination.py:138}}
Jul 19 19:50:22 devstack cinder-volume[87353]: DEBUG oslo_concurrency.lockutils [None req-a22d03c2-61b4-401c-a0a5-be8314e027d5 tempest-ServerActionsTestOtherA-62752874 None] Acquiring lock "quobyte_ensure" by "cinder.volume.drivers.quobyte.QuobyteDriver._ensure_shares_mounted" {{(pid=87353) inner /opt/stack/data/venv/lib/python3.12/site-packages/oslo_concurrency/lockutils.py:512}}
Jul 19 19:50:22 devstack cinder-volume[87353]: DEBUG oslo_concurrency.lockutils [None req-a22d03c2-61b4-401c-a0a5-be8314e027d5 tempest-ServerActionsTestOtherA-62752874 None] Lock "quobyte_ensure" acquired by "cinder.volume.drivers.quobyte.QuobyteDriver._ensure_shares_mounted" :: waited 0.001s {{(pid=87353) inner /opt/stack/data/venv/lib/python3.12/site-packages/oslo_concurrency/lockutils.py:525}}
Jul 19 19:50:22 devstack cinder-volume[87353]: DEBUG cinder.volume.drivers.quobyte [None req-a22d03c2-61b4-401c-a0a5-be8314e027d5 tempest-ServerActionsTestOtherA-62752874 None] Quobyte Volume URL set to: {'osci02.corp.quobyte.com/cinder-vol-6763f7ca-d648-4707-8f73-a4940b66e237': None} {{(pid=87353) _load_shares_config /opt/stack/cinder/cinder/volume/drivers/quobyte.py:651}}
Jul 19 19:50:22 devstack cinder-volume[87353]: DEBUG cinder.volume.drivers.quobyte [None req-a22d03c2-61b4-401c-a0a5-be8314e027d5 tempest-ServerActionsTestOtherA-62752874 None] Available shares ['osci02.corp.quobyte.com/cinder-vol-6763f7ca-d648-4707-8f73-a4940b66e237'] {{(pid=87353) _ensure_shares_mounted /opt/stack/cinder/cinder/volume/drivers/quobyte.py:681}}
Jul 19 19:50:22 devstack cinder-volume[87353]: DEBUG oslo_concurrency.lockutils [None req-a22d03c2-61b4-401c-a0a5-be8314e027d5 tempest-ServerActionsTestOtherA-62752874 None] Lock "quobyte_ensure" "released" by "cinder.volume.drivers.quobyte.QuobyteDriver._ensure_shares_mounted" :: held 0.012s {{(pid=87353) inner /opt/stack/data/venv/lib/python3.12/site-packages/oslo_concurrency/lockutils.py:544}}
