Jul 10 05:49:40 devstack cinder-volume[87449]: DEBUG oslo_concurrency.processutils [None req-bf535862-8231-477c-a0d4-07bd72ef3b46 tempest-VolumesDeleteCascade-1218680636 None] Running cmd (subprocess): sudo cinder-rootwrap /etc/cinder/rootwrap.conf qemu-img rebase -u -b volume-7f37e9b9-69d9-4028-be59-ecc85711f0d9 -F qcow2 /opt/stack/data/cinder/mnt/929a4647f6edb214c8a11ea209ac9fe7/volume-7f37e9b9-69d9-4028-be59-ecc85711f0d9.b855c8b6-3809-4c79-8fa6-664626137647 {{(pid=87449) execute /opt/stack/data/venv/lib/python3.12/site-packages/oslo_concurrency/processutils.py:440}}
Jul 10 05:49:40 devstack sudo[92036]: quobyte : PWD=/ ; USER=root ; COMMAND=/opt/stack/data/venv/bin/cinder-rootwrap /etc/cinder/rootwrap.conf qemu-img rebase -u -b volume-7f37e9b9-69d9-4028-be59-ecc85711f0d9 -F qcow2 /opt/stack/data/cinder/mnt/929a4647f6edb214c8a11ea209ac9fe7/volume-7f37e9b9-69d9-4028-be59-ecc85711f0d9.b855c8b6-3809-4c79-8fa6-664626137647
Jul 10 05:49:40 devstack sudo[92036]: pam_unix(sudo:session): session opened for user root(uid=0) by (uid=1000)
Jul 10 05:49:41 devstack sudo[92036]: pam_unix(sudo:session): session closed for user root
Jul 10 05:49:41 devstack cinder-volume[87449]: DEBUG oslo_concurrency.processutils [None req-bf535862-8231-477c-a0d4-07bd72ef3b46 tempest-VolumesDeleteCascade-1218680636 None] CMD "sudo cinder-rootwrap /etc/cinder/rootwrap.conf qemu-img rebase -u -b volume-7f37e9b9-69d9-4028-be59-ecc85711f0d9 -F qcow2 /opt/stack/data/cinder/mnt/929a4647f6edb214c8a11ea209ac9fe7/volume-7f37e9b9-69d9-4028-be59-ecc85711f0d9.b855c8b6-3809-4c79-8fa6-664626137647" returned: 0 in 0.883s {{(pid=87449) execute /opt/stack/data/venv/lib/python3.12/site-packages/oslo_concurrency/processutils.py:468}}
Jul 10 05:49:41 devstack cinder-volume[87449]: WARNING cinder.volume.drivers.remotefs [None req-bf535862-8231-477c-a0d4-07bd72ef3b46 tempest-VolumesDeleteCascade-1218680636 None] /opt/stack/data/cinder/mnt/929a4647f6edb214c8a11ea209ac9fe7/volume-7f37e9b9-69d9-4028-be59-ecc85711f0d9.b855c8b6-3809-4c79-8fa6-664626137647 is being set with open permissions: ugo+rw
Jul 10 05:49:41 devstack cinder-volume[87449]: DEBUG oslo_concurrency.processutils [None req-bf535862-8231-477c-a0d4-07bd72ef3b46 tempest-VolumesDeleteCascade-1218680636 None] Running cmd (subprocess): sudo cinder-rootwrap /etc/cinder/rootwrap.conf chmod ugo+rw /opt/stack/data/cinder/mnt/929a4647f6edb214c8a11ea209ac9fe7/volume-7f37e9b9-69d9-4028-be59-ecc85711f0d9.b855c8b6-3809-4c79-8fa6-664626137647 {{(pid=87449) execute /opt/stack/data/venv/lib/python3.12/site-packages/oslo_concurrency/processutils.py:440}}
Jul 10 05:49:41 devstack sudo[92054]: quobyte : PWD=/ ; USER=root ; COMMAND=/opt/stack/data/venv/bin/cinder-rootwrap /etc/cinder/rootwrap.conf chmod ugo+rw /opt/stack/data/cinder/mnt/929a4647f6edb214c8a11ea209ac9fe7/volume-7f37e9b9-69d9-4028-be59-ecc85711f0d9.b855c8b6-3809-4c79-8fa6-664626137647
Jul 10 05:49:41 devstack sudo[92054]: pam_unix(sudo:session): session opened for user root(uid=0) by (uid=1000)
Jul 10 05:49:42 devstack sudo[92054]: pam_unix(sudo:session): session closed for user root
Jul 10 05:49:42 devstack cinder-volume[87449]: DEBUG oslo_concurrency.processutils [None req-bf535862-8231-477c-a0d4-07bd72ef3b46 tempest-VolumesDeleteCascade-1218680636 None] CMD "sudo cinder-rootwrap /etc/cinder/rootwrap.conf chmod ugo+rw /opt/stack/data/cinder/mnt/929a4647f6edb214c8a11ea209ac9fe7/volume-7f37e9b9-69d9-4028-be59-ecc85711f0d9.b855c8b6-3809-4c79-8fa6-664626137647" returned: 0 in 0.653s {{(pid=87449) execute /opt/stack/data/venv/lib/python3.12/site-packages/oslo_concurrency/processutils.py:468}}
Jul 10 05:49:42 devstack cinder-volume[87449]: DEBUG oslo_concurrency.processutils [None req-bf535862-8231-477c-a0d4-07bd72ef3b46 tempest-VolumesDeleteCascade-1218680636 None] Running cmd (subprocess): sudo cinder-rootwrap /etc/cinder/rootwrap.conf truncate -s0 /opt/stack/data/cinder/mnt/929a4647f6edb214c8a11ea209ac9fe7/volume-7f37e9b9-69d9-4028-be59-ecc85711f0d9.info {{(pid=87449) execute /opt/stack/data/venv/lib/python3.12/site-packages/oslo_concurrency/processutils.py:440}}
Jul 10 05:49:42 devstack sudo[92080]: quobyte : PWD=/ ; USER=root ; COMMAND=/opt/stack/data/venv/bin/cinder-rootwrap /etc/cinder/rootwrap.conf truncate -s0 /opt/stack/data/cinder/mnt/929a4647f6edb214c8a11ea209ac9fe7/volume-7f37e9b9-69d9-4028-be59-ecc85711f0d9.info
Jul 10 05:49:42 devstack sudo[92080]: pam_unix(sudo:session): session opened for user root(uid=0) by (uid=1000)
Jul 10 05:49:42 devstack sudo[92080]: pam_unix(sudo:session): session closed for user root
Jul 10 05:49:42 devstack cinder-volume[87449]: DEBUG oslo_concurrency.processutils [None req-bf535862-8231-477c-a0d4-07bd72ef3b46 tempest-VolumesDeleteCascade-1218680636 None] CMD "sudo cinder-rootwrap /etc/cinder/rootwrap.conf truncate -s0 /opt/stack/data/cinder/mnt/929a4647f6edb214c8a11ea209ac9fe7/volume-7f37e9b9-69d9-4028-be59-ecc85711f0d9.info" returned: 0 in 0.697s {{(pid=87449) execute /opt/stack/data/venv/lib/python3.12/site-packages/oslo_concurrency/processutils.py:468}}
Jul 10 05:49:42 devstack cinder-volume[87449]: WARNING cinder.volume.drivers.remotefs [None req-bf535862-8231-477c-a0d4-07bd72ef3b46 tempest-VolumesDeleteCascade-1218680636 None] /opt/stack/data/cinder/mnt/929a4647f6edb214c8a11ea209ac9fe7/volume-7f37e9b9-69d9-4028-be59-ecc85711f0d9.info is being set with open permissions: ugo+rw
Jul 10 05:49:42 devstack cinder-volume[87449]: DEBUG oslo_concurrency.processutils [None req-bf535862-8231-477c-a0d4-07bd72ef3b46 tempest-VolumesDeleteCascade-1218680636 None] Running cmd (subprocess): sudo cinder-rootwrap /etc/cinder/rootwrap.conf chmod ugo+rw /opt/stack/data/cinder/mnt/929a4647f6edb214c8a11ea209ac9fe7/volume-7f37e9b9-69d9-4028-be59-ecc85711f0d9.info {{(pid=87449) execute /opt/stack/data/venv/lib/python3.12/site-packages/oslo_concurrency/processutils.py:440}}
Jul 10 05:49:42 devstack sudo[92087]: quobyte : PWD=/ ; USER=root ; COMMAND=/opt/stack/data/venv/bin/cinder-rootwrap /etc/cinder/rootwrap.conf chmod ugo+rw /opt/stack/data/cinder/mnt/929a4647f6edb214c8a11ea209ac9fe7/volume-7f37e9b9-69d9-4028-be59-ecc85711f0d9.info
Jul 10 05:49:42 devstack sudo[92087]: pam_unix(sudo:session): session opened for user root(uid=0) by (uid=1000)
Jul 10 05:49:43 devstack sudo[92087]: pam_unix(sudo:session): session closed for user root
Jul 10 05:49:43 devstack cinder-volume[87449]: DEBUG oslo_concurrency.processutils [None req-bf535862-8231-477c-a0d4-07bd72ef3b46 tempest-VolumesDeleteCascade-1218680636 None] CMD "sudo cinder-rootwrap /etc/cinder/rootwrap.conf chmod ugo+rw /opt/stack/data/cinder/mnt/929a4647f6edb214c8a11ea209ac9fe7/volume-7f37e9b9-69d9-4028-be59-ecc85711f0d9.info" returned: 0 in 0.645s {{(pid=87449) execute /opt/stack/data/venv/lib/python3.12/site-packages/oslo_concurrency/processutils.py:468}}
Jul 10 05:49:43 devstack cinder-volume[87449]: DEBUG oslo_concurrency.lockutils [None req-bf535862-8231-477c-a0d4-07bd72ef3b46 tempest-VolumesDeleteCascade-1218680636 None] Lock "quobyte" "released" by "cinder.volume.drivers.quobyte.QuobyteDriver.create_snapshot" :: held 4.769s {{(pid=87449) inner /opt/stack/data/venv/lib/python3.12/site-packages/oslo_concurrency/lockutils.py:543}}
Jul 10 05:49:43 devstack cinder-volume[87449]: INFO cinder.volume.manager [None req-bf535862-8231-477c-a0d4-07bd72ef3b46 tempest-VolumesDeleteCascade-1218680636 None] Create snapshot completed successfully
Jul 10 05:49:44 devstack cinder-volume[87449]: DEBUG oslo_concurrency.lockutils [None req-a7825faa-f1bd-4e24-9487-b913122ca8ae tempest-VolumesDeleteCascade-1218680636 None] Acquiring lock "quobyte" by "cinder.volume.drivers.quobyte.QuobyteDriver.create_snapshot" {{(pid=87449) inner /opt/stack/data/venv/lib/python3.12/site-packages/oslo_concurrency/lockutils.py:511}}
Jul 10 05:49:44 devstack cinder-volume[87449]: DEBUG oslo_concurrency.lockutils [None req-a7825faa-f1bd-4e24-9487-b913122ca8ae tempest-VolumesDeleteCascade-1218680636 None] Lock "quobyte" acquired by "cinder.volume.drivers.quobyte.QuobyteDriver.create_snapshot" :: waited 0.002s {{(pid=87449) inner /opt/stack/data/venv/lib/python3.12/site-packages/oslo_concurrency/lockutils.py:524}}
Jul 10 05:49:44 devstack cinder-volume[87449]: DEBUG cinder.volume.drivers.remotefs [None req-a7825faa-f1bd-4e24-9487-b913122ca8ae tempest-VolumesDeleteCascade-1218680636 None] Creating offline snapshot 015ac6df-6424-43a0-a13f-ea9f268a0f56 of volume 7f37e9b9-69d9-4028-be59-ecc85711f0d9 {{(pid=87449) _create_snapshot /opt/stack/cinder/cinder/volume/drivers/remotefs.py:1816}}
Jul 10 05:49:44 devstack cinder-volume[87449]: DEBUG oslo.privsep.daemon [-] privsep: reply[4c75da67-fb58-4efb-b3c8-a673effc90dd]: (4, 'qcow2') {{(pid=88449) _call_back /opt/stack/data/venv/lib/python3.12/site-packages/oslo_privsep/daemon.py:580}}
Jul 10 05:49:44 devstack cinder-volume[87449]: DEBUG oslo_concurrency.processutils [None req-a7825faa-f1bd-4e24-9487-b913122ca8ae tempest-VolumesDeleteCascade-1218680636 None] Running cmd (subprocess): /opt/stack/data/venv/bin/python3.12 -m oslo_concurrency.prlimit --as=1073741824 --cpu=60 -- sudo cinder-rootwrap /etc/cinder/rootwrap.conf env LC_ALL=C qemu-img info -f qcow2 --output=json --force-share /opt/stack/data/cinder/mnt/929a4647f6edb214c8a11ea209ac9fe7/volume-7f37e9b9-69d9-4028-be59-ecc85711f0d9.b855c8b6-3809-4c79-8fa6-664626137647 {{(pid=87449) execute /opt/stack/data/venv/lib/python3.12/site-packages/oslo_concurrency/processutils.py:440}}
Jul 10 05:49:44 devstack sudo[92132]: quobyte : PWD=/ ; USER=root ; COMMAND=/opt/stack/data/venv/bin/cinder-rootwrap /etc/cinder/rootwrap.conf env LC_ALL=C qemu-img info -f qcow2 --output=json --force-share /opt/stack/data/cinder/mnt/929a4647f6edb214c8a11ea209ac9fe7/volume-7f37e9b9-69d9-4028-be59-ecc85711f0d9.b855c8b6-3809-4c79-8fa6-664626137647
Jul 10 05:49:44 devstack sudo[92132]: pam_unix(sudo:session): session opened for user root(uid=0) by (uid=1000)
Jul 10 05:49:45 devstack cinder-volume[87449]: DEBUG oslo_concurrency.lockutils [req-da6031af-cdc2-468d-b57c-51b4f6f01a7e req-c784b0b2-e10f-42ce-b1e2-6a1b5b0fc2de tempest-ServerActionsTestOtherA-1163121724 None] Acquiring lock "quobyte" by "cinder.volume.drivers.quobyte.QuobyteDriver.initialize_connection" {{(pid=87449) inner /opt/stack/data/venv/lib/python3.12/site-packages/oslo_concurrency/lockutils.py:511}}
Jul 10 05:49:45 devstack sudo[92132]: pam_unix(sudo:session): session closed for user root
Jul 10 05:49:45 devstack cinder-volume[87449]: DEBUG oslo_concurrency.processutils [None req-a7825faa-f1bd-4e24-9487-b913122ca8ae tempest-VolumesDeleteCascade-1218680636 None] CMD "/opt/stack/data/venv/bin/python3.12 -m oslo_concurrency.prlimit --as=1073741824 --cpu=60 -- sudo cinder-rootwrap /etc/cinder/rootwrap.conf env LC_ALL=C qemu-img info -f qcow2 --output=json --force-share /opt/stack/data/cinder/mnt/929a4647f6edb214c8a11ea209ac9fe7/volume-7f37e9b9-69d9-4028-be59-ecc85711f0d9.b855c8b6-3809-4c79-8fa6-664626137647" returned: 0 in 1.136s {{(pid=87449) execute /opt/stack/data/venv/lib/python3.12/site-packages/oslo_concurrency/processutils.py:468}}
Jul 10 05:49:45 devstack cinder-volume[87449]: DEBUG cinder.volume.drivers.remotefs [None req-a7825faa-f1bd-4e24-9487-b913122ca8ae tempest-VolumesDeleteCascade-1218680636 None] Fetching qemu-img info with special backing_file_template: (/opt/stack/data/cinder/mnt/[0-9a-f]+/)?(volume-7f37e9b9-69d9-4028-be59-ecc85711f0d9(.(tmp-snap-)?[0-9a-f-]+)?|volume_from_snapshot_cache/(tmp-snap-)?[0-9a-f-]+(.(child-|parent-)[0-9a-f-]+)?)$ {{(pid=87449) _qemu_img_info_base /opt/stack/cinder/cinder/volume/drivers/remotefs.py:896}}
Jul 10 05:49:45 devstack cinder-volume[87449]: DEBUG oslo_concurrency.processutils [None req-a7825faa-f1bd-4e24-9487-b913122ca8ae tempest-VolumesDeleteCascade-1218680636 None] Running cmd (subprocess): sudo cinder-rootwrap /etc/cinder/rootwrap.conf qemu-img create -f qcow2 -o backing_file=/opt/stack/data/cinder/mnt/929a4647f6edb214c8a11ea209ac9fe7/volume-7f37e9b9-69d9-4028-be59-ecc85711f0d9.b855c8b6-3809-4c79-8fa6-664626137647,backing_fmt=qcow2 /opt/stack/data/cinder/mnt/929a4647f6edb214c8a11ea209ac9fe7/volume-7f37e9b9-69d9-4028-be59-ecc85711f0d9.015ac6df-6424-43a0-a13f-ea9f268a0f56 1G {{(pid=87449) execute /opt/stack/data/venv/lib/python3.12/site-packages/oslo_concurrency/processutils.py:440}}
Jul 10 05:49:45 devstack sudo[92213]: quobyte : PWD=/ ; USER=root ; COMMAND=/opt/stack/data/venv/bin/cinder-rootwrap /etc/cinder/rootwrap.conf qemu-img create -f qcow2 -o backing_file=/opt/stack/data/cinder/mnt/929a4647f6edb214c8a11ea209ac9fe7/volume-7f37e9b9-69d9-4028-be59-ecc85711f0d9.b855c8b6-3809-4c79-8fa6-664626137647,backing_fmt=qcow2 /opt/stack/data/cinder/mnt/929a4647f6edb214c8a11ea209ac9fe7/volume-7f37e9b9-69d9-4028-be59-ecc85711f0d9.015ac6df-6424-43a0-a13f-ea9f268a0f56 1G
Jul 10 05:49:45 devstack sudo[92213]: pam_unix(sudo:session): session opened for user root(uid=0) by (uid=1000)
Jul 10 05:49:46 devstack sudo[92213]: pam_unix(sudo:session): session closed for user root
Jul 10 05:49:46 devstack cinder-volume[87449]: DEBUG oslo_concurrency.processutils [None req-a7825faa-f1bd-4e24-9487-b913122ca8ae tempest-VolumesDeleteCascade-1218680636 None] CMD "sudo cinder-rootwrap /etc/cinder/rootwrap.conf qemu-img create -f qcow2 -o backing_file=/opt/stack/data/cinder/mnt/929a4647f6edb214c8a11ea209ac9fe7/volume-7f37e9b9-69d9-4028-be59-ecc85711f0d9.b855c8b6-3809-4c79-8fa6-664626137647,backing_fmt=qcow2 /opt/stack/data/cinder/mnt/929a4647f6edb214c8a11ea209ac9fe7/volume-7f37e9b9-69d9-4028-be59-ecc85711f0d9.015ac6df-6424-43a0-a13f-ea9f268a0f56 1G" returned: 0 in 0.950s {{(pid=87449) execute /opt/stack/data/venv/lib/python3.12/site-packages/oslo_concurrency/processutils.py:468}}
Jul 10 05:49:46 devstack cinder-volume[87449]: DEBUG oslo_concurrency.processutils [None req-a7825faa-f1bd-4e24-9487-b913122ca8ae tempest-VolumesDeleteCascade-1218680636 None] Running cmd (subprocess): sudo cinder-rootwrap /etc/cinder/rootwrap.conf qemu-img rebase -u -b volume-7f37e9b9-69d9-4028-be59-ecc85711f0d9.b855c8b6-3809-4c79-8fa6-664626137647 -F qcow2 /opt/stack/data/cinder/mnt/929a4647f6edb214c8a11ea209ac9fe7/volume-7f37e9b9-69d9-4028-be59-ecc85711f0d9.015ac6df-6424-43a0-a13f-ea9f268a0f56 {{(pid=87449) execute /opt/stack/data/venv/lib/python3.12/site-packages/oslo_concurrency/processutils.py:440}}
Jul 10 05:49:46 devstack sudo[92227]: quobyte : PWD=/ ; USER=root ; COMMAND=/opt/stack/data/venv/bin/cinder-rootwrap /etc/cinder/rootwrap.conf qemu-img rebase -u -b volume-7f37e9b9-69d9-4028-be59-ecc85711f0d9.b855c8b6-3809-4c79-8fa6-664626137647 -F qcow2 /opt/stack/data/cinder/mnt/929a4647f6edb214c8a11ea209ac9fe7/volume-7f37e9b9-69d9-4028-be59-ecc85711f0d9.015ac6df-6424-43a0-a13f-ea9f268a0f56
Jul 10 05:49:46 devstack sudo[92227]: pam_unix(sudo:session): session opened for user root(uid=0) by (uid=1000)
Jul 10 05:49:47 devstack sudo[92227]: pam_unix(sudo:session): session closed for user root
Jul 10 05:49:47 devstack cinder-volume[87449]: DEBUG oslo_concurrency.processutils [None req-a7825faa-f1bd-4e24-9487-b913122ca8ae tempest-VolumesDeleteCascade-1218680636 None] CMD "sudo cinder-rootwrap /etc/cinder/rootwrap.conf qemu-img rebase -u -b volume-7f37e9b9-69d9-4028-be59-ecc85711f0d9.b855c8b6-3809-4c79-8fa6-664626137647 -F qcow2 /opt/stack/data/cinder/mnt/929a4647f6edb214c8a11ea209ac9fe7/volume-7f37e9b9-69d9-4028-be59-ecc85711f0d9.015ac6df-6424-43a0-a13f-ea9f268a0f56" returned: 0 in 0.741s {{(pid=87449) execute /opt/stack/data/venv/lib/python3.12/site-packages/oslo_concurrency/processutils.py:468}}
Jul 10 05:49:47 devstack cinder-volume[87449]: WARNING cinder.volume.drivers.remotefs [None req-a7825faa-f1bd-4e24-9487-b913122ca8ae tempest-VolumesDeleteCascade-1218680636 None] /opt/stack/data/cinder/mnt/929a4647f6edb214c8a11ea209ac9fe7/volume-7f37e9b9-69d9-4028-be59-ecc85711f0d9.015ac6df-6424-43a0-a13f-ea9f268a0f56 is being set with open permissions: ugo+rw
Jul 10 05:49:47 devstack cinder-volume[87449]: DEBUG oslo_concurrency.processutils [None req-a7825faa-f1bd-4e24-9487-b913122ca8ae tempest-VolumesDeleteCascade-1218680636 None] Running cmd (subprocess): sudo cinder-rootwrap /etc/cinder/rootwrap.conf chmod ugo+rw /opt/stack/data/cinder/mnt/929a4647f6edb214c8a11ea209ac9fe7/volume-7f37e9b9-69d9-4028-be59-ecc85711f0d9.015ac6df-6424-43a0-a13f-ea9f268a0f56 {{(pid=87449) execute /opt/stack/data/venv/lib/python3.12/site-packages/oslo_concurrency/processutils.py:440}}
Jul 10 05:49:47 devstack sudo[92241]: quobyte : PWD=/ ; USER=root ; COMMAND=/opt/stack/data/venv/bin/cinder-rootwrap /etc/cinder/rootwrap.conf chmod ugo+rw /opt/stack/data/cinder/mnt/929a4647f6edb214c8a11ea209ac9fe7/volume-7f37e9b9-69d9-4028-be59-ecc85711f0d9.015ac6df-6424-43a0-a13f-ea9f268a0f56
Jul 10 05:49:47 devstack sudo[92241]: pam_unix(sudo:session): session opened for user root(uid=0) by (uid=1000)
Jul 10 05:49:48 devstack sudo[92241]: pam_unix(sudo:session): session closed for user root
Jul 10 05:49:48 devstack cinder-volume[87449]: DEBUG oslo_concurrency.processutils [None req-a7825faa-f1bd-4e24-9487-b913122ca8ae tempest-VolumesDeleteCascade-1218680636 None] CMD "sudo cinder-rootwrap /etc/cinder/rootwrap.conf chmod ugo+rw /opt/stack/data/cinder/mnt/929a4647f6edb214c8a11ea209ac9fe7/volume-7f37e9b9-69d9-4028-be59-ecc85711f0d9.015ac6df-6424-43a0-a13f-ea9f268a0f56" returned: 0 in 1.178s {{(pid=87449) execute /opt/stack/data/venv/lib/python3.12/site-packages/oslo_concurrency/processutils.py:468}}
Jul 10 05:49:48 devstack cinder-volume[87449]: DEBUG oslo_concurrency.lockutils [None req-a7825faa-f1bd-4e24-9487-b913122ca8ae tempest-VolumesDeleteCascade-1218680636 None] Lock "quobyte" "released" by "cinder.volume.drivers.quobyte.QuobyteDriver.create_snapshot" :: held 4.228s {{(pid=87449) inner /opt/stack/data/venv/lib/python3.12/site-packages/oslo_concurrency/lockutils.py:543}}
Jul 10 05:49:48 devstack cinder-volume[87449]: DEBUG oslo_concurrency.lockutils [req-da6031af-cdc2-468d-b57c-51b4f6f01a7e req-c784b0b2-e10f-42ce-b1e2-6a1b5b0fc2de tempest-ServerActionsTestOtherA-1163121724 None] Lock "quobyte" acquired by "cinder.volume.drivers.quobyte.QuobyteDriver.initialize_connection" :: waited 3.241s {{(pid=87449) inner /opt/stack/data/venv/lib/python3.12/site-packages/oslo_concurrency/lockutils.py:524}}
Jul 10 05:49:48 devstack cinder-volume[87449]: DEBUG oslo.privsep.daemon [-] privsep: reply[aed4302f-2067-474a-a21e-aea7cb4b3181]: (4, 'qcow2') {{(pid=88449) _call_back /opt/stack/data/venv/lib/python3.12/site-packages/oslo_privsep/daemon.py:580}}
Jul 10 05:49:48 devstack cinder-volume[87449]: DEBUG oslo_concurrency.processutils [req-da6031af-cdc2-468d-b57c-51b4f6f01a7e req-c784b0b2-e10f-42ce-b1e2-6a1b5b0fc2de tempest-ServerActionsTestOtherA-1163121724 None] Running cmd (subprocess): /opt/stack/data/venv/bin/python3.12 -m oslo_concurrency.prlimit --as=1073741824 --cpu=60 -- sudo cinder-rootwrap /etc/cinder/rootwrap.conf env LC_ALL=C qemu-img info -f qcow2 --output=json --force-share /opt/stack/data/cinder/mnt/929a4647f6edb214c8a11ea209ac9fe7/volume-61964ff3-2ea5-405f-b0f2-332ee763dff7 {{(pid=87449) execute /opt/stack/data/venv/lib/python3.12/site-packages/oslo_concurrency/processutils.py:440}}
Jul 10 05:49:48 devstack cinder-volume[87449]: INFO cinder.volume.manager [None req-a7825faa-f1bd-4e24-9487-b913122ca8ae tempest-VolumesDeleteCascade-1218680636 None] Create snapshot completed successfully
Jul 10 05:49:49 devstack sudo[92602]: quobyte : PWD=/ ; USER=root ; COMMAND=/opt/stack/data/venv/bin/cinder-rootwrap /etc/cinder/rootwrap.conf env LC_ALL=C qemu-img info -f qcow2 --output=json --force-share /opt/stack/data/cinder/mnt/929a4647f6edb214c8a11ea209ac9fe7/volume-61964ff3-2ea5-405f-b0f2-332ee763dff7
Jul 10 05:49:49 devstack sudo[92602]: pam_unix(sudo:session): session opened for user root(uid=0) by (uid=1000)
Jul 10 05:49:49 devstack cinder-volume[87449]: DEBUG cinder.coordination [None req-ffa2b9b3-6564-42ed-a916-e1635518b161 tempest-VolumesDeleteCascade-1218680636 None] Acquiring lock "cinder-7f37e9b9-69d9-4028-be59-ecc85711f0d9-delete_volume" by "delete_volume" {{(pid=87449) __acquire /opt/stack/cinder/cinder/coordination.py:138}}
Jul 10 05:49:49 devstack cinder-volume[87449]: DEBUG cinder.coordination [None req-ffa2b9b3-6564-42ed-a916-e1635518b161 tempest-VolumesDeleteCascade-1218680636 None] Lock "cinder-7f37e9b9-69d9-4028-be59-ecc85711f0d9-delete_volume" acquired by "delete_volume" :: waited 0.039s {{(pid=87449) __acquire /opt/stack/cinder/cinder/coordination.py:141}}
Jul 10 05:49:50 devstack cinder-volume[87449]: DEBUG cinder.volume.manager [None req-ffa2b9b3-6564-42ed-a916-e1635518b161 tempest-VolumesDeleteCascade-1218680636 None] Performing cascade delete. {{(pid=87449) delete_volume /opt/stack/cinder/cinder/volume/manager.py:995}}
Jul 10 05:49:50 devstack cinder-volume[87449]: DEBUG cinder.coordination [None req-ffa2b9b3-6564-42ed-a916-e1635518b161 tempest-VolumesDeleteCascade-1218680636 None] Acquiring lock "cinder-015ac6df-6424-43a0-a13f-ea9f268a0f56-delete_snapshot" by "delete_snapshot" {{(pid=87449) __acquire /opt/stack/cinder/cinder/coordination.py:138}}
Jul 10 05:49:50 devstack cinder-volume[87449]: DEBUG cinder.coordination [None req-ffa2b9b3-6564-42ed-a916-e1635518b161 tempest-VolumesDeleteCascade-1218680636 None] Lock "cinder-015ac6df-6424-43a0-a13f-ea9f268a0f56-delete_snapshot" acquired by "delete_snapshot" :: waited 0.038s {{(pid=87449) __acquire /opt/stack/cinder/cinder/coordination.py:141}}
Jul 10 05:49:50 devstack cinder-volume[87449]: DEBUG cinder.coordination [None req-ffa2b9b3-6564-42ed-a916-e1635518b161 tempest-VolumesDeleteCascade-1218680636 None] Acquiring lock "cinder-quobyte-7f37e9b9-69d9-4028-be59-ecc85711f0d9" by "delete_snapshot" {{(pid=87449) __acquire /opt/stack/cinder/cinder/coordination.py:138}}
Jul 10 05:49:50 devstack cinder-volume[87449]: DEBUG cinder.coordination [None req-ffa2b9b3-6564-42ed-a916-e1635518b161 tempest-VolumesDeleteCascade-1218680636 None] Lock "cinder-quobyte-7f37e9b9-69d9-4028-be59-ecc85711f0d9" acquired by "delete_snapshot" :: waited 0.021s {{(pid=87449) __acquire /opt/stack/cinder/cinder/coordination.py:141}}
Jul 10 05:49:50 devstack cinder-volume[87449]: DEBUG cinder.coordination [None req-ffa2b9b3-6564-42ed-a916-e1635518b161 tempest-VolumesDeleteCascade-1218680636 None] Acquiring lock "cinder-quobyte-015ac6df-6424-43a0-a13f-ea9f268a0f56" by "_delete_snapshot" {{(pid=87449) __acquire /opt/stack/cinder/cinder/coordination.py:138}}
Jul 10 05:49:50 devstack cinder-volume[87449]: DEBUG cinder.coordination [None req-ffa2b9b3-6564-42ed-a916-e1635518b161 tempest-VolumesDeleteCascade-1218680636 None] Lock "cinder-quobyte-015ac6df-6424-43a0-a13f-ea9f268a0f56" acquired by "_delete_snapshot" :: waited 0.030s {{(pid=87449) __acquire /opt/stack/cinder/cinder/coordination.py:141}}
Jul 10 05:49:50 devstack cinder-volume[87449]: DEBUG cinder.volume.drivers.remotefs [None req-ffa2b9b3-6564-42ed-a916-e1635518b161 tempest-VolumesDeleteCascade-1218680636 None] Deleting offline snapshot 015ac6df-6424-43a0-a13f-ea9f268a0f56 of volume 7f37e9b9-69d9-4028-be59-ecc85711f0d9 {{(pid=87449) _delete_snapshot /opt/stack/cinder/cinder/volume/drivers/remotefs.py:1288}}
Jul 10 05:49:50 devstack cinder-volume[87449]: DEBUG cinder.volume.drivers.remotefs [None req-ffa2b9b3-6564-42ed-a916-e1635518b161 tempest-VolumesDeleteCascade-1218680636 None] snapshot_file for this snap is: volume-7f37e9b9-69d9-4028-be59-ecc85711f0d9.015ac6df-6424-43a0-a13f-ea9f268a0f56 {{(pid=87449) _delete_snapshot /opt/stack/cinder/cinder/volume/drivers/remotefs.py:1317}}
Jul 10 05:49:50 devstack cinder-volume[87449]: DEBUG oslo.privsep.daemon [-] privsep: reply[f7612c59-32de-4b16-804b-f5ace37fc0bc]: (4, 'qcow2') {{(pid=88449) _call_back /opt/stack/data/venv/lib/python3.12/site-packages/oslo_privsep/daemon.py:580}}
Jul 10 05:49:50 devstack cinder-volume[87449]: DEBUG oslo_concurrency.processutils [None req-ffa2b9b3-6564-42ed-a916-e1635518b161 tempest-VolumesDeleteCascade-1218680636 None] Running cmd (subprocess): /opt/stack/data/venv/bin/python3.12 -m oslo_concurrency.prlimit --as=1073741824 --cpu=60 -- sudo cinder-rootwrap /etc/cinder/rootwrap.conf env LC_ALL=C qemu-img info -f qcow2 --output=json --force-share /opt/stack/data/cinder/mnt/929a4647f6edb214c8a11ea209ac9fe7/volume-7f37e9b9-69d9-4028-be59-ecc85711f0d9.015ac6df-6424-43a0-a13f-ea9f268a0f56 {{(pid=87449) execute /opt/stack/data/venv/lib/python3.12/site-packages/oslo_concurrency/processutils.py:440}}
Jul 10 05:49:50 devstack sudo[92602]: pam_unix(sudo:session): session closed for user root
Jul 10 05:49:50 devstack cinder-volume[87449]: DEBUG oslo_concurrency.processutils [req-da6031af-cdc2-468d-b57c-51b4f6f01a7e req-c784b0b2-e10f-42ce-b1e2-6a1b5b0fc2de tempest-ServerActionsTestOtherA-1163121724 None] CMD "/opt/stack/data/venv/bin/python3.12 -m oslo_concurrency.prlimit --as=1073741824 --cpu=60 -- sudo cinder-rootwrap /etc/cinder/rootwrap.conf env LC_ALL=C qemu-img info -f qcow2 --output=json --force-share /opt/stack/data/cinder/mnt/929a4647f6edb214c8a11ea209ac9fe7/volume-61964ff3-2ea5-405f-b0f2-332ee763dff7" returned: 0 in 1.538s {{(pid=87449) execute /opt/stack/data/venv/lib/python3.12/site-packages/oslo_concurrency/processutils.py:468}}
Jul 10 05:49:50 devstack cinder-volume[87449]: DEBUG oslo_concurrency.lockutils [req-da6031af-cdc2-468d-b57c-51b4f6f01a7e req-c784b0b2-e10f-42ce-b1e2-6a1b5b0fc2de tempest-ServerActionsTestOtherA-1163121724 None] Lock "quobyte" "released" by "cinder.volume.drivers.quobyte.QuobyteDriver.initialize_connection" :: held 1.580s {{(pid=87449) inner /opt/stack/data/venv/lib/python3.12/site-packages/oslo_concurrency/lockutils.py:543}}
Jul 10 05:49:50 devstack cinder-volume[87449]: DEBUG cinder.volume.manager [req-da6031af-cdc2-468d-b57c-51b4f6f01a7e req-c784b0b2-e10f-42ce-b1e2-6a1b5b0fc2de tempest-ServerActionsTestOtherA-1163121724 None] Connection info returned from driver {'export': 'osci02.corp.quobyte.com/cinder-vol-522cac33-b9d9-4516-b8bf-20114793503d', 'name': 'volume-61964ff3-2ea5-405f-b0f2-332ee763dff7', 'options': None, 'format': 'qcow2', 'qos_specs': None, 'access_mode': 'rw', 'encrypted': False, 'cacheable': False, 'driver_volume_type': 'quobyte', 'mount_point_base': '/opt/stack/data/cinder/mnt', 'attachment_id': 'c2dd3f53-fc61-4393-bccb-5f6437068e44', 'enforce_multipath': True} {{(pid=87449) _connection_create /opt/stack/cinder/cinder/volume/manager.py:4924}}
Jul 10 05:49:50 devstack sudo[92659]: quobyte : PWD=/ ; USER=root ; COMMAND=/opt/stack/data/venv/bin/cinder-rootwrap /etc/cinder/rootwrap.conf env LC_ALL=C qemu-img info -f qcow2 --output=json --force-share /opt/stack/data/cinder/mnt/929a4647f6edb214c8a11ea209ac9fe7/volume-7f37e9b9-69d9-4028-be59-ecc85711f0d9.015ac6df-6424-43a0-a13f-ea9f268a0f56
Jul 10 05:49:50 devstack sudo[92659]: pam_unix(sudo:session): session opened for user root(uid=0) by (uid=1000)
Jul 10 05:49:50 devstack cinder-volume[87449]: INFO cinder.volume.manager [req-da6031af-cdc2-468d-b57c-51b4f6f01a7e req-c784b0b2-e10f-42ce-b1e2-6a1b5b0fc2de tempest-ServerActionsTestOtherA-1163121724 None] attachment_update completed successfully.
Jul 10 05:49:51 devstack sudo[92659]: pam_unix(sudo:session): session closed for user root
Jul 10 05:49:51 devstack cinder-volume[87449]: DEBUG oslo_concurrency.processutils [None req-ffa2b9b3-6564-42ed-a916-e1635518b161 tempest-VolumesDeleteCascade-1218680636 None] CMD "/opt/stack/data/venv/bin/python3.12 -m oslo_concurrency.prlimit --as=1073741824 --cpu=60 -- sudo cinder-rootwrap /etc/cinder/rootwrap.conf env LC_ALL=C qemu-img info -f qcow2 --output=json --force-share /opt/stack/data/cinder/mnt/929a4647f6edb214c8a11ea209ac9fe7/volume-7f37e9b9-69d9-4028-be59-ecc85711f0d9.015ac6df-6424-43a0-a13f-ea9f268a0f56" returned: 0 in 1.174s {{(pid=87449) execute /opt/stack/data/venv/lib/python3.12/site-packages/oslo_concurrency/processutils.py:468}}
Jul 10 05:49:51 devstack cinder-volume[87449]: DEBUG cinder.volume.drivers.remotefs [None req-ffa2b9b3-6564-42ed-a916-e1635518b161 tempest-VolumesDeleteCascade-1218680636 None] Fetching qemu-img info with special backing_file_template: (/opt/stack/data/cinder/mnt/[0-9a-f]+/)?(volume-7f37e9b9-69d9-4028-be59-ecc85711f0d9(.(tmp-snap-)?[0-9a-f-]+)?|volume_from_snapshot_cache/(tmp-snap-)?[0-9a-f-]+(.(child-|parent-)[0-9a-f-]+)?)$ {{(pid=87449) _qemu_img_info_base /opt/stack/cinder/cinder/volume/drivers/remotefs.py:896}}
Jul 10 05:49:51 devstack cinder-volume[87449]: DEBUG oslo.privsep.daemon [-] privsep: reply[8a4d6a6a-b62d-41b8-bbde-a9ab872a2c3d]: (4, 'qcow2') {{(pid=88449) _call_back /opt/stack/data/venv/lib/python3.12/site-packages/oslo_privsep/daemon.py:580}}
Jul 10 05:49:51 devstack cinder-volume[87449]: DEBUG oslo_concurrency.processutils [None req-ffa2b9b3-6564-42ed-a916-e1635518b161 tempest-VolumesDeleteCascade-1218680636 None] Running cmd (subprocess): /opt/stack/data/venv/bin/python3.12 -m oslo_concurrency.prlimit --as=1073741824 --cpu=60 -- sudo cinder-rootwrap /etc/cinder/rootwrap.conf env LC_ALL=C qemu-img info -f qcow2 --output=json --force-share /opt/stack/data/cinder/mnt/929a4647f6edb214c8a11ea209ac9fe7/volume-7f37e9b9-69d9-4028-be59-ecc85711f0d9.b855c8b6-3809-4c79-8fa6-664626137647 {{(pid=87449) execute /opt/stack/data/venv/lib/python3.12/site-packages/oslo_concurrency/processutils.py:440}}
Jul 10 05:49:51 devstack sudo[92668]: quobyte : PWD=/ ; USER=root ; COMMAND=/opt/stack/data/venv/bin/cinder-rootwrap /etc/cinder/rootwrap.conf env LC_ALL=C qemu-img info -f qcow2 --output=json --force-share /opt/stack/data/cinder/mnt/929a4647f6edb214c8a11ea209ac9fe7/volume-7f37e9b9-69d9-4028-be59-ecc85711f0d9.b855c8b6-3809-4c79-8fa6-664626137647
Jul 10 05:49:51 devstack sudo[92668]: pam_unix(sudo:session): session opened for user root(uid=0) by (uid=1000)
Jul 10 05:49:52 devstack sudo[92668]: pam_unix(sudo:session): session closed for user root
Jul 10 05:49:52 devstack cinder-volume[87449]: DEBUG oslo_concurrency.processutils [None req-ffa2b9b3-6564-42ed-a916-e1635518b161 tempest-VolumesDeleteCascade-1218680636 None] CMD "/opt/stack/data/venv/bin/python3.12 -m oslo_concurrency.prlimit --as=1073741824 --cpu=60 -- sudo cinder-rootwrap /etc/cinder/rootwrap.conf env LC_ALL=C qemu-img info -f qcow2 --output=json --force-share /opt/stack/data/cinder/mnt/929a4647f6edb214c8a11ea209ac9fe7/volume-7f37e9b9-69d9-4028-be59-ecc85711f0d9.b855c8b6-3809-4c79-8fa6-664626137647" returned: 0 in 0.861s {{(pid=87449) execute /opt/stack/data/venv/lib/python3.12/site-packages/oslo_concurrency/processutils.py:468}}
Jul 10 05:49:52 devstack cinder-volume[87449]: DEBUG cinder.volume.drivers.remotefs [None req-ffa2b9b3-6564-42ed-a916-e1635518b161 tempest-VolumesDeleteCascade-1218680636 None] Fetching qemu-img info with special backing_file_template: (/opt/stack/data/cinder/mnt/[0-9a-f]+/)?(volume-7f37e9b9-69d9-4028-be59-ecc85711f0d9(.(tmp-snap-)?[0-9a-f-]+)?|volume_from_snapshot_cache/(tmp-snap-)?[0-9a-f-]+(.(child-|parent-)[0-9a-f-]+)?)$ {{(pid=87449) _qemu_img_info_base /opt/stack/cinder/cinder/volume/drivers/remotefs.py:896}}
Jul 10 05:49:52 devstack cinder-volume[87449]: DEBUG oslo_concurrency.processutils [None req-ffa2b9b3-6564-42ed-a916-e1635518b161 tempest-VolumesDeleteCascade-1218680636 None] Running cmd (subprocess): sudo cinder-rootwrap /etc/cinder/rootwrap.conf qemu-img commit -d /opt/stack/data/cinder/mnt/929a4647f6edb214c8a11ea209ac9fe7/volume-7f37e9b9-69d9-4028-be59-ecc85711f0d9.015ac6df-6424-43a0-a13f-ea9f268a0f56 {{(pid=87449) execute /opt/stack/data/venv/lib/python3.12/site-packages/oslo_concurrency/processutils.py:440}}
Jul 10 05:49:52 devstack sudo[92675]: quobyte : PWD=/ ; USER=root ; COMMAND=/opt/stack/data/venv/bin/cinder-rootwrap /etc/cinder/rootwrap.conf qemu-img commit -d /opt/stack/data/cinder/mnt/929a4647f6edb214c8a11ea209ac9fe7/volume-7f37e9b9-69d9-4028-be59-ecc85711f0d9.015ac6df-6424-43a0-a13f-ea9f268a0f56
Jul 10 05:49:52 devstack sudo[92675]: pam_unix(sudo:session): session opened for user root(uid=0) by (uid=1000)
Jul 10 05:49:53 devstack sudo[92675]: pam_unix(sudo:session): session closed for user root
Jul 10 05:49:53 devstack cinder-volume[87449]: DEBUG oslo_concurrency.processutils [None req-ffa2b9b3-6564-42ed-a916-e1635518b161 tempest-VolumesDeleteCascade-1218680636 None] CMD "sudo cinder-rootwrap /etc/cinder/rootwrap.conf qemu-img commit -d /opt/stack/data/cinder/mnt/929a4647f6edb214c8a11ea209ac9fe7/volume-7f37e9b9-69d9-4028-be59-ecc85711f0d9.015ac6df-6424-43a0-a13f-ea9f268a0f56" returned: 0 in 0.800s {{(pid=87449) execute /opt/stack/data/venv/lib/python3.12/site-packages/oslo_concurrency/processutils.py:468}}
Jul 10 05:49:53 devstack cinder-volume[87449]: DEBUG oslo_concurrency.processutils [None req-ffa2b9b3-6564-42ed-a916-e1635518b161 tempest-VolumesDeleteCascade-1218680636 None] Running cmd (subprocess): sudo cinder-rootwrap /etc/cinder/rootwrap.conf rm -f /opt/stack/data/cinder/mnt/929a4647f6edb214c8a11ea209ac9fe7/volume-7f37e9b9-69d9-4028-be59-ecc85711f0d9.015ac6df-6424-43a0-a13f-ea9f268a0f56 {{(pid=87449) execute /opt/stack/data/venv/lib/python3.12/site-packages/oslo_concurrency/processutils.py:440}}
Jul 10 05:49:53 devstack sudo[92681]: quobyte : PWD=/ ; USER=root ; COMMAND=/opt/stack/data/venv/bin/cinder-rootwrap /etc/cinder/rootwrap.conf rm -f /opt/stack/data/cinder/mnt/929a4647f6edb214c8a11ea209ac9fe7/volume-7f37e9b9-69d9-4028-be59-ecc85711f0d9.015ac6df-6424-43a0-a13f-ea9f268a0f56
Jul 10 05:49:53 devstack sudo[92681]: pam_unix(sudo:session): session opened for user root(uid=0) by (uid=1000)
Jul 10 05:49:53 devstack sudo[92681]: pam_unix(sudo:session): session closed for user root
Jul 10 05:49:53 devstack cinder-volume[87449]: DEBUG oslo_concurrency.processutils [None req-ffa2b9b3-6564-42ed-a916-e1635518b161 tempest-VolumesDeleteCascade-1218680636 None] CMD "sudo cinder-rootwrap /etc/cinder/rootwrap.conf rm -f /opt/stack/data/cinder/mnt/929a4647f6edb214c8a11ea209ac9fe7/volume-7f37e9b9-69d9-4028-be59-ecc85711f0d9.015ac6df-6424-43a0-a13f-ea9f268a0f56" returned: 0 in 0.661s {{(pid=87449) execute /opt/stack/data/venv/lib/python3.12/site-packages/oslo_concurrency/processutils.py:468}}
Jul 10 05:49:53 devstack cinder-volume[87449]: DEBUG cinder.coordination [None req-ffa2b9b3-6564-42ed-a916-e1635518b161 tempest-VolumesDeleteCascade-1218680636 None] Lock "cinder-quobyte-015ac6df-6424-43a0-a13f-ea9f268a0f56" released by "_delete_snapshot" :: held 3.649s {{(pid=87449) __release /opt/stack/cinder/cinder/coordination.py:152}}
Jul 10 05:49:53 devstack cinder-volume[87449]: DEBUG cinder.coordination [None req-ffa2b9b3-6564-42ed-a916-e1635518b161 tempest-VolumesDeleteCascade-1218680636 None] Lock "cinder-quobyte-7f37e9b9-69d9-4028-be59-ecc85711f0d9" released by "delete_snapshot" :: held 3.696s {{(pid=87449) __release /opt/stack/cinder/cinder/coordination.py:152}}
Jul 10 05:49:53 devstack cinder-volume[87449]: DEBUG dbcounter [-] [87449] Writing DB stats cinder:SELECT=51,cinder:UPDATE=37,cinder:INSERT=14,cinder:DELETE=4 {{(pid=87449) stat_writer /opt/stack/data/venv/lib/python3.12/site-packages/dbcounter.py:115}}
Jul 10 05:49:53 devstack cinder-volume[87449]: DEBUG dbcounter [-] [87449] Writing DB stats cinder:SELECT=47,cinder:UPDATE=41,cinder:INSERT=13,cinder:DELETE=5 {{(pid=87449) stat_writer /opt/stack/data/venv/lib/python3.12/site-packages/dbcounter.py:115}}
Jul 10 05:49:54 devstack cinder-volume[87449]: DEBUG cinder.quota [None req-ffa2b9b3-6564-42ed-a916-e1635518b161 tempest-VolumesDeleteCascade-1218680636 None] Created reservations ['01eb27c3-3802-455f-8e26-9de0d99ae326', 'e471da26-e8c6-44f8-9917-7465d99a0055', 'e03c95c6-8e9b-4a17-b3f1-b6134e46d697', '80b0ce98-499d-4131-92dc-7561099acc1d'] {{(pid=87449) reserve /opt/stack/cinder/cinder/quota.py:752}}
Jul 10 05:49:54 devstack cinder-volume[87449]: INFO cinder.volume.manager [None req-ffa2b9b3-6564-42ed-a916-e1635518b161 tempest-VolumesDeleteCascade-1218680636 None] Delete snapshot completed successfully.
Jul 10 05:49:54 devstack cinder-volume[87449]: DEBUG cinder.coordination [None req-ffa2b9b3-6564-42ed-a916-e1635518b161 tempest-VolumesDeleteCascade-1218680636 None] Lock "cinder-015ac6df-6424-43a0-a13f-ea9f268a0f56-delete_snapshot" released by "delete_snapshot" :: held 3.980s {{(pid=87449) __release /opt/stack/cinder/cinder/coordination.py:152}}
Jul 10 05:49:54 devstack cinder-volume[87449]: DEBUG cinder.coordination [None req-ffa2b9b3-6564-42ed-a916-e1635518b161 tempest-VolumesDeleteCascade-1218680636 None] Acquiring lock "cinder-b855c8b6-3809-4c79-8fa6-664626137647-delete_snapshot" by "delete_snapshot" {{(pid=87449) __acquire /opt/stack/cinder/cinder/coordination.py:138}}
Jul 10 05:49:54 devstack cinder-volume[87449]: DEBUG cinder.coordination [None req-ffa2b9b3-6564-42ed-a916-e1635518b161 tempest-VolumesDeleteCascade-1218680636 None] Lock "cinder-b855c8b6-3809-4c79-8fa6-664626137647-delete_snapshot" acquired by "delete_snapshot" :: waited 0.017s {{(pid=87449) __acquire /opt/stack/cinder/cinder/coordination.py:141}}
Jul 10 05:49:54 devstack cinder-volume[87449]: DEBUG cinder.coordination [None req-ffa2b9b3-6564-42ed-a916-e1635518b161 tempest-VolumesDeleteCascade-1218680636 None] Acquiring lock "cinder-quobyte-7f37e9b9-69d9-4028-be59-ecc85711f0d9" by "delete_snapshot" {{(pid=87449) __acquire /opt/stack/cinder/cinder/coordination.py:138}}
Jul 10 05:49:54 devstack cinder-volume[87449]: DEBUG cinder.coordination [None req-ffa2b9b3-6564-42ed-a916-e1635518b161 tempest-VolumesDeleteCascade-1218680636 None] Lock "cinder-quobyte-7f37e9b9-69d9-4028-be59-ecc85711f0d9" acquired by "delete_snapshot" :: waited 0.024s {{(pid=87449) __acquire /opt/stack/cinder/cinder/coordination.py:141}}
Jul 10 05:49:54 devstack cinder-volume[87449]: DEBUG cinder.coordination [None req-ffa2b9b3-6564-42ed-a916-e1635518b161 tempest-VolumesDeleteCascade-1218680636 None] Acquiring lock "cinder-quobyte-b855c8b6-3809-4c79-8fa6-664626137647" by "_delete_snapshot" {{(pid=87449) __acquire /opt/stack/cinder/cinder/coordination.py:138}}
Jul 10 05:49:54 devstack cinder-volume[87449]: DEBUG cinder.coordination [None req-ffa2b9b3-6564-42ed-a916-e1635518b161 tempest-VolumesDeleteCascade-1218680636 None] Lock "cinder-quobyte-b855c8b6-3809-4c79-8fa6-664626137647" acquired by "_delete_snapshot" :: waited 0.016s {{(pid=87449) __acquire /opt/stack/cinder/cinder/coordination.py:141}}
Jul 10 05:49:54 devstack cinder-volume[87449]: DEBUG cinder.volume.drivers.remotefs [None req-ffa2b9b3-6564-42ed-a916-e1635518b161 tempest-VolumesDeleteCascade-1218680636 None] Deleting offline snapshot b855c8b6-3809-4c79-8fa6-664626137647 of volume 7f37e9b9-69d9-4028-be59-ecc85711f0d9 {{(pid=87449) _delete_snapshot /opt/stack/cinder/cinder/volume/drivers/remotefs.py:1288}}
Jul 10 05:49:54 devstack cinder-volume[87449]: DEBUG cinder.volume.drivers.remotefs [None req-ffa2b9b3-6564-42ed-a916-e1635518b161 tempest-VolumesDeleteCascade-1218680636 None] snapshot_file for this snap is: volume-7f37e9b9-69d9-4028-be59-ecc85711f0d9.b855c8b6-3809-4c79-8fa6-664626137647 {{(pid=87449) _delete_snapshot /opt/stack/cinder/cinder/volume/drivers/remotefs.py:1317}}
Jul 10 05:49:54 devstack cinder-volume[87449]: DEBUG oslo.privsep.daemon [-] privsep: reply[09eeacce-b184-48c8-a771-291c0e513da3]: (4, 'qcow2') {{(pid=88449) _call_back /opt/stack/data/venv/lib/python3.12/site-packages/oslo_privsep/daemon.py:580}}
Jul 10 05:49:54 devstack cinder-volume[87449]: DEBUG oslo_concurrency.processutils [None req-ffa2b9b3-6564-42ed-a916-e1635518b161 tempest-VolumesDeleteCascade-1218680636 None] Running cmd (subprocess): /opt/stack/data/venv/bin/python3.12 -m oslo_concurrency.prlimit --as=1073741824 --cpu=60 -- sudo cinder-rootwrap /etc/cinder/rootwrap.conf env LC_ALL=C qemu-img info -f qcow2 --output=json --force-share /opt/stack/data/cinder/mnt/929a4647f6edb214c8a11ea209ac9fe7/volume-7f37e9b9-69d9-4028-be59-ecc85711f0d9.b855c8b6-3809-4c79-8fa6-664626137647 {{(pid=87449) execute /opt/stack/data/venv/lib/python3.12/site-packages/oslo_concurrency/processutils.py:440}}
Jul 10 05:49:54 devstack sudo[92686]: quobyte : PWD=/ ; USER=root ; COMMAND=/opt/stack/data/venv/bin/cinder-rootwrap /etc/cinder/rootwrap.conf env LC_ALL=C qemu-img info -f qcow2 --output=json --force-share /opt/stack/data/cinder/mnt/929a4647f6edb214c8a11ea209ac9fe7/volume-7f37e9b9-69d9-4028-be59-ecc85711f0d9.b855c8b6-3809-4c79-8fa6-664626137647
Jul 10 05:49:54 devstack sudo[92686]: pam_unix(sudo:session): session opened for user root(uid=0) by (uid=1000)
Jul 10 05:49:55 devstack sudo[92686]: pam_unix(sudo:session): session closed for user root
Jul 10 05:49:55 devstack cinder-volume[87449]: DEBUG oslo_concurrency.processutils [None req-ffa2b9b3-6564-42ed-a916-e1635518b161 tempest-VolumesDeleteCascade-1218680636 None] CMD "/opt/stack/data/venv/bin/python3.12 -m oslo_concurrency.prlimit --as=1073741824 --cpu=60 -- sudo cinder-rootwrap /etc/cinder/rootwrap.conf env LC_ALL=C qemu-img info -f qcow2 --output=json --force-share /opt/stack/data/cinder/mnt/929a4647f6edb214c8a11ea209ac9fe7/volume-7f37e9b9-69d9-4028-be59-ecc85711f0d9.b855c8b6-3809-4c79-8fa6-664626137647" returned: 0 in 0.964s {{(pid=87449) execute /opt/stack/data/venv/lib/python3.12/site-packages/oslo_concurrency/processutils.py:468}}
Jul 10 05:49:55 devstack cinder-volume[87449]: DEBUG cinder.volume.drivers.remotefs [None req-ffa2b9b3-6564-42ed-a916-e1635518b161 tempest-VolumesDeleteCascade-1218680636 None] Fetching qemu-img info with special backing_file_template: (/opt/stack/data/cinder/mnt/[0-9a-f]+/)?(volume-7f37e9b9-69d9-4028-be59-ecc85711f0d9(.(tmp-snap-)?[0-9a-f-]+)?|volume_from_snapshot_cache/(tmp-snap-)?[0-9a-f-]+(.(child-|parent-)[0-9a-f-]+)?)$ {{(pid=87449) _qemu_img_info_base /opt/stack/cinder/cinder/volume/drivers/remotefs.py:896}}
Jul 10 05:49:55 devstack cinder-volume[87449]: DEBUG oslo.privsep.daemon [-] privsep: reply[f7e42621-9dff-4b88-9e50-6ee6dcfd482e]: (4, 'qcow2') {{(pid=88449) _call_back /opt/stack/data/venv/lib/python3.12/site-packages/oslo_privsep/daemon.py:580}}
Jul 10 05:49:55 devstack cinder-volume[87449]: DEBUG oslo_concurrency.processutils [None req-ffa2b9b3-6564-42ed-a916-e1635518b161 tempest-VolumesDeleteCascade-1218680636 None] Running cmd (subprocess): /opt/stack/data/venv/bin/python3.12 -m oslo_concurrency.prlimit --as=1073741824 --cpu=60 -- sudo cinder-rootwrap /etc/cinder/rootwrap.conf env LC_ALL=C qemu-img info -f qcow2 --output=json --force-share /opt/stack/data/cinder/mnt/929a4647f6edb214c8a11ea209ac9fe7/volume-7f37e9b9-69d9-4028-be59-ecc85711f0d9 {{(pid=87449) execute /opt/stack/data/venv/lib/python3.12/site-packages/oslo_concurrency/processutils.py:440}}
Jul 10 05:49:55 devstack sudo[92695]: quobyte : PWD=/ ; USER=root ; COMMAND=/opt/stack/data/venv/bin/cinder-rootwrap /etc/cinder/rootwrap.conf env LC_ALL=C qemu-img info -f qcow2 --output=json --force-share /opt/stack/data/cinder/mnt/929a4647f6edb214c8a11ea209ac9fe7/volume-7f37e9b9-69d9-4028-be59-ecc85711f0d9
Jul 10 05:49:55 devstack sudo[92695]: pam_unix(sudo:session): session opened for user root(uid=0) by (uid=1000)
Jul 10 05:49:56 devstack sudo[92695]: pam_unix(sudo:session): session closed for user root
Jul 10 05:49:56 devstack cinder-volume[87449]: DEBUG oslo_concurrency.processutils [None req-ffa2b9b3-6564-42ed-a916-e1635518b161 tempest-VolumesDeleteCascade-1218680636 None] CMD "/opt/stack/data/venv/bin/python3.12 -m oslo_concurrency.prlimit --as=1073741824 --cpu=60 -- sudo cinder-rootwrap /etc/cinder/rootwrap.conf env LC_ALL=C qemu-img info -f qcow2 --output=json --force-share /opt/stack/data/cinder/mnt/929a4647f6edb214c8a11ea209ac9fe7/volume-7f37e9b9-69d9-4028-be59-ecc85711f0d9" returned: 0 in 1.074s {{(pid=87449) execute /opt/stack/data/venv/lib/python3.12/site-packages/oslo_concurrency/processutils.py:468}}
Jul 10 05:49:56 devstack cinder-volume[87449]: DEBUG oslo_concurrency.processutils [None req-ffa2b9b3-6564-42ed-a916-e1635518b161 tempest-VolumesDeleteCascade-1218680636 None] Running cmd (subprocess): sudo cinder-rootwrap /etc/cinder/rootwrap.conf qemu-img commit -d /opt/stack/data/cinder/mnt/929a4647f6edb214c8a11ea209ac9fe7/volume-7f37e9b9-69d9-4028-be59-ecc85711f0d9.b855c8b6-3809-4c79-8fa6-664626137647 {{(pid=87449) execute /opt/stack/data/venv/lib/python3.12/site-packages/oslo_concurrency/processutils.py:440}}
Jul 10 05:49:56 devstack sudo[92744]: quobyte : PWD=/ ; USER=root ; COMMAND=/opt/stack/data/venv/bin/cinder-rootwrap /etc/cinder/rootwrap.conf qemu-img commit -d /opt/stack/data/cinder/mnt/929a4647f6edb214c8a11ea209ac9fe7/volume-7f37e9b9-69d9-4028-be59-ecc85711f0d9.b855c8b6-3809-4c79-8fa6-664626137647
Jul 10 05:49:56 devstack sudo[92744]: pam_unix(sudo:session): session opened for user root(uid=0) by (uid=1000)
Jul 10 05:49:57 devstack sudo[92744]: pam_unix(sudo:session): session closed for user root
Jul 10 05:49:57 devstack cinder-volume[87449]: DEBUG oslo_concurrency.processutils [None req-ffa2b9b3-6564-42ed-a916-e1635518b161 tempest-VolumesDeleteCascade-1218680636 None] CMD "sudo cinder-rootwrap /etc/cinder/rootwrap.conf qemu-img commit -d /opt/stack/data/cinder/mnt/929a4647f6edb214c8a11ea209ac9fe7/volume-7f37e9b9-69d9-4028-be59-ecc85711f0d9.b855c8b6-3809-4c79-8fa6-664626137647" returned: 0 in 1.004s {{(pid=87449) execute /opt/stack/data/venv/lib/python3.12/site-packages/oslo_concurrency/processutils.py:468}}
Jul 10 05:49:57 devstack cinder-volume[87449]: DEBUG oslo_concurrency.processutils [None req-ffa2b9b3-6564-42ed-a916-e1635518b161 tempest-VolumesDeleteCascade-1218680636 None] Running cmd (subprocess): sudo cinder-rootwrap /etc/cinder/rootwrap.conf rm -f /opt/stack/data/cinder/mnt/929a4647f6edb214c8a11ea209ac9fe7/volume-7f37e9b9-69d9-4028-be59-ecc85711f0d9.b855c8b6-3809-4c79-8fa6-664626137647 {{(pid=87449) execute /opt/stack/data/venv/lib/python3.12/site-packages/oslo_concurrency/processutils.py:440}}
Jul 10 05:49:57 devstack sudo[92765]: quobyte : PWD=/ ; USER=root ; COMMAND=/opt/stack/data/venv/bin/cinder-rootwrap /etc/cinder/rootwrap.conf rm -f /opt/stack/data/cinder/mnt/929a4647f6edb214c8a11ea209ac9fe7/volume-7f37e9b9-69d9-4028-be59-ecc85711f0d9.b855c8b6-3809-4c79-8fa6-664626137647
Jul 10 05:49:57 devstack sudo[92765]: pam_unix(sudo:session): session opened for user root(uid=0) by (uid=1000)
Jul 10 05:49:57 devstack sudo[92765]: pam_unix(sudo:session): session closed for user root
Jul 10 05:49:58 devstack cinder-volume[87449]: DEBUG oslo_concurrency.processutils [None req-ffa2b9b3-6564-42ed-a916-e1635518b161 tempest-VolumesDeleteCascade-1218680636 None] CMD "sudo cinder-rootwrap /etc/cinder/rootwrap.conf rm -f /opt/stack/data/cinder/mnt/929a4647f6edb214c8a11ea209ac9fe7/volume-7f37e9b9-69d9-4028-be59-ecc85711f0d9.b855c8b6-3809-4c79-8fa6-664626137647" returned: 0 in 0.687s {{(pid=87449) execute /opt/stack/data/venv/lib/python3.12/site-packages/oslo_concurrency/processutils.py:468}}
Jul 10 05:49:58 devstack cinder-volume[87449]: DEBUG cinder.coordination [None req-ffa2b9b3-6564-42ed-a916-e1635518b161 tempest-VolumesDeleteCascade-1218680636 None] Lock "cinder-quobyte-b855c8b6-3809-4c79-8fa6-664626137647" released by "_delete_snapshot" :: held 3.871s {{(pid=87449) __release /opt/stack/cinder/cinder/coordination.py:152}}
Jul 10 05:49:58 devstack cinder-volume[87449]: DEBUG cinder.coordination [None req-ffa2b9b3-6564-42ed-a916-e1635518b161 tempest-VolumesDeleteCascade-1218680636 None] Lock "cinder-quobyte-7f37e9b9-69d9-4028-be59-ecc85711f0d9" released by "delete_snapshot" :: held 3.899s {{(pid=87449) __release /opt/stack/cinder/cinder/coordination.py:152}}
Jul 10 05:49:58 devstack cinder-volume[87449]: DEBUG cinder.quota [None req-ffa2b9b3-6564-42ed-a916-e1635518b161 tempest-VolumesDeleteCascade-1218680636 None] Created reservations ['419a78cc-06a0-45c7-af32-4be286c2d910', '84bf8a8b-2d32-4991-95e9-cf7f7bdcac87', '3c4eb831-6f54-414f-82e0-aa944b1e4872', 'a6a54ab9-fbea-4d24-bf9f-e78cbd48b3d7'] {{(pid=87449) reserve /opt/stack/cinder/cinder/quota.py:752}}
Jul 10 05:49:58 devstack cinder-volume[87449]: INFO cinder.volume.manager [None req-ffa2b9b3-6564-42ed-a916-e1635518b161 tempest-VolumesDeleteCascade-1218680636 None] Delete snapshot completed successfully.
Jul 10 05:49:58 devstack cinder-volume[87449]: DEBUG cinder.coordination [None req-ffa2b9b3-6564-42ed-a916-e1635518b161 tempest-VolumesDeleteCascade-1218680636 None] Lock "cinder-b855c8b6-3809-4c79-8fa6-664626137647-delete_snapshot" released by "delete_snapshot" :: held 4.144s {{(pid=87449) __release /opt/stack/cinder/cinder/coordination.py:152}}
Jul 10 05:49:58 devstack cinder-volume[87449]: DEBUG cinder.volume.manager [None req-ffa2b9b3-6564-42ed-a916-e1635518b161 tempest-VolumesDeleteCascade-1218680636 None] Snapshots deleted, issuing volume delete {{(pid=87449) delete_volume /opt/stack/cinder/cinder/volume/manager.py:1010}}
Jul 10 05:49:58 devstack cinder-volume[87449]: DEBUG cinder.coordination [None req-ffa2b9b3-6564-42ed-a916-e1635518b161 tempest-VolumesDeleteCascade-1218680636 None] Acquiring lock "cinder-quobyte-7f37e9b9-69d9-4028-be59-ecc85711f0d9" by "delete_volume" {{(pid=87449) __acquire /opt/stack/cinder/cinder/coordination.py:138}}
Jul 10 05:49:58 devstack cinder-volume[87449]: DEBUG cinder.coordination [None req-ffa2b9b3-6564-42ed-a916-e1635518b161 tempest-VolumesDeleteCascade-1218680636 None] Lock "cinder-quobyte-7f37e9b9-69d9-4028-be59-ecc85711f0d9" acquired by "delete_volume" :: waited 0.017s {{(pid=87449) __acquire /opt/stack/cinder/cinder/coordination.py:141}}
Jul 10 05:49:58 devstack cinder-volume[87449]: DEBUG oslo.privsep.daemon [-] privsep: reply[0c41d258-f78d-42d2-9330-478e27ad51eb]: (4, 'qcow2') {{(pid=88449) _call_back /opt/stack/data/venv/lib/python3.12/site-packages/oslo_privsep/daemon.py:580}}
