Jul 09 02:51:51 devstack cinder-volume[87156]: DEBUG oslo_concurrency.lockutils [req-c496ce3f-84d9-499f-9e75-0f7dcaaddba6 req-227c1bec-1671-4519-aaba-c22f3ad21577 tempest-VolumesSnapshotsTestJSON-186628452 None] Lock "quobyte" acquired by "cinder.volume.drivers.quobyte.QuobyteDriver.create_snapshot" :: waited 1.343s {{(pid=87156) inner /opt/stack/data/venv/lib/python3.12/site-packages/oslo_concurrency/lockutils.py:524}}
Jul 09 02:51:51 devstack cinder-volume[87156]: DEBUG cinder.volume.drivers.remotefs [req-c496ce3f-84d9-499f-9e75-0f7dcaaddba6 req-227c1bec-1671-4519-aaba-c22f3ad21577 tempest-VolumesSnapshotsTestJSON-186628452 None] Creating offline snapshot ab1e941e-6927-4715-8c74-d37f8fb30475 of volume b0fa9e37-fcd4-4dfd-8c08-78e04c268b13 {{(pid=87156) _create_snapshot /opt/stack/cinder/cinder/volume/drivers/remotefs.py:1816}}
Jul 09 02:51:52 devstack cinder-volume[87156]: DEBUG cinder.volume.manager [None req-999dadec-ec0a-4f4f-a17a-b51f1f8fd529 tempest-VolumesActionsTest-1887345895 None] Task 'cinder.volume.flows.manager.create_volume.CreateVolumeFromSpecTask;volume:create' (0df3e139-a7c2-475a-8eb2-4097cfdabae4) transitioned into state 'SUCCESS' from state 'RUNNING' with result '{'status': 'creating', 'volume_name': 'volume-de06abcf-a9e7-4a52-b83b-894fc29476b6', 'volume_size': 1}' {{(pid=87156) _task_receiver /opt/stack/data/venv/lib/python3.12/site-packages/taskflow/listeners/logging.py:218}}
Jul 09 02:51:52 devstack cinder-volume[87156]: DEBUG cinder.volume.manager [None req-999dadec-ec0a-4f4f-a17a-b51f1f8fd529 tempest-VolumesActionsTest-1887345895 None] Task 'cinder.volume.flows.manager.create_volume.CreateVolumeOnFinishTask;volume:create, create.end' (cc17aef9-761d-4105-88ab-8e210859270e) transitioned into state 'RUNNING' from state 'PENDING' {{(pid=87156) _task_receiver /opt/stack/data/venv/lib/python3.12/site-packages/taskflow/listeners/logging.py:242}}
Jul 09 02:51:52 devstack cinder-volume[87156]: DEBUG oslo.privsep.daemon [-] privsep: reply[d63e6d3a-8825-48fc-a4d4-49e7a9726f7e]: (4, 'qcow2') {{(pid=88483) _call_back /opt/stack/data/venv/lib/python3.12/site-packages/oslo_privsep/daemon.py:580}}
Jul 09 02:51:52 devstack cinder-volume[87156]: DEBUG oslo_concurrency.processutils [req-c496ce3f-84d9-499f-9e75-0f7dcaaddba6 req-227c1bec-1671-4519-aaba-c22f3ad21577 tempest-VolumesSnapshotsTestJSON-186628452 None] Running cmd (subprocess): /opt/stack/data/venv/bin/python3.12 -m oslo_concurrency.prlimit --as=1073741824 --cpu=60 -- sudo cinder-rootwrap /etc/cinder/rootwrap.conf env LC_ALL=C qemu-img info -f qcow2 --output=json --force-share /opt/stack/data/cinder/mnt/79824450dd292ebf72842a493e79fd7b/volume-b0fa9e37-fcd4-4dfd-8c08-78e04c268b13 {{(pid=87156) execute /opt/stack/data/venv/lib/python3.12/site-packages/oslo_concurrency/processutils.py:440}}
Jul 09 02:51:52 devstack cinder-volume[87156]: INFO cinder.volume.flows.manager.create_volume [None req-999dadec-ec0a-4f4f-a17a-b51f1f8fd529 tempest-VolumesActionsTest-1887345895 None] Volume volume-de06abcf-a9e7-4a52-b83b-894fc29476b6 (de06abcf-a9e7-4a52-b83b-894fc29476b6): created successfully
Jul 09 02:51:52 devstack cinder-volume[87156]: DEBUG cinder.volume.manager [None req-999dadec-ec0a-4f4f-a17a-b51f1f8fd529 tempest-VolumesActionsTest-1887345895 None] Task 'cinder.volume.flows.manager.create_volume.CreateVolumeOnFinishTask;volume:create, create.end' (cc17aef9-761d-4105-88ab-8e210859270e) transitioned into state 'SUCCESS' from state 'RUNNING' with result 'None' {{(pid=87156) _task_receiver /opt/stack/data/venv/lib/python3.12/site-packages/taskflow/listeners/logging.py:218}}
Jul 09 02:51:52 devstack cinder-volume[87156]: DEBUG cinder.volume.manager [None req-999dadec-ec0a-4f4f-a17a-b51f1f8fd529 tempest-VolumesActionsTest-1887345895 None] Flow 'volume_create_manager' (322d2e96-160e-4201-b91c-8f6e93d7426d) transitioned into state 'SUCCESS' from state 'RUNNING' {{(pid=87156) _flow_receiver /opt/stack/data/venv/lib/python3.12/site-packages/taskflow/listeners/logging.py:160}}
Jul 09 02:51:52 devstack cinder-volume[87156]: INFO cinder.volume.manager [None req-999dadec-ec0a-4f4f-a17a-b51f1f8fd529 tempest-VolumesActionsTest-1887345895 None] Created volume successfully.
Jul 09 02:51:52 devstack sudo[94350]: quobyte : PWD=/ ; USER=root ; COMMAND=/opt/stack/data/venv/bin/cinder-rootwrap /etc/cinder/rootwrap.conf env LC_ALL=C qemu-img info -f qcow2 --output=json --force-share /opt/stack/data/cinder/mnt/79824450dd292ebf72842a493e79fd7b/volume-b0fa9e37-fcd4-4dfd-8c08-78e04c268b13
Jul 09 02:51:52 devstack sudo[94350]: pam_unix(sudo:session): session opened for user root(uid=0) by (uid=1000)
Jul 09 02:51:53 devstack sudo[94350]: pam_unix(sudo:session): session closed for user root
Jul 09 02:51:53 devstack cinder-volume[87156]: DEBUG oslo_concurrency.processutils [req-c496ce3f-84d9-499f-9e75-0f7dcaaddba6 req-227c1bec-1671-4519-aaba-c22f3ad21577 tempest-VolumesSnapshotsTestJSON-186628452 None] CMD "/opt/stack/data/venv/bin/python3.12 -m oslo_concurrency.prlimit --as=1073741824 --cpu=60 -- sudo cinder-rootwrap /etc/cinder/rootwrap.conf env LC_ALL=C qemu-img info -f qcow2 --output=json --force-share /opt/stack/data/cinder/mnt/79824450dd292ebf72842a493e79fd7b/volume-b0fa9e37-fcd4-4dfd-8c08-78e04c268b13" returned: 0 in 0.975s {{(pid=87156) execute /opt/stack/data/venv/lib/python3.12/site-packages/oslo_concurrency/processutils.py:468}}
Jul 09 02:51:53 devstack cinder-volume[87156]: DEBUG oslo_concurrency.processutils [req-c496ce3f-84d9-499f-9e75-0f7dcaaddba6 req-227c1bec-1671-4519-aaba-c22f3ad21577 tempest-VolumesSnapshotsTestJSON-186628452 None] Running cmd (subprocess): sudo cinder-rootwrap /etc/cinder/rootwrap.conf qemu-img create -f qcow2 -o backing_file=/opt/stack/data/cinder/mnt/79824450dd292ebf72842a493e79fd7b/volume-b0fa9e37-fcd4-4dfd-8c08-78e04c268b13,backing_fmt=qcow2 /opt/stack/data/cinder/mnt/79824450dd292ebf72842a493e79fd7b/volume-b0fa9e37-fcd4-4dfd-8c08-78e04c268b13.ab1e941e-6927-4715-8c74-d37f8fb30475 1G {{(pid=87156) execute /opt/stack/data/venv/lib/python3.12/site-packages/oslo_concurrency/processutils.py:440}}
Jul 09 02:51:53 devstack sudo[94355]: quobyte : PWD=/ ; USER=root ; COMMAND=/opt/stack/data/venv/bin/cinder-rootwrap /etc/cinder/rootwrap.conf qemu-img create -f qcow2 -o backing_file=/opt/stack/data/cinder/mnt/79824450dd292ebf72842a493e79fd7b/volume-b0fa9e37-fcd4-4dfd-8c08-78e04c268b13,backing_fmt=qcow2 /opt/stack/data/cinder/mnt/79824450dd292ebf72842a493e79fd7b/volume-b0fa9e37-fcd4-4dfd-8c08-78e04c268b13.ab1e941e-6927-4715-8c74-d37f8fb30475 1G
Jul 09 02:51:53 devstack sudo[94355]: pam_unix(sudo:session): session opened for user root(uid=0) by (uid=1000)
Jul 09 02:51:53 devstack sudo[94355]: pam_unix(sudo:session): session closed for user root
Jul 09 02:51:53 devstack cinder-volume[87156]: DEBUG oslo_concurrency.processutils [req-c496ce3f-84d9-499f-9e75-0f7dcaaddba6 req-227c1bec-1671-4519-aaba-c22f3ad21577 tempest-VolumesSnapshotsTestJSON-186628452 None] CMD "sudo cinder-rootwrap /etc/cinder/rootwrap.conf qemu-img create -f qcow2 -o backing_file=/opt/stack/data/cinder/mnt/79824450dd292ebf72842a493e79fd7b/volume-b0fa9e37-fcd4-4dfd-8c08-78e04c268b13,backing_fmt=qcow2 /opt/stack/data/cinder/mnt/79824450dd292ebf72842a493e79fd7b/volume-b0fa9e37-fcd4-4dfd-8c08-78e04c268b13.ab1e941e-6927-4715-8c74-d37f8fb30475 1G" returned: 0 in 0.989s {{(pid=87156) execute /opt/stack/data/venv/lib/python3.12/site-packages/oslo_concurrency/processutils.py:468}}
Jul 09 02:51:53 devstack cinder-volume[87156]: DEBUG oslo_concurrency.processutils [req-c496ce3f-84d9-499f-9e75-0f7dcaaddba6 req-227c1bec-1671-4519-aaba-c22f3ad21577 tempest-VolumesSnapshotsTestJSON-186628452 None] Running cmd (subprocess): sudo cinder-rootwrap /etc/cinder/rootwrap.conf qemu-img rebase -u -b volume-b0fa9e37-fcd4-4dfd-8c08-78e04c268b13 -F qcow2 /opt/stack/data/cinder/mnt/79824450dd292ebf72842a493e79fd7b/volume-b0fa9e37-fcd4-4dfd-8c08-78e04c268b13.ab1e941e-6927-4715-8c74-d37f8fb30475 {{(pid=87156) execute /opt/stack/data/venv/lib/python3.12/site-packages/oslo_concurrency/processutils.py:440}}
Jul 09 02:51:54 devstack sudo[94364]: quobyte : PWD=/ ; USER=root ; COMMAND=/opt/stack/data/venv/bin/cinder-rootwrap /etc/cinder/rootwrap.conf qemu-img rebase -u -b volume-b0fa9e37-fcd4-4dfd-8c08-78e04c268b13 -F qcow2 /opt/stack/data/cinder/mnt/79824450dd292ebf72842a493e79fd7b/volume-b0fa9e37-fcd4-4dfd-8c08-78e04c268b13.ab1e941e-6927-4715-8c74-d37f8fb30475
Jul 09 02:51:54 devstack sudo[94364]: pam_unix(sudo:session): session opened for user root(uid=0) by (uid=1000)
Jul 09 02:51:54 devstack sudo[94364]: pam_unix(sudo:session): session closed for user root
Jul 09 02:51:54 devstack cinder-volume[87156]: DEBUG oslo_concurrency.processutils [req-c496ce3f-84d9-499f-9e75-0f7dcaaddba6 req-227c1bec-1671-4519-aaba-c22f3ad21577 tempest-VolumesSnapshotsTestJSON-186628452 None] CMD "sudo cinder-rootwrap /etc/cinder/rootwrap.conf qemu-img rebase -u -b volume-b0fa9e37-fcd4-4dfd-8c08-78e04c268b13 -F qcow2 /opt/stack/data/cinder/mnt/79824450dd292ebf72842a493e79fd7b/volume-b0fa9e37-fcd4-4dfd-8c08-78e04c268b13.ab1e941e-6927-4715-8c74-d37f8fb30475" returned: 0 in 0.889s {{(pid=87156) execute /opt/stack/data/venv/lib/python3.12/site-packages/oslo_concurrency/processutils.py:468}}
Jul 09 02:51:54 devstack cinder-volume[87156]: WARNING cinder.volume.drivers.remotefs [req-c496ce3f-84d9-499f-9e75-0f7dcaaddba6 req-227c1bec-1671-4519-aaba-c22f3ad21577 tempest-VolumesSnapshotsTestJSON-186628452 None] /opt/stack/data/cinder/mnt/79824450dd292ebf72842a493e79fd7b/volume-b0fa9e37-fcd4-4dfd-8c08-78e04c268b13.ab1e941e-6927-4715-8c74-d37f8fb30475 is being set with open permissions: ugo+rw
Jul 09 02:51:54 devstack cinder-volume[87156]: DEBUG oslo_concurrency.processutils [req-c496ce3f-84d9-499f-9e75-0f7dcaaddba6 req-227c1bec-1671-4519-aaba-c22f3ad21577 tempest-VolumesSnapshotsTestJSON-186628452 None] Running cmd (subprocess): sudo cinder-rootwrap /etc/cinder/rootwrap.conf chmod ugo+rw /opt/stack/data/cinder/mnt/79824450dd292ebf72842a493e79fd7b/volume-b0fa9e37-fcd4-4dfd-8c08-78e04c268b13.ab1e941e-6927-4715-8c74-d37f8fb30475 {{(pid=87156) execute /opt/stack/data/venv/lib/python3.12/site-packages/oslo_concurrency/processutils.py:440}}
Jul 09 02:51:54 devstack sudo[94370]: quobyte : PWD=/ ; USER=root ; COMMAND=/opt/stack/data/venv/bin/cinder-rootwrap /etc/cinder/rootwrap.conf chmod ugo+rw /opt/stack/data/cinder/mnt/79824450dd292ebf72842a493e79fd7b/volume-b0fa9e37-fcd4-4dfd-8c08-78e04c268b13.ab1e941e-6927-4715-8c74-d37f8fb30475
Jul 09 02:51:54 devstack sudo[94370]: pam_unix(sudo:session): session opened for user root(uid=0) by (uid=1000)
Jul 09 02:51:55 devstack sudo[94370]: pam_unix(sudo:session): session closed for user root
Jul 09 02:51:55 devstack cinder-volume[87156]: DEBUG oslo_concurrency.processutils [req-c496ce3f-84d9-499f-9e75-0f7dcaaddba6 req-227c1bec-1671-4519-aaba-c22f3ad21577 tempest-VolumesSnapshotsTestJSON-186628452 None] CMD "sudo cinder-rootwrap /etc/cinder/rootwrap.conf chmod ugo+rw /opt/stack/data/cinder/mnt/79824450dd292ebf72842a493e79fd7b/volume-b0fa9e37-fcd4-4dfd-8c08-78e04c268b13.ab1e941e-6927-4715-8c74-d37f8fb30475" returned: 0 in 0.717s {{(pid=87156) execute /opt/stack/data/venv/lib/python3.12/site-packages/oslo_concurrency/processutils.py:468}}
Jul 09 02:51:55 devstack cinder-volume[87156]: DEBUG oslo_concurrency.processutils [req-c496ce3f-84d9-499f-9e75-0f7dcaaddba6 req-227c1bec-1671-4519-aaba-c22f3ad21577 tempest-VolumesSnapshotsTestJSON-186628452 None] Running cmd (subprocess): sudo cinder-rootwrap /etc/cinder/rootwrap.conf truncate -s0 /opt/stack/data/cinder/mnt/79824450dd292ebf72842a493e79fd7b/volume-b0fa9e37-fcd4-4dfd-8c08-78e04c268b13.info {{(pid=87156) execute /opt/stack/data/venv/lib/python3.12/site-packages/oslo_concurrency/processutils.py:440}}
Jul 09 02:51:55 devstack sudo[94373]: quobyte : PWD=/ ; USER=root ; COMMAND=/opt/stack/data/venv/bin/cinder-rootwrap /etc/cinder/rootwrap.conf truncate -s0 /opt/stack/data/cinder/mnt/79824450dd292ebf72842a493e79fd7b/volume-b0fa9e37-fcd4-4dfd-8c08-78e04c268b13.info
Jul 09 02:51:55 devstack sudo[94373]: pam_unix(sudo:session): session opened for user root(uid=0) by (uid=1000)
Jul 09 02:51:56 devstack sudo[94373]: pam_unix(sudo:session): session closed for user root
Jul 09 02:51:56 devstack cinder-volume[87156]: DEBUG oslo_concurrency.processutils [req-c496ce3f-84d9-499f-9e75-0f7dcaaddba6 req-227c1bec-1671-4519-aaba-c22f3ad21577 tempest-VolumesSnapshotsTestJSON-186628452 None] CMD "sudo cinder-rootwrap /etc/cinder/rootwrap.conf truncate -s0 /opt/stack/data/cinder/mnt/79824450dd292ebf72842a493e79fd7b/volume-b0fa9e37-fcd4-4dfd-8c08-78e04c268b13.info" returned: 0 in 0.758s {{(pid=87156) execute /opt/stack/data/venv/lib/python3.12/site-packages/oslo_concurrency/processutils.py:468}}
Jul 09 02:51:56 devstack cinder-volume[87156]: WARNING cinder.volume.drivers.remotefs [req-c496ce3f-84d9-499f-9e75-0f7dcaaddba6 req-227c1bec-1671-4519-aaba-c22f3ad21577 tempest-VolumesSnapshotsTestJSON-186628452 None] /opt/stack/data/cinder/mnt/79824450dd292ebf72842a493e79fd7b/volume-b0fa9e37-fcd4-4dfd-8c08-78e04c268b13.info is being set with open permissions: ugo+rw
Jul 09 02:51:56 devstack cinder-volume[87156]: DEBUG oslo_concurrency.processutils [req-c496ce3f-84d9-499f-9e75-0f7dcaaddba6 req-227c1bec-1671-4519-aaba-c22f3ad21577 tempest-VolumesSnapshotsTestJSON-186628452 None] Running cmd (subprocess): sudo cinder-rootwrap /etc/cinder/rootwrap.conf chmod ugo+rw /opt/stack/data/cinder/mnt/79824450dd292ebf72842a493e79fd7b/volume-b0fa9e37-fcd4-4dfd-8c08-78e04c268b13.info {{(pid=87156) execute /opt/stack/data/venv/lib/python3.12/site-packages/oslo_concurrency/processutils.py:440}}
Jul 09 02:51:56 devstack sudo[94376]: quobyte : PWD=/ ; USER=root ; COMMAND=/opt/stack/data/venv/bin/cinder-rootwrap /etc/cinder/rootwrap.conf chmod ugo+rw /opt/stack/data/cinder/mnt/79824450dd292ebf72842a493e79fd7b/volume-b0fa9e37-fcd4-4dfd-8c08-78e04c268b13.info
Jul 09 02:51:56 devstack sudo[94376]: pam_unix(sudo:session): session opened for user root(uid=0) by (uid=1000)
Jul 09 02:51:57 devstack sudo[94376]: pam_unix(sudo:session): session closed for user root
Jul 09 02:51:57 devstack cinder-volume[87156]: DEBUG oslo_concurrency.processutils [req-c496ce3f-84d9-499f-9e75-0f7dcaaddba6 req-227c1bec-1671-4519-aaba-c22f3ad21577 tempest-VolumesSnapshotsTestJSON-186628452 None] CMD "sudo cinder-rootwrap /etc/cinder/rootwrap.conf chmod ugo+rw /opt/stack/data/cinder/mnt/79824450dd292ebf72842a493e79fd7b/volume-b0fa9e37-fcd4-4dfd-8c08-78e04c268b13.info" returned: 0 in 0.781s {{(pid=87156) execute /opt/stack/data/venv/lib/python3.12/site-packages/oslo_concurrency/processutils.py:468}}
Jul 09 02:51:57 devstack cinder-volume[87156]: DEBUG oslo_concurrency.lockutils [req-c496ce3f-84d9-499f-9e75-0f7dcaaddba6 req-227c1bec-1671-4519-aaba-c22f3ad21577 tempest-VolumesSnapshotsTestJSON-186628452 None] Lock "quobyte" "released" by "cinder.volume.drivers.quobyte.QuobyteDriver.create_snapshot" :: held 5.226s {{(pid=87156) inner /opt/stack/data/venv/lib/python3.12/site-packages/oslo_concurrency/lockutils.py:543}}
Jul 09 02:51:57 devstack cinder-volume[87156]: INFO cinder.volume.manager [req-c496ce3f-84d9-499f-9e75-0f7dcaaddba6 req-227c1bec-1671-4519-aaba-c22f3ad21577 tempest-VolumesSnapshotsTestJSON-186628452 None] Create snapshot completed successfully
Jul 09 02:51:57 devstack cinder-volume[87156]: DEBUG cinder.coordination [req-dc9962e2-4790-4f48-b254-17f9fe054262 req-3da25227-d4df-4c84-b1e2-0fca9af6a621 tempest-VolumesSnapshotsTestJSON-186628452 None] Acquiring lock "cinder-ab1e941e-6927-4715-8c74-d37f8fb30475-delete_snapshot" by "delete_snapshot" {{(pid=87156) __acquire /opt/stack/cinder/cinder/coordination.py:138}}
Jul 09 02:51:57 devstack cinder-volume[87156]: DEBUG cinder.coordination [req-dc9962e2-4790-4f48-b254-17f9fe054262 req-3da25227-d4df-4c84-b1e2-0fca9af6a621 tempest-VolumesSnapshotsTestJSON-186628452 None] Lock "cinder-ab1e941e-6927-4715-8c74-d37f8fb30475-delete_snapshot" acquired by "delete_snapshot" :: waited 0.024s {{(pid=87156) __acquire /opt/stack/cinder/cinder/coordination.py:141}}
Jul 09 02:51:57 devstack cinder-volume[87156]: DEBUG cinder.coordination [req-dc9962e2-4790-4f48-b254-17f9fe054262 req-3da25227-d4df-4c84-b1e2-0fca9af6a621 tempest-VolumesSnapshotsTestJSON-186628452 None] Acquiring lock "cinder-quobyte-b0fa9e37-fcd4-4dfd-8c08-78e04c268b13" by "delete_snapshot" {{(pid=87156) __acquire /opt/stack/cinder/cinder/coordination.py:138}}
Jul 09 02:51:57 devstack cinder-volume[87156]: DEBUG cinder.coordination [req-dc9962e2-4790-4f48-b254-17f9fe054262 req-3da25227-d4df-4c84-b1e2-0fca9af6a621 tempest-VolumesSnapshotsTestJSON-186628452 None] Lock "cinder-quobyte-b0fa9e37-fcd4-4dfd-8c08-78e04c268b13" acquired by "delete_snapshot" :: waited 0.021s {{(pid=87156) __acquire /opt/stack/cinder/cinder/coordination.py:141}}
Jul 09 02:51:57 devstack cinder-volume[87156]: DEBUG cinder.coordination [req-dc9962e2-4790-4f48-b254-17f9fe054262 req-3da25227-d4df-4c84-b1e2-0fca9af6a621 tempest-VolumesSnapshotsTestJSON-186628452 None] Acquiring lock "cinder-quobyte-ab1e941e-6927-4715-8c74-d37f8fb30475" by "_delete_snapshot" {{(pid=87156) __acquire /opt/stack/cinder/cinder/coordination.py:138}}
Jul 09 02:51:57 devstack cinder-volume[87156]: DEBUG cinder.coordination [req-dc9962e2-4790-4f48-b254-17f9fe054262 req-3da25227-d4df-4c84-b1e2-0fca9af6a621 tempest-VolumesSnapshotsTestJSON-186628452 None] Lock "cinder-quobyte-ab1e941e-6927-4715-8c74-d37f8fb30475" acquired by "_delete_snapshot" :: waited 0.022s {{(pid=87156) __acquire /opt/stack/cinder/cinder/coordination.py:141}}
Jul 09 02:51:57 devstack cinder-volume[87156]: DEBUG cinder.volume.drivers.remotefs [req-dc9962e2-4790-4f48-b254-17f9fe054262 req-3da25227-d4df-4c84-b1e2-0fca9af6a621 tempest-VolumesSnapshotsTestJSON-186628452 None] Deleting offline snapshot ab1e941e-6927-4715-8c74-d37f8fb30475 of volume b0fa9e37-fcd4-4dfd-8c08-78e04c268b13 {{(pid=87156) _delete_snapshot /opt/stack/cinder/cinder/volume/drivers/remotefs.py:1288}}
Jul 09 02:51:57 devstack cinder-volume[87156]: DEBUG cinder.volume.drivers.remotefs [req-dc9962e2-4790-4f48-b254-17f9fe054262 req-3da25227-d4df-4c84-b1e2-0fca9af6a621 tempest-VolumesSnapshotsTestJSON-186628452 None] snapshot_file for this snap is: volume-b0fa9e37-fcd4-4dfd-8c08-78e04c268b13.ab1e941e-6927-4715-8c74-d37f8fb30475 {{(pid=87156) _delete_snapshot /opt/stack/cinder/cinder/volume/drivers/remotefs.py:1317}}
Jul 09 02:51:57 devstack cinder-volume[87156]: DEBUG oslo.privsep.daemon [-] privsep: reply[ec9ba410-cc91-4b0f-8f2c-3cfe52363cd5]: (4, 'qcow2') {{(pid=88483) _call_back /opt/stack/data/venv/lib/python3.12/site-packages/oslo_privsep/daemon.py:580}}
Jul 09 02:51:57 devstack cinder-volume[87156]: DEBUG oslo_concurrency.processutils [req-dc9962e2-4790-4f48-b254-17f9fe054262 req-3da25227-d4df-4c84-b1e2-0fca9af6a621 tempest-VolumesSnapshotsTestJSON-186628452 None] Running cmd (subprocess): /opt/stack/data/venv/bin/python3.12 -m oslo_concurrency.prlimit --as=1073741824 --cpu=60 -- sudo cinder-rootwrap /etc/cinder/rootwrap.conf env LC_ALL=C qemu-img info -f qcow2 --output=json --force-share /opt/stack/data/cinder/mnt/79824450dd292ebf72842a493e79fd7b/volume-b0fa9e37-fcd4-4dfd-8c08-78e04c268b13.ab1e941e-6927-4715-8c74-d37f8fb30475 {{(pid=87156) execute /opt/stack/data/venv/lib/python3.12/site-packages/oslo_concurrency/processutils.py:440}}
Jul 09 02:51:58 devstack sudo[94379]: quobyte : PWD=/ ; USER=root ; COMMAND=/opt/stack/data/venv/bin/cinder-rootwrap /etc/cinder/rootwrap.conf env LC_ALL=C qemu-img info -f qcow2 --output=json --force-share /opt/stack/data/cinder/mnt/79824450dd292ebf72842a493e79fd7b/volume-b0fa9e37-fcd4-4dfd-8c08-78e04c268b13.ab1e941e-6927-4715-8c74-d37f8fb30475
Jul 09 02:51:58 devstack sudo[94379]: pam_unix(sudo:session): session opened for user root(uid=0) by (uid=1000)
Jul 09 02:51:58 devstack sudo[94379]: pam_unix(sudo:session): session closed for user root
Jul 09 02:51:58 devstack cinder-volume[87156]: DEBUG oslo_concurrency.processutils [req-dc9962e2-4790-4f48-b254-17f9fe054262 req-3da25227-d4df-4c84-b1e2-0fca9af6a621 tempest-VolumesSnapshotsTestJSON-186628452 None] CMD "/opt/stack/data/venv/bin/python3.12 -m oslo_concurrency.prlimit --as=1073741824 --cpu=60 -- sudo cinder-rootwrap /etc/cinder/rootwrap.conf env LC_ALL=C qemu-img info -f qcow2 --output=json --force-share /opt/stack/data/cinder/mnt/79824450dd292ebf72842a493e79fd7b/volume-b0fa9e37-fcd4-4dfd-8c08-78e04c268b13.ab1e941e-6927-4715-8c74-d37f8fb30475" returned: 0 in 0.962s {{(pid=87156) execute /opt/stack/data/venv/lib/python3.12/site-packages/oslo_concurrency/processutils.py:468}}
Jul 09 02:51:58 devstack cinder-volume[87156]: DEBUG cinder.volume.drivers.remotefs [req-dc9962e2-4790-4f48-b254-17f9fe054262 req-3da25227-d4df-4c84-b1e2-0fca9af6a621 tempest-VolumesSnapshotsTestJSON-186628452 None] Fetching qemu-img info with special backing_file_template: (/opt/stack/data/cinder/mnt/[0-9a-f]+/)?(volume-b0fa9e37-fcd4-4dfd-8c08-78e04c268b13(.(tmp-snap-)?[0-9a-f-]+)?|volume_from_snapshot_cache/(tmp-snap-)?[0-9a-f-]+(.(child-|parent-)[0-9a-f-]+)?)$ {{(pid=87156) _qemu_img_info_base /opt/stack/cinder/cinder/volume/drivers/remotefs.py:896}}
Jul 09 02:51:58 devstack cinder-volume[87156]: DEBUG oslo.privsep.daemon [-] privsep: reply[20f2bc25-c6d3-4367-b92b-9650cdba5653]: (4, 'qcow2') {{(pid=88483) _call_back /opt/stack/data/venv/lib/python3.12/site-packages/oslo_privsep/daemon.py:580}}
Jul 09 02:51:58 devstack cinder-volume[87156]: DEBUG oslo_concurrency.processutils [req-dc9962e2-4790-4f48-b254-17f9fe054262 req-3da25227-d4df-4c84-b1e2-0fca9af6a621 tempest-VolumesSnapshotsTestJSON-186628452 None] Running cmd (subprocess): /opt/stack/data/venv/bin/python3.12 -m oslo_concurrency.prlimit --as=1073741824 --cpu=60 -- sudo cinder-rootwrap /etc/cinder/rootwrap.conf env LC_ALL=C qemu-img info -f qcow2 --output=json --force-share /opt/stack/data/cinder/mnt/79824450dd292ebf72842a493e79fd7b/volume-b0fa9e37-fcd4-4dfd-8c08-78e04c268b13 {{(pid=87156) execute /opt/stack/data/venv/lib/python3.12/site-packages/oslo_concurrency/processutils.py:440}}
Jul 09 02:51:59 devstack sudo[94386]: quobyte : PWD=/ ; USER=root ; COMMAND=/opt/stack/data/venv/bin/cinder-rootwrap /etc/cinder/rootwrap.conf env LC_ALL=C qemu-img info -f qcow2 --output=json --force-share /opt/stack/data/cinder/mnt/79824450dd292ebf72842a493e79fd7b/volume-b0fa9e37-fcd4-4dfd-8c08-78e04c268b13
Jul 09 02:51:59 devstack sudo[94386]: pam_unix(sudo:session): session opened for user root(uid=0) by (uid=1000)
Jul 09 02:52:00 devstack sudo[94386]: pam_unix(sudo:session): session closed for user root
Jul 09 02:52:00 devstack cinder-volume[87156]: DEBUG oslo_concurrency.processutils [req-dc9962e2-4790-4f48-b254-17f9fe054262 req-3da25227-d4df-4c84-b1e2-0fca9af6a621 tempest-VolumesSnapshotsTestJSON-186628452 None] CMD "/opt/stack/data/venv/bin/python3.12 -m oslo_concurrency.prlimit --as=1073741824 --cpu=60 -- sudo cinder-rootwrap /etc/cinder/rootwrap.conf env LC_ALL=C qemu-img info -f qcow2 --output=json --force-share /opt/stack/data/cinder/mnt/79824450dd292ebf72842a493e79fd7b/volume-b0fa9e37-fcd4-4dfd-8c08-78e04c268b13" returned: 0 in 1.279s {{(pid=87156) execute /opt/stack/data/venv/lib/python3.12/site-packages/oslo_concurrency/processutils.py:468}}
Jul 09 02:52:00 devstack cinder-volume[87156]: DEBUG oslo_concurrency.processutils [req-dc9962e2-4790-4f48-b254-17f9fe054262 req-3da25227-d4df-4c84-b1e2-0fca9af6a621 tempest-VolumesSnapshotsTestJSON-186628452 None] Running cmd (subprocess): sudo cinder-rootwrap /etc/cinder/rootwrap.conf qemu-img commit -d /opt/stack/data/cinder/mnt/79824450dd292ebf72842a493e79fd7b/volume-b0fa9e37-fcd4-4dfd-8c08-78e04c268b13.ab1e941e-6927-4715-8c74-d37f8fb30475 {{(pid=87156) execute /opt/stack/data/venv/lib/python3.12/site-packages/oslo_concurrency/processutils.py:440}}
Jul 09 02:52:00 devstack sudo[94391]: quobyte : PWD=/ ; USER=root ; COMMAND=/opt/stack/data/venv/bin/cinder-rootwrap /etc/cinder/rootwrap.conf qemu-img commit -d /opt/stack/data/cinder/mnt/79824450dd292ebf72842a493e79fd7b/volume-b0fa9e37-fcd4-4dfd-8c08-78e04c268b13.ab1e941e-6927-4715-8c74-d37f8fb30475
Jul 09 02:52:00 devstack sudo[94391]: pam_unix(sudo:session): session opened for user root(uid=0) by (uid=1000)
Jul 09 02:52:01 devstack cinder-volume[87156]: DEBUG dbcounter [-] [87156] Writing DB stats cinder:SELECT=114,cinder:INSERT=37,cinder:UPDATE=179,cinder:DELETE=13 {{(pid=87156) stat_writer /opt/stack/data/venv/lib/python3.12/site-packages/dbcounter.py:115}}
Jul 09 02:52:01 devstack sudo[94391]: pam_unix(sudo:session): session closed for user root
Jul 09 02:52:01 devstack cinder-volume[87156]: DEBUG oslo_concurrency.processutils [req-dc9962e2-4790-4f48-b254-17f9fe054262 req-3da25227-d4df-4c84-b1e2-0fca9af6a621 tempest-VolumesSnapshotsTestJSON-186628452 None] CMD "sudo cinder-rootwrap /etc/cinder/rootwrap.conf qemu-img commit -d /opt/stack/data/cinder/mnt/79824450dd292ebf72842a493e79fd7b/volume-b0fa9e37-fcd4-4dfd-8c08-78e04c268b13.ab1e941e-6927-4715-8c74-d37f8fb30475" returned: 0 in 1.077s {{(pid=87156) execute /opt/stack/data/venv/lib/python3.12/site-packages/oslo_concurrency/processutils.py:468}}
Jul 09 02:52:01 devstack cinder-volume[87156]: DEBUG oslo_concurrency.processutils [req-dc9962e2-4790-4f48-b254-17f9fe054262 req-3da25227-d4df-4c84-b1e2-0fca9af6a621 tempest-VolumesSnapshotsTestJSON-186628452 None] Running cmd (subprocess): sudo cinder-rootwrap /etc/cinder/rootwrap.conf rm -f /opt/stack/data/cinder/mnt/79824450dd292ebf72842a493e79fd7b/volume-b0fa9e37-fcd4-4dfd-8c08-78e04c268b13.ab1e941e-6927-4715-8c74-d37f8fb30475 {{(pid=87156) execute /opt/stack/data/venv/lib/python3.12/site-packages/oslo_concurrency/processutils.py:440}}
Jul 09 02:52:01 devstack cinder-volume[87156]: DEBUG dbcounter [-] [87156] Writing DB stats cinder:INSERT=39,cinder:UPDATE=142,cinder:SELECT=124,cinder:DELETE=12 {{(pid=87156) stat_writer /opt/stack/data/venv/lib/python3.12/site-packages/dbcounter.py:115}}
Jul 09 02:52:01 devstack sudo[94411]: quobyte : PWD=/ ; USER=root ; COMMAND=/opt/stack/data/venv/bin/cinder-rootwrap /etc/cinder/rootwrap.conf rm -f /opt/stack/data/cinder/mnt/79824450dd292ebf72842a493e79fd7b/volume-b0fa9e37-fcd4-4dfd-8c08-78e04c268b13.ab1e941e-6927-4715-8c74-d37f8fb30475
Jul 09 02:52:01 devstack sudo[94411]: pam_unix(sudo:session): session opened for user root(uid=0) by (uid=1000)
Jul 09 02:52:01 devstack cinder-volume[87156]: DEBUG cinder.volume.flows.manager.create_volume [None req-2c8011ba-5ace-4b22-a3f3-3f48afca07b9 tempest-AbsoluteLimitsTests-1341082146 None] Volume reschedule parameters: True retry: {'num_attempts': 1, 'backends': ['devstack@QuobyteHD#QuobyteHD'], 'hosts': ['devstack@QuobyteHD#QuobyteHD']} {{(pid=87156) get_flow /opt/stack/cinder/cinder/volume/flows/manager/create_volume.py:1397}}
Jul 09 02:52:01 devstack cinder-volume[87156]: DEBUG cinder.volume.manager [None req-2c8011ba-5ace-4b22-a3f3-3f48afca07b9 tempest-AbsoluteLimitsTests-1341082146 None] Flow 'volume_create_manager' (ed580003-55f0-4bb0-a2ea-3b4dc5a19583) transitioned into state 'RUNNING' from state 'PENDING' {{(pid=87156) _flow_receiver /opt/stack/data/venv/lib/python3.12/site-packages/taskflow/listeners/logging.py:160}}
Jul 09 02:52:01 devstack cinder-volume[87156]: DEBUG cinder.volume.manager [None req-2c8011ba-5ace-4b22-a3f3-3f48afca07b9 tempest-AbsoluteLimitsTests-1341082146 None] Task 'cinder.volume.flows.manager.create_volume.ExtractVolumeRefTask;volume:create' (b801e593-2471-49ba-8741-2daba13dc1d9) transitioned into state 'RUNNING' from state 'PENDING' {{(pid=87156) _task_receiver /opt/stack/data/venv/lib/python3.12/site-packages/taskflow/listeners/logging.py:242}}
Jul 09 02:52:01 devstack cinder-volume[87156]: DEBUG cinder.volume.manager [None req-2c8011ba-5ace-4b22-a3f3-3f48afca07b9 tempest-AbsoluteLimitsTests-1341082146 None] Task 'cinder.volume.flows.manager.create_volume.ExtractVolumeRefTask;volume:create' (b801e593-2471-49ba-8741-2daba13dc1d9) transitioned into state 'SUCCESS' from state 'RUNNING' with result 'Volume(_name_id=None,admin_metadata=,attach_status='detached',availability_zone='nova',bootable=False,cluster=,cluster_name=None,consistencygroup=,consistencygroup_id=None,created_at=2026-07-09T00:52:01Z,deleted=False,deleted_at=None,display_description=None,display_name='tempest-AbsoluteLimitsTests-Volume-191755024',ec2_id=None,encryption_key_id=None,glance_metadata=,group=,group_id=None,host='devstack@QuobyteHD#QuobyteHD',id=8a4212da-8010-44bd-9ec2-d88b37995f40,launched_at=None,metadata={},migration_status=None,multiattach=False,previous_status=None,project_id='e73d4b947ee74095a109e1be37b8d5f8',provider_auth=None,provider_geometry=None,provider_id=None,provider_location=None,replication_driver_data=None,replication_extended_status=None,replication_status=None,scheduled_at=2026-07-09T00:52:01Z,service_uuid=None,shared_targets=True,size=1,snapshot_id=None,snapshots=,source_volid=None,status='creating',terminated_at=None,updated_at=2026-07-09T00:52:01Z,use_quota=True,user_id='f08bfe66770b4427951af36da487f3dd',volume_attachment=VolumeAttachmentList,volume_type=VolumeType(94ece620-f4d9-4209-91cf-be90a0a690d8),volume_type_id=94ece620-f4d9-4209-91cf-be90a0a690d8)' {{(pid=87156) _task_receiver /opt/stack/data/venv/lib/python3.12/site-packages/taskflow/listeners/logging.py:218}}
Jul 09 02:52:01 devstack cinder-volume[87156]: DEBUG cinder.volume.manager [None req-2c8011ba-5ace-4b22-a3f3-3f48afca07b9 tempest-AbsoluteLimitsTests-1341082146 None] Task 'cinder.volume.flows.manager.create_volume.OnFailureRescheduleTask;volume:create' (41f93529-3bf3-4c62-903c-adaa675178c9) transitioned into state 'RUNNING' from state 'PENDING' {{(pid=87156) _task_receiver /opt/stack/data/venv/lib/python3.12/site-packages/taskflow/listeners/logging.py:242}}
Jul 09 02:52:01 devstack cinder-volume[87156]: DEBUG cinder.volume.manager [None req-2c8011ba-5ace-4b22-a3f3-3f48afca07b9 tempest-AbsoluteLimitsTests-1341082146 None] Task 'cinder.volume.flows.manager.create_volume.OnFailureRescheduleTask;volume:create' (41f93529-3bf3-4c62-903c-adaa675178c9) transitioned into state 'SUCCESS' from state 'RUNNING' with result 'None' {{(pid=87156) _task_receiver /opt/stack/data/venv/lib/python3.12/site-packages/taskflow/listeners/logging.py:218}}
Jul 09 02:52:01 devstack cinder-volume[87156]: DEBUG cinder.volume.manager [None req-2c8011ba-5ace-4b22-a3f3-3f48afca07b9 tempest-AbsoluteLimitsTests-1341082146 None] Task 'cinder.volume.flows.manager.create_volume.ExtractVolumeSpecTask;volume:create' (aa29320e-a8f6-4455-8d0d-f0c62edfb95d) transitioned into state 'RUNNING' from state 'PENDING' {{(pid=87156) _task_receiver /opt/stack/data/venv/lib/python3.12/site-packages/taskflow/listeners/logging.py:242}}
Jul 09 02:52:01 devstack cinder-volume[87156]: DEBUG cinder.volume.manager [None req-2c8011ba-5ace-4b22-a3f3-3f48afca07b9 tempest-AbsoluteLimitsTests-1341082146 None] Task 'cinder.volume.flows.manager.create_volume.ExtractVolumeSpecTask;volume:create' (aa29320e-a8f6-4455-8d0d-f0c62edfb95d) transitioned into state 'SUCCESS' from state 'RUNNING' with result '{'status': 'creating', 'type': 'raw', 'volume_id': '8a4212da-8010-44bd-9ec2-d88b37995f40', 'volume_name': 'volume-8a4212da-8010-44bd-9ec2-d88b37995f40', 'volume_size': 1}' {{(pid=87156) _task_receiver /opt/stack/data/venv/lib/python3.12/site-packages/taskflow/listeners/logging.py:218}}
Jul 09 02:52:01 devstack cinder-volume[87156]: DEBUG cinder.volume.manager [None req-2c8011ba-5ace-4b22-a3f3-3f48afca07b9 tempest-AbsoluteLimitsTests-1341082146 None] Task 'cinder.volume.flows.manager.create_volume.NotifyVolumeActionTask;volume:create, create.start' (4d0beae4-e490-44d4-a099-75302ee6ca52) transitioned into state 'RUNNING' from state 'PENDING' {{(pid=87156) _task_receiver /opt/stack/data/venv/lib/python3.12/site-packages/taskflow/listeners/logging.py:242}}
Jul 09 02:52:01 devstack cinder-volume[87156]: DEBUG cinder.volume.manager [None req-2c8011ba-5ace-4b22-a3f3-3f48afca07b9 tempest-AbsoluteLimitsTests-1341082146 None] Task 'cinder.volume.flows.manager.create_volume.NotifyVolumeActionTask;volume:create, create.start' (4d0beae4-e490-44d4-a099-75302ee6ca52) transitioned into state 'SUCCESS' from state 'RUNNING' with result 'None' {{(pid=87156) _task_receiver /opt/stack/data/venv/lib/python3.12/site-packages/taskflow/listeners/logging.py:218}}
Jul 09 02:52:01 devstack cinder-volume[87156]: DEBUG cinder.volume.manager [None req-2c8011ba-5ace-4b22-a3f3-3f48afca07b9 tempest-AbsoluteLimitsTests-1341082146 None] Task 'cinder.volume.flows.manager.create_volume.CreateVolumeFromSpecTask;volume:create' (39d5485c-64dd-46e6-b3bc-7466ac9b1d30) transitioned into state 'RUNNING' from state 'PENDING' {{(pid=87156) _task_receiver /opt/stack/data/venv/lib/python3.12/site-packages/taskflow/listeners/logging.py:242}}
Jul 09 02:52:01 devstack cinder-volume[87156]: INFO cinder.volume.flows.manager.create_volume [None req-2c8011ba-5ace-4b22-a3f3-3f48afca07b9 tempest-AbsoluteLimitsTests-1341082146 None] Volume 8a4212da-8010-44bd-9ec2-d88b37995f40: being created as raw with specification: {'status': 'creating', 'volume_name': 'volume-8a4212da-8010-44bd-9ec2-d88b37995f40', 'volume_size': 1}
Jul 09 02:52:01 devstack cinder-volume[87156]: DEBUG oslo_concurrency.lockutils [None req-2c8011ba-5ace-4b22-a3f3-3f48afca07b9 tempest-AbsoluteLimitsTests-1341082146 None] Acquiring lock "quobyte" by "cinder.volume.drivers.quobyte.QuobyteDriver.create_volume" {{(pid=87156) inner /opt/stack/data/venv/lib/python3.12/site-packages/oslo_concurrency/lockutils.py:511}}
Jul 09 02:52:01 devstack cinder-volume[87156]: DEBUG oslo_concurrency.lockutils [None req-2c8011ba-5ace-4b22-a3f3-3f48afca07b9 tempest-AbsoluteLimitsTests-1341082146 None] Lock "quobyte" acquired by "cinder.volume.drivers.quobyte.QuobyteDriver.create_volume" :: waited 0.001s {{(pid=87156) inner /opt/stack/data/venv/lib/python3.12/site-packages/oslo_concurrency/lockutils.py:524}}
Jul 09 02:52:01 devstack cinder-volume[87156]: DEBUG cinder.volume.drivers.quobyte [None req-2c8011ba-5ace-4b22-a3f3-3f48afca07b9 tempest-AbsoluteLimitsTests-1341082146 None] ==> create_volume: call "{'self': , 'volume': Volume(_name_id=None,admin_metadata=,attach_status='detached',availability_zone='nova',bootable=False,cluster=,cluster_name=None,consistencygroup=,consistencygroup_id=None,created_at=2026-07-09T00:52:01Z,deleted=False,deleted_at=None,display_description=None,display_name='tempest-AbsoluteLimitsTests-Volume-191755024',ec2_id=None,encryption_key_id=None,glance_metadata=,group=,group_id=None,host='devstack@QuobyteHD#QuobyteHD',id=8a4212da-8010-44bd-9ec2-d88b37995f40,launched_at=None,metadata={},migration_status=None,multiattach=False,previous_status=None,project_id='e73d4b947ee74095a109e1be37b8d5f8',provider_auth=None,provider_geometry=None,provider_id=None,provider_location=None,replication_driver_data=None,replication_extended_status=None,replication_status=None,scheduled_at=2026-07-09T00:52:01Z,service_uuid=None,shared_targets=True,size=1,snapshot_id=None,snapshots=,source_volid=None,status='creating',terminated_at=None,updated_at=2026-07-09T00:52:01Z,use_quota=True,user_id='f08bfe66770b4427951af36da487f3dd',volume_attachment=VolumeAttachmentList,volume_type=VolumeType(94ece620-f4d9-4209-91cf-be90a0a690d8),volume_type_id=94ece620-f4d9-4209-91cf-be90a0a690d8)}" {{(pid=87156) trace_logging_wrapper /opt/stack/cinder/cinder/volume/volume_utils.py:1497}}
Jul 09 02:52:01 devstack cinder-volume[87156]: DEBUG cinder.volume.drivers.remotefs [None req-2c8011ba-5ace-4b22-a3f3-3f48afca07b9 tempest-AbsoluteLimitsTests-1341082146 None] Creating volume 8a4212da-8010-44bd-9ec2-d88b37995f40 {{(pid=87156) create_volume /opt/stack/cinder/cinder/volume/drivers/remotefs.py:292}}
Jul 09 02:52:01 devstack cinder-volume[87156]: DEBUG oslo_concurrency.lockutils [None req-2c8011ba-5ace-4b22-a3f3-3f48afca07b9 tempest-AbsoluteLimitsTests-1341082146 None] Acquiring lock "quobyte_ensure" by "cinder.volume.drivers.quobyte.QuobyteDriver._ensure_shares_mounted" {{(pid=87156) inner /opt/stack/data/venv/lib/python3.12/site-packages/oslo_concurrency/lockutils.py:511}}
Jul 09 02:52:01 devstack cinder-volume[87156]: DEBUG oslo_concurrency.lockutils [None req-2c8011ba-5ace-4b22-a3f3-3f48afca07b9 tempest-AbsoluteLimitsTests-1341082146 None] Lock "quobyte_ensure" acquired by "cinder.volume.drivers.quobyte.QuobyteDriver._ensure_shares_mounted" :: waited 0.000s {{(pid=87156) inner /opt/stack/data/venv/lib/python3.12/site-packages/oslo_concurrency/lockutils.py:524}}
Jul 09 02:52:01 devstack cinder-volume[87156]: DEBUG cinder.volume.drivers.quobyte [None req-2c8011ba-5ace-4b22-a3f3-3f48afca07b9 tempest-AbsoluteLimitsTests-1341082146 None] Quobyte Volume URL set to: {'osci02.corp.quobyte.com/cinder-vol-bfff8e4f-dc18-4b20-8c20-5f3e8acb2ff9': None} {{(pid=87156) _load_shares_config /opt/stack/cinder/cinder/volume/drivers/quobyte.py:617}}
Jul 09 02:52:01 devstack cinder-volume[87156]: DEBUG cinder.volume.drivers.quobyte [None req-2c8011ba-5ace-4b22-a3f3-3f48afca07b9 tempest-AbsoluteLimitsTests-1341082146 None] Available shares ['osci02.corp.quobyte.com/cinder-vol-bfff8e4f-dc18-4b20-8c20-5f3e8acb2ff9'] {{(pid=87156) _ensure_shares_mounted /opt/stack/cinder/cinder/volume/drivers/quobyte.py:647}}
Jul 09 02:52:01 devstack cinder-volume[87156]: DEBUG oslo_concurrency.lockutils [None req-2c8011ba-5ace-4b22-a3f3-3f48afca07b9 tempest-AbsoluteLimitsTests-1341082146 None] Lock "quobyte_ensure" "released" by "cinder.volume.drivers.quobyte.QuobyteDriver._ensure_shares_mounted" :: held 0.008s {{(pid=87156) inner /opt/stack/data/venv/lib/python3.12/site-packages/oslo_concurrency/lockutils.py:543}}
Jul 09 02:52:01 devstack cinder-volume[87156]: DEBUG cinder.volume.drivers.quobyte [None req-2c8011ba-5ace-4b22-a3f3-3f48afca07b9 tempest-AbsoluteLimitsTests-1341082146 None] Selected osci02.corp.quobyte.com/cinder-vol-bfff8e4f-dc18-4b20-8c20-5f3e8acb2ff9 as target Quobyte volume. {{(pid=87156) _find_share /opt/stack/cinder/cinder/volume/drivers/quobyte.py:668}}
Jul 09 02:52:01 devstack cinder-volume[87156]: INFO cinder.volume.drivers.remotefs [None req-2c8011ba-5ace-4b22-a3f3-3f48afca07b9 tempest-AbsoluteLimitsTests-1341082146 None] casted to osci02.corp.quobyte.com/cinder-vol-bfff8e4f-dc18-4b20-8c20-5f3e8acb2ff9
Jul 09 02:52:01 devstack cinder-volume[87156]: DEBUG oslo_concurrency.processutils [None req-2c8011ba-5ace-4b22-a3f3-3f48afca07b9 tempest-AbsoluteLimitsTests-1341082146 None] Running cmd (subprocess): sudo cinder-rootwrap /etc/cinder/rootwrap.conf qemu-img create -f qcow2 -o preallocation=metadata /opt/stack/data/cinder/mnt/79824450dd292ebf72842a493e79fd7b/volume-8a4212da-8010-44bd-9ec2-d88b37995f40 1073741824 {{(pid=87156) execute /opt/stack/data/venv/lib/python3.12/site-packages/oslo_concurrency/processutils.py:440}}
Jul 09 02:52:01 devstack sudo[94415]: quobyte : PWD=/ ; USER=root ; COMMAND=/opt/stack/data/venv/bin/cinder-rootwrap /etc/cinder/rootwrap.conf qemu-img create -f qcow2 -o preallocation=metadata /opt/stack/data/cinder/mnt/79824450dd292ebf72842a493e79fd7b/volume-8a4212da-8010-44bd-9ec2-d88b37995f40 1073741824
Jul 09 02:52:01 devstack sudo[94415]: pam_unix(sudo:session): session opened for user root(uid=0) by (uid=1000)
Jul 09 02:52:02 devstack sudo[94411]: pam_unix(sudo:session): session closed for user root
Jul 09 02:52:02 devstack cinder-volume[87156]: DEBUG oslo_concurrency.processutils [req-dc9962e2-4790-4f48-b254-17f9fe054262 req-3da25227-d4df-4c84-b1e2-0fca9af6a621 tempest-VolumesSnapshotsTestJSON-186628452 None] CMD "sudo cinder-rootwrap /etc/cinder/rootwrap.conf rm -f /opt/stack/data/cinder/mnt/79824450dd292ebf72842a493e79fd7b/volume-b0fa9e37-fcd4-4dfd-8c08-78e04c268b13.ab1e941e-6927-4715-8c74-d37f8fb30475" returned: 0 in 0.766s {{(pid=87156) execute /opt/stack/data/venv/lib/python3.12/site-packages/oslo_concurrency/processutils.py:468}}
Jul 09 02:52:02 devstack cinder-volume[87156]: DEBUG cinder.coordination [req-dc9962e2-4790-4f48-b254-17f9fe054262 req-3da25227-d4df-4c84-b1e2-0fca9af6a621 tempest-VolumesSnapshotsTestJSON-186628452 None] Lock "cinder-quobyte-ab1e941e-6927-4715-8c74-d37f8fb30475" released by "_delete_snapshot" :: held 4.223s {{(pid=87156) __release /opt/stack/cinder/cinder/coordination.py:152}}
Jul 09 02:52:02 devstack cinder-volume[87156]: DEBUG cinder.coordination [req-dc9962e2-4790-4f48-b254-17f9fe054262 req-3da25227-d4df-4c84-b1e2-0fca9af6a621 tempest-VolumesSnapshotsTestJSON-186628452 None] Lock "cinder-quobyte-b0fa9e37-fcd4-4dfd-8c08-78e04c268b13" released by "delete_snapshot" :: held 4.255s {{(pid=87156) __release /opt/stack/cinder/cinder/coordination.py:152}}
Jul 09 02:52:02 devstack cinder-volume[87156]: DEBUG cinder.quota [req-dc9962e2-4790-4f48-b254-17f9fe054262 req-3da25227-d4df-4c84-b1e2-0fca9af6a621 tempest-VolumesSnapshotsTestJSON-186628452 None] Created reservations ['43503a2b-20bd-4203-9669-e965a06d8720', '43b86785-452f-45c5-9d2b-2d1da6e23d66', '9cb2f68a-d339-4eee-adff-f0001b1b558f', '7c2dcb48-ac9b-451b-ad21-cc8edf3d3e84'] {{(pid=87156) reserve /opt/stack/cinder/cinder/quota.py:752}}
Jul 09 02:52:02 devstack cinder-volume[87156]: INFO cinder.volume.manager [req-dc9962e2-4790-4f48-b254-17f9fe054262 req-3da25227-d4df-4c84-b1e2-0fca9af6a621 tempest-VolumesSnapshotsTestJSON-186628452 None] Delete snapshot completed successfully.
Jul 09 02:52:02 devstack cinder-volume[87156]: DEBUG cinder.coordination [req-dc9962e2-4790-4f48-b254-17f9fe054262 req-3da25227-d4df-4c84-b1e2-0fca9af6a621 tempest-VolumesSnapshotsTestJSON-186628452 None] Lock "cinder-ab1e941e-6927-4715-8c74-d37f8fb30475-delete_snapshot" released by "delete_snapshot" :: held 4.420s {{(pid=87156) __release /opt/stack/cinder/cinder/coordination.py:152}}
Jul 09 02:52:02 devstack cinder-volume[87156]: DEBUG cinder.coordination [req-aaadc314-e3b1-4fe4-a4c7-1d4228eede83 req-09a707c3-91d6-4552-977d-644fd5ef84bb tempest-VolumesSnapshotsTestJSON-186628452 None] Acquiring lock "cinder-b0fa9e37-fcd4-4dfd-8c08-78e04c268b13-delete_volume" by "delete_volume" {{(pid=87156) __acquire /opt/stack/cinder/cinder/coordination.py:138}}
Jul 09 02:52:02 devstack cinder-volume[87156]: DEBUG cinder.coordination [req-aaadc314-e3b1-4fe4-a4c7-1d4228eede83 req-09a707c3-91d6-4552-977d-644fd5ef84bb tempest-VolumesSnapshotsTestJSON-186628452 None] Lock "cinder-b0fa9e37-fcd4-4dfd-8c08-78e04c268b13-delete_volume" acquired by "delete_volume" :: waited 0.024s {{(pid=87156) __acquire /opt/stack/cinder/cinder/coordination.py:141}}
Jul 09 02:52:02 devstack sudo[94415]: pam_unix(sudo:session): session closed for user root
Jul 09 02:52:02 devstack cinder-volume[87156]: DEBUG oslo_concurrency.processutils [None req-2c8011ba-5ace-4b22-a3f3-3f48afca07b9 tempest-AbsoluteLimitsTests-1341082146 None] CMD "sudo cinder-rootwrap /etc/cinder/rootwrap.conf qemu-img create -f qcow2 -o preallocation=metadata /opt/stack/data/cinder/mnt/79824450dd292ebf72842a493e79fd7b/volume-8a4212da-8010-44bd-9ec2-d88b37995f40 1073741824" returned: 0 in 0.993s {{(pid=87156) execute /opt/stack/data/venv/lib/python3.12/site-packages/oslo_concurrency/processutils.py:468}}
Jul 09 02:52:02 devstack cinder-volume[87156]: DEBUG cinder.coordination [req-aaadc314-e3b1-4fe4-a4c7-1d4228eede83 req-09a707c3-91d6-4552-977d-644fd5ef84bb tempest-VolumesSnapshotsTestJSON-186628452 None] Acquiring lock "cinder-quobyte-b0fa9e37-fcd4-4dfd-8c08-78e04c268b13" by "delete_volume" {{(pid=87156) __acquire /opt/stack/cinder/cinder/coordination.py:138}}
Jul 09 02:52:02 devstack cinder-volume[87156]: DEBUG cinder.coordination [req-aaadc314-e3b1-4fe4-a4c7-1d4228eede83 req-09a707c3-91d6-4552-977d-644fd5ef84bb tempest-VolumesSnapshotsTestJSON-186628452 None] Lock "cinder-quobyte-b0fa9e37-fcd4-4dfd-8c08-78e04c268b13" acquired by "delete_volume" :: waited 0.030s {{(pid=87156) __acquire /opt/stack/cinder/cinder/coordination.py:141}}
Jul 09 02:52:02 devstack cinder-volume[87156]: DEBUG oslo_concurrency.processutils [None req-2c8011ba-5ace-4b22-a3f3-3f48afca07b9 tempest-AbsoluteLimitsTests-1341082146 None] Running cmd (subprocess): sudo cinder-rootwrap /etc/cinder/rootwrap.conf chmod ugo+rw /opt/stack/data/cinder/mnt/79824450dd292ebf72842a493e79fd7b/volume-8a4212da-8010-44bd-9ec2-d88b37995f40 {{(pid=87156) execute /opt/stack/data/venv/lib/python3.12/site-packages/oslo_concurrency/processutils.py:440}}
Jul 09 02:52:02 devstack cinder-volume[87156]: DEBUG oslo.privsep.daemon [-] privsep: reply[2615d2b3-9e9d-4e2b-a079-78c0bbf84da2]: (4, 'qcow2') {{(pid=88483) _call_back /opt/stack/data/venv/lib/python3.12/site-packages/oslo_privsep/daemon.py:580}}
Jul 09 02:52:02 devstack cinder-volume[87156]: DEBUG oslo_concurrency.processutils [req-aaadc314-e3b1-4fe4-a4c7-1d4228eede83 req-09a707c3-91d6-4552-977d-644fd5ef84bb tempest-VolumesSnapshotsTestJSON-186628452 None] Running cmd (subprocess): /opt/stack/data/venv/bin/python3.12 -m oslo_concurrency.prlimit --as=1073741824 --cpu=60 -- sudo cinder-rootwrap /etc/cinder/rootwrap.conf env LC_ALL=C qemu-img info -f qcow2 --output=json --force-share /opt/stack/data/cinder/mnt/79824450dd292ebf72842a493e79fd7b/volume-b0fa9e37-fcd4-4dfd-8c08-78e04c268b13 {{(pid=87156) execute /opt/stack/data/venv/lib/python3.12/site-packages/oslo_concurrency/processutils.py:440}}
Jul 09 02:52:02 devstack sudo[94423]: quobyte : PWD=/ ; USER=root ; COMMAND=/opt/stack/data/venv/bin/cinder-rootwrap /etc/cinder/rootwrap.conf chmod ugo+rw /opt/stack/data/cinder/mnt/79824450dd292ebf72842a493e79fd7b/volume-8a4212da-8010-44bd-9ec2-d88b37995f40
Jul 09 02:52:02 devstack sudo[94423]: pam_unix(sudo:session): session opened for user root(uid=0) by (uid=1000)
Jul 09 02:52:02 devstack sudo[94424]: quobyte : PWD=/ ; USER=root ; COMMAND=/opt/stack/data/venv/bin/cinder-rootwrap /etc/cinder/rootwrap.conf env LC_ALL=C qemu-img info -f qcow2 --output=json --force-share /opt/stack/data/cinder/mnt/79824450dd292ebf72842a493e79fd7b/volume-b0fa9e37-fcd4-4dfd-8c08-78e04c268b13
Jul 09 02:52:02 devstack sudo[94424]: pam_unix(sudo:session): session opened for user root(uid=0) by (uid=1000)
Jul 09 02:52:03 devstack sudo[94424]: pam_unix(sudo:session): session closed for user root
Jul 09 02:52:03 devstack cinder-volume[87156]: DEBUG oslo_concurrency.processutils [req-aaadc314-e3b1-4fe4-a4c7-1d4228eede83 req-09a707c3-91d6-4552-977d-644fd5ef84bb tempest-VolumesSnapshotsTestJSON-186628452 None] CMD "/opt/stack/data/venv/bin/python3.12 -m oslo_concurrency.prlimit --as=1073741824 --cpu=60 -- sudo cinder-rootwrap /etc/cinder/rootwrap.conf env LC_ALL=C qemu-img info -f qcow2 --output=json --force-share /opt/stack/data/cinder/mnt/79824450dd292ebf72842a493e79fd7b/volume-b0fa9e37-fcd4-4dfd-8c08-78e04c268b13" returned: 0 in 0.835s {{(pid=87156) execute /opt/stack/data/venv/lib/python3.12/site-packages/oslo_concurrency/processutils.py:468}}
Jul 09 02:52:03 devstack cinder-volume[87156]: DEBUG oslo_concurrency.processutils [req-aaadc314-e3b1-4fe4-a4c7-1d4228eede83 req-09a707c3-91d6-4552-977d-644fd5ef84bb tempest-VolumesSnapshotsTestJSON-186628452 None] Running cmd (subprocess): sudo cinder-rootwrap /etc/cinder/rootwrap.conf rm -f /opt/stack/data/cinder/mnt/79824450dd292ebf72842a493e79fd7b/volume-b0fa9e37-fcd4-4dfd-8c08-78e04c268b13 {{(pid=87156) execute /opt/stack/data/venv/lib/python3.12/site-packages/oslo_concurrency/processutils.py:440}}
Jul 09 02:52:03 devstack sudo[94423]: pam_unix(sudo:session): session closed for user root
Jul 09 02:52:03 devstack cinder-volume[87156]: DEBUG oslo_concurrency.processutils [None req-2c8011ba-5ace-4b22-a3f3-3f48afca07b9 tempest-AbsoluteLimitsTests-1341082146 None] CMD "sudo cinder-rootwrap /etc/cinder/rootwrap.conf chmod ugo+rw /opt/stack/data/cinder/mnt/79824450dd292ebf72842a493e79fd7b/volume-8a4212da-8010-44bd-9ec2-d88b37995f40" returned: 0 in 0.872s {{(pid=87156) execute /opt/stack/data/venv/lib/python3.12/site-packages/oslo_concurrency/processutils.py:468}}
Jul 09 02:52:03 devstack cinder-volume[87156]: DEBUG cinder.volume.drivers.quobyte [None req-2c8011ba-5ace-4b22-a3f3-3f48afca07b9 tempest-AbsoluteLimitsTests-1341082146 None] <== create_volume: return (1975ms) {'provider_location': 'osci02.corp.quobyte.com/cinder-vol-bfff8e4f-dc18-4b20-8c20-5f3e8acb2ff9'} {{(pid=87156) trace_logging_wrapper /opt/stack/cinder/cinder/volume/volume_utils.py:1522}}
Jul 09 02:52:03 devstack cinder-volume[87156]: DEBUG oslo_concurrency.lockutils [None req-2c8011ba-5ace-4b22-a3f3-3f48afca07b9 tempest-AbsoluteLimitsTests-1341082146 None] Lock "quobyte" "released" by "cinder.volume.drivers.quobyte.QuobyteDriver.create_volume" :: held 1.978s {{(pid=87156) inner /opt/stack/data/venv/lib/python3.12/site-packages/oslo_concurrency/lockutils.py:543}}
Jul 09 02:52:03 devstack sudo[94431]: quobyte : PWD=/ ; USER=root ; COMMAND=/opt/stack/data/venv/bin/cinder-rootwrap /etc/cinder/rootwrap.conf rm -f /opt/stack/data/cinder/mnt/79824450dd292ebf72842a493e79fd7b/volume-b0fa9e37-fcd4-4dfd-8c08-78e04c268b13
Jul 09 02:52:03 devstack sudo[94431]: pam_unix(sudo:session): session opened for user root(uid=0) by (uid=1000)
Jul 09 02:52:03 devstack cinder-volume[87156]: DEBUG cinder.volume.manager [None req-2c8011ba-5ace-4b22-a3f3-3f48afca07b9 tempest-AbsoluteLimitsTests-1341082146 None] Task 'cinder.volume.flows.manager.create_volume.CreateVolumeFromSpecTask;volume:create' (39d5485c-64dd-46e6-b3bc-7466ac9b1d30) transitioned into state 'SUCCESS' from state 'RUNNING' with result '{'status': 'creating', 'volume_name': 'volume-8a4212da-8010-44bd-9ec2-d88b37995f40', 'volume_size': 1}' {{(pid=87156) _task_receiver /opt/stack/data/venv/lib/python3.12/site-packages/taskflow/listeners/logging.py:218}}
Jul 09 02:52:03 devstack cinder-volume[87156]: DEBUG cinder.volume.manager [None req-2c8011ba-5ace-4b22-a3f3-3f48afca07b9 tempest-AbsoluteLimitsTests-1341082146 None] Task 'cinder.volume.flows.manager.create_volume.CreateVolumeOnFinishTask;volume:create, create.end' (29cb466e-fdb0-4273-be06-68763823518d) transitioned into state 'RUNNING' from state 'PENDING' {{(pid=87156) _task_receiver /opt/stack/data/venv/lib/python3.12/site-packages/taskflow/listeners/logging.py:242}}
