Jan 21 20:17:01 devstack sudo[87574]: pam_unix(sudo:session): session opened for user root(uid=0) by (uid=1000)
Jan 21 20:17:02 devstack sudo[87574]: pam_unix(sudo:session): session closed for user root
Jan 21 20:17:02 devstack cinder-volume[83362]: DEBUG oslo_concurrency.processutils [None req-fb23eb22-b206-4b1e-b2a9-cf0939c3e7be tempest-GroupSnapshotsTest-2038627981 None] CMD "/opt/stack/data/venv/bin/python3.10 -m oslo_concurrency.prlimit --as=1073741824 --cpu=60 -- sudo cinder-rootwrap /etc/cinder/rootwrap.conf env LC_ALL=C qemu-img info -f qcow2 --output=json --force-share /opt/stack/data/cinder/mnt/60cdab8a261524191ebf813b8fec2bbb/volume-f40bacd3-71f6-4f56-951d-163a2b9a0ef1" returned: 0 in 1.088s {{(pid=83362) execute /opt/stack/data/venv/lib/python3.10/site-packages/oslo_concurrency/processutils.py:372}}
Jan 21 20:17:02 devstack cinder-volume[83362]: DEBUG oslo_concurrency.processutils [None req-fb23eb22-b206-4b1e-b2a9-cf0939c3e7be tempest-GroupSnapshotsTest-2038627981 None] Running cmd (subprocess): sudo cinder-rootwrap /etc/cinder/rootwrap.conf qemu-img create -f qcow2 -o backing_file=/opt/stack/data/cinder/mnt/60cdab8a261524191ebf813b8fec2bbb/volume-f40bacd3-71f6-4f56-951d-163a2b9a0ef1,backing_fmt=qcow2 /opt/stack/data/cinder/mnt/60cdab8a261524191ebf813b8fec2bbb/volume-f40bacd3-71f6-4f56-951d-163a2b9a0ef1.1ad04a65-e835-461a-85fb-0548e61c7f85 1G {{(pid=83362) execute /opt/stack/data/venv/lib/python3.10/site-packages/oslo_concurrency/processutils.py:349}}
Jan 21 20:17:02 devstack sudo[87580]: quobyte : PWD=/ ; USER=root ; COMMAND=/opt/stack/data/venv/bin/cinder-rootwrap /etc/cinder/rootwrap.conf qemu-img create -f qcow2 -o backing_file=/opt/stack/data/cinder/mnt/60cdab8a261524191ebf813b8fec2bbb/volume-f40bacd3-71f6-4f56-951d-163a2b9a0ef1,backing_fmt=qcow2 /opt/stack/data/cinder/mnt/60cdab8a261524191ebf813b8fec2bbb/volume-f40bacd3-71f6-4f56-951d-163a2b9a0ef1.1ad04a65-e835-461a-85fb-0548e61c7f85 1G
Jan 21 20:17:02 devstack sudo[87580]: pam_unix(sudo:session): session opened for user root(uid=0) by (uid=1000)
Jan 21 20:17:03 devstack sudo[87580]: pam_unix(sudo:session): session closed for user root
Jan 21 20:17:03 devstack cinder-volume[83362]: DEBUG oslo_concurrency.processutils [None req-fb23eb22-b206-4b1e-b2a9-cf0939c3e7be tempest-GroupSnapshotsTest-2038627981 None] CMD "sudo cinder-rootwrap /etc/cinder/rootwrap.conf qemu-img create -f qcow2 -o backing_file=/opt/stack/data/cinder/mnt/60cdab8a261524191ebf813b8fec2bbb/volume-f40bacd3-71f6-4f56-951d-163a2b9a0ef1,backing_fmt=qcow2 /opt/stack/data/cinder/mnt/60cdab8a261524191ebf813b8fec2bbb/volume-f40bacd3-71f6-4f56-951d-163a2b9a0ef1.1ad04a65-e835-461a-85fb-0548e61c7f85 1G" returned: 0 in 1.017s {{(pid=83362) execute /opt/stack/data/venv/lib/python3.10/site-packages/oslo_concurrency/processutils.py:372}}
Jan 21 20:17:03 devstack cinder-volume[83362]: DEBUG oslo_concurrency.processutils [None req-fb23eb22-b206-4b1e-b2a9-cf0939c3e7be tempest-GroupSnapshotsTest-2038627981 None] Running cmd (subprocess): sudo cinder-rootwrap /etc/cinder/rootwrap.conf qemu-img rebase -u -b volume-f40bacd3-71f6-4f56-951d-163a2b9a0ef1 -F qcow2 /opt/stack/data/cinder/mnt/60cdab8a261524191ebf813b8fec2bbb/volume-f40bacd3-71f6-4f56-951d-163a2b9a0ef1.1ad04a65-e835-461a-85fb-0548e61c7f85 {{(pid=83362) execute /opt/stack/data/venv/lib/python3.10/site-packages/oslo_concurrency/processutils.py:349}}
Jan 21 20:17:03 devstack sudo[87598]: quobyte : PWD=/ ; USER=root ; COMMAND=/opt/stack/data/venv/bin/cinder-rootwrap /etc/cinder/rootwrap.conf qemu-img rebase -u -b volume-f40bacd3-71f6-4f56-951d-163a2b9a0ef1 -F qcow2 /opt/stack/data/cinder/mnt/60cdab8a261524191ebf813b8fec2bbb/volume-f40bacd3-71f6-4f56-951d-163a2b9a0ef1.1ad04a65-e835-461a-85fb-0548e61c7f85
Jan 21 20:17:03 devstack sudo[87598]: pam_unix(sudo:session): session opened for user root(uid=0) by (uid=1000)
Jan 21 20:17:04 devstack sudo[87598]: pam_unix(sudo:session): session closed for user root
Jan 21 20:17:04 devstack cinder-volume[83362]: DEBUG oslo_concurrency.processutils [None req-fb23eb22-b206-4b1e-b2a9-cf0939c3e7be tempest-GroupSnapshotsTest-2038627981 None] CMD "sudo cinder-rootwrap /etc/cinder/rootwrap.conf qemu-img rebase -u -b volume-f40bacd3-71f6-4f56-951d-163a2b9a0ef1 -F qcow2 /opt/stack/data/cinder/mnt/60cdab8a261524191ebf813b8fec2bbb/volume-f40bacd3-71f6-4f56-951d-163a2b9a0ef1.1ad04a65-e835-461a-85fb-0548e61c7f85" returned: 0 in 0.735s {{(pid=83362) execute /opt/stack/data/venv/lib/python3.10/site-packages/oslo_concurrency/processutils.py:372}}
Jan 21 20:17:04 devstack cinder-volume[83362]: WARNING cinder.volume.drivers.remotefs [None req-fb23eb22-b206-4b1e-b2a9-cf0939c3e7be tempest-GroupSnapshotsTest-2038627981 None] /opt/stack/data/cinder/mnt/60cdab8a261524191ebf813b8fec2bbb/volume-f40bacd3-71f6-4f56-951d-163a2b9a0ef1.1ad04a65-e835-461a-85fb-0548e61c7f85 is being set with open permissions: ugo+rw: NotImplementedError
Jan 21 20:17:04 devstack cinder-volume[83362]: DEBUG oslo_concurrency.processutils [None req-fb23eb22-b206-4b1e-b2a9-cf0939c3e7be tempest-GroupSnapshotsTest-2038627981 None] Running cmd (subprocess): sudo cinder-rootwrap /etc/cinder/rootwrap.conf chmod ugo+rw /opt/stack/data/cinder/mnt/60cdab8a261524191ebf813b8fec2bbb/volume-f40bacd3-71f6-4f56-951d-163a2b9a0ef1.1ad04a65-e835-461a-85fb-0548e61c7f85 {{(pid=83362) execute /opt/stack/data/venv/lib/python3.10/site-packages/oslo_concurrency/processutils.py:349}}
Jan 21 20:17:04 devstack sudo[87606]: quobyte : PWD=/ ; USER=root ; COMMAND=/opt/stack/data/venv/bin/cinder-rootwrap /etc/cinder/rootwrap.conf chmod ugo+rw /opt/stack/data/cinder/mnt/60cdab8a261524191ebf813b8fec2bbb/volume-f40bacd3-71f6-4f56-951d-163a2b9a0ef1.1ad04a65-e835-461a-85fb-0548e61c7f85
Jan 21 20:17:04 devstack sudo[87606]: pam_unix(sudo:session): session opened for user root(uid=0) by (uid=1000)
Jan 21 20:17:05 devstack sudo[87606]: pam_unix(sudo:session): session closed for user root
Jan 21 20:17:05 devstack cinder-volume[83362]: DEBUG oslo_concurrency.processutils [None req-fb23eb22-b206-4b1e-b2a9-cf0939c3e7be tempest-GroupSnapshotsTest-2038627981 None] CMD "sudo cinder-rootwrap /etc/cinder/rootwrap.conf chmod ugo+rw /opt/stack/data/cinder/mnt/60cdab8a261524191ebf813b8fec2bbb/volume-f40bacd3-71f6-4f56-951d-163a2b9a0ef1.1ad04a65-e835-461a-85fb-0548e61c7f85" returned: 0 in 0.649s {{(pid=83362) execute /opt/stack/data/venv/lib/python3.10/site-packages/oslo_concurrency/processutils.py:372}}
Jan 21 20:17:05 devstack cinder-volume[83362]: DEBUG dbcounter [-] [83362] Writing DB stats cinder:UPDATE=79,cinder:SELECT=101,cinder:INSERT=23,cinder:DELETE=5 {{(pid=83362) stat_writer /opt/stack/data/venv/lib/python3.10/site-packages/dbcounter.py:115}}
Jan 21 20:17:05 devstack cinder-volume[83362]: DEBUG dbcounter [-] [83362] Writing DB stats cinder:SELECT=93,cinder:INSERT=20,cinder:UPDATE=81,cinder:DELETE=4 {{(pid=83362) stat_writer /opt/stack/data/venv/lib/python3.10/site-packages/dbcounter.py:115}}
Jan 21 20:17:05 devstack cinder-volume[83362]: DEBUG oslo_concurrency.processutils [None req-fb23eb22-b206-4b1e-b2a9-cf0939c3e7be tempest-GroupSnapshotsTest-2038627981 None] Running cmd (subprocess): sudo cinder-rootwrap /etc/cinder/rootwrap.conf truncate -s0 /opt/stack/data/cinder/mnt/60cdab8a261524191ebf813b8fec2bbb/volume-f40bacd3-71f6-4f56-951d-163a2b9a0ef1.info {{(pid=83362) execute /opt/stack/data/venv/lib/python3.10/site-packages/oslo_concurrency/processutils.py:349}}
Jan 21 20:17:05 devstack sudo[87610]: quobyte : PWD=/ ; USER=root ; COMMAND=/opt/stack/data/venv/bin/cinder-rootwrap /etc/cinder/rootwrap.conf truncate -s0 /opt/stack/data/cinder/mnt/60cdab8a261524191ebf813b8fec2bbb/volume-f40bacd3-71f6-4f56-951d-163a2b9a0ef1.info
Jan 21 20:17:05 devstack sudo[87610]: pam_unix(sudo:session): session opened for user root(uid=0) by (uid=1000)
Jan 21 20:17:05 devstack sudo[87610]: pam_unix(sudo:session): session closed for user root
Jan 21 20:17:05 devstack cinder-volume[83362]: DEBUG oslo_concurrency.processutils [None req-fb23eb22-b206-4b1e-b2a9-cf0939c3e7be tempest-GroupSnapshotsTest-2038627981 None] CMD "sudo cinder-rootwrap /etc/cinder/rootwrap.conf truncate -s0 /opt/stack/data/cinder/mnt/60cdab8a261524191ebf813b8fec2bbb/volume-f40bacd3-71f6-4f56-951d-163a2b9a0ef1.info" returned: 0 in 0.709s {{(pid=83362) execute /opt/stack/data/venv/lib/python3.10/site-packages/oslo_concurrency/processutils.py:372}}
Jan 21 20:17:05 devstack cinder-volume[83362]: WARNING cinder.volume.drivers.remotefs [None req-fb23eb22-b206-4b1e-b2a9-cf0939c3e7be tempest-GroupSnapshotsTest-2038627981 None] /opt/stack/data/cinder/mnt/60cdab8a261524191ebf813b8fec2bbb/volume-f40bacd3-71f6-4f56-951d-163a2b9a0ef1.info is being set with open permissions: ugo+rw: NotImplementedError
Jan 21 20:17:05 devstack cinder-volume[83362]: DEBUG oslo_concurrency.processutils [None req-fb23eb22-b206-4b1e-b2a9-cf0939c3e7be tempest-GroupSnapshotsTest-2038627981 None] Running cmd (subprocess): sudo cinder-rootwrap /etc/cinder/rootwrap.conf chmod ugo+rw /opt/stack/data/cinder/mnt/60cdab8a261524191ebf813b8fec2bbb/volume-f40bacd3-71f6-4f56-951d-163a2b9a0ef1.info {{(pid=83362) execute /opt/stack/data/venv/lib/python3.10/site-packages/oslo_concurrency/processutils.py:349}}
Jan 21 20:17:05 devstack sudo[87614]: quobyte : PWD=/ ; USER=root ; COMMAND=/opt/stack/data/venv/bin/cinder-rootwrap /etc/cinder/rootwrap.conf chmod ugo+rw /opt/stack/data/cinder/mnt/60cdab8a261524191ebf813b8fec2bbb/volume-f40bacd3-71f6-4f56-951d-163a2b9a0ef1.info
Jan 21 20:17:05 devstack sudo[87614]: pam_unix(sudo:session): session opened for user root(uid=0) by (uid=1000)
Jan 21 20:17:06 devstack sudo[87614]: pam_unix(sudo:session): session closed for user root
Jan 21 20:17:06 devstack cinder-volume[83362]: DEBUG oslo_concurrency.processutils [None req-fb23eb22-b206-4b1e-b2a9-cf0939c3e7be tempest-GroupSnapshotsTest-2038627981 None] CMD "sudo cinder-rootwrap /etc/cinder/rootwrap.conf chmod ugo+rw /opt/stack/data/cinder/mnt/60cdab8a261524191ebf813b8fec2bbb/volume-f40bacd3-71f6-4f56-951d-163a2b9a0ef1.info" returned: 0 in 0.824s {{(pid=83362) execute /opt/stack/data/venv/lib/python3.10/site-packages/oslo_concurrency/processutils.py:372}}
Jan 21 20:17:06 devstack cinder-volume[83362]: DEBUG oslo_concurrency.lockutils [None req-fb23eb22-b206-4b1e-b2a9-cf0939c3e7be tempest-GroupSnapshotsTest-2038627981 None] Lock "quobyte" "released" by "cinder.volume.drivers.quobyte.QuobyteDriver.create_snapshot" :: held 5.105s {{(pid=83362) inner /opt/stack/data/venv/lib/python3.10/site-packages/oslo_concurrency/lockutils.py:424}}
Jan 21 20:17:06 devstack cinder-volume[83362]: DEBUG oslo_concurrency.lockutils [None req-fb23eb22-b206-4b1e-b2a9-cf0939c3e7be tempest-GroupSnapshotsTest-2038627981 None] Acquiring lock "quobyte" by "cinder.volume.drivers.quobyte.QuobyteDriver.create_snapshot" {{(pid=83362) inner /opt/stack/data/venv/lib/python3.10/site-packages/oslo_concurrency/lockutils.py:405}}
Jan 21 20:17:06 devstack cinder-volume[83362]: DEBUG oslo_concurrency.lockutils [None req-fb23eb22-b206-4b1e-b2a9-cf0939c3e7be tempest-GroupSnapshotsTest-2038627981 None] Lock "quobyte" acquired by "cinder.volume.drivers.quobyte.QuobyteDriver.create_snapshot" :: waited 0.001s {{(pid=83362) inner /opt/stack/data/venv/lib/python3.10/site-packages/oslo_concurrency/lockutils.py:410}}
Jan 21 20:17:06 devstack cinder-volume[83362]: DEBUG cinder.volume.drivers.remotefs [None req-fb23eb22-b206-4b1e-b2a9-cf0939c3e7be tempest-GroupSnapshotsTest-2038627981 None] Creating offline snapshot 249e4961-a571-4621-bdb9-a19b8c6384a4 of volume b3317f1d-7eba-440e-8942-0accb0dcb830 {{(pid=83362) _create_snapshot /opt/stack/cinder/cinder/volume/drivers/remotefs.py:1817}}
Jan 21 20:17:06 devstack cinder-volume[83362]: DEBUG oslo.privsep.daemon [-] privsep: reply[759438df-6bfe-458e-bd7a-741c369a69da]: (4, 'qcow2') {{(pid=84011) _call_back /opt/stack/data/venv/lib/python3.10/site-packages/oslo_privsep/daemon.py:515}}
Jan 21 20:17:06 devstack cinder-volume[83362]: DEBUG oslo_concurrency.processutils [None req-fb23eb22-b206-4b1e-b2a9-cf0939c3e7be tempest-GroupSnapshotsTest-2038627981 None] Running cmd (subprocess): /opt/stack/data/venv/bin/python3.10 -m oslo_concurrency.prlimit --as=1073741824 --cpu=60 -- sudo cinder-rootwrap /etc/cinder/rootwrap.conf env LC_ALL=C qemu-img info -f qcow2 --output=json --force-share /opt/stack/data/cinder/mnt/60cdab8a261524191ebf813b8fec2bbb/volume-b3317f1d-7eba-440e-8942-0accb0dcb830 {{(pid=83362) execute /opt/stack/data/venv/lib/python3.10/site-packages/oslo_concurrency/processutils.py:349}}
Jan 21 20:17:06 devstack sudo[87621]: quobyte : PWD=/ ; USER=root ; COMMAND=/opt/stack/data/venv/bin/cinder-rootwrap /etc/cinder/rootwrap.conf env LC_ALL=C qemu-img info -f qcow2 --output=json --force-share /opt/stack/data/cinder/mnt/60cdab8a261524191ebf813b8fec2bbb/volume-b3317f1d-7eba-440e-8942-0accb0dcb830
Jan 21 20:17:06 devstack sudo[87621]: pam_unix(sudo:session): session opened for user root(uid=0) by (uid=1000)
Jan 21 20:17:07 devstack sudo[87621]: pam_unix(sudo:session): session closed for user root
Jan 21 20:17:07 devstack cinder-volume[83362]: DEBUG oslo_concurrency.processutils [None req-fb23eb22-b206-4b1e-b2a9-cf0939c3e7be tempest-GroupSnapshotsTest-2038627981 None] CMD "/opt/stack/data/venv/bin/python3.10 -m oslo_concurrency.prlimit --as=1073741824 --cpu=60 -- sudo cinder-rootwrap /etc/cinder/rootwrap.conf env LC_ALL=C qemu-img info -f qcow2 --output=json --force-share /opt/stack/data/cinder/mnt/60cdab8a261524191ebf813b8fec2bbb/volume-b3317f1d-7eba-440e-8942-0accb0dcb830" returned: 0 in 0.822s {{(pid=83362) execute /opt/stack/data/venv/lib/python3.10/site-packages/oslo_concurrency/processutils.py:372}}
Jan 21 20:17:07 devstack cinder-volume[83362]: DEBUG oslo_concurrency.processutils [None req-fb23eb22-b206-4b1e-b2a9-cf0939c3e7be tempest-GroupSnapshotsTest-2038627981 None] Running cmd (subprocess): sudo cinder-rootwrap /etc/cinder/rootwrap.conf qemu-img create -f qcow2 -o backing_file=/opt/stack/data/cinder/mnt/60cdab8a261524191ebf813b8fec2bbb/volume-b3317f1d-7eba-440e-8942-0accb0dcb830,backing_fmt=qcow2 /opt/stack/data/cinder/mnt/60cdab8a261524191ebf813b8fec2bbb/volume-b3317f1d-7eba-440e-8942-0accb0dcb830.249e4961-a571-4621-bdb9-a19b8c6384a4 1G {{(pid=83362) execute /opt/stack/data/venv/lib/python3.10/site-packages/oslo_concurrency/processutils.py:349}}
Jan 21 20:17:07 devstack sudo[87628]: quobyte : PWD=/ ; USER=root ; COMMAND=/opt/stack/data/venv/bin/cinder-rootwrap /etc/cinder/rootwrap.conf qemu-img create -f qcow2 -o backing_file=/opt/stack/data/cinder/mnt/60cdab8a261524191ebf813b8fec2bbb/volume-b3317f1d-7eba-440e-8942-0accb0dcb830,backing_fmt=qcow2 /opt/stack/data/cinder/mnt/60cdab8a261524191ebf813b8fec2bbb/volume-b3317f1d-7eba-440e-8942-0accb0dcb830.249e4961-a571-4621-bdb9-a19b8c6384a4 1G
Jan 21 20:17:07 devstack sudo[87628]: pam_unix(sudo:session): session opened for user root(uid=0) by (uid=1000)
Jan 21 20:17:08 devstack sudo[87628]: pam_unix(sudo:session): session closed for user root
Jan 21 20:17:08 devstack cinder-volume[83362]: DEBUG oslo_concurrency.processutils [None req-fb23eb22-b206-4b1e-b2a9-cf0939c3e7be tempest-GroupSnapshotsTest-2038627981 None] CMD "sudo cinder-rootwrap /etc/cinder/rootwrap.conf qemu-img create -f qcow2 -o backing_file=/opt/stack/data/cinder/mnt/60cdab8a261524191ebf813b8fec2bbb/volume-b3317f1d-7eba-440e-8942-0accb0dcb830,backing_fmt=qcow2 /opt/stack/data/cinder/mnt/60cdab8a261524191ebf813b8fec2bbb/volume-b3317f1d-7eba-440e-8942-0accb0dcb830.249e4961-a571-4621-bdb9-a19b8c6384a4 1G" returned: 0 in 1.109s {{(pid=83362) execute /opt/stack/data/venv/lib/python3.10/site-packages/oslo_concurrency/processutils.py:372}}
Jan 21 20:17:08 devstack cinder-volume[83362]: DEBUG oslo_concurrency.processutils [None req-fb23eb22-b206-4b1e-b2a9-cf0939c3e7be tempest-GroupSnapshotsTest-2038627981 None] Running cmd (subprocess): sudo cinder-rootwrap /etc/cinder/rootwrap.conf qemu-img rebase -u -b volume-b3317f1d-7eba-440e-8942-0accb0dcb830 -F qcow2 /opt/stack/data/cinder/mnt/60cdab8a261524191ebf813b8fec2bbb/volume-b3317f1d-7eba-440e-8942-0accb0dcb830.249e4961-a571-4621-bdb9-a19b8c6384a4 {{(pid=83362) execute /opt/stack/data/venv/lib/python3.10/site-packages/oslo_concurrency/processutils.py:349}}
Jan 21 20:17:08 devstack sudo[87644]: quobyte : PWD=/ ; USER=root ; COMMAND=/opt/stack/data/venv/bin/cinder-rootwrap /etc/cinder/rootwrap.conf qemu-img rebase -u -b volume-b3317f1d-7eba-440e-8942-0accb0dcb830 -F qcow2 /opt/stack/data/cinder/mnt/60cdab8a261524191ebf813b8fec2bbb/volume-b3317f1d-7eba-440e-8942-0accb0dcb830.249e4961-a571-4621-bdb9-a19b8c6384a4
Jan 21 20:17:08 devstack sudo[87644]: pam_unix(sudo:session): session opened for user root(uid=0) by (uid=1000)
Jan 21 20:17:09 devstack sudo[87644]: pam_unix(sudo:session): session closed for user root
Jan 21 20:17:09 devstack cinder-volume[83362]: DEBUG oslo_concurrency.processutils [None req-fb23eb22-b206-4b1e-b2a9-cf0939c3e7be tempest-GroupSnapshotsTest-2038627981 None] CMD "sudo cinder-rootwrap /etc/cinder/rootwrap.conf qemu-img rebase -u -b volume-b3317f1d-7eba-440e-8942-0accb0dcb830 -F qcow2 /opt/stack/data/cinder/mnt/60cdab8a261524191ebf813b8fec2bbb/volume-b3317f1d-7eba-440e-8942-0accb0dcb830.249e4961-a571-4621-bdb9-a19b8c6384a4" returned: 0 in 1.142s {{(pid=83362) execute /opt/stack/data/venv/lib/python3.10/site-packages/oslo_concurrency/processutils.py:372}}
Jan 21 20:17:09 devstack cinder-volume[83362]: WARNING cinder.volume.drivers.remotefs [None req-fb23eb22-b206-4b1e-b2a9-cf0939c3e7be tempest-GroupSnapshotsTest-2038627981 None] /opt/stack/data/cinder/mnt/60cdab8a261524191ebf813b8fec2bbb/volume-b3317f1d-7eba-440e-8942-0accb0dcb830.249e4961-a571-4621-bdb9-a19b8c6384a4 is being set with open permissions: ugo+rw: NotImplementedError
Jan 21 20:17:09 devstack cinder-volume[83362]: DEBUG oslo_concurrency.processutils [None req-fb23eb22-b206-4b1e-b2a9-cf0939c3e7be tempest-GroupSnapshotsTest-2038627981 None] Running cmd (subprocess): sudo cinder-rootwrap /etc/cinder/rootwrap.conf chmod ugo+rw /opt/stack/data/cinder/mnt/60cdab8a261524191ebf813b8fec2bbb/volume-b3317f1d-7eba-440e-8942-0accb0dcb830.249e4961-a571-4621-bdb9-a19b8c6384a4 {{(pid=83362) execute /opt/stack/data/venv/lib/python3.10/site-packages/oslo_concurrency/processutils.py:349}}
Jan 21 20:17:09 devstack sudo[87691]: quobyte : PWD=/ ; USER=root ; COMMAND=/opt/stack/data/venv/bin/cinder-rootwrap /etc/cinder/rootwrap.conf chmod ugo+rw /opt/stack/data/cinder/mnt/60cdab8a261524191ebf813b8fec2bbb/volume-b3317f1d-7eba-440e-8942-0accb0dcb830.249e4961-a571-4621-bdb9-a19b8c6384a4
Jan 21 20:17:09 devstack sudo[87691]: pam_unix(sudo:session): session opened for user root(uid=0) by (uid=1000)
Jan 21 20:17:10 devstack sudo[87691]: pam_unix(sudo:session): session closed for user root
Jan 21 20:17:10 devstack cinder-volume[83362]: DEBUG oslo_concurrency.processutils [None req-fb23eb22-b206-4b1e-b2a9-cf0939c3e7be tempest-GroupSnapshotsTest-2038627981 None] CMD "sudo cinder-rootwrap /etc/cinder/rootwrap.conf chmod ugo+rw /opt/stack/data/cinder/mnt/60cdab8a261524191ebf813b8fec2bbb/volume-b3317f1d-7eba-440e-8942-0accb0dcb830.249e4961-a571-4621-bdb9-a19b8c6384a4" returned: 0 in 0.677s {{(pid=83362) execute /opt/stack/data/venv/lib/python3.10/site-packages/oslo_concurrency/processutils.py:372}}
Jan 21 20:17:10 devstack cinder-volume[83362]: DEBUG oslo_concurrency.processutils [None req-fb23eb22-b206-4b1e-b2a9-cf0939c3e7be tempest-GroupSnapshotsTest-2038627981 None] Running cmd (subprocess): sudo cinder-rootwrap /etc/cinder/rootwrap.conf truncate -s0 /opt/stack/data/cinder/mnt/60cdab8a261524191ebf813b8fec2bbb/volume-b3317f1d-7eba-440e-8942-0accb0dcb830.info {{(pid=83362) execute /opt/stack/data/venv/lib/python3.10/site-packages/oslo_concurrency/processutils.py:349}}
Jan 21 20:17:10 devstack sudo[87696]: quobyte : PWD=/ ; USER=root ; COMMAND=/opt/stack/data/venv/bin/cinder-rootwrap /etc/cinder/rootwrap.conf truncate -s0 /opt/stack/data/cinder/mnt/60cdab8a261524191ebf813b8fec2bbb/volume-b3317f1d-7eba-440e-8942-0accb0dcb830.info
Jan 21 20:17:10 devstack sudo[87696]: pam_unix(sudo:session): session opened for user root(uid=0) by (uid=1000)
Jan 21 20:17:11 devstack sudo[87696]: pam_unix(sudo:session): session closed for user root
Jan 21 20:17:11 devstack cinder-volume[83362]: DEBUG oslo_concurrency.processutils [None req-fb23eb22-b206-4b1e-b2a9-cf0939c3e7be tempest-GroupSnapshotsTest-2038627981 None] CMD "sudo cinder-rootwrap /etc/cinder/rootwrap.conf truncate -s0 /opt/stack/data/cinder/mnt/60cdab8a261524191ebf813b8fec2bbb/volume-b3317f1d-7eba-440e-8942-0accb0dcb830.info" returned: 0 in 0.669s {{(pid=83362) execute /opt/stack/data/venv/lib/python3.10/site-packages/oslo_concurrency/processutils.py:372}}
Jan 21 20:17:11 devstack cinder-volume[83362]: WARNING cinder.volume.drivers.remotefs [None req-fb23eb22-b206-4b1e-b2a9-cf0939c3e7be tempest-GroupSnapshotsTest-2038627981 None] /opt/stack/data/cinder/mnt/60cdab8a261524191ebf813b8fec2bbb/volume-b3317f1d-7eba-440e-8942-0accb0dcb830.info is being set with open permissions: ugo+rw: NotImplementedError
Jan 21 20:17:11 devstack cinder-volume[83362]: DEBUG oslo_concurrency.processutils [None req-fb23eb22-b206-4b1e-b2a9-cf0939c3e7be tempest-GroupSnapshotsTest-2038627981 None] Running cmd (subprocess): sudo cinder-rootwrap /etc/cinder/rootwrap.conf chmod ugo+rw /opt/stack/data/cinder/mnt/60cdab8a261524191ebf813b8fec2bbb/volume-b3317f1d-7eba-440e-8942-0accb0dcb830.info {{(pid=83362) execute /opt/stack/data/venv/lib/python3.10/site-packages/oslo_concurrency/processutils.py:349}}
Jan 21 20:17:11 devstack sudo[87700]: quobyte : PWD=/ ; USER=root ; COMMAND=/opt/stack/data/venv/bin/cinder-rootwrap /etc/cinder/rootwrap.conf chmod ugo+rw /opt/stack/data/cinder/mnt/60cdab8a261524191ebf813b8fec2bbb/volume-b3317f1d-7eba-440e-8942-0accb0dcb830.info
Jan 21 20:17:11 devstack sudo[87700]: pam_unix(sudo:session): session opened for user root(uid=0) by (uid=1000)
Jan 21 20:17:12 devstack sudo[87700]: pam_unix(sudo:session): session closed for user root
Jan 21 20:17:12 devstack cinder-volume[83362]: DEBUG oslo_concurrency.processutils [None req-fb23eb22-b206-4b1e-b2a9-cf0939c3e7be tempest-GroupSnapshotsTest-2038627981 None] CMD "sudo cinder-rootwrap /etc/cinder/rootwrap.conf chmod ugo+rw /opt/stack/data/cinder/mnt/60cdab8a261524191ebf813b8fec2bbb/volume-b3317f1d-7eba-440e-8942-0accb0dcb830.info" returned: 0 in 1.242s {{(pid=83362) execute /opt/stack/data/venv/lib/python3.10/site-packages/oslo_concurrency/processutils.py:372}}
Jan 21 20:17:12 devstack cinder-volume[83362]: DEBUG oslo_concurrency.lockutils [None req-fb23eb22-b206-4b1e-b2a9-cf0939c3e7be tempest-GroupSnapshotsTest-2038627981 None] Lock "quobyte" "released" by "cinder.volume.drivers.quobyte.QuobyteDriver.create_snapshot" :: held 5.831s {{(pid=83362) inner /opt/stack/data/venv/lib/python3.10/site-packages/oslo_concurrency/lockutils.py:424}}
Jan 21 20:17:12 devstack cinder-volume[83362]: INFO cinder.volume.manager [None req-fb23eb22-b206-4b1e-b2a9-cf0939c3e7be tempest-GroupSnapshotsTest-2038627981 None] group_snapshot c00b9631-081c-47e7-be30-26c83f9acdc2: created successfully
Jan 21 20:17:13 devstack cinder-volume[83362]: INFO cinder.volume.manager [None req-9a2d7e0a-41e1-42c3-89a2-e42b355dde70 tempest-GroupSnapshotsTest-2038627981 None] group_snapshot c00b9631-081c-47e7-be30-26c83f9acdc2: deleting
Jan 21 20:17:13 devstack cinder-volume[83362]: WARNING cinder.volume.volume_utils [None req-9a2d7e0a-41e1-42c3-89a2-e42b355dde70 tempest-GroupSnapshotsTest-2038627981 None] Volume driver (QuobyteDriver 1.1.13) is currently unsupported and may be removed in the next release of OpenStack. Use at your own risk.
Jan 21 20:17:13 devstack cinder-volume[83362]: DEBUG cinder.volume.manager [None req-9a2d7e0a-41e1-42c3-89a2-e42b355dde70 tempest-GroupSnapshotsTest-2038627981 None] group_snapshot c00b9631-081c-47e7-be30-26c83f9acdc2: deleting {{(pid=83362) delete_group_snapshot /opt/stack/cinder/cinder/volume/manager.py:4319}}
Jan 21 20:17:13 devstack cinder-volume[83362]: DEBUG cinder.coordination [None req-9a2d7e0a-41e1-42c3-89a2-e42b355dde70 tempest-GroupSnapshotsTest-2038627981 None] Acquiring lock "cinder-quobyte-f40bacd3-71f6-4f56-951d-163a2b9a0ef1" by "delete_snapshot" {{(pid=83362) __acquire /opt/stack/cinder/cinder/coordination.py:143}}
Jan 21 20:17:13 devstack cinder-volume[83362]: DEBUG cinder.coordination [None req-9a2d7e0a-41e1-42c3-89a2-e42b355dde70 tempest-GroupSnapshotsTest-2038627981 None] Lock "cinder-quobyte-f40bacd3-71f6-4f56-951d-163a2b9a0ef1" acquired by "delete_snapshot" :: waited 0.019s {{(pid=83362) __acquire /opt/stack/cinder/cinder/coordination.py:146}}
Jan 21 20:17:13 devstack cinder-volume[83362]: DEBUG cinder.coordination [None req-9a2d7e0a-41e1-42c3-89a2-e42b355dde70 tempest-GroupSnapshotsTest-2038627981 None] Acquiring lock "cinder-quobyte-1ad04a65-e835-461a-85fb-0548e61c7f85" by "_delete_snapshot" {{(pid=83362) __acquire /opt/stack/cinder/cinder/coordination.py:143}}
Jan 21 20:17:13 devstack cinder-volume[83362]: DEBUG cinder.coordination [None req-9a2d7e0a-41e1-42c3-89a2-e42b355dde70 tempest-GroupSnapshotsTest-2038627981 None] Lock "cinder-quobyte-1ad04a65-e835-461a-85fb-0548e61c7f85" acquired by "_delete_snapshot" :: waited 0.020s {{(pid=83362) __acquire /opt/stack/cinder/cinder/coordination.py:146}}
Jan 21 20:17:13 devstack cinder-volume[83362]: DEBUG cinder.volume.drivers.remotefs [None req-9a2d7e0a-41e1-42c3-89a2-e42b355dde70 tempest-GroupSnapshotsTest-2038627981 None] Deleting offline snapshot 1ad04a65-e835-461a-85fb-0548e61c7f85 of volume f40bacd3-71f6-4f56-951d-163a2b9a0ef1 {{(pid=83362) _delete_snapshot /opt/stack/cinder/cinder/volume/drivers/remotefs.py:1290}}
Jan 21 20:17:13 devstack cinder-volume[83362]: DEBUG cinder.volume.drivers.remotefs [None req-9a2d7e0a-41e1-42c3-89a2-e42b355dde70 tempest-GroupSnapshotsTest-2038627981 None] snapshot_file for this snap is: volume-f40bacd3-71f6-4f56-951d-163a2b9a0ef1.1ad04a65-e835-461a-85fb-0548e61c7f85 {{(pid=83362) _delete_snapshot /opt/stack/cinder/cinder/volume/drivers/remotefs.py:1319}}
Jan 21 20:17:13 devstack cinder-volume[83362]: DEBUG oslo.privsep.daemon [-] privsep: reply[490fb56c-1173-419e-8787-27205342c3c4]: (4, 'qcow2') {{(pid=84011) _call_back /opt/stack/data/venv/lib/python3.10/site-packages/oslo_privsep/daemon.py:515}}
Jan 21 20:17:13 devstack cinder-volume[83362]: DEBUG oslo_concurrency.processutils [None req-9a2d7e0a-41e1-42c3-89a2-e42b355dde70 tempest-GroupSnapshotsTest-2038627981 None] Running cmd (subprocess): /opt/stack/data/venv/bin/python3.10 -m oslo_concurrency.prlimit --as=1073741824 --cpu=60 -- sudo cinder-rootwrap /etc/cinder/rootwrap.conf env LC_ALL=C qemu-img info -f qcow2 --output=json --force-share /opt/stack/data/cinder/mnt/60cdab8a261524191ebf813b8fec2bbb/volume-f40bacd3-71f6-4f56-951d-163a2b9a0ef1.1ad04a65-e835-461a-85fb-0548e61c7f85 {{(pid=83362) execute /opt/stack/data/venv/lib/python3.10/site-packages/oslo_concurrency/processutils.py:349}}
Jan 21 20:17:13 devstack sudo[87707]: quobyte : PWD=/ ; USER=root ; COMMAND=/opt/stack/data/venv/bin/cinder-rootwrap /etc/cinder/rootwrap.conf env LC_ALL=C qemu-img info -f qcow2 --output=json --force-share /opt/stack/data/cinder/mnt/60cdab8a261524191ebf813b8fec2bbb/volume-f40bacd3-71f6-4f56-951d-163a2b9a0ef1.1ad04a65-e835-461a-85fb-0548e61c7f85
Jan 21 20:17:13 devstack sudo[87707]: pam_unix(sudo:session): session opened for user root(uid=0) by (uid=1000)
Jan 21 20:17:14 devstack sudo[87707]: pam_unix(sudo:session): session closed for user root
Jan 21 20:17:14 devstack cinder-volume[83362]: DEBUG oslo_concurrency.processutils [None req-9a2d7e0a-41e1-42c3-89a2-e42b355dde70 tempest-GroupSnapshotsTest-2038627981 None] CMD "/opt/stack/data/venv/bin/python3.10 -m oslo_concurrency.prlimit --as=1073741824 --cpu=60 -- sudo cinder-rootwrap /etc/cinder/rootwrap.conf env LC_ALL=C qemu-img info -f qcow2 --output=json --force-share /opt/stack/data/cinder/mnt/60cdab8a261524191ebf813b8fec2bbb/volume-f40bacd3-71f6-4f56-951d-163a2b9a0ef1.1ad04a65-e835-461a-85fb-0548e61c7f85" returned: 0 in 1.540s {{(pid=83362) execute /opt/stack/data/venv/lib/python3.10/site-packages/oslo_concurrency/processutils.py:372}}
Jan 21 20:17:14 devstack cinder-volume[83362]: DEBUG cinder.volume.drivers.remotefs [None req-9a2d7e0a-41e1-42c3-89a2-e42b355dde70 tempest-GroupSnapshotsTest-2038627981 None] Fetching qemu-img info with special backing_file_template: (/opt/stack/data/cinder/mnt/[0-9a-f]+/)?(volume-f40bacd3-71f6-4f56-951d-163a2b9a0ef1(.(tmp-snap-)?[0-9a-f-]+)?|volume_from_snapshot_cache/(tmp-snap-)?[0-9a-f-]+(.(child-|parent-)[0-9a-f-]+)?)$ {{(pid=83362) _qemu_img_info_base /opt/stack/cinder/cinder/volume/drivers/remotefs.py:898}}
Jan 21 20:17:15 devstack cinder-volume[83362]: DEBUG oslo.privsep.daemon [-] privsep: reply[436f0a43-932b-4d5b-8ac2-0f4b20ea5312]: (4, 'qcow2') {{(pid=84011) _call_back /opt/stack/data/venv/lib/python3.10/site-packages/oslo_privsep/daemon.py:515}}
Jan 21 20:17:15 devstack cinder-volume[83362]: DEBUG oslo_concurrency.processutils [None req-9a2d7e0a-41e1-42c3-89a2-e42b355dde70 tempest-GroupSnapshotsTest-2038627981 None] Running cmd (subprocess): /opt/stack/data/venv/bin/python3.10 -m oslo_concurrency.prlimit --as=1073741824 --cpu=60 -- sudo cinder-rootwrap /etc/cinder/rootwrap.conf env LC_ALL=C qemu-img info -f qcow2 --output=json --force-share /opt/stack/data/cinder/mnt/60cdab8a261524191ebf813b8fec2bbb/volume-f40bacd3-71f6-4f56-951d-163a2b9a0ef1 {{(pid=83362) execute /opt/stack/data/venv/lib/python3.10/site-packages/oslo_concurrency/processutils.py:349}}
Jan 21 20:17:15 devstack sudo[87733]: quobyte : PWD=/ ; USER=root ; COMMAND=/opt/stack/data/venv/bin/cinder-rootwrap /etc/cinder/rootwrap.conf env LC_ALL=C qemu-img info -f qcow2 --output=json --force-share /opt/stack/data/cinder/mnt/60cdab8a261524191ebf813b8fec2bbb/volume-f40bacd3-71f6-4f56-951d-163a2b9a0ef1
Jan 21 20:17:15 devstack sudo[87733]: pam_unix(sudo:session): session opened for user root(uid=0) by (uid=1000)
Jan 21 20:17:16 devstack sudo[87733]: pam_unix(sudo:session): session closed for user root
Jan 21 20:17:16 devstack cinder-volume[83362]: DEBUG oslo_concurrency.processutils [None req-9a2d7e0a-41e1-42c3-89a2-e42b355dde70 tempest-GroupSnapshotsTest-2038627981 None] CMD "/opt/stack/data/venv/bin/python3.10 -m oslo_concurrency.prlimit --as=1073741824 --cpu=60 -- sudo cinder-rootwrap /etc/cinder/rootwrap.conf env LC_ALL=C qemu-img info -f qcow2 --output=json --force-share /opt/stack/data/cinder/mnt/60cdab8a261524191ebf813b8fec2bbb/volume-f40bacd3-71f6-4f56-951d-163a2b9a0ef1" returned: 0 in 1.235s {{(pid=83362) execute /opt/stack/data/venv/lib/python3.10/site-packages/oslo_concurrency/processutils.py:372}}
Jan 21 20:17:16 devstack cinder-volume[83362]: DEBUG oslo_concurrency.processutils [None req-9a2d7e0a-41e1-42c3-89a2-e42b355dde70 tempest-GroupSnapshotsTest-2038627981 None] Running cmd (subprocess): sudo cinder-rootwrap /etc/cinder/rootwrap.conf qemu-img commit -d /opt/stack/data/cinder/mnt/60cdab8a261524191ebf813b8fec2bbb/volume-f40bacd3-71f6-4f56-951d-163a2b9a0ef1.1ad04a65-e835-461a-85fb-0548e61c7f85 {{(pid=83362) execute /opt/stack/data/venv/lib/python3.10/site-packages/oslo_concurrency/processutils.py:349}}
Jan 21 20:17:16 devstack sudo[87836]: quobyte : PWD=/ ; USER=root ; COMMAND=/opt/stack/data/venv/bin/cinder-rootwrap /etc/cinder/rootwrap.conf qemu-img commit -d /opt/stack/data/cinder/mnt/60cdab8a261524191ebf813b8fec2bbb/volume-f40bacd3-71f6-4f56-951d-163a2b9a0ef1.1ad04a65-e835-461a-85fb-0548e61c7f85
Jan 21 20:17:16 devstack sudo[87836]: pam_unix(sudo:session): session opened for user root(uid=0) by (uid=1000)
Jan 21 20:17:16 devstack sudo[87836]: pam_unix(sudo:session): session closed for user root
Jan 21 20:17:16 devstack cinder-volume[83362]: DEBUG oslo_concurrency.processutils [None req-9a2d7e0a-41e1-42c3-89a2-e42b355dde70 tempest-GroupSnapshotsTest-2038627981 None] CMD "sudo cinder-rootwrap /etc/cinder/rootwrap.conf qemu-img commit -d /opt/stack/data/cinder/mnt/60cdab8a261524191ebf813b8fec2bbb/volume-f40bacd3-71f6-4f56-951d-163a2b9a0ef1.1ad04a65-e835-461a-85fb-0548e61c7f85" returned: 0 in 0.738s {{(pid=83362) execute /opt/stack/data/venv/lib/python3.10/site-packages/oslo_concurrency/processutils.py:372}}
Jan 21 20:17:16 devstack cinder-volume[83362]: DEBUG oslo_concurrency.processutils [None req-9a2d7e0a-41e1-42c3-89a2-e42b355dde70 tempest-GroupSnapshotsTest-2038627981 None] Running cmd (subprocess): sudo cinder-rootwrap /etc/cinder/rootwrap.conf rm -f /opt/stack/data/cinder/mnt/60cdab8a261524191ebf813b8fec2bbb/volume-f40bacd3-71f6-4f56-951d-163a2b9a0ef1.1ad04a65-e835-461a-85fb-0548e61c7f85 {{(pid=83362) execute /opt/stack/data/venv/lib/python3.10/site-packages/oslo_concurrency/processutils.py:349}}
Jan 21 20:17:17 devstack sudo[87842]: quobyte : PWD=/ ; USER=root ; COMMAND=/opt/stack/data/venv/bin/cinder-rootwrap /etc/cinder/rootwrap.conf rm -f /opt/stack/data/cinder/mnt/60cdab8a261524191ebf813b8fec2bbb/volume-f40bacd3-71f6-4f56-951d-163a2b9a0ef1.1ad04a65-e835-461a-85fb-0548e61c7f85
Jan 21 20:17:17 devstack sudo[87842]: pam_unix(sudo:session): session opened for user root(uid=0) by (uid=1000)
Jan 21 20:17:17 devstack sudo[87842]: pam_unix(sudo:session): session closed for user root
Jan 21 20:17:17 devstack cinder-volume[83362]: DEBUG oslo_concurrency.processutils [None req-9a2d7e0a-41e1-42c3-89a2-e42b355dde70 tempest-GroupSnapshotsTest-2038627981 None] CMD "sudo cinder-rootwrap /etc/cinder/rootwrap.conf rm -f /opt/stack/data/cinder/mnt/60cdab8a261524191ebf813b8fec2bbb/volume-f40bacd3-71f6-4f56-951d-163a2b9a0ef1.1ad04a65-e835-461a-85fb-0548e61c7f85" returned: 0 in 0.516s {{(pid=83362) execute /opt/stack/data/venv/lib/python3.10/site-packages/oslo_concurrency/processutils.py:372}}
Jan 21 20:17:17 devstack cinder-volume[83362]: DEBUG cinder.coordination [None req-9a2d7e0a-41e1-42c3-89a2-e42b355dde70 tempest-GroupSnapshotsTest-2038627981 None] Lock "cinder-quobyte-1ad04a65-e835-461a-85fb-0548e61c7f85" released by "_delete_snapshot" :: held 4.202s {{(pid=83362) __release /opt/stack/cinder/cinder/coordination.py:157}}
Jan 21 20:17:17 devstack cinder-volume[83362]: DEBUG oslo_service.periodic_task [None req-de312add-79e4-4f3b-8239-797953cfe14f None None] Running periodic task VolumeManager.publish_service_capabilities {{(pid=83362) run_periodic_tasks /opt/stack/data/venv/lib/python3.10/site-packages/oslo_service/periodic_task.py:210}}
Jan 21 20:17:17 devstack cinder-volume[83362]: DEBUG oslo_concurrency.lockutils [None req-de312add-79e4-4f3b-8239-797953cfe14f None None] Acquiring lock "quobyte_ensure" by "cinder.volume.drivers.quobyte.QuobyteDriver._ensure_shares_mounted" {{(pid=83362) inner /opt/stack/data/venv/lib/python3.10/site-packages/oslo_concurrency/lockutils.py:405}}
Jan 21 20:17:17 devstack cinder-volume[83362]: DEBUG oslo_concurrency.lockutils [None req-de312add-79e4-4f3b-8239-797953cfe14f None None] Lock "quobyte_ensure" acquired by "cinder.volume.drivers.quobyte.QuobyteDriver._ensure_shares_mounted" :: waited 0.000s {{(pid=83362) inner /opt/stack/data/venv/lib/python3.10/site-packages/oslo_concurrency/lockutils.py:410}}
Jan 21 20:17:17 devstack cinder-volume[83362]: DEBUG cinder.volume.drivers.quobyte [None req-de312add-79e4-4f3b-8239-797953cfe14f None None] Quobyte Volume URL set to: {'osci02.corp.quobyte.com/cinder-vol-94684630-b701-4dd5-a5f8-212b6e42d53e': None} {{(pid=83362) _load_shares_config /opt/stack/cinder/cinder/volume/drivers/quobyte.py:611}}
Jan 21 20:17:17 devstack cinder-volume[83362]: DEBUG cinder.volume.drivers.quobyte [None req-de312add-79e4-4f3b-8239-797953cfe14f None None] Available shares ['osci02.corp.quobyte.com/cinder-vol-94684630-b701-4dd5-a5f8-212b6e42d53e'] {{(pid=83362) _ensure_shares_mounted /opt/stack/cinder/cinder/volume/drivers/quobyte.py:641}}
Jan 21 20:17:17 devstack cinder-volume[83362]: DEBUG oslo_concurrency.lockutils [None req-de312add-79e4-4f3b-8239-797953cfe14f None None] Lock "quobyte_ensure" "released" by "cinder.volume.drivers.quobyte.QuobyteDriver._ensure_shares_mounted" :: held 0.004s {{(pid=83362) inner /opt/stack/data/venv/lib/python3.10/site-packages/oslo_concurrency/lockutils.py:424}}
Jan 21 20:17:17 devstack cinder-volume[83362]: DEBUG oslo_concurrency.processutils [None req-de312add-79e4-4f3b-8239-797953cfe14f None None] Running cmd (subprocess): sudo cinder-rootwrap /etc/cinder/rootwrap.conf df --portability --block-size 1 /opt/stack/data/cinder/mnt/60cdab8a261524191ebf813b8fec2bbb {{(pid=83362) execute /opt/stack/data/venv/lib/python3.10/site-packages/oslo_concurrency/processutils.py:349}}
Jan 21 20:17:17 devstack cinder-volume[83362]: DEBUG cinder.coordination [None req-9a2d7e0a-41e1-42c3-89a2-e42b355dde70 tempest-GroupSnapshotsTest-2038627981 None] Lock "cinder-quobyte-f40bacd3-71f6-4f56-951d-163a2b9a0ef1" released by "delete_snapshot" :: held 4.253s {{(pid=83362) __release /opt/stack/cinder/cinder/coordination.py:157}}
Jan 21 20:17:17 devstack cinder-volume[83362]: DEBUG cinder.coordination [None req-9a2d7e0a-41e1-42c3-89a2-e42b355dde70 tempest-GroupSnapshotsTest-2038627981 None] Acquiring lock "cinder-quobyte-b3317f1d-7eba-440e-8942-0accb0dcb830" by "delete_snapshot" {{(pid=83362) __acquire /opt/stack/cinder/cinder/coordination.py:143}}
Jan 21 20:17:17 devstack cinder-volume[83362]: DEBUG cinder.coordination [None req-9a2d7e0a-41e1-42c3-89a2-e42b355dde70 tempest-GroupSnapshotsTest-2038627981 None] Lock "cinder-quobyte-b3317f1d-7eba-440e-8942-0accb0dcb830" acquired by "delete_snapshot" :: waited 0.008s {{(pid=83362) __acquire /opt/stack/cinder/cinder/coordination.py:146}}
Jan 21 20:17:17 devstack cinder-volume[83362]: DEBUG cinder.coordination [None req-9a2d7e0a-41e1-42c3-89a2-e42b355dde70 tempest-GroupSnapshotsTest-2038627981 None] Acquiring lock "cinder-quobyte-249e4961-a571-4621-bdb9-a19b8c6384a4" by "_delete_snapshot" {{(pid=83362) __acquire /opt/stack/cinder/cinder/coordination.py:143}}
Jan 21 20:17:17 devstack sudo[87845]: quobyte : PWD=/ ; USER=root ; COMMAND=/opt/stack/data/venv/bin/cinder-rootwrap /etc/cinder/rootwrap.conf df --portability --block-size 1 /opt/stack/data/cinder/mnt/60cdab8a261524191ebf813b8fec2bbb
Jan 21 20:17:17 devstack sudo[87845]: pam_unix(sudo:session): session opened for user root(uid=0) by (uid=1000)
Jan 21 20:17:17 devstack cinder-volume[83362]: DEBUG cinder.coordination [None req-9a2d7e0a-41e1-42c3-89a2-e42b355dde70 tempest-GroupSnapshotsTest-2038627981 None] Lock "cinder-quobyte-249e4961-a571-4621-bdb9-a19b8c6384a4" acquired by "_delete_snapshot" :: waited 0.028s {{(pid=83362) __acquire /opt/stack/cinder/cinder/coordination.py:146}}
Jan 21 20:17:17 devstack cinder-volume[83362]: DEBUG cinder.volume.drivers.remotefs [None req-9a2d7e0a-41e1-42c3-89a2-e42b355dde70 tempest-GroupSnapshotsTest-2038627981 None] Deleting offline snapshot 249e4961-a571-4621-bdb9-a19b8c6384a4 of volume b3317f1d-7eba-440e-8942-0accb0dcb830 {{(pid=83362) _delete_snapshot /opt/stack/cinder/cinder/volume/drivers/remotefs.py:1290}}
Jan 21 20:17:17 devstack cinder-volume[83362]: DEBUG cinder.volume.drivers.remotefs [None req-9a2d7e0a-41e1-42c3-89a2-e42b355dde70 tempest-GroupSnapshotsTest-2038627981 None] snapshot_file for this snap is: volume-b3317f1d-7eba-440e-8942-0accb0dcb830.249e4961-a571-4621-bdb9-a19b8c6384a4 {{(pid=83362) _delete_snapshot /opt/stack/cinder/cinder/volume/drivers/remotefs.py:1319}}
Jan 21 20:17:17 devstack cinder-volume[83362]: DEBUG oslo.privsep.daemon [-] privsep: reply[3ec9fc9f-d2a7-4d2f-8a5e-5e1cbf47c828]: (4, 'qcow2') {{(pid=84011) _call_back /opt/stack/data/venv/lib/python3.10/site-packages/oslo_privsep/daemon.py:515}}
Jan 21 20:17:17 devstack cinder-volume[83362]: DEBUG oslo_concurrency.processutils [None req-9a2d7e0a-41e1-42c3-89a2-e42b355dde70 tempest-GroupSnapshotsTest-2038627981 None] Running cmd (subprocess): /opt/stack/data/venv/bin/python3.10 -m oslo_concurrency.prlimit --as=1073741824 --cpu=60 -- sudo cinder-rootwrap /etc/cinder/rootwrap.conf env LC_ALL=C qemu-img info -f qcow2 --output=json --force-share /opt/stack/data/cinder/mnt/60cdab8a261524191ebf813b8fec2bbb/volume-b3317f1d-7eba-440e-8942-0accb0dcb830.249e4961-a571-4621-bdb9-a19b8c6384a4 {{(pid=83362) execute /opt/stack/data/venv/lib/python3.10/site-packages/oslo_concurrency/processutils.py:349}}
Jan 21 20:17:18 devstack sudo[87847]: quobyte : PWD=/ ; USER=root ; COMMAND=/opt/stack/data/venv/bin/cinder-rootwrap /etc/cinder/rootwrap.conf env LC_ALL=C qemu-img info -f qcow2 --output=json --force-share /opt/stack/data/cinder/mnt/60cdab8a261524191ebf813b8fec2bbb/volume-b3317f1d-7eba-440e-8942-0accb0dcb830.249e4961-a571-4621-bdb9-a19b8c6384a4
Jan 21 20:17:18 devstack sudo[87847]: pam_unix(sudo:session): session opened for user root(uid=0) by (uid=1000)
Jan 21 20:17:18 devstack sudo[87845]: pam_unix(sudo:session): session closed for user root
Jan 21 20:17:18 devstack cinder-volume[83362]: DEBUG oslo_concurrency.processutils [None req-de312add-79e4-4f3b-8239-797953cfe14f None None] CMD "sudo cinder-rootwrap /etc/cinder/rootwrap.conf df --portability --block-size 1 /opt/stack/data/cinder/mnt/60cdab8a261524191ebf813b8fec2bbb" returned: 0 in 1.196s {{(pid=83362) execute /opt/stack/data/venv/lib/python3.10/site-packages/oslo_concurrency/processutils.py:372}}
Jan 21 20:17:18 devstack cinder-volume[83362]: DEBUG cinder.manager [None req-de312add-79e4-4f3b-8239-797953cfe14f None None] Notifying Schedulers of capabilities ... {{(pid=83362) _publish_service_capabilities /opt/stack/cinder/cinder/manager.py:202}}
Jan 21 20:17:19 devstack sudo[87847]: pam_unix(sudo:session): session closed for user root
Jan 21 20:17:19 devstack cinder-volume[83362]: DEBUG oslo_concurrency.processutils [None req-9a2d7e0a-41e1-42c3-89a2-e42b355dde70 tempest-GroupSnapshotsTest-2038627981 None] CMD "/opt/stack/data/venv/bin/python3.10 -m oslo_concurrency.prlimit --as=1073741824 --cpu=60 -- sudo cinder-rootwrap /etc/cinder/rootwrap.conf env LC_ALL=C qemu-img info -f qcow2 --output=json --force-share /opt/stack/data/cinder/mnt/60cdab8a261524191ebf813b8fec2bbb/volume-b3317f1d-7eba-440e-8942-0accb0dcb830.249e4961-a571-4621-bdb9-a19b8c6384a4" returned: 0 in 1.429s {{(pid=83362) execute /opt/stack/data/venv/lib/python3.10/site-packages/oslo_concurrency/processutils.py:372}}
Jan 21 20:17:19 devstack cinder-volume[83362]: DEBUG cinder.volume.drivers.remotefs [None req-9a2d7e0a-41e1-42c3-89a2-e42b355dde70 tempest-GroupSnapshotsTest-2038627981 None] Fetching qemu-img info with special backing_file_template: (/opt/stack/data/cinder/mnt/[0-9a-f]+/)?(volume-b3317f1d-7eba-440e-8942-0accb0dcb830(.(tmp-snap-)?[0-9a-f-]+)?|volume_from_snapshot_cache/(tmp-snap-)?[0-9a-f-]+(.(child-|parent-)[0-9a-f-]+)?)$ {{(pid=83362) _qemu_img_info_base /opt/stack/cinder/cinder/volume/drivers/remotefs.py:898}}
Jan 21 20:17:19 devstack cinder-volume[83362]: DEBUG oslo.privsep.daemon [-] privsep: reply[9449653b-9d8c-4c0a-9da2-9fdf8f85946b]: (4, 'qcow2') {{(pid=84011) _call_back /opt/stack/data/venv/lib/python3.10/site-packages/oslo_privsep/daemon.py:515}}
Jan 21 20:17:19 devstack cinder-volume[83362]: DEBUG oslo_concurrency.processutils [None req-9a2d7e0a-41e1-42c3-89a2-e42b355dde70 tempest-GroupSnapshotsTest-2038627981 None] Running cmd (subprocess): /opt/stack/data/venv/bin/python3.10 -m oslo_concurrency.prlimit --as=1073741824 --cpu=60 -- sudo cinder-rootwrap /etc/cinder/rootwrap.conf env LC_ALL=C qemu-img info -f qcow2 --output=json --force-share /opt/stack/data/cinder/mnt/60cdab8a261524191ebf813b8fec2bbb/volume-b3317f1d-7eba-440e-8942-0accb0dcb830 {{(pid=83362) execute /opt/stack/data/venv/lib/python3.10/site-packages/oslo_concurrency/processutils.py:349}}
Jan 21 20:17:19 devstack sudo[87955]: quobyte : PWD=/ ; USER=root ; COMMAND=/opt/stack/data/venv/bin/cinder-rootwrap /etc/cinder/rootwrap.conf env LC_ALL=C qemu-img info -f qcow2 --output=json --force-share /opt/stack/data/cinder/mnt/60cdab8a261524191ebf813b8fec2bbb/volume-b3317f1d-7eba-440e-8942-0accb0dcb830
Jan 21 20:17:19 devstack sudo[87955]: pam_unix(sudo:session): session opened for user root(uid=0) by (uid=1000)
Jan 21 20:17:19 devstack sudo[87955]: pam_unix(sudo:session): session closed for user root
Jan 21 20:17:19 devstack cinder-volume[83362]: DEBUG oslo_concurrency.processutils [None req-9a2d7e0a-41e1-42c3-89a2-e42b355dde70 tempest-GroupSnapshotsTest-2038627981 None] CMD "/opt/stack/data/venv/bin/python3.10 -m oslo_concurrency.prlimit --as=1073741824 --cpu=60 -- sudo cinder-rootwrap /etc/cinder/rootwrap.conf env LC_ALL=C qemu-img info -f qcow2 --output=json --force-share /opt/stack/data/cinder/mnt/60cdab8a261524191ebf813b8fec2bbb/volume-b3317f1d-7eba-440e-8942-0accb0dcb830" returned: 0 in 0.825s {{(pid=83362) execute /opt/stack/data/venv/lib/python3.10/site-packages/oslo_concurrency/processutils.py:372}}
Jan 21 20:17:19 devstack cinder-volume[83362]: DEBUG oslo_concurrency.processutils [None req-9a2d7e0a-41e1-42c3-89a2-e42b355dde70 tempest-GroupSnapshotsTest-2038627981 None] Running cmd (subprocess): sudo cinder-rootwrap /etc/cinder/rootwrap.conf qemu-img commit -d /opt/stack/data/cinder/mnt/60cdab8a261524191ebf813b8fec2bbb/volume-b3317f1d-7eba-440e-8942-0accb0dcb830.249e4961-a571-4621-bdb9-a19b8c6384a4 {{(pid=83362) execute /opt/stack/data/venv/lib/python3.10/site-packages/oslo_concurrency/processutils.py:349}}
Jan 21 20:17:19 devstack sudo[87960]: quobyte : PWD=/ ; USER=root ; COMMAND=/opt/stack/data/venv/bin/cinder-rootwrap /etc/cinder/rootwrap.conf qemu-img commit -d /opt/stack/data/cinder/mnt/60cdab8a261524191ebf813b8fec2bbb/volume-b3317f1d-7eba-440e-8942-0accb0dcb830.249e4961-a571-4621-bdb9-a19b8c6384a4
Jan 21 20:17:19 devstack sudo[87960]: pam_unix(sudo:session): session opened for user root(uid=0) by (uid=1000)
Jan 21 20:17:20 devstack sudo[87960]: pam_unix(sudo:session): session closed for user root
Jan 21 20:17:20 devstack cinder-volume[83362]: DEBUG oslo_concurrency.processutils [None req-9a2d7e0a-41e1-42c3-89a2-e42b355dde70 tempest-GroupSnapshotsTest-2038627981 None] CMD "sudo cinder-rootwrap /etc/cinder/rootwrap.conf qemu-img commit -d /opt/stack/data/cinder/mnt/60cdab8a261524191ebf813b8fec2bbb/volume-b3317f1d-7eba-440e-8942-0accb0dcb830.249e4961-a571-4621-bdb9-a19b8c6384a4" returned: 0 in 0.676s {{(pid=83362) execute /opt/stack/data/venv/lib/python3.10/site-packages/oslo_concurrency/processutils.py:372}}
Jan 21 20:17:20 devstack cinder-volume[83362]: DEBUG oslo_concurrency.processutils [None req-9a2d7e0a-41e1-42c3-89a2-e42b355dde70 tempest-GroupSnapshotsTest-2038627981 None] Running cmd (subprocess): sudo cinder-rootwrap /etc/cinder/rootwrap.conf rm -f /opt/stack/data/cinder/mnt/60cdab8a261524191ebf813b8fec2bbb/volume-b3317f1d-7eba-440e-8942-0accb0dcb830.249e4961-a571-4621-bdb9-a19b8c6384a4 {{(pid=83362) execute /opt/stack/data/venv/lib/python3.10/site-packages/oslo_concurrency/processutils.py:349}}
Jan 21 20:17:20 devstack sudo[87965]: quobyte : PWD=/ ; USER=root ; COMMAND=/opt/stack/data/venv/bin/cinder-rootwrap /etc/cinder/rootwrap.conf rm -f /opt/stack/data/cinder/mnt/60cdab8a261524191ebf813b8fec2bbb/volume-b3317f1d-7eba-440e-8942-0accb0dcb830.249e4961-a571-4621-bdb9-a19b8c6384a4
Jan 21 20:17:20 devstack sudo[87965]: pam_unix(sudo:session): session opened for user root(uid=0) by (uid=1000)
Jan 21 20:17:21 devstack sudo[87965]: pam_unix(sudo:session): session closed for user root
Jan 21 20:17:21 devstack cinder-volume[83362]: DEBUG oslo_concurrency.processutils [None req-9a2d7e0a-41e1-42c3-89a2-e42b355dde70 tempest-GroupSnapshotsTest-2038627981 None] CMD "sudo cinder-rootwrap /etc/cinder/rootwrap.conf rm -f /opt/stack/data/cinder/mnt/60cdab8a261524191ebf813b8fec2bbb/volume-b3317f1d-7eba-440e-8942-0accb0dcb830.249e4961-a571-4621-bdb9-a19b8c6384a4" returned: 0 in 0.750s {{(pid=83362) execute /opt/stack/data/venv/lib/python3.10/site-packages/oslo_concurrency/processutils.py:372}}
Jan 21 20:17:21 devstack cinder-volume[83362]: DEBUG cinder.coordination [None req-9a2d7e0a-41e1-42c3-89a2-e42b355dde70 tempest-GroupSnapshotsTest-2038627981 None] Lock "cinder-quobyte-249e4961-a571-4621-bdb9-a19b8c6384a4" released by "_delete_snapshot" :: held 3.765s {{(pid=83362) __release /opt/stack/cinder/cinder/coordination.py:157}}
Jan 21 20:17:21 devstack cinder-volume[83362]: DEBUG cinder.coordination [None req-9a2d7e0a-41e1-42c3-89a2-e42b355dde70 tempest-GroupSnapshotsTest-2038627981 None] Lock "cinder-quobyte-b3317f1d-7eba-440e-8942-0accb0dcb830" released by "delete_snapshot" :: held 3.798s {{(pid=83362) __release /opt/stack/cinder/cinder/coordination.py:157}}
Jan 21 20:17:21 devstack cinder-volume[83362]: WARNING cinder.quota [None req-9a2d7e0a-41e1-42c3-89a2-e42b355dde70 tempest-GroupSnapshotsTest-2038627981 None] Deprecated: Default quota for resource: gigabytes_tempest-GroupSnapshotsTest-volume-type-1676001060 is set by the default quota flag: quota_gigabytes_tempest-GroupSnapshotsTest-volume-type-1676001060, it is now deprecated. Please use the default quota class for default quota.
Jan 21 20:17:21 devstack cinder-volume[83362]: WARNING cinder.quota [None req-9a2d7e0a-41e1-42c3-89a2-e42b355dde70 tempest-GroupSnapshotsTest-2038627981 None] Deprecated: Default quota for resource: snapshots_tempest-GroupSnapshotsTest-volume-type-1676001060 is set by the default quota flag: quota_snapshots_tempest-GroupSnapshotsTest-volume-type-1676001060, it is now deprecated. Please use the default quota class for default quota.
Jan 21 20:17:21 devstack cinder-volume[83362]: DEBUG cinder.quota [None req-9a2d7e0a-41e1-42c3-89a2-e42b355dde70 tempest-GroupSnapshotsTest-2038627981 None] Created reservations ['a7dbac6c-3188-471f-8a42-5ad5db09906c', '09748b08-bf8f-4f6c-a795-3b9957313056', 'a713f156-13c2-4e57-9660-a9baee643e8f', 'a28ee126-d582-46c9-9abd-34d2db64e8a8'] {{(pid=83362) reserve /opt/stack/cinder/cinder/quota.py:752}}
