Feb 05 08:02:12 devstack devstack@g-api.service[76219]: DEBUG glance.common.config [None req-ce54b954-888b-452f-aca2-2529eea3a821 None None] barbican_service_user.auth_type = None {{(pid=76219) log_opt_values /opt/stack/data/venv/lib/python3.10/site-packages/oslo_config/cfg.py:2824}}
Feb 05 08:02:12 devstack devstack@g-api.service[76219]: DEBUG glance.common.config [None req-ce54b954-888b-452f-aca2-2529eea3a821 None None] barbican_service_user.cafile = None {{(pid=76219) log_opt_values /opt/stack/data/venv/lib/python3.10/site-packages/oslo_config/cfg.py:2824}}
Feb 05 08:02:12 devstack devstack@g-api.service[76219]: DEBUG glance.common.config [None req-ce54b954-888b-452f-aca2-2529eea3a821 None None] barbican_service_user.certfile = None {{(pid=76219) log_opt_values /opt/stack/data/venv/lib/python3.10/site-packages/oslo_config/cfg.py:2824}}
Feb 05 08:02:12 devstack devstack@g-api.service[76219]: DEBUG glance.common.config [None req-ce54b954-888b-452f-aca2-2529eea3a821 None None] barbican_service_user.collect_timing = False {{(pid=76219) log_opt_values /opt/stack/data/venv/lib/python3.10/site-packages/oslo_config/cfg.py:2824}}
Feb 05 08:02:12 devstack devstack@g-api.service[76219]: DEBUG glance.common.config [None req-ce54b954-888b-452f-aca2-2529eea3a821 None None] barbican_service_user.insecure = False {{(pid=76219) log_opt_values /opt/stack/data/venv/lib/python3.10/site-packages/oslo_config/cfg.py:2824}}
Feb 05 08:02:12 devstack devstack@g-api.service[76219]: DEBUG glance.common.config [None req-ce54b954-888b-452f-aca2-2529eea3a821 None None] barbican_service_user.keyfile = None {{(pid=76219) log_opt_values /opt/stack/data/venv/lib/python3.10/site-packages/oslo_config/cfg.py:2824}}
Feb 05 08:02:12 devstack devstack@g-api.service[76219]: DEBUG glance.common.config [None req-ce54b954-888b-452f-aca2-2529eea3a821 None None] barbican_service_user.split_loggers = False {{(pid=76219) log_opt_values /opt/stack/data/venv/lib/python3.10/site-packages/oslo_config/cfg.py:2824}}
Feb 05 08:02:12 devstack devstack@g-api.service[76219]: DEBUG glance.common.config [None req-ce54b954-888b-452f-aca2-2529eea3a821 None None] barbican_service_user.timeout = None {{(pid=76219) log_opt_values /opt/stack/data/venv/lib/python3.10/site-packages/oslo_config/cfg.py:2824}}
Feb 05 08:02:12 devstack devstack@g-api.service[76219]: DEBUG glance.common.config [None req-ce54b954-888b-452f-aca2-2529eea3a821 None None] database.asyncio_connection = **** {{(pid=76219) log_opt_values /opt/stack/data/venv/lib/python3.10/site-packages/oslo_config/cfg.py:2824}}
Feb 05 08:02:12 devstack devstack@g-api.service[76219]: DEBUG glance.common.config [None req-ce54b954-888b-452f-aca2-2529eea3a821 None None] database.asyncio_slave_connection = **** {{(pid=76219) log_opt_values /opt/stack/data/venv/lib/python3.10/site-packages/oslo_config/cfg.py:2824}}
Feb 05 08:02:12 devstack devstack@g-api.service[76219]: DEBUG glance.common.config [None req-ce54b954-888b-452f-aca2-2529eea3a821 None None] database.backend = sqlalchemy {{(pid=76219) log_opt_values /opt/stack/data/venv/lib/python3.10/site-packages/oslo_config/cfg.py:2824}}
Feb 05 08:02:12 devstack devstack@g-api.service[76219]: DEBUG glance.common.config [None req-ce54b954-888b-452f-aca2-2529eea3a821 None None] database.connection = **** {{(pid=76219) log_opt_values /opt/stack/data/venv/lib/python3.10/site-packages/oslo_config/cfg.py:2824}}
Feb 05 08:02:12 devstack devstack@g-api.service[76219]: DEBUG glance.common.config [None req-ce54b954-888b-452f-aca2-2529eea3a821 None None] database.connection_debug = 0 {{(pid=76219) log_opt_values /opt/stack/data/venv/lib/python3.10/site-packages/oslo_config/cfg.py:2824}}
Feb 05 08:02:12 devstack devstack@g-api.service[76219]: DEBUG glance.common.config [None req-ce54b954-888b-452f-aca2-2529eea3a821 None None] database.connection_parameters = {{(pid=76219) log_opt_values /opt/stack/data/venv/lib/python3.10/site-packages/oslo_config/cfg.py:2824}}
Feb 05 08:02:12 devstack devstack@g-api.service[76219]: DEBUG glance.common.config [None req-ce54b954-888b-452f-aca2-2529eea3a821 None None] database.connection_recycle_time = 3600 {{(pid=76219) log_opt_values /opt/stack/data/venv/lib/python3.10/site-packages/oslo_config/cfg.py:2824}}
Feb 05 08:02:12 devstack devstack@g-api.service[76219]: DEBUG glance.common.config [None req-ce54b954-888b-452f-aca2-2529eea3a821 None None] database.connection_trace = False {{(pid=76219) log_opt_values /opt/stack/data/venv/lib/python3.10/site-packages/oslo_config/cfg.py:2824}}
Feb 05 08:02:12 devstack devstack@g-api.service[76219]: DEBUG glance.common.config [None req-ce54b954-888b-452f-aca2-2529eea3a821 None None] database.db_inc_retry_interval = True {{(pid=76219) log_opt_values /opt/stack/data/venv/lib/python3.10/site-packages/oslo_config/cfg.py:2824}}
Feb 05 08:02:12 devstack devstack@g-api.service[76219]: DEBUG glance.common.config [None req-ce54b954-888b-452f-aca2-2529eea3a821 None None] database.db_max_retries = 20 {{(pid=76219) log_opt_values /opt/stack/data/venv/lib/python3.10/site-packages/oslo_config/cfg.py:2824}}
Feb 05 08:02:12 devstack devstack@g-api.service[76219]: DEBUG glance.common.config [None req-ce54b954-888b-452f-aca2-2529eea3a821 None None] database.db_max_retry_interval = 10 {{(pid=76219) log_opt_values /opt/stack/data/venv/lib/python3.10/site-packages/oslo_config/cfg.py:2824}}
Feb 05 08:02:12 devstack devstack@g-api.service[76219]: DEBUG glance.common.config [None req-ce54b954-888b-452f-aca2-2529eea3a821 None None] database.db_retry_interval = 1 {{(pid=76219) log_opt_values /opt/stack/data/venv/lib/python3.10/site-packages/oslo_config/cfg.py:2824}}
Feb 05 08:02:12 devstack devstack@g-api.service[76219]: DEBUG glance.common.config [None req-ce54b954-888b-452f-aca2-2529eea3a821 None None] database.max_overflow = 50 {{(pid=76219) log_opt_values /opt/stack/data/venv/lib/python3.10/site-packages/oslo_config/cfg.py:2824}}
Feb 05 08:02:12 devstack devstack@g-api.service[76219]: DEBUG glance.common.config [None req-ce54b954-888b-452f-aca2-2529eea3a821 None None] database.max_pool_size = 5 {{(pid=76219) log_opt_values /opt/stack/data/venv/lib/python3.10/site-packages/oslo_config/cfg.py:2824}}
Feb 05 08:02:12 devstack devstack@g-api.service[76219]: DEBUG glance.common.config [None req-ce54b954-888b-452f-aca2-2529eea3a821 None None] database.max_retries = 10 {{(pid=76219) log_opt_values /opt/stack/data/venv/lib/python3.10/site-packages/oslo_config/cfg.py:2824}}
Feb 05 08:02:12 devstack devstack@g-api.service[76219]: DEBUG glance.common.config [None req-ce54b954-888b-452f-aca2-2529eea3a821 None None] database.mysql_sql_mode = TRADITIONAL {{(pid=76219) log_opt_values /opt/stack/data/venv/lib/python3.10/site-packages/oslo_config/cfg.py:2824}}
Feb 05 08:02:12 devstack devstack@g-api.service[76219]: DEBUG glance.common.config [None req-ce54b954-888b-452f-aca2-2529eea3a821 None None] database.mysql_wsrep_sync_wait = None {{(pid=76219) log_opt_values /opt/stack/data/venv/lib/python3.10/site-packages/oslo_config/cfg.py:2824}}
Feb 05 08:02:12 devstack devstack@g-api.service[76219]: DEBUG glance.common.config [None req-ce54b954-888b-452f-aca2-2529eea3a821 None None] database.pool_timeout = None {{(pid=76219) log_opt_values /opt/stack/data/venv/lib/python3.10/site-packages/oslo_config/cfg.py:2824}}
Feb 05 08:02:12 devstack devstack@g-api.service[76219]: DEBUG glance.common.config [None req-ce54b954-888b-452f-aca2-2529eea3a821 None None] database.retry_interval = 10 {{(pid=76219) log_opt_values /opt/stack/data/venv/lib/python3.10/site-packages/oslo_config/cfg.py:2824}}
Feb 05 08:02:12 devstack devstack@g-api.service[76219]: DEBUG glance.common.config [None req-ce54b954-888b-452f-aca2-2529eea3a821 None None] database.slave_connection = **** {{(pid=76219) log_opt_values /opt/stack/data/venv/lib/python3.10/site-packages/oslo_config/cfg.py:2824}}
Feb 05 08:02:12 devstack devstack@g-api.service[76219]: DEBUG glance.common.config [None req-ce54b954-888b-452f-aca2-2529eea3a821 None None] database.sqlite_synchronous = True {{(pid=76219) log_opt_values /opt/stack/data/venv/lib/python3.10/site-packages/oslo_config/cfg.py:2824}}
Feb 05 08:02:12 devstack devstack@g-api.service[76219]: DEBUG glance.common.config [None req-ce54b954-888b-452f-aca2-2529eea3a821 None None] database.synchronous_reader = True {{(pid=76219) log_opt_values /opt/stack/data/venv/lib/python3.10/site-packages/oslo_config/cfg.py:2824}}
Feb 05 08:02:12 devstack devstack@g-api.service[76219]: DEBUG glance.common.config [None req-ce54b954-888b-452f-aca2-2529eea3a821 None None] database.use_db_reconnect = False {{(pid=76219) log_opt_values /opt/stack/data/venv/lib/python3.10/site-packages/oslo_config/cfg.py:2824}}
Feb 05 08:02:12 devstack devstack@g-api.service[76219]: DEBUG glance.common.config [None req-ce54b954-888b-452f-aca2-2529eea3a821 None None] healthcheck.allowed_source_ranges = [] {{(pid=76219) log_opt_values /opt/stack/data/venv/lib/python3.10/site-packages/oslo_config/cfg.py:2824}}
Feb 05 08:02:12 devstack devstack@g-api.service[76219]: DEBUG glance.common.config [None req-ce54b954-888b-452f-aca2-2529eea3a821 None None] healthcheck.backends = ['disable_by_file'] {{(pid=76219) log_opt_values /opt/stack/data/venv/lib/python3.10/site-packages/oslo_config/cfg.py:2824}}
Feb 05 08:02:12 devstack devstack@g-api.service[76219]: DEBUG glance.common.config [None req-ce54b954-888b-452f-aca2-2529eea3a821 None None] healthcheck.detailed = False {{(pid=76219) log_opt_values /opt/stack/data/venv/lib/python3.10/site-packages/oslo_config/cfg.py:2824}}
Feb 05 08:02:12 devstack devstack@g-api.service[76219]: DEBUG glance.common.config [None req-ce54b954-888b-452f-aca2-2529eea3a821 None None] healthcheck.disable_by_file_path = None {{(pid=76219) log_opt_values /opt/stack/data/venv/lib/python3.10/site-packages/oslo_config/cfg.py:2824}}
Feb 05 08:02:12 devstack devstack@g-api.service[76219]: DEBUG glance.common.config [None req-ce54b954-888b-452f-aca2-2529eea3a821 None None] healthcheck.ignore_proxied_requests = False {{(pid=76219) log_opt_values /opt/stack/data/venv/lib/python3.10/site-packages/oslo_config/cfg.py:2824}}
Feb 05 08:02:12 devstack devstack@g-api.service[76219]: DEBUG glance.common.config [None req-ce54b954-888b-452f-aca2-2529eea3a821 None None] ******************************************************************************** {{(pid=76219) log_opt_values /opt/stack/data/venv/lib/python3.10/site-packages/oslo_config/cfg.py:2828}}
Feb 05 08:02:12 devstack devstack@g-api.service[76219]: WSGI app 0 (mountpoint='') ready in 4 seconds on interpreter 0x563b660196a0 pid: 76219 (default app)
Feb 05 08:02:14 devstack devstack@g-api.service[76218]: DEBUG glance.api.middleware.version_negotiation [None req-5119fb9b-0794-4e46-adf1-e68a63f9c3e3 None None] Determining version of request: GET / Accept: application/json {{(pid=76218) process_request /opt/stack/glance/glance/api/middleware/version_negotiation.py:44}}
Feb 05 08:02:14 devstack devstack@g-api.service[76218]: DEBUG glance.api.middleware.version_negotiation [None req-5119fb9b-0794-4e46-adf1-e68a63f9c3e3 None None] Using url versioning {{(pid=76218) process_request /opt/stack/glance/glance/api/middleware/version_negotiation.py:57}}
Feb 05 08:02:14 devstack devstack@g-api.service[76218]: DEBUG glance.api.middleware.version_negotiation [None req-5119fb9b-0794-4e46-adf1-e68a63f9c3e3 None None] Unknown version. Returning version choices. {{(pid=76218) process_request /opt/stack/glance/glance/api/middleware/version_negotiation.py:64}}
Feb 05 08:02:14 devstack devstack@g-api.service[76218]: [pid: 76218|app: 0|req: 2/2] 127.0.0.1 () {34 vars in 519 bytes} [Thu Feb 5 08:02:14 2026] GET / => generated 1459 bytes in 2 msecs (HTTP/1.1 300) 3 headers in 106 bytes (1 switches on core 0)
Feb 05 08:02:14 devstack devstack@g-api.service[76219]: DEBUG glance.api.middleware.version_negotiation [None req-ce54b954-888b-452f-aca2-2529eea3a821 None None] Determining version of request: POST /v2/images Accept: */* {{(pid=76219) process_request /opt/stack/glance/glance/api/middleware/version_negotiation.py:44}}
Feb 05 08:02:14 devstack devstack@g-api.service[76219]: DEBUG glance.api.middleware.version_negotiation [None req-ce54b954-888b-452f-aca2-2529eea3a821 None None] Using url versioning {{(pid=76219) process_request /opt/stack/glance/glance/api/middleware/version_negotiation.py:57}}
Feb 05 08:02:14 devstack devstack@g-api.service[76219]: DEBUG glance.api.middleware.version_negotiation [None req-ce54b954-888b-452f-aca2-2529eea3a821 None None] Matched version: v2 {{(pid=76219) process_request /opt/stack/glance/glance/api/middleware/version_negotiation.py:69}}
Feb 05 08:02:14 devstack devstack@g-api.service[76219]: DEBUG glance.api.middleware.version_negotiation [None req-ce54b954-888b-452f-aca2-2529eea3a821 None None] new path /v2/images {{(pid=76219) process_request /opt/stack/glance/glance/api/middleware/version_negotiation.py:70}}
Feb 05 08:02:15 devstack devstack@g-api.service[76218]: DEBUG glance.api.middleware.version_negotiation [None req-5119fb9b-0794-4e46-adf1-e68a63f9c3e3 None None] Determining version of request: PUT /v2/images/ac685e31-ab74-43e5-a73d-0bc2a20f4b5b/file Accept: {{(pid=76218) process_request /opt/stack/glance/glance/api/middleware/version_negotiation.py:44}}
Feb 05 08:02:15 devstack devstack@g-api.service[76218]: DEBUG glance.api.middleware.version_negotiation [None req-5119fb9b-0794-4e46-adf1-e68a63f9c3e3 None None] Using url versioning {{(pid=76218) process_request /opt/stack/glance/glance/api/middleware/version_negotiation.py:57}}
Feb 05 08:02:15 devstack devstack@g-api.service[76218]: DEBUG glance.api.middleware.version_negotiation [None req-5119fb9b-0794-4e46-adf1-e68a63f9c3e3 None None] Matched version: v2 {{(pid=76218) process_request /opt/stack/glance/glance/api/middleware/version_negotiation.py:69}}
Feb 05 08:02:15 devstack devstack@g-api.service[76218]: DEBUG glance.api.middleware.version_negotiation [None req-5119fb9b-0794-4e46-adf1-e68a63f9c3e3 None None] new path /v2/images/ac685e31-ab74-43e5-a73d-0bc2a20f4b5b/file {{(pid=76218) process_request /opt/stack/glance/glance/api/middleware/version_negotiation.py:70}}
Feb 05 08:02:15 devstack devstack@g-api.service[76219]: [pid: 76219|app: 0|req: 1/3] 127.0.0.1 () {40 vars in 782 bytes} [Thu Feb 5 08:02:14 2026] POST /v2/images => generated 807 bytes in 954 msecs (HTTP/1.1 201) 6 headers in 314 bytes (1 switches on core 0)
Feb 05 08:02:16 devstack devstack@g-api.service[76218]: INFO glance.api.v2.image_data [None req-b1384ef4-8ec4-40a0-bcfb-e595e05a5545 admin admin] Unable to create trust: no such option collect_timing in group [keystone_authtoken] Use the existing user token.
Feb 05 08:02:16 devstack devstack@g-api.service[76218]: DEBUG glance.location [None req-b1384ef4-8ec4-40a0-bcfb-e595e05a5545 admin admin] Enabling in-flight format inspection for qcow2 {{(pid=76218) set_data /opt/stack/glance/glance/location.py:616}}
Feb 05 08:02:16 devstack devstack@g-api.service[76218]: DEBUG oslo_utils.imageutils.format_inspector [None req-b1384ef4-8ec4-40a0-bcfb-e595e05a5545 admin admin] Format inspector for vmdk does not match, excluding from consideration (Signature KDMV not found: b'QFI\xfb') {{(pid=76218) _process_chunk /opt/stack/data/venv/lib/python3.10/site-packages/oslo_utils/imageutils/format_inspector.py:1537}}
Feb 05 08:02:16 devstack devstack@g-api.service[76218]: DEBUG oslo_utils.imageutils.format_inspector [None req-b1384ef4-8ec4-40a0-bcfb-e595e05a5545 admin admin] Format inspector for vhdx does not match, excluding from consideration (Region signature not found at 30000) {{(pid=76218) _process_chunk /opt/stack/data/venv/lib/python3.10/site-packages/oslo_utils/imageutils/format_inspector.py:1537}}
Feb 05 08:02:16 devstack devstack@g-api.service[76218]: DEBUG glance_store._drivers.filesystem [None req-b1384ef4-8ec4-40a0-bcfb-e595e05a5545 admin admin] Wrote 21692416 bytes to /opt/stack/data/glance/images/ac685e31-ab74-43e5-a73d-0bc2a20f4b5b with checksum 87617e24a5e30cb3b87fda8c0764838f and multihash 9a9bce0083a00939ec17c11febbfc767aa211aaa54f51e75c5a8b271a9b5637c77205a518b7a2007cb391d23cceb01e0e4e8d64832317151bc85b734b92a7be0 {{(pid=76218) add /opt/stack/data/venv/lib/python3.10/site-packages/glance_store/_drivers/filesystem.py:794}}
Feb 05 08:02:16 devstack devstack@g-api.service[76218]: INFO glance.location [None req-b1384ef4-8ec4-40a0-bcfb-e595e05a5545 admin admin] Image format matched and virtual size computed: 117440512
Feb 05 08:02:16 devstack devstack@g-api.service[76218]: DEBUG glance_store.backend [None req-b1384ef4-8ec4-40a0-bcfb-e595e05a5545 admin admin] Skipping store.set_acls... not implemented. {{(pid=76218) set_acls /opt/stack/data/venv/lib/python3.10/site-packages/glance_store/backend.py:507}}
Feb 05 08:02:16 devstack devstack@g-api.service[76218]: [pid: 76218|app: 0|req: 3/4] 127.0.0.1 () {40 vars in 875 bytes} [Thu Feb 5 08:02:15 2026] PUT /v2/images/ac685e31-ab74-43e5-a73d-0bc2a20f4b5b/file => generated 0 bytes in 1469 msecs (HTTP/1.1 204) 4 headers in 171 bytes (1 switches on core 0)
Feb 05 08:02:16 devstack devstack@g-api.service[76219]: DEBUG glance.api.middleware.version_negotiation [None req-e352bcd0-84e1-416e-9402-94279c31c806 admin admin] Determining version of request: GET /v2/images/ac685e31-ab74-43e5-a73d-0bc2a20f4b5b Accept: */* {{(pid=76219) process_request /opt/stack/glance/glance/api/middleware/version_negotiation.py:44}}
Feb 05 08:02:16 devstack devstack@g-api.service[76219]: DEBUG glance.api.middleware.version_negotiation [None req-e352bcd0-84e1-416e-9402-94279c31c806 admin admin] Using url versioning {{(pid=76219) process_request /opt/stack/glance/glance/api/middleware/version_negotiation.py:57}}
Feb 05 08:02:16 devstack devstack@g-api.service[76219]: DEBUG glance.api.middleware.version_negotiation [None req-e352bcd0-84e1-416e-9402-94279c31c806 admin admin] Matched version: v2 {{(pid=76219) process_request /opt/stack/glance/glance/api/middleware/version_negotiation.py:69}}
Feb 05 08:02:16 devstack devstack@g-api.service[76219]: DEBUG glance.api.middleware.version_negotiation [None req-e352bcd0-84e1-416e-9402-94279c31c806 admin admin] new path /v2/images/ac685e31-ab74-43e5-a73d-0bc2a20f4b5b {{(pid=76219) process_request /opt/stack/glance/glance/api/middleware/version_negotiation.py:70}}
Feb 05 08:02:16 devstack devstack@g-api.service[76219]: [pid: 76219|app: 0|req: 2/5] 127.0.0.1 () {36 vars in 802 bytes} [Thu Feb 5 08:02:16 2026] GET /v2/images/ac685e31-ab74-43e5-a73d-0bc2a20f4b5b => generated 976 bytes in 15 msecs (HTTP/1.1 200) 4 headers in 157 bytes (1 switches on core 0)
Feb 05 08:02:26 devstack devstack@g-api.service[76218]: DEBUG dbcounter [-] [76218] Writing DB stats glance:INSERT=5,glance:SELECT=16,glance:UPDATE=2 {{(pid=76218) stat_writer /opt/stack/data/venv/lib/python3.10/site-packages/dbcounter.py:115}}
Feb 05 08:02:26 devstack devstack@g-api.service[76219]: DEBUG dbcounter [-] [76219] Writing DB stats glance:INSERT=9,glance:SELECT=6 {{(pid=76219) stat_writer /opt/stack/data/venv/lib/python3.10/site-packages/dbcounter.py:115}}
Feb 05 08:02:54 devstack devstack@g-api.service[76218]: DEBUG glance.api.middleware.version_negotiation [None req-b1384ef4-8ec4-40a0-bcfb-e595e05a5545 admin admin] Determining version of request: GET / Accept: application/json {{(pid=76218) process_request /opt/stack/glance/glance/api/middleware/version_negotiation.py:44}}
Feb 05 08:02:54 devstack devstack@g-api.service[76218]: DEBUG glance.api.middleware.version_negotiation [None req-b1384ef4-8ec4-40a0-bcfb-e595e05a5545 admin admin] Using url versioning {{(pid=76218) process_request /opt/stack/glance/glance/api/middleware/version_negotiation.py:57}}
Feb 05 08:02:54 devstack devstack@g-api.service[76218]: DEBUG glance.api.middleware.version_negotiation [None req-b1384ef4-8ec4-40a0-bcfb-e595e05a5545 admin admin] Unknown version. Returning version choices. {{(pid=76218) process_request /opt/stack/glance/glance/api/middleware/version_negotiation.py:64}}
Feb 05 08:02:54 devstack devstack@g-api.service[76218]: [pid: 76218|app: 0|req: 4/6] 127.0.0.1 () {34 vars in 515 bytes} [Thu Feb 5 08:02:54 2026] GET / => generated 1459 bytes in 2 msecs (HTTP/1.1 300) 3 headers in 106 bytes (1 switches on core 0)
Feb 05 08:02:54 devstack devstack@g-api.service[76219]: DEBUG glance.api.middleware.version_negotiation [None req-31bb2ecf-4096-4938-aaa3-2dbcfddcb1f7 admin admin] Determining version of request: GET /v2/images Accept: application/json {{(pid=76219) process_request /opt/stack/glance/glance/api/middleware/version_negotiation.py:44}}
Feb 05 08:02:54 devstack devstack@g-api.service[76219]: DEBUG glance.api.middleware.version_negotiation [None req-31bb2ecf-4096-4938-aaa3-2dbcfddcb1f7 admin admin] Using url versioning {{(pid=76219) process_request /opt/stack/glance/glance/api/middleware/version_negotiation.py:57}}
Feb 05 08:02:54 devstack devstack@g-api.service[76219]: DEBUG glance.api.middleware.version_negotiation [None req-31bb2ecf-4096-4938-aaa3-2dbcfddcb1f7 admin admin] Matched version: v2 {{(pid=76219) process_request /opt/stack/glance/glance/api/middleware/version_negotiation.py:69}}
Feb 05 08:02:54 devstack devstack@g-api.service[76219]: DEBUG glance.api.middleware.version_negotiation [None req-31bb2ecf-4096-4938-aaa3-2dbcfddcb1f7 admin admin] new path /v2/images {{(pid=76219) process_request /opt/stack/glance/glance/api/middleware/version_negotiation.py:70}}
Feb 05 08:02:54 devstack devstack@g-api.service[76219]: [pid: 76219|app: 0|req: 3/7] 127.0.0.1 () {36 vars in 737 bytes} [Thu Feb 5 08:02:54 2026] GET /v2/images => generated 1045 bytes in 66 msecs (HTTP/1.1 200) 4 headers in 158 bytes (1 switches on core 0)
Feb 05 08:03:00 devstack devstack@g-api.service[76218]: DEBUG glance.api.middleware.version_negotiation [None req-b1384ef4-8ec4-40a0-bcfb-e595e05a5545 admin admin] Determining version of request: GET / Accept: application/json {{(pid=76218) process_request /opt/stack/glance/glance/api/middleware/version_negotiation.py:44}}
Feb 05 08:03:00 devstack devstack@g-api.service[76218]: DEBUG glance.api.middleware.version_negotiation [None req-b1384ef4-8ec4-40a0-bcfb-e595e05a5545 admin admin] Using url versioning {{(pid=76218) process_request /opt/stack/glance/glance/api/middleware/version_negotiation.py:57}}
Feb 05 08:03:00 devstack devstack@g-api.service[76218]: DEBUG glance.api.middleware.version_negotiation [None req-b1384ef4-8ec4-40a0-bcfb-e595e05a5545 admin admin] Unknown version. Returning version choices. {{(pid=76218) process_request /opt/stack/glance/glance/api/middleware/version_negotiation.py:64}}
Feb 05 08:03:00 devstack devstack@g-api.service[76218]: [pid: 76218|app: 0|req: 5/8] 127.0.0.1 () {34 vars in 515 bytes} [Thu Feb 5 08:03:00 2026] GET / => generated 1459 bytes in 3 msecs (HTTP/1.1 300) 3 headers in 106 bytes (1 switches on core 0)
Feb 05 08:03:00 devstack devstack@g-api.service[76219]: DEBUG glance.api.middleware.version_negotiation [None req-670149cb-8a11-4f93-a6fc-e0d95b5807af admin admin] Determining version of request: GET /v2/images/ac685e31-ab74-43e5-a73d-0bc2a20f4b5b Accept: */* {{(pid=76219) process_request /opt/stack/glance/glance/api/middleware/version_negotiation.py:44}}
Feb 05 08:03:00 devstack devstack@g-api.service[76219]: DEBUG glance.api.middleware.version_negotiation [None req-670149cb-8a11-4f93-a6fc-e0d95b5807af admin admin] Using url versioning {{(pid=76219) process_request /opt/stack/glance/glance/api/middleware/version_negotiation.py:57}}
Feb 05 08:03:00 devstack devstack@g-api.service[76219]: DEBUG glance.api.middleware.version_negotiation [None req-670149cb-8a11-4f93-a6fc-e0d95b5807af admin admin] Matched version: v2 {{(pid=76219) process_request /opt/stack/glance/glance/api/middleware/version_negotiation.py:69}}
Feb 05 08:03:00 devstack devstack@g-api.service[76219]: DEBUG glance.api.middleware.version_negotiation [None req-670149cb-8a11-4f93-a6fc-e0d95b5807af admin admin] new path /v2/images/ac685e31-ab74-43e5-a73d-0bc2a20f4b5b {{(pid=76219) process_request /opt/stack/glance/glance/api/middleware/version_negotiation.py:70}}
Feb 05 08:03:00 devstack devstack@g-api.service[76219]: [pid: 76219|app: 0|req: 4/9] 127.0.0.1 () {36 vars in 798 bytes} [Thu Feb 5 08:03:00 2026] GET /v2/images/ac685e31-ab74-43e5-a73d-0bc2a20f4b5b => generated 976 bytes in 54 msecs (HTTP/1.1 200) 4 headers in 157 bytes (1 switches on core 0)
Feb 05 08:03:04 devstack devstack@g-api.service[76218]: DEBUG glance.api.middleware.version_negotiation [None req-b1384ef4-8ec4-40a0-bcfb-e595e05a5545 admin admin] Determining version of request: GET / Accept: application/json {{(pid=76218) process_request /opt/stack/glance/glance/api/middleware/version_negotiation.py:44}}
Feb 05 08:03:04 devstack devstack@g-api.service[76218]: DEBUG glance.api.middleware.version_negotiation [None req-b1384ef4-8ec4-40a0-bcfb-e595e05a5545 admin admin] Using url versioning {{(pid=76218) process_request /opt/stack/glance/glance/api/middleware/version_negotiation.py:57}}
Feb 05 08:03:04 devstack devstack@g-api.service[76218]: DEBUG glance.api.middleware.version_negotiation [None req-b1384ef4-8ec4-40a0-bcfb-e595e05a5545 admin admin] Unknown version. Returning version choices. {{(pid=76218) process_request /opt/stack/glance/glance/api/middleware/version_negotiation.py:64}}
Feb 05 08:03:04 devstack devstack@g-api.service[76218]: [pid: 76218|app: 0|req: 6/10] 127.0.0.1 () {34 vars in 515 bytes} [Thu Feb 5 08:03:04 2026] GET / => generated 1459 bytes in 3 msecs (HTTP/1.1 300) 3 headers in 106 bytes (1 switches on core 0)
Feb 05 08:03:04 devstack devstack@g-api.service[76219]: DEBUG glance.api.middleware.version_negotiation [None req-03f48878-6df3-4b2a-9231-4cf096452960 admin admin] Determining version of request: GET /v2/images/ac685e31-ab74-43e5-a73d-0bc2a20f4b5b Accept: */* {{(pid=76219) process_request /opt/stack/glance/glance/api/middleware/version_negotiation.py:44}}
Feb 05 08:03:04 devstack devstack@g-api.service[76219]: DEBUG glance.api.middleware.version_negotiation [None req-03f48878-6df3-4b2a-9231-4cf096452960 admin admin] Using url versioning {{(pid=76219) process_request /opt/stack/glance/glance/api/middleware/version_negotiation.py:57}}
Feb 05 08:03:04 devstack devstack@g-api.service[76219]: DEBUG glance.api.middleware.version_negotiation [None req-03f48878-6df3-4b2a-9231-4cf096452960 admin admin] Matched version: v2 {{(pid=76219) process_request /opt/stack/glance/glance/api/middleware/version_negotiation.py:69}}
Feb 05 08:03:04 devstack devstack@g-api.service[76219]: DEBUG glance.api.middleware.version_negotiation [None req-03f48878-6df3-4b2a-9231-4cf096452960 admin admin] new path /v2/images/ac685e31-ab74-43e5-a73d-0bc2a20f4b5b {{(pid=76219) process_request /opt/stack/glance/glance/api/middleware/version_negotiation.py:70}}
Feb 05 08:03:04 devstack devstack@g-api.service[76219]: [pid: 76219|app: 0|req: 5/11] 127.0.0.1 () {36 vars in 798 bytes} [Thu Feb 5 08:03:04 2026] GET /v2/images/ac685e31-ab74-43e5-a73d-0bc2a20f4b5b => generated 976 bytes in 51 msecs (HTTP/1.1 200) 4 headers in 157 bytes (1 switches on core 0)
Feb 05 08:03:14 devstack devstack@g-api.service[76219]: DEBUG dbcounter [-] [76219] Writing DB stats glance:SELECT=5 {{(pid=76219) stat_writer /opt/stack/data/venv/lib/python3.10/site-packages/dbcounter.py:115}}
Feb 05 08:04:26 devstack devstack@g-api.service[76218]: DEBUG glance.api.middleware.version_negotiation [None req-b1384ef4-8ec4-40a0-bcfb-e595e05a5545 admin admin] Determining version of request: GET / Accept: application/json {{(pid=76218) process_request /opt/stack/glance/glance/api/middleware/version_negotiation.py:44}}
Feb 05 08:04:26 devstack devstack@g-api.service[76218]: DEBUG glance.api.middleware.version_negotiation [None req-b1384ef4-8ec4-40a0-bcfb-e595e05a5545 admin admin] Using url versioning {{(pid=76218) process_request /opt/stack/glance/glance/api/middleware/version_negotiation.py:57}}
Feb 05 08:04:26 devstack devstack@g-api.service[76218]: DEBUG glance.api.middleware.version_negotiation [None req-b1384ef4-8ec4-40a0-bcfb-e595e05a5545 admin admin] Unknown version. Returning version choices. {{(pid=76218) process_request /opt/stack/glance/glance/api/middleware/version_negotiation.py:64}}
Feb 05 08:04:26 devstack devstack@g-api.service[76218]: [pid: 76218|app: 0|req: 7/12] 127.0.0.1 () {36 vars in 486 bytes} [Thu Feb 5 08:04:26 2026] GET / => generated 1459 bytes in 3 msecs (HTTP/1.1 300) 3 headers in 106 bytes (1 switches on core 0)
Feb 05 08:05:29 devstack devstack@g-api.service[76219]: DEBUG glance.api.middleware.version_negotiation [None req-ec45ab2b-d2c7-4307-a271-47bbf714e03f admin admin] Determining version of request: GET /v2/images/ac685e31-ab74-43e5-a73d-0bc2a20f4b5b Accept: application/json {{(pid=76219) process_request /opt/stack/glance/glance/api/middleware/version_negotiation.py:44}}
Feb 05 08:05:29 devstack devstack@g-api.service[76219]: DEBUG glance.api.middleware.version_negotiation [None req-ec45ab2b-d2c7-4307-a271-47bbf714e03f admin admin] Using url versioning {{(pid=76219) process_request /opt/stack/glance/glance/api/middleware/version_negotiation.py:57}}
Feb 05 08:05:29 devstack devstack@g-api.service[76219]: DEBUG glance.api.middleware.version_negotiation [None req-ec45ab2b-d2c7-4307-a271-47bbf714e03f admin admin] Matched version: v2 {{(pid=76219) process_request /opt/stack/glance/glance/api/middleware/version_negotiation.py:69}}
Feb 05 08:05:29 devstack devstack@g-api.service[76219]: DEBUG glance.api.middleware.version_negotiation [None req-ec45ab2b-d2c7-4307-a271-47bbf714e03f admin admin] new path /v2/images/ac685e31-ab74-43e5-a73d-0bc2a20f4b5b {{(pid=76219) process_request /opt/stack/glance/glance/api/middleware/version_negotiation.py:70}}
Feb 05 08:05:29 devstack devstack@g-api.service[76219]: [pid: 76219|app: 0|req: 6/13] 127.0.0.1 () {38 vars in 782 bytes} [Thu Feb 5 08:05:29 2026] GET /v2/images/ac685e31-ab74-43e5-a73d-0bc2a20f4b5b => generated 976 bytes in 157 msecs (HTTP/1.1 200) 4 headers in 157 bytes (1 switches on core 0)
Feb 05 08:05:29 devstack devstack@g-api.service[76218]: DEBUG glance.api.middleware.version_negotiation [None req-b1384ef4-8ec4-40a0-bcfb-e595e05a5545 admin admin] Determining version of request: GET /v2/images/ac685e31-ab74-43e5-a73d-0bc2a20f4b5b/file Accept: application/json {{(pid=76218) process_request /opt/stack/glance/glance/api/middleware/version_negotiation.py:44}}
Feb 05 08:05:29 devstack devstack@g-api.service[76218]: DEBUG glance.api.middleware.version_negotiation [None req-b1384ef4-8ec4-40a0-bcfb-e595e05a5545 admin admin] Using url versioning {{(pid=76218) process_request /opt/stack/glance/glance/api/middleware/version_negotiation.py:57}}
Feb 05 08:05:29 devstack devstack@g-api.service[76218]: DEBUG glance.api.middleware.version_negotiation [None req-b1384ef4-8ec4-40a0-bcfb-e595e05a5545 admin admin] Matched version: v2 {{(pid=76218) process_request /opt/stack/glance/glance/api/middleware/version_negotiation.py:69}}
Feb 05 08:05:29 devstack devstack@g-api.service[76218]: DEBUG glance.api.middleware.version_negotiation [None req-b1384ef4-8ec4-40a0-bcfb-e595e05a5545 admin admin] new path /v2/images/ac685e31-ab74-43e5-a73d-0bc2a20f4b5b/file {{(pid=76218) process_request /opt/stack/glance/glance/api/middleware/version_negotiation.py:70}}
Feb 05 08:05:30 devstack devstack@g-api.service[76218]: DEBUG glance_store._drivers.filesystem [None req-6d156b2f-706c-41fa-a459-cf42b5fdebde tempest-AttachSCSIVolumeTestJSON-178986059 tempest-AttachSCSIVolumeTestJSON-178986059-project-admin] Found image at /opt/stack/data/glance/images/ac685e31-ab74-43e5-a73d-0bc2a20f4b5b. Returning in ChunkedFile. {{(pid=76218) get /opt/stack/data/venv/lib/python3.10/site-packages/glance_store/_drivers/filesystem.py:618}}
Feb 05 08:05:30 devstack devstack@g-api.service[76218]: DEBUG glance.image_cache [None req-6d156b2f-706c-41fa-a459-cf42b5fdebde tempest-AttachSCSIVolumeTestJSON-178986059 tempest-AttachSCSIVolumeTestJSON-178986059-project-admin] Tee'ing image 'ac685e31-ab74-43e5-a73d-0bc2a20f4b5b' into cache {{(pid=76218) get_caching_iter /opt/stack/glance/glance/image_cache/__init__.py:350}}
Feb 05 08:05:30 devstack devstack@g-api.service[76219]: DEBUG glance.api.middleware.version_negotiation [None req-31b483d8-cc0b-4211-ab07-b8d005ff69da tempest-AttachSCSIVolumeTestJSON-287693876 tempest-AttachSCSIVolumeTestJSON-287693876-project-reader] Determining version of request: POST /v2/images Accept: application/json {{(pid=76219) process_request /opt/stack/glance/glance/api/middleware/version_negotiation.py:44}}
Feb 05 08:05:30 devstack devstack@g-api.service[76219]: DEBUG glance.api.middleware.version_negotiation [None req-31b483d8-cc0b-4211-ab07-b8d005ff69da tempest-AttachSCSIVolumeTestJSON-287693876 tempest-AttachSCSIVolumeTestJSON-287693876-project-reader] Using url versioning {{(pid=76219) process_request /opt/stack/glance/glance/api/middleware/version_negotiation.py:57}}
Feb 05 08:05:30 devstack devstack@g-api.service[76219]: DEBUG glance.api.middleware.version_negotiation [None req-31b483d8-cc0b-4211-ab07-b8d005ff69da tempest-AttachSCSIVolumeTestJSON-287693876 tempest-AttachSCSIVolumeTestJSON-287693876-project-reader] Matched version: v2 {{(pid=76219) process_request /opt/stack/glance/glance/api/middleware/version_negotiation.py:69}}
Feb 05 08:05:30 devstack devstack@g-api.service[76219]: DEBUG glance.api.middleware.version_negotiation [None req-31b483d8-cc0b-4211-ab07-b8d005ff69da tempest-AttachSCSIVolumeTestJSON-287693876 tempest-AttachSCSIVolumeTestJSON-287693876-project-reader] new path /v2/images {{(pid=76219) process_request /opt/stack/glance/glance/api/middleware/version_negotiation.py:70}}
Feb 05 08:05:30 devstack devstack@g-api.service[76219]: [pid: 76219|app: 0|req: 7/14] 127.0.0.1 () {40 vars in 730 bytes} [Thu Feb 5 08:05:30 2026] POST /v2/images => generated 690 bytes in 699 msecs (HTTP/1.1 201) 6 headers in 314 bytes (1 switches on core 0)
Feb 05 08:05:30 devstack devstack@g-api.service[76219]: DEBUG glance.api.middleware.version_negotiation [None req-31ad6dc5-b992-47d2-b5fd-0d974a0f51b0 tempest-AttachSCSIVolumeTestJSON-178986059 tempest-AttachSCSIVolumeTestJSON-178986059-project-admin] Determining version of request: PUT /v2/images/62ca000c-420f-4443-bdb6-e10d902a95dd/file Accept: {{(pid=76219) process_request /opt/stack/glance/glance/api/middleware/version_negotiation.py:44}}
Feb 05 08:05:30 devstack devstack@g-api.service[76219]: DEBUG glance.api.middleware.version_negotiation [None req-31ad6dc5-b992-47d2-b5fd-0d974a0f51b0 tempest-AttachSCSIVolumeTestJSON-178986059 tempest-AttachSCSIVolumeTestJSON-178986059-project-admin] Using url versioning {{(pid=76219) process_request /opt/stack/glance/glance/api/middleware/version_negotiation.py:57}}
Feb 05 08:05:30 devstack devstack@g-api.service[76219]: DEBUG glance.api.middleware.version_negotiation [None req-31ad6dc5-b992-47d2-b5fd-0d974a0f51b0 tempest-AttachSCSIVolumeTestJSON-178986059 tempest-AttachSCSIVolumeTestJSON-178986059-project-admin] Matched version: v2 {{(pid=76219) process_request /opt/stack/glance/glance/api/middleware/version_negotiation.py:69}}
Feb 05 08:05:30 devstack devstack@g-api.service[76219]: DEBUG glance.api.middleware.version_negotiation [None req-31ad6dc5-b992-47d2-b5fd-0d974a0f51b0 tempest-AttachSCSIVolumeTestJSON-178986059 tempest-AttachSCSIVolumeTestJSON-178986059-project-admin] new path /v2/images/62ca000c-420f-4443-bdb6-e10d902a95dd/file {{(pid=76219) process_request /opt/stack/glance/glance/api/middleware/version_negotiation.py:70}}
Feb 05 08:05:30 devstack devstack@g-api.service[76218]: DEBUG glance.image_cache.drivers.centralized_db [None req-6d156b2f-706c-41fa-a459-cf42b5fdebde tempest-AttachSCSIVolumeTestJSON-178986059 tempest-AttachSCSIVolumeTestJSON-178986059-project-admin] Fetch finished, moving '/opt/stack/data/glance/cache/incomplete/ac685e31-ab74-43e5-a73d-0bc2a20f4b5b' to '/opt/stack/data/glance/cache/ac685e31-ab74-43e5-a73d-0bc2a20f4b5b' {{(pid=76218) commit /opt/stack/glance/glance/image_cache/drivers/centralized_db.py:235}}
Feb 05 08:05:30 devstack devstack@g-api.service[76218]: DEBUG glance.image_cache.drivers.centralized_db [None req-6d156b2f-706c-41fa-a459-cf42b5fdebde tempest-AttachSCSIVolumeTestJSON-178986059 tempest-AttachSCSIVolumeTestJSON-178986059-project-admin] Image cached successfully. {{(pid=76218) commit /opt/stack/glance/glance/image_cache/drivers/centralized_db.py:250}}
Feb 05 08:05:30 devstack devstack@g-api.service[76218]: [pid: 76218|app: 0|req: 8/15] 127.0.0.1 () {38 vars in 792 bytes} [Thu Feb 5 08:05:29 2026] GET /v2/images/ac685e31-ab74-43e5-a73d-0bc2a20f4b5b/file => generated 21692416 bytes in 996 msecs (HTTP/1.1 200) 4 headers in 191 bytes (336 switches on core 0)
Feb 05 08:05:31 devstack devstack@g-api.service[76219]: INFO glance.api.v2.image_data [None req-7352d830-d33e-4fc2-bb41-d4008dfcd836 tempest-AttachSCSIVolumeTestJSON-178986059 tempest-AttachSCSIVolumeTestJSON-178986059-project-admin] Unable to create trust: no such option collect_timing in group [keystone_authtoken] Use the existing user token.
Feb 05 08:05:31 devstack devstack@g-api.service[76219]: DEBUG glance.location [None req-7352d830-d33e-4fc2-bb41-d4008dfcd836 tempest-AttachSCSIVolumeTestJSON-178986059 tempest-AttachSCSIVolumeTestJSON-178986059-project-admin] Enabling in-flight format inspection for qcow2 {{(pid=76219) set_data /opt/stack/glance/glance/location.py:616}}
Feb 05 08:05:31 devstack devstack@g-api.service[76219]: DEBUG oslo_utils.imageutils.format_inspector [None req-7352d830-d33e-4fc2-bb41-d4008dfcd836 tempest-AttachSCSIVolumeTestJSON-178986059 tempest-AttachSCSIVolumeTestJSON-178986059-project-admin] Format inspector for vmdk does not match, excluding from consideration (Signature KDMV not found: b'QFI\xfb') {{(pid=76219) _process_chunk /opt/stack/data/venv/lib/python3.10/site-packages/oslo_utils/imageutils/format_inspector.py:1537}}
Feb 05 08:05:31 devstack devstack@g-api.service[76219]: DEBUG oslo_utils.imageutils.format_inspector [None req-7352d830-d33e-4fc2-bb41-d4008dfcd836 tempest-AttachSCSIVolumeTestJSON-178986059 tempest-AttachSCSIVolumeTestJSON-178986059-project-admin] Format inspector for vhdx does not match, excluding from consideration (Region signature not found at 30000) {{(pid=76219) _process_chunk /opt/stack/data/venv/lib/python3.10/site-packages/oslo_utils/imageutils/format_inspector.py:1537}}
Feb 05 08:05:32 devstack devstack@g-api.service[76219]: DEBUG glance_store._drivers.filesystem [None req-7352d830-d33e-4fc2-bb41-d4008dfcd836 tempest-AttachSCSIVolumeTestJSON-178986059 tempest-AttachSCSIVolumeTestJSON-178986059-project-admin] Wrote 21692416 bytes to /opt/stack/data/glance/images/62ca000c-420f-4443-bdb6-e10d902a95dd with checksum 87617e24a5e30cb3b87fda8c0764838f and multihash 9a9bce0083a00939ec17c11febbfc767aa211aaa54f51e75c5a8b271a9b5637c77205a518b7a2007cb391d23cceb01e0e4e8d64832317151bc85b734b92a7be0 {{(pid=76219) add /opt/stack/data/venv/lib/python3.10/site-packages/glance_store/_drivers/filesystem.py:794}}
Feb 05 08:05:32 devstack devstack@g-api.service[76219]: INFO glance.location [None req-7352d830-d33e-4fc2-bb41-d4008dfcd836 tempest-AttachSCSIVolumeTestJSON-178986059 tempest-AttachSCSIVolumeTestJSON-178986059-project-admin] Image format matched and virtual size computed: 117440512
Feb 05 08:05:32 devstack devstack@g-api.service[76219]: DEBUG glance_store.backend [None req-7352d830-d33e-4fc2-bb41-d4008dfcd836 tempest-AttachSCSIVolumeTestJSON-178986059 tempest-AttachSCSIVolumeTestJSON-178986059-project-admin] Skipping store.set_acls... not implemented. {{(pid=76219) set_acls /opt/stack/data/venv/lib/python3.10/site-packages/glance_store/backend.py:507}}
Feb 05 08:05:32 devstack devstack@g-api.service[76219]: [pid: 76219|app: 0|req: 8/16] 127.0.0.1 () {38 vars in 802 bytes} [Thu Feb 5 08:05:30 2026] PUT /v2/images/62ca000c-420f-4443-bdb6-e10d902a95dd/file => generated 0 bytes in 1335 msecs (HTTP/1.1 204) 4 headers in 171 bytes (1 switches on core 0)
Feb 05 08:05:40 devstack devstack@g-api.service[76218]: DEBUG dbcounter [-] [76218] Writing DB stats glance:SELECT=5,glance:INSERT=1 {{(pid=76218) stat_writer /opt/stack/data/venv/lib/python3.10/site-packages/dbcounter.py:115}}
Feb 05 08:05:40 devstack devstack@g-api.service[76218]: DEBUG glance.api.middleware.version_negotiation [None req-6d156b2f-706c-41fa-a459-cf42b5fdebde tempest-AttachSCSIVolumeTestJSON-178986059 tempest-AttachSCSIVolumeTestJSON-178986059-project-admin] Determining version of request: GET /v2/images/ac685e31-ab74-43e5-a73d-0bc2a20f4b5b Accept: */* {{(pid=76218) process_request /opt/stack/glance/glance/api/middleware/version_negotiation.py:44}}
Feb 05 08:05:40 devstack devstack@g-api.service[76218]: DEBUG glance.api.middleware.version_negotiation [None req-6d156b2f-706c-41fa-a459-cf42b5fdebde tempest-AttachSCSIVolumeTestJSON-178986059 tempest-AttachSCSIVolumeTestJSON-178986059-project-admin] Using url versioning {{(pid=76218) process_request /opt/stack/glance/glance/api/middleware/version_negotiation.py:57}}
Feb 05 08:05:40 devstack devstack@g-api.service[76218]: DEBUG glance.api.middleware.version_negotiation [None req-6d156b2f-706c-41fa-a459-cf42b5fdebde tempest-AttachSCSIVolumeTestJSON-178986059 tempest-AttachSCSIVolumeTestJSON-178986059-project-admin] Matched version: v2 {{(pid=76218) process_request /opt/stack/glance/glance/api/middleware/version_negotiation.py:69}}
Feb 05 08:05:40 devstack devstack@g-api.service[76218]: DEBUG glance.api.middleware.version_negotiation [None req-6d156b2f-706c-41fa-a459-cf42b5fdebde tempest-AttachSCSIVolumeTestJSON-178986059 tempest-AttachSCSIVolumeTestJSON-178986059-project-admin] new path /v2/images/ac685e31-ab74-43e5-a73d-0bc2a20f4b5b {{(pid=76218) process_request /opt/stack/glance/glance/api/middleware/version_negotiation.py:70}}
Feb 05 08:05:41 devstack devstack@g-api.service[76218]: WARNING keystonemiddleware.auth_token [None req-6d156b2f-706c-41fa-a459-cf42b5fdebde tempest-AttachSCSIVolumeTestJSON-178986059 tempest-AttachSCSIVolumeTestJSON-178986059-project-admin] A valid token was submitted as a service token, but it was not a valid service token. This is incorrect but backwards compatible behaviour. This will be removed in future releases.
Feb 05 08:05:41 devstack devstack@g-api.service[76218]: [pid: 76218|app: 0|req: 9/17] 127.0.0.1 () {42 vars in 1057 bytes} [Thu Feb 5 08:05:40 2026] GET /v2/images/ac685e31-ab74-43e5-a73d-0bc2a20f4b5b => generated 976 bytes in 124 msecs (HTTP/1.1 200) 4 headers in 157 bytes (1 switches on core 0)
Feb 05 08:05:41 devstack devstack@g-api.service[76219]: DEBUG glance.api.middleware.version_negotiation [None req-7352d830-d33e-4fc2-bb41-d4008dfcd836 tempest-AttachSCSIVolumeTestJSON-178986059 tempest-AttachSCSIVolumeTestJSON-178986059-project-admin] Determining version of request: GET /v2/schemas/image Accept: */* {{(pid=76219) process_request /opt/stack/glance/glance/api/middleware/version_negotiation.py:44}}
Feb 05 08:05:41 devstack devstack@g-api.service[76219]: DEBUG glance.api.middleware.version_negotiation [None req-7352d830-d33e-4fc2-bb41-d4008dfcd836 tempest-AttachSCSIVolumeTestJSON-178986059 tempest-AttachSCSIVolumeTestJSON-178986059-project-admin] Using url versioning {{(pid=76219) process_request /opt/stack/glance/glance/api/middleware/version_negotiation.py:57}}
Feb 05 08:05:41 devstack devstack@g-api.service[76219]: DEBUG glance.api.middleware.version_negotiation [None req-7352d830-d33e-4fc2-bb41-d4008dfcd836 tempest-AttachSCSIVolumeTestJSON-178986059 tempest-AttachSCSIVolumeTestJSON-178986059-project-admin] Matched version: v2 {{(pid=76219) process_request /opt/stack/glance/glance/api/middleware/version_negotiation.py:69}}
Feb 05 08:05:41 devstack devstack@g-api.service[76219]: DEBUG glance.api.middleware.version_negotiation [None req-7352d830-d33e-4fc2-bb41-d4008dfcd836 tempest-AttachSCSIVolumeTestJSON-178986059 tempest-AttachSCSIVolumeTestJSON-178986059-project-admin] new path /v2/schemas/image {{(pid=76219) process_request /opt/stack/glance/glance/api/middleware/version_negotiation.py:70}}
Feb 05 08:05:41 devstack devstack@g-api.service[76219]: WARNING keystonemiddleware.auth_token [None req-7352d830-d33e-4fc2-bb41-d4008dfcd836 tempest-AttachSCSIVolumeTestJSON-178986059 tempest-AttachSCSIVolumeTestJSON-178986059-project-admin] A valid token was submitted as a service token, but it was not a valid service token. This is incorrect but backwards compatible behaviour. This will be removed in future releases.
Feb 05 08:05:41 devstack devstack@g-api.service[76219]: [pid: 76219|app: 0|req: 9/18] 127.0.0.1 () {42 vars in 997 bytes} [Thu Feb 5 08:05:41 2026] GET /v2/schemas/image => generated 6083 bytes in 19 msecs (HTTP/1.1 200) 4 headers in 158 bytes (1 switches on core 0)
Feb 05 08:05:41 devstack devstack@g-api.service[76218]: DEBUG glance.api.middleware.version_negotiation [None req-ebb78def-0b52-482b-af06-51e521535c88 tempest-TaggedBootDevicesTest_v242-583836923 tempest-TaggedBootDevicesTest_v242-583836923-project-member] Determining version of request: GET /v2/schemas/image Accept: */* {{(pid=76218) process_request /opt/stack/glance/glance/api/middleware/version_negotiation.py:44}}
Feb 05 08:05:41 devstack devstack@g-api.service[76218]: DEBUG glance.api.middleware.version_negotiation [None req-ebb78def-0b52-482b-af06-51e521535c88 tempest-TaggedBootDevicesTest_v242-583836923 tempest-TaggedBootDevicesTest_v242-583836923-project-member] Using url versioning {{(pid=76218) process_request /opt/stack/glance/glance/api/middleware/version_negotiation.py:57}}
Feb 05 08:05:41 devstack devstack@g-api.service[76218]: DEBUG glance.api.middleware.version_negotiation [None req-ebb78def-0b52-482b-af06-51e521535c88 tempest-TaggedBootDevicesTest_v242-583836923 tempest-TaggedBootDevicesTest_v242-583836923-project-member] Matched version: v2 {{(pid=76218) process_request /opt/stack/glance/glance/api/middleware/version_negotiation.py:69}}
Feb 05 08:05:41 devstack devstack@g-api.service[76218]: DEBUG glance.api.middleware.version_negotiation [None req-ebb78def-0b52-482b-af06-51e521535c88 tempest-TaggedBootDevicesTest_v242-583836923 tempest-TaggedBootDevicesTest_v242-583836923-project-member] new path /v2/schemas/image {{(pid=76218) process_request /opt/stack/glance/glance/api/middleware/version_negotiation.py:70}}
Feb 05 08:05:41 devstack devstack@g-api.service[76218]: [pid: 76218|app: 0|req: 10/19] 127.0.0.1 () {42 vars in 997 bytes} [Thu Feb 5 08:05:41 2026] GET /v2/schemas/image => generated 6083 bytes in 6 msecs (HTTP/1.1 200) 4 headers in 158 bytes (1 switches on core 0)
Feb 05 08:05:41 devstack devstack@g-api.service[76219]: DEBUG glance.api.middleware.version_negotiation [None req-ebb78def-0b52-482b-af06-51e521535c88 tempest-TaggedBootDevicesTest_v242-583836923 tempest-TaggedBootDevicesTest_v242-583836923-project-member] Determining version of request: GET /v2/images/ac685e31-ab74-43e5-a73d-0bc2a20f4b5b Accept: */* {{(pid=76219) process_request /opt/stack/glance/glance/api/middleware/version_negotiation.py:44}}
Feb 05 08:05:41 devstack devstack@g-api.service[76219]: DEBUG glance.api.middleware.version_negotiation [None req-ebb78def-0b52-482b-af06-51e521535c88 tempest-TaggedBootDevicesTest_v242-583836923 tempest-TaggedBootDevicesTest_v242-583836923-project-member] Using url versioning {{(pid=76219) process_request /opt/stack/glance/glance/api/middleware/version_negotiation.py:57}}
Feb 05 08:05:41 devstack devstack@g-api.service[76219]: DEBUG glance.api.middleware.version_negotiation [None req-ebb78def-0b52-482b-af06-51e521535c88 tempest-TaggedBootDevicesTest_v242-583836923 tempest-TaggedBootDevicesTest_v242-583836923-project-member] Matched version: v2 {{(pid=76219) process_request /opt/stack/glance/glance/api/middleware/version_negotiation.py:69}}
Feb 05 08:05:41 devstack devstack@g-api.service[76219]: DEBUG glance.api.middleware.version_negotiation [None req-ebb78def-0b52-482b-af06-51e521535c88 tempest-TaggedBootDevicesTest_v242-583836923 tempest-TaggedBootDevicesTest_v242-583836923-project-member] new path /v2/images/ac685e31-ab74-43e5-a73d-0bc2a20f4b5b {{(pid=76219) process_request /opt/stack/glance/glance/api/middleware/version_negotiation.py:70}}
Feb 05 08:05:41 devstack devstack@g-api.service[76219]: [pid: 76219|app: 0|req: 10/20] 127.0.0.1 () {42 vars in 1057 bytes} [Thu Feb 5 08:05:41 2026] GET /v2/images/ac685e31-ab74-43e5-a73d-0bc2a20f4b5b => generated 976 bytes in 21 msecs (HTTP/1.1 200) 4 headers in 157 bytes (1 switches on core 0)
Feb 05 08:05:41 devstack devstack@g-api.service[76218]: DEBUG glance.api.middleware.version_negotiation [None req-ebb78def-0b52-482b-af06-51e521535c88 tempest-TaggedBootDevicesTest_v242-583836923 tempest-TaggedBootDevicesTest_v242-583836923-project-member] Determining version of request: GET /v2/schemas/image Accept: */* {{(pid=76218) process_request /opt/stack/glance/glance/api/middleware/version_negotiation.py:44}}
Feb 05 08:05:41 devstack devstack@g-api.service[76218]: DEBUG glance.api.middleware.version_negotiation [None req-ebb78def-0b52-482b-af06-51e521535c88 tempest-TaggedBootDevicesTest_v242-583836923 tempest-TaggedBootDevicesTest_v242-583836923-project-member] Using url versioning {{(pid=76218) process_request /opt/stack/glance/glance/api/middleware/version_negotiation.py:57}}
Feb 05 08:05:41 devstack devstack@g-api.service[76218]: DEBUG glance.api.middleware.version_negotiation [None req-ebb78def-0b52-482b-af06-51e521535c88 tempest-TaggedBootDevicesTest_v242-583836923 tempest-TaggedBootDevicesTest_v242-583836923-project-member] Matched version: v2 {{(pid=76218) process_request /opt/stack/glance/glance/api/middleware/version_negotiation.py:69}}
