Feb 05 08:02:08 devstack devstack@g-api.service[76197]: [uWSGI] getting INI configuration from /etc/glance/glance-uwsgi.ini
Feb 05 08:02:08 devstack devstack@g-api.service[76197]: *** Starting uWSGI 2.0.20-debian (64bit) on [Thu Feb 5 08:02:08 2026] ***
Feb 05 08:02:08 devstack devstack@g-api.service[76197]: compiled with version: 11.2.0 on 21 March 2022 11:00:44
Feb 05 08:02:08 devstack devstack@g-api.service[76197]: os: Linux-5.15.0-164-generic #174-Ubuntu SMP Fri Nov 14 20:25:16 UTC 2025
Feb 05 08:02:08 devstack devstack@g-api.service[76197]: nodename: devstack
Feb 05 08:02:08 devstack devstack@g-api.service[76197]: machine: x86_64
Feb 05 08:02:08 devstack devstack@g-api.service[76197]: clock source: unix
Feb 05 08:02:08 devstack devstack@g-api.service[76197]: pcre jit disabled
Feb 05 08:02:08 devstack devstack@g-api.service[76197]: detected number of CPU cores: 4
Feb 05 08:02:08 devstack devstack@g-api.service[76197]: current working directory: /
Feb 05 08:02:08 devstack devstack@g-api.service[76197]: detected binary path: /usr/bin/uwsgi-core
Feb 05 08:02:08 devstack devstack@g-api.service[76197]: your processes number limit is 47368
Feb 05 08:02:08 devstack devstack@g-api.service[76197]: your memory page size is 4096 bytes
Feb 05 08:02:08 devstack devstack@g-api.service[76197]: detected max file descriptor number: 2048
Feb 05 08:02:08 devstack devstack@g-api.service[76197]: lock engine: pthread robust mutexes
Feb 05 08:02:08 devstack devstack@g-api.service[76197]: thunder lock: enabled
Feb 05 08:02:08 devstack devstack@g-api.service[76197]: uwsgi socket 0 bound to TCP address 127.0.0.1:60999 fd 4
Feb 05 08:02:08 devstack devstack@g-api.service[76197]: Python version: 3.10.12 (main, Jan 8 2026, 06:52:19) [GCC 11.4.0]
Feb 05 08:02:08 devstack devstack@g-api.service[76197]: PEP 405 virtualenv detected: /opt/stack/data/venv
Feb 05 08:02:08 devstack devstack@g-api.service[76197]: Set PythonHome to /opt/stack/data/venv
Feb 05 08:02:08 devstack devstack@g-api.service[76197]: Python main interpreter initialized at 0x563b660196a0
Feb 05 08:02:08 devstack devstack@g-api.service[76197]: python threads support enabled
Feb 05 08:02:08 devstack devstack@g-api.service[76197]: your server socket listen backlog is limited to 100 connections
Feb 05 08:02:08 devstack devstack@g-api.service[76197]: your mercy for graceful operations on workers is 80 seconds
Feb 05 08:02:08 devstack devstack@g-api.service[76197]: mapped 403077 bytes (393 KB) for 2 cores
Feb 05 08:02:08 devstack devstack@g-api.service[76197]: *** Operational MODE: preforking ***
Feb 05 08:02:08 devstack devstack@g-api.service[76197]: *** uWSGI is running in multiple interpreter mode ***
Feb 05 08:02:08 devstack devstack@g-api.service[76197]: spawned uWSGI master process (pid: 76197)
Feb 05 08:02:08 devstack devstack@g-api.service[76197]: spawned uWSGI worker 1 (pid: 76218, cores: 1)
Feb 05 08:02:08 devstack devstack@g-api.service[76197]: spawned uWSGI worker 2 (pid: 76219, cores: 1)
Feb 05 08:02:08 devstack devstack@g-api.service[76197]: running "unix_signal:15 gracefully_kill_them_all" (master-start)...
Feb 05 08:02:09 devstack devstack@g-api.service[76219]: INFO glance.async_ [-] Threadpool model set to 'NativeThreadPoolModel'
Feb 05 08:02:09 devstack devstack@g-api.service[76218]: INFO glance.async_ [-] Threadpool model set to 'NativeThreadPoolModel'
Feb 05 08:02:10 devstack devstack@g-api.service[76219]: DEBUG oslo_concurrency.processutils [-] Running cmd (subprocess): grep -F node.session.scan /sbin/iscsiadm {{(pid=76219) execute /opt/stack/data/venv/lib/python3.10/site-packages/oslo_concurrency/processutils.py:368}}
Feb 05 08:02:10 devstack devstack@g-api.service[76218]: DEBUG oslo_concurrency.processutils [-] Running cmd (subprocess): grep -F node.session.scan /sbin/iscsiadm {{(pid=76218) execute /opt/stack/data/venv/lib/python3.10/site-packages/oslo_concurrency/processutils.py:368}}
Feb 05 08:02:10 devstack devstack@g-api.service[76219]: DEBUG oslo_concurrency.processutils [-] CMD "grep -F node.session.scan /sbin/iscsiadm" returned: 0 in 0.007s {{(pid=76219) execute /opt/stack/data/venv/lib/python3.10/site-packages/oslo_concurrency/processutils.py:396}}
Feb 05 08:02:10 devstack devstack@g-api.service[76218]: DEBUG oslo_concurrency.processutils [-] CMD "grep -F node.session.scan /sbin/iscsiadm" returned: 0 in 0.007s {{(pid=76218) execute /opt/stack/data/venv/lib/python3.10/site-packages/oslo_concurrency/processutils.py:396}}
Feb 05 08:02:10 devstack devstack@g-api.service[76219]: DEBUG glance_store.backend [-] Attempting to import store cinder {{(pid=76219) _load_store /opt/stack/data/venv/lib/python3.10/site-packages/glance_store/backend.py:215}}
Feb 05 08:02:10 devstack devstack@g-api.service[76219]: DEBUG glance_store.backend [-] Attempting to import store file {{(pid=76219) _load_store /opt/stack/data/venv/lib/python3.10/site-packages/glance_store/backend.py:215}}
Feb 05 08:02:10 devstack devstack@g-api.service[76219]: DEBUG glance_store.backend [-] Attempting to import store glance.store.cinder.Store {{(pid=76219) _load_store /opt/stack/data/venv/lib/python3.10/site-packages/glance_store/backend.py:215}}
Feb 05 08:02:10 devstack devstack@g-api.service[76219]: DEBUG glance_store.backend [-] Attempting to import store glance.store.filesystem.Store {{(pid=76219) _load_store /opt/stack/data/venv/lib/python3.10/site-packages/glance_store/backend.py:215}}
Feb 05 08:02:10 devstack devstack@g-api.service[76219]: DEBUG glance_store.backend [-] Attempting to import store glance.store.http.Store {{(pid=76219) _load_store /opt/stack/data/venv/lib/python3.10/site-packages/glance_store/backend.py:215}}
Feb 05 08:02:10 devstack devstack@g-api.service[76219]: DEBUG glance_store.backend [-] Attempting to import store glance.store.rbd.Store {{(pid=76219) _load_store /opt/stack/data/venv/lib/python3.10/site-packages/glance_store/backend.py:215}}
Feb 05 08:02:10 devstack devstack@g-api.service[76219]: DEBUG glance_store.backend [-] Attempting to import store glance.store.s3.Store {{(pid=76219) _load_store /opt/stack/data/venv/lib/python3.10/site-packages/glance_store/backend.py:215}}
Feb 05 08:02:10 devstack devstack@g-api.service[76219]: DEBUG glance_store.backend [-] Attempting to import store glance.store.swift.Store {{(pid=76219) _load_store /opt/stack/data/venv/lib/python3.10/site-packages/glance_store/backend.py:215}}
Feb 05 08:02:10 devstack devstack@g-api.service[76219]: DEBUG glance_store.backend [-] Attempting to import store glance.store.vmware_datastore.Store {{(pid=76219) _load_store /opt/stack/data/venv/lib/python3.10/site-packages/glance_store/backend.py:215}}
Feb 05 08:02:10 devstack devstack@g-api.service[76219]: DEBUG glance_store.backend [-] Attempting to import store http {{(pid=76219) _load_store /opt/stack/data/venv/lib/python3.10/site-packages/glance_store/backend.py:215}}
Feb 05 08:02:10 devstack devstack@g-api.service[76219]: DEBUG glance_store.backend [-] Attempting to import store no_conf {{(pid=76219) _load_store /opt/stack/data/venv/lib/python3.10/site-packages/glance_store/backend.py:215}}
Feb 05 08:02:10 devstack devstack@g-api.service[76219]: DEBUG glance_store.backend [-] Attempting to import store rbd {{(pid=76219) _load_store /opt/stack/data/venv/lib/python3.10/site-packages/glance_store/backend.py:215}}
Feb 05 08:02:10 devstack devstack@g-api.service[76219]: DEBUG glance_store.backend [-] Attempting to import store s3 {{(pid=76219) _load_store /opt/stack/data/venv/lib/python3.10/site-packages/glance_store/backend.py:215}}
Feb 05 08:02:10 devstack devstack@g-api.service[76219]: DEBUG glance_store.backend [-] Attempting to import store swift {{(pid=76219) _load_store /opt/stack/data/venv/lib/python3.10/site-packages/glance_store/backend.py:215}}
Feb 05 08:02:10 devstack devstack@g-api.service[76219]: DEBUG glance_store.backend [-] Attempting to import store vmware {{(pid=76219) _load_store /opt/stack/data/venv/lib/python3.10/site-packages/glance_store/backend.py:215}}
Feb 05 08:02:10 devstack devstack@g-api.service[76219]: DEBUG glance_store.backend [-] Registering options for group glance_store {{(pid=76219) register_opts /opt/stack/data/venv/lib/python3.10/site-packages/glance_store/backend.py:144}}
Feb 05 08:02:10 devstack devstack@g-api.service[76219]: DEBUG glance_store.backend [-] Registering options for group glance_store {{(pid=76219) register_opts /opt/stack/data/venv/lib/python3.10/site-packages/glance_store/backend.py:144}}
Feb 05 08:02:10 devstack devstack@g-api.service[76218]: DEBUG glance_store.backend [-] Attempting to import store cinder {{(pid=76218) _load_store /opt/stack/data/venv/lib/python3.10/site-packages/glance_store/backend.py:215}}
Feb 05 08:02:10 devstack devstack@g-api.service[76218]: DEBUG glance_store.backend [-] Attempting to import store file {{(pid=76218) _load_store /opt/stack/data/venv/lib/python3.10/site-packages/glance_store/backend.py:215}}
Feb 05 08:02:10 devstack devstack@g-api.service[76218]: DEBUG glance_store.backend [-] Attempting to import store glance.store.cinder.Store {{(pid=76218) _load_store /opt/stack/data/venv/lib/python3.10/site-packages/glance_store/backend.py:215}}
Feb 05 08:02:10 devstack devstack@g-api.service[76219]: DEBUG glance_store.backend [-] Attempting to import store file {{(pid=76219) _load_store /opt/stack/data/venv/lib/python3.10/site-packages/glance_store/backend.py:215}}
Feb 05 08:02:10 devstack devstack@g-api.service[76218]: DEBUG glance_store.backend [-] Attempting to import store glance.store.filesystem.Store {{(pid=76218) _load_store /opt/stack/data/venv/lib/python3.10/site-packages/glance_store/backend.py:215}}
Feb 05 08:02:10 devstack devstack@g-api.service[76218]: DEBUG glance_store.backend [-] Attempting to import store glance.store.http.Store {{(pid=76218) _load_store /opt/stack/data/venv/lib/python3.10/site-packages/glance_store/backend.py:215}}
Feb 05 08:02:10 devstack devstack@g-api.service[76218]: DEBUG glance_store.backend [-] Attempting to import store glance.store.rbd.Store {{(pid=76218) _load_store /opt/stack/data/venv/lib/python3.10/site-packages/glance_store/backend.py:215}}
Feb 05 08:02:10 devstack devstack@g-api.service[76219]: DEBUG glance_store.capabilities [-] Store glance_store._drivers.filesystem.Store doesn't support updating dynamic storage capabilities. Please overwrite 'update_capabilities' method of the store to implement updating logics if needed. {{(pid=76219) update_capabilities /opt/stack/data/venv/lib/python3.10/site-packages/glance_store/capabilities.py:91}}
Feb 05 08:02:10 devstack devstack@g-api.service[76218]: DEBUG glance_store.backend [-] Attempting to import store glance.store.s3.Store {{(pid=76218) _load_store /opt/stack/data/venv/lib/python3.10/site-packages/glance_store/backend.py:215}}
Feb 05 08:02:10 devstack devstack@g-api.service[76219]: DEBUG glance_store.backend [-] Registering store file with schemes ('file', 'filesystem') {{(pid=76219) create_stores /opt/stack/data/venv/lib/python3.10/site-packages/glance_store/backend.py:261}}
Feb 05 08:02:10 devstack devstack@g-api.service[76218]: DEBUG glance_store.backend [-] Attempting to import store glance.store.swift.Store {{(pid=76218) _load_store /opt/stack/data/venv/lib/python3.10/site-packages/glance_store/backend.py:215}}
Feb 05 08:02:10 devstack devstack@g-api.service[76219]: DEBUG glance_store.driver [-] Late loading location class glance_store._drivers.filesystem.StoreLocation {{(pid=76219) get_store_location_class /opt/stack/data/venv/lib/python3.10/site-packages/glance_store/driver.py:134}}
Feb 05 08:02:10 devstack devstack@g-api.service[76218]: DEBUG glance_store.backend [-] Attempting to import store glance.store.vmware_datastore.Store {{(pid=76218) _load_store /opt/stack/data/venv/lib/python3.10/site-packages/glance_store/backend.py:215}}
Feb 05 08:02:10 devstack devstack@g-api.service[76219]: DEBUG glance_store.location [-] Registering scheme file with {'store': , 'location_class': , 'store_entry': 'file'} {{(pid=76219) register_scheme_map /opt/stack/data/venv/lib/python3.10/site-packages/glance_store/location.py:146}}
Feb 05 08:02:10 devstack devstack@g-api.service[76219]: DEBUG glance_store.location [-] Registering scheme filesystem with {'store': , 'location_class': , 'store_entry': 'file'} {{(pid=76219) register_scheme_map /opt/stack/data/venv/lib/python3.10/site-packages/glance_store/location.py:146}}
Feb 05 08:02:10 devstack devstack@g-api.service[76218]: DEBUG glance_store.backend [-] Attempting to import store http {{(pid=76218) _load_store /opt/stack/data/venv/lib/python3.10/site-packages/glance_store/backend.py:215}}
Feb 05 08:02:10 devstack devstack@g-api.service[76219]: DEBUG glance_store.backend [-] Attempting to import store http {{(pid=76219) _load_store /opt/stack/data/venv/lib/python3.10/site-packages/glance_store/backend.py:215}}
Feb 05 08:02:10 devstack devstack@g-api.service[76218]: DEBUG glance_store.backend [-] Attempting to import store no_conf {{(pid=76218) _load_store /opt/stack/data/venv/lib/python3.10/site-packages/glance_store/backend.py:215}}
Feb 05 08:02:10 devstack devstack@g-api.service[76218]: DEBUG glance_store.backend [-] Attempting to import store rbd {{(pid=76218) _load_store /opt/stack/data/venv/lib/python3.10/site-packages/glance_store/backend.py:215}}
Feb 05 08:02:10 devstack devstack@g-api.service[76219]: DEBUG glance_store.capabilities [-] Store glance_store._drivers.http.Store doesn't support updating dynamic storage capabilities. Please overwrite 'update_capabilities' method of the store to implement updating logics if needed. {{(pid=76219) update_capabilities /opt/stack/data/venv/lib/python3.10/site-packages/glance_store/capabilities.py:91}}
Feb 05 08:02:10 devstack devstack@g-api.service[76219]: DEBUG glance_store.backend [-] Registering store http with schemes ('http', 'https') {{(pid=76219) create_stores /opt/stack/data/venv/lib/python3.10/site-packages/glance_store/backend.py:261}}
Feb 05 08:02:10 devstack devstack@g-api.service[76218]: DEBUG glance_store.backend [-] Attempting to import store s3 {{(pid=76218) _load_store /opt/stack/data/venv/lib/python3.10/site-packages/glance_store/backend.py:215}}
Feb 05 08:02:10 devstack devstack@g-api.service[76219]: DEBUG glance_store.driver [-] Late loading location class glance_store._drivers.http.StoreLocation {{(pid=76219) get_store_location_class /opt/stack/data/venv/lib/python3.10/site-packages/glance_store/driver.py:134}}
Feb 05 08:02:10 devstack devstack@g-api.service[76218]: DEBUG glance_store.backend [-] Attempting to import store swift {{(pid=76218) _load_store /opt/stack/data/venv/lib/python3.10/site-packages/glance_store/backend.py:215}}
Feb 05 08:02:10 devstack devstack@g-api.service[76219]: DEBUG glance_store.location [-] Registering scheme http with {'store': , 'location_class': , 'store_entry': 'http'} {{(pid=76219) register_scheme_map /opt/stack/data/venv/lib/python3.10/site-packages/glance_store/location.py:146}}
Feb 05 08:02:10 devstack devstack@g-api.service[76219]: DEBUG glance_store.location [-] Registering scheme https with {'store': , 'location_class': , 'store_entry': 'http'} {{(pid=76219) register_scheme_map /opt/stack/data/venv/lib/python3.10/site-packages/glance_store/location.py:146}}
Feb 05 08:02:10 devstack devstack@g-api.service[76218]: DEBUG glance_store.backend [-] Attempting to import store vmware {{(pid=76218) _load_store /opt/stack/data/venv/lib/python3.10/site-packages/glance_store/backend.py:215}}
Feb 05 08:02:10 devstack devstack@g-api.service[76218]: DEBUG glance_store.backend [-] Registering options for group glance_store {{(pid=76218) register_opts /opt/stack/data/venv/lib/python3.10/site-packages/glance_store/backend.py:144}}
Feb 05 08:02:10 devstack devstack@g-api.service[76219]: DEBUG glance.sqlite_migration [-] SQLite caching database not located, skipping migration {{(pid=76219) get_db_path /opt/stack/glance/glance/sqlite_migration.py:68}}
Feb 05 08:02:10 devstack devstack@g-api.service[76218]: DEBUG glance_store.backend [-] Registering options for group glance_store {{(pid=76218) register_opts /opt/stack/data/venv/lib/python3.10/site-packages/glance_store/backend.py:144}}
Feb 05 08:02:10 devstack devstack@g-api.service[76219]: WARNING glance.common.wsgi_app [-] Import methods are enabled but staging directory /tmp/staging/ does not exist; Imports will fail!
Feb 05 08:02:10 devstack devstack@g-api.service[76218]: DEBUG glance_store.backend [-] Attempting to import store file {{(pid=76218) _load_store /opt/stack/data/venv/lib/python3.10/site-packages/glance_store/backend.py:215}}
Feb 05 08:02:10 devstack devstack@g-api.service[76218]: DEBUG glance_store.capabilities [-] Store glance_store._drivers.filesystem.Store doesn't support updating dynamic storage capabilities. Please overwrite 'update_capabilities' method of the store to implement updating logics if needed. {{(pid=76218) update_capabilities /opt/stack/data/venv/lib/python3.10/site-packages/glance_store/capabilities.py:91}}
Feb 05 08:02:10 devstack devstack@g-api.service[76218]: DEBUG glance_store.backend [-] Registering store file with schemes ('file', 'filesystem') {{(pid=76218) create_stores /opt/stack/data/venv/lib/python3.10/site-packages/glance_store/backend.py:261}}
Feb 05 08:02:10 devstack devstack@g-api.service[76218]: DEBUG glance_store.driver [-] Late loading location class glance_store._drivers.filesystem.StoreLocation {{(pid=76218) get_store_location_class /opt/stack/data/venv/lib/python3.10/site-packages/glance_store/driver.py:134}}
Feb 05 08:02:10 devstack devstack@g-api.service[76218]: DEBUG glance_store.location [-] Registering scheme file with {'store': , 'location_class': , 'store_entry': 'file'} {{(pid=76218) register_scheme_map /opt/stack/data/venv/lib/python3.10/site-packages/glance_store/location.py:146}}
Feb 05 08:02:10 devstack devstack@g-api.service[76218]: DEBUG glance_store.location [-] Registering scheme filesystem with {'store': , 'location_class': , 'store_entry': 'file'} {{(pid=76218) register_scheme_map /opt/stack/data/venv/lib/python3.10/site-packages/glance_store/location.py:146}}
Feb 05 08:02:10 devstack devstack@g-api.service[76218]: DEBUG glance_store.backend [-] Attempting to import store http {{(pid=76218) _load_store /opt/stack/data/venv/lib/python3.10/site-packages/glance_store/backend.py:215}}
Feb 05 08:02:10 devstack devstack@g-api.service[76218]: DEBUG glance_store.capabilities [-] Store glance_store._drivers.http.Store doesn't support updating dynamic storage capabilities. Please overwrite 'update_capabilities' method of the store to implement updating logics if needed. {{(pid=76218) update_capabilities /opt/stack/data/venv/lib/python3.10/site-packages/glance_store/capabilities.py:91}}
Feb 05 08:02:10 devstack devstack@g-api.service[76218]: DEBUG glance_store.backend [-] Registering store http with schemes ('http', 'https') {{(pid=76218) create_stores /opt/stack/data/venv/lib/python3.10/site-packages/glance_store/backend.py:261}}
Feb 05 08:02:10 devstack devstack@g-api.service[76218]: DEBUG glance_store.driver [-] Late loading location class glance_store._drivers.http.StoreLocation {{(pid=76218) get_store_location_class /opt/stack/data/venv/lib/python3.10/site-packages/glance_store/driver.py:134}}
Feb 05 08:02:10 devstack devstack@g-api.service[76218]: DEBUG glance_store.location [-] Registering scheme http with {'store': , 'location_class': , 'store_entry': 'http'} {{(pid=76218) register_scheme_map /opt/stack/data/venv/lib/python3.10/site-packages/glance_store/location.py:146}}
Feb 05 08:02:10 devstack devstack@g-api.service[76218]: DEBUG glance_store.location [-] Registering scheme https with {'store': , 'location_class': , 'store_entry': 'http'} {{(pid=76218) register_scheme_map /opt/stack/data/venv/lib/python3.10/site-packages/glance_store/location.py:146}}
Feb 05 08:02:10 devstack devstack@g-api.service[76218]: DEBUG glance.sqlite_migration [-] SQLite caching database not located, skipping migration {{(pid=76218) get_db_path /opt/stack/glance/glance/sqlite_migration.py:68}}
Feb 05 08:02:10 devstack devstack@g-api.service[76218]: WARNING glance.common.wsgi_app [-] Import methods are enabled but staging directory /tmp/staging/ does not exist; Imports will fail!
Feb 05 08:02:10 devstack devstack@g-api.service[76219]: DEBUG glance.common.config [None req-ce54b954-888b-452f-aca2-2529eea3a821 None None] Loading glance-api-keystone+cachemanagement from /etc/glance/glance-api-paste.ini {{(pid=76219) load_paste_app /opt/stack/glance/glance/common/config.py:750}}
Feb 05 08:02:10 devstack devstack@g-api.service[76218]: DEBUG glance.common.config [None req-5119fb9b-0794-4e46-adf1-e68a63f9c3e3 None None] Loading glance-api-keystone+cachemanagement from /etc/glance/glance-api-paste.ini {{(pid=76218) load_paste_app /opt/stack/glance/glance/common/config.py:750}}
Feb 05 08:02:11 devstack devstack@g-api.service[76219]: INFO glance.image_cache [None req-ce54b954-888b-452f-aca2-2529eea3a821 None None] Image cache loaded driver 'centralized_db'.
Feb 05 08:02:11 devstack devstack@g-api.service[76218]: INFO glance.image_cache [None req-5119fb9b-0794-4e46-adf1-e68a63f9c3e3 None None] Image cache loaded driver 'centralized_db'.
Feb 05 08:02:11 devstack devstack@g-api.service[76218]: INFO dbcounter [None req-5119fb9b-0794-4e46-adf1-e68a63f9c3e3 None None] Registered counter for database glance
Feb 05 08:02:11 devstack devstack@g-api.service[76219]: INFO dbcounter [None req-ce54b954-888b-452f-aca2-2529eea3a821 None None] Registered counter for database glance
Feb 05 08:02:11 devstack devstack@g-api.service[76218]: DEBUG oslo_db.sqlalchemy.engines [None req-5119fb9b-0794-4e46-adf1-e68a63f9c3e3 None None] MySQL server mode set to STRICT_TRANS_TABLES,STRICT_ALL_TABLES,NO_ZERO_IN_DATE,NO_ZERO_DATE,ERROR_FOR_DIVISION_BY_ZERO,TRADITIONAL,NO_ENGINE_SUBSTITUTION {{(pid=76218) _check_effective_sql_mode /opt/stack/data/venv/lib/python3.10/site-packages/oslo_db/sqlalchemy/engines.py:325}}
Feb 05 08:02:11 devstack devstack@g-api.service[76219]: DEBUG oslo_db.sqlalchemy.engines [None req-ce54b954-888b-452f-aca2-2529eea3a821 None None] MySQL server mode set to STRICT_TRANS_TABLES,STRICT_ALL_TABLES,NO_ZERO_IN_DATE,NO_ZERO_DATE,ERROR_FOR_DIVISION_BY_ZERO,TRADITIONAL,NO_ENGINE_SUBSTITUTION {{(pid=76219) _check_effective_sql_mode /opt/stack/data/venv/lib/python3.10/site-packages/oslo_db/sqlalchemy/engines.py:325}}
Feb 05 08:02:11 devstack devstack@g-api.service[76218]: DEBUG dbcounter [-] [76218] Writer thread running {{(pid=76218) stat_writer /opt/stack/data/venv/lib/python3.10/site-packages/dbcounter.py:102}}
Feb 05 08:02:11 devstack devstack@g-api.service[76219]: DEBUG dbcounter [-] [76219] Writer thread running {{(pid=76219) stat_writer /opt/stack/data/venv/lib/python3.10/site-packages/dbcounter.py:102}}
Feb 05 08:02:11 devstack devstack@g-api.service[76219]: DEBUG glance.image_cache.drivers.centralized_db [None req-ce54b954-888b-452f-aca2-2529eea3a821 None None] Node reference is already recorded, ignoring it {{(pid=76219) configure /opt/stack/glance/glance/image_cache/drivers/centralized_db.py:71}}
Feb 05 08:02:11 devstack devstack@g-api.service[76218]: INFO glance.image_cache [None req-5119fb9b-0794-4e46-adf1-e68a63f9c3e3 None None] Image cache loaded driver 'centralized_db'.
Feb 05 08:02:11 devstack devstack@g-api.service[76219]: INFO glance.image_cache [None req-ce54b954-888b-452f-aca2-2529eea3a821 None None] Image cache loaded driver 'centralized_db'.
Feb 05 08:02:11 devstack devstack@g-api.service[76218]: DEBUG glance.image_cache.drivers.centralized_db [None req-5119fb9b-0794-4e46-adf1-e68a63f9c3e3 None None] Node reference is already recorded, ignoring it {{(pid=76218) configure /opt/stack/glance/glance/image_cache/drivers/centralized_db.py:71}}
Feb 05 08:02:11 devstack devstack@g-api.service[76219]: DEBUG glance.image_cache.drivers.centralized_db [None req-ce54b954-888b-452f-aca2-2529eea3a821 None None] Node reference is already recorded, ignoring it {{(pid=76219) configure /opt/stack/glance/glance/image_cache/drivers/centralized_db.py:71}}
Feb 05 08:02:11 devstack devstack@g-api.service[76218]: DEBUG glance.api.v2.cached_images [None req-5119fb9b-0794-4e46-adf1-e68a63f9c3e3 None None] Started cache worker thread {{(pid=76218) __init__ /opt/stack/glance/glance/api/v2/cached_images.py:69}}
Feb 05 08:02:11 devstack devstack@g-api.service[76218]: INFO glance.image_cache [None req-5119fb9b-0794-4e46-adf1-e68a63f9c3e3 None None] Image cache loaded driver 'centralized_db'.
Feb 05 08:02:11 devstack devstack@g-api.service[76219]: DEBUG glance.api.v2.cached_images [None req-ce54b954-888b-452f-aca2-2529eea3a821 None None] Started cache worker thread {{(pid=76219) __init__ /opt/stack/glance/glance/api/v2/cached_images.py:69}}
Feb 05 08:02:11 devstack devstack@g-api.service[76219]: INFO glance.image_cache [None req-ce54b954-888b-452f-aca2-2529eea3a821 None None] Image cache loaded driver 'centralized_db'.
Feb 05 08:02:12 devstack devstack@g-api.service[76218]: DEBUG glance.image_cache.drivers.centralized_db [None req-5119fb9b-0794-4e46-adf1-e68a63f9c3e3 None None] Node reference is already recorded, ignoring it {{(pid=76218) configure /opt/stack/glance/glance/image_cache/drivers/centralized_db.py:71}}
Feb 05 08:02:12 devstack devstack@g-api.service[76218]: INFO glance.api.middleware.cache_manage [None req-5119fb9b-0794-4e46-adf1-e68a63f9c3e3 None None] Initialized image cache management middleware
Feb 05 08:02:12 devstack devstack@g-api.service[76218]: INFO glance.image_cache [None req-5119fb9b-0794-4e46-adf1-e68a63f9c3e3 None None] Image cache loaded driver 'centralized_db'.
Feb 05 08:02:12 devstack devstack@g-api.service[76219]: DEBUG glance.image_cache.drivers.centralized_db [None req-ce54b954-888b-452f-aca2-2529eea3a821 None None] Node reference is already recorded, ignoring it {{(pid=76219) configure /opt/stack/glance/glance/image_cache/drivers/centralized_db.py:71}}
Feb 05 08:02:12 devstack devstack@g-api.service[76218]: DEBUG glance.image_cache.drivers.centralized_db [None req-5119fb9b-0794-4e46-adf1-e68a63f9c3e3 None None] Node reference is already recorded, ignoring it {{(pid=76218) configure /opt/stack/glance/glance/image_cache/drivers/centralized_db.py:71}}
Feb 05 08:02:12 devstack devstack@g-api.service[76219]: INFO glance.api.middleware.cache_manage [None req-ce54b954-888b-452f-aca2-2529eea3a821 None None] Initialized image cache management middleware
Feb 05 08:02:12 devstack devstack@g-api.service[76219]: INFO glance.image_cache [None req-ce54b954-888b-452f-aca2-2529eea3a821 None None] Image cache loaded driver 'centralized_db'.
Feb 05 08:02:12 devstack devstack@g-api.service[76218]: INFO glance.api.middleware.cache [None req-5119fb9b-0794-4e46-adf1-e68a63f9c3e3 None None] Initialized image cache middleware
Feb 05 08:02:12 devstack devstack@g-api.service[76218]: WARNING keystonemiddleware.auth_token [None req-5119fb9b-0794-4e46-adf1-e68a63f9c3e3 None None] AuthToken middleware is set with keystone_authtoken.service_token_roles_required set to False. This is backwards compatible but deprecated behaviour. Please set this to True.
Feb 05 08:02:12 devstack devstack@g-api.service[76219]: DEBUG glance.image_cache.drivers.centralized_db [None req-ce54b954-888b-452f-aca2-2529eea3a821 None None] Node reference is already recorded, ignoring it {{(pid=76219) configure /opt/stack/glance/glance/image_cache/drivers/centralized_db.py:71}}
Feb 05 08:02:12 devstack devstack@g-api.service[76218]: WARNING keystonemiddleware.auth_token [None req-5119fb9b-0794-4e46-adf1-e68a63f9c3e3 None None] Configuring www_authenticate_uri to point to the public identity endpoint is required; clients may not be able to authenticate against an admin endpoint
Feb 05 08:02:12 devstack devstack@g-api.service[76219]: INFO glance.api.middleware.cache [None req-ce54b954-888b-452f-aca2-2529eea3a821 None None] Initialized image cache middleware
Feb 05 08:02:12 devstack devstack@g-api.service[76218]: DEBUG glance.common.config [None req-5119fb9b-0794-4e46-adf1-e68a63f9c3e3 None None] ******************************************************************************** {{(pid=76218) log_opt_values /opt/stack/data/venv/lib/python3.10/site-packages/oslo_config/cfg.py:2804}}
Feb 05 08:02:12 devstack devstack@g-api.service[76218]: DEBUG glance.common.config [None req-5119fb9b-0794-4e46-adf1-e68a63f9c3e3 None None] Configuration options gathered from: {{(pid=76218) log_opt_values /opt/stack/data/venv/lib/python3.10/site-packages/oslo_config/cfg.py:2805}}
Feb 05 08:02:12 devstack devstack@g-api.service[76218]: DEBUG glance.common.config [None req-5119fb9b-0794-4e46-adf1-e68a63f9c3e3 None None] command line args: [] {{(pid=76218) log_opt_values /opt/stack/data/venv/lib/python3.10/site-packages/oslo_config/cfg.py:2806}}
Feb 05 08:02:12 devstack devstack@g-api.service[76218]: DEBUG glance.common.config [None req-5119fb9b-0794-4e46-adf1-e68a63f9c3e3 None None] config files: ['/etc/glance/glance-image-import.conf', '/etc/glance/glance-api.conf'] {{(pid=76218) log_opt_values /opt/stack/data/venv/lib/python3.10/site-packages/oslo_config/cfg.py:2807}}
Feb 05 08:02:12 devstack devstack@g-api.service[76218]: DEBUG glance.common.config [None req-5119fb9b-0794-4e46-adf1-e68a63f9c3e3 None None] ================================================================================ {{(pid=76218) log_opt_values /opt/stack/data/venv/lib/python3.10/site-packages/oslo_config/cfg.py:2809}}
Feb 05 08:02:12 devstack devstack@g-api.service[76218]: DEBUG glance.common.config [None req-5119fb9b-0794-4e46-adf1-e68a63f9c3e3 None None] allow_anonymous_access = False {{(pid=76218) log_opt_values /opt/stack/data/venv/lib/python3.10/site-packages/oslo_config/cfg.py:2817}}
Feb 05 08:02:12 devstack devstack@g-api.service[76218]: DEBUG glance.common.config [None req-5119fb9b-0794-4e46-adf1-e68a63f9c3e3 None None] api_limit_max = 1000 {{(pid=76218) log_opt_values /opt/stack/data/venv/lib/python3.10/site-packages/oslo_config/cfg.py:2817}}
Feb 05 08:02:12 devstack devstack@g-api.service[76218]: DEBUG glance.common.config [None req-5119fb9b-0794-4e46-adf1-e68a63f9c3e3 None None] backlog = 4096 {{(pid=76218) log_opt_values /opt/stack/data/venv/lib/python3.10/site-packages/oslo_config/cfg.py:2817}}
Feb 05 08:02:12 devstack devstack@g-api.service[76218]: DEBUG glance.common.config [None req-5119fb9b-0794-4e46-adf1-e68a63f9c3e3 None None] bind_host = 0.0.0.0 {{(pid=76218) log_opt_values /opt/stack/data/venv/lib/python3.10/site-packages/oslo_config/cfg.py:2817}}
Feb 05 08:02:12 devstack devstack@g-api.service[76218]: DEBUG glance.common.config [None req-5119fb9b-0794-4e46-adf1-e68a63f9c3e3 None None] bind_port = None {{(pid=76218) log_opt_values /opt/stack/data/venv/lib/python3.10/site-packages/oslo_config/cfg.py:2817}}
Feb 05 08:02:12 devstack devstack@g-api.service[76218]: DEBUG glance.common.config [None req-5119fb9b-0794-4e46-adf1-e68a63f9c3e3 None None] client_socket_timeout = 900 {{(pid=76218) log_opt_values /opt/stack/data/venv/lib/python3.10/site-packages/oslo_config/cfg.py:2817}}
Feb 05 08:02:12 devstack devstack@g-api.service[76218]: DEBUG glance.common.config [None req-5119fb9b-0794-4e46-adf1-e68a63f9c3e3 None None] config_dir = [] {{(pid=76218) log_opt_values /opt/stack/data/venv/lib/python3.10/site-packages/oslo_config/cfg.py:2817}}
Feb 05 08:02:12 devstack devstack@g-api.service[76218]: DEBUG glance.common.config [None req-5119fb9b-0794-4e46-adf1-e68a63f9c3e3 None None] config_file = ['/etc/glance/glance-image-import.conf', '/etc/glance/glance-api.conf'] {{(pid=76218) log_opt_values /opt/stack/data/venv/lib/python3.10/site-packages/oslo_config/cfg.py:2817}}
Feb 05 08:02:12 devstack devstack@g-api.service[76218]: DEBUG glance.common.config [None req-5119fb9b-0794-4e46-adf1-e68a63f9c3e3 None None] config_source = [] {{(pid=76218) log_opt_values /opt/stack/data/venv/lib/python3.10/site-packages/oslo_config/cfg.py:2817}}
Feb 05 08:02:12 devstack devstack@g-api.service[76218]: DEBUG glance.common.config [None req-5119fb9b-0794-4e46-adf1-e68a63f9c3e3 None None] control_exchange = glance {{(pid=76218) log_opt_values /opt/stack/data/venv/lib/python3.10/site-packages/oslo_config/cfg.py:2817}}
Feb 05 08:02:12 devstack devstack@g-api.service[76218]: DEBUG glance.common.config [None req-5119fb9b-0794-4e46-adf1-e68a63f9c3e3 None None] debug = True {{(pid=76218) log_opt_values /opt/stack/data/venv/lib/python3.10/site-packages/oslo_config/cfg.py:2817}}
Feb 05 08:02:12 devstack devstack@g-api.service[76218]: DEBUG glance.common.config [None req-5119fb9b-0794-4e46-adf1-e68a63f9c3e3 None None] default_log_levels = ['amqp=WARN', 'boto=WARN', 'sqlalchemy=WARN', 'suds=INFO', 'oslo.messaging=INFO', 'oslo_messaging=INFO', 'iso8601=WARN', 'requests.packages.urllib3.connectionpool=WARN', 'urllib3.connectionpool=WARN', 'websocket=WARN', 'requests.packages.urllib3.util.retry=WARN', 'urllib3.util.retry=WARN', 'keystonemiddleware=WARN', 'routes.middleware=WARN', 'stevedore=WARN', 'taskflow=WARN', 'keystoneauth=WARN', 'oslo.cache=INFO', 'oslo_policy=INFO', 'dogpile.core.dogpile=INFO'] {{(pid=76218) log_opt_values /opt/stack/data/venv/lib/python3.10/site-packages/oslo_config/cfg.py:2817}}
Feb 05 08:02:12 devstack devstack@g-api.service[76218]: DEBUG glance.common.config [None req-5119fb9b-0794-4e46-adf1-e68a63f9c3e3 None None] default_publisher_id = image.localhost {{(pid=76218) log_opt_values /opt/stack/data/venv/lib/python3.10/site-packages/oslo_config/cfg.py:2817}}
Feb 05 08:02:12 devstack devstack@g-api.service[76218]: DEBUG glance.common.config [None req-5119fb9b-0794-4e46-adf1-e68a63f9c3e3 None None] delayed_delete = False {{(pid=76218) log_opt_values /opt/stack/data/venv/lib/python3.10/site-packages/oslo_config/cfg.py:2817}}
Feb 05 08:02:12 devstack devstack@g-api.service[76218]: DEBUG glance.common.config [None req-5119fb9b-0794-4e46-adf1-e68a63f9c3e3 None None] digest_algorithm = sha256 {{(pid=76218) log_opt_values /opt/stack/data/venv/lib/python3.10/site-packages/oslo_config/cfg.py:2817}}
Feb 05 08:02:12 devstack devstack@g-api.service[76218]: DEBUG glance.common.config [None req-5119fb9b-0794-4e46-adf1-e68a63f9c3e3 None None] disabled_notifications = [] {{(pid=76218) log_opt_values /opt/stack/data/venv/lib/python3.10/site-packages/oslo_config/cfg.py:2817}}
Feb 05 08:02:12 devstack devstack@g-api.service[76218]: DEBUG glance.common.config [None req-5119fb9b-0794-4e46-adf1-e68a63f9c3e3 None None] do_secure_hash = True {{(pid=76218) log_opt_values /opt/stack/data/venv/lib/python3.10/site-packages/oslo_config/cfg.py:2817}}
Feb 05 08:02:12 devstack devstack@g-api.service[76218]: DEBUG glance.common.config [None req-5119fb9b-0794-4e46-adf1-e68a63f9c3e3 None None] enabled_backends = None {{(pid=76218) log_opt_values /opt/stack/data/venv/lib/python3.10/site-packages/oslo_config/cfg.py:2817}}
Feb 05 08:02:12 devstack devstack@g-api.service[76218]: DEBUG glance.common.config [None req-5119fb9b-0794-4e46-adf1-e68a63f9c3e3 None None] enabled_import_methods = ['glance-direct', 'web-download', 'copy-image'] {{(pid=76218) log_opt_values /opt/stack/data/venv/lib/python3.10/site-packages/oslo_config/cfg.py:2817}}
Feb 05 08:02:12 devstack devstack@g-api.service[76218]: DEBUG glance.common.config [None req-5119fb9b-0794-4e46-adf1-e68a63f9c3e3 None None] hashing_algorithm = sha512 {{(pid=76218) log_opt_values /opt/stack/data/venv/lib/python3.10/site-packages/oslo_config/cfg.py:2817}}
Feb 05 08:02:12 devstack devstack@g-api.service[76218]: DEBUG glance.common.config [None req-5119fb9b-0794-4e46-adf1-e68a63f9c3e3 None None] http_keepalive = True {{(pid=76218) log_opt_values /opt/stack/data/venv/lib/python3.10/site-packages/oslo_config/cfg.py:2817}}
Feb 05 08:02:12 devstack devstack@g-api.service[76218]: DEBUG glance.common.config [None req-5119fb9b-0794-4e46-adf1-e68a63f9c3e3 None None] http_retries = 3 {{(pid=76218) log_opt_values /opt/stack/data/venv/lib/python3.10/site-packages/oslo_config/cfg.py:2817}}
Feb 05 08:02:12 devstack devstack@g-api.service[76218]: DEBUG glance.common.config [None req-5119fb9b-0794-4e46-adf1-e68a63f9c3e3 None None] image_cache_dir = /opt/stack/data/glance/cache/ {{(pid=76218) log_opt_values /opt/stack/data/venv/lib/python3.10/site-packages/oslo_config/cfg.py:2817}}
Feb 05 08:02:12 devstack devstack@g-api.service[76218]: DEBUG glance.common.config [None req-5119fb9b-0794-4e46-adf1-e68a63f9c3e3 None None] image_cache_driver = centralized_db {{(pid=76218) log_opt_values /opt/stack/data/venv/lib/python3.10/site-packages/oslo_config/cfg.py:2817}}
Feb 05 08:02:12 devstack devstack@g-api.service[76218]: DEBUG glance.common.config [None req-5119fb9b-0794-4e46-adf1-e68a63f9c3e3 None None] image_cache_max_size = 10737418240 {{(pid=76218) log_opt_values /opt/stack/data/venv/lib/python3.10/site-packages/oslo_config/cfg.py:2817}}
Feb 05 08:02:12 devstack devstack@g-api.service[76218]: DEBUG glance.common.config [None req-5119fb9b-0794-4e46-adf1-e68a63f9c3e3 None None] image_cache_sqlite_db = cache.db {{(pid=76218) log_opt_values /opt/stack/data/venv/lib/python3.10/site-packages/oslo_config/cfg.py:2817}}
Feb 05 08:02:12 devstack devstack@g-api.service[76218]: DEBUG glance.common.config [None req-5119fb9b-0794-4e46-adf1-e68a63f9c3e3 None None] image_cache_stall_time = 86400 {{(pid=76218) log_opt_values /opt/stack/data/venv/lib/python3.10/site-packages/oslo_config/cfg.py:2817}}
Feb 05 08:02:12 devstack devstack@g-api.service[76218]: DEBUG glance.common.config [None req-5119fb9b-0794-4e46-adf1-e68a63f9c3e3 None None] image_location_quota = 10 {{(pid=76218) log_opt_values /opt/stack/data/venv/lib/python3.10/site-packages/oslo_config/cfg.py:2817}}
Feb 05 08:02:12 devstack devstack@g-api.service[76218]: DEBUG glance.common.config [None req-5119fb9b-0794-4e46-adf1-e68a63f9c3e3 None None] image_member_quota = 128 {{(pid=76218) log_opt_values /opt/stack/data/venv/lib/python3.10/site-packages/oslo_config/cfg.py:2817}}
Feb 05 08:02:12 devstack devstack@g-api.service[76218]: DEBUG glance.common.config [None req-5119fb9b-0794-4e46-adf1-e68a63f9c3e3 None None] image_property_quota = 128 {{(pid=76218) log_opt_values /opt/stack/data/venv/lib/python3.10/site-packages/oslo_config/cfg.py:2817}}
Feb 05 08:02:12 devstack devstack@g-api.service[76218]: DEBUG glance.common.config [None req-5119fb9b-0794-4e46-adf1-e68a63f9c3e3 None None] image_size_cap = 1099511627776 {{(pid=76218) log_opt_values /opt/stack/data/venv/lib/python3.10/site-packages/oslo_config/cfg.py:2817}}
Feb 05 08:02:12 devstack devstack@g-api.service[76218]: DEBUG glance.common.config [None req-5119fb9b-0794-4e46-adf1-e68a63f9c3e3 None None] image_tag_quota = 128 {{(pid=76218) log_opt_values /opt/stack/data/venv/lib/python3.10/site-packages/oslo_config/cfg.py:2817}}
Feb 05 08:02:12 devstack devstack@g-api.service[76218]: DEBUG glance.common.config [None req-5119fb9b-0794-4e46-adf1-e68a63f9c3e3 None None] instance_format = [instance: %(uuid)s] {{(pid=76218) log_opt_values /opt/stack/data/venv/lib/python3.10/site-packages/oslo_config/cfg.py:2817}}
Feb 05 08:02:12 devstack devstack@g-api.service[76218]: DEBUG glance.common.config [None req-5119fb9b-0794-4e46-adf1-e68a63f9c3e3 None None] instance_uuid_format = [instance: %(uuid)s] {{(pid=76218) log_opt_values /opt/stack/data/venv/lib/python3.10/site-packages/oslo_config/cfg.py:2817}}
Feb 05 08:02:12 devstack devstack@g-api.service[76218]: DEBUG glance.common.config [None req-5119fb9b-0794-4e46-adf1-e68a63f9c3e3 None None] limit_param_default = 25 {{(pid=76218) log_opt_values /opt/stack/data/venv/lib/python3.10/site-packages/oslo_config/cfg.py:2817}}
Feb 05 08:02:12 devstack devstack@g-api.service[76218]: DEBUG glance.common.config [None req-5119fb9b-0794-4e46-adf1-e68a63f9c3e3 None None] log_color = False {{(pid=76218) log_opt_values /opt/stack/data/venv/lib/python3.10/site-packages/oslo_config/cfg.py:2817}}
Feb 05 08:02:12 devstack devstack@g-api.service[76218]: DEBUG glance.common.config [None req-5119fb9b-0794-4e46-adf1-e68a63f9c3e3 None None] log_config_append = None {{(pid=76218) log_opt_values /opt/stack/data/venv/lib/python3.10/site-packages/oslo_config/cfg.py:2817}}
Feb 05 08:02:12 devstack devstack@g-api.service[76218]: DEBUG glance.common.config [None req-5119fb9b-0794-4e46-adf1-e68a63f9c3e3 None None] log_date_format = %Y-%m-%d %H:%M:%S {{(pid=76218) log_opt_values /opt/stack/data/venv/lib/python3.10/site-packages/oslo_config/cfg.py:2817}}
Feb 05 08:02:12 devstack devstack@g-api.service[76218]: DEBUG glance.common.config [None req-5119fb9b-0794-4e46-adf1-e68a63f9c3e3 None None] log_dir = None {{(pid=76218) log_opt_values /opt/stack/data/venv/lib/python3.10/site-packages/oslo_config/cfg.py:2817}}
Feb 05 08:02:12 devstack devstack@g-api.service[76218]: DEBUG glance.common.config [None req-5119fb9b-0794-4e46-adf1-e68a63f9c3e3 None None] log_file = None {{(pid=76218) log_opt_values /opt/stack/data/venv/lib/python3.10/site-packages/oslo_config/cfg.py:2817}}
Feb 05 08:02:12 devstack devstack@g-api.service[76218]: DEBUG glance.common.config [None req-5119fb9b-0794-4e46-adf1-e68a63f9c3e3 None None] log_rotate_interval = 1 {{(pid=76218) log_opt_values /opt/stack/data/venv/lib/python3.10/site-packages/oslo_config/cfg.py:2817}}
Feb 05 08:02:12 devstack devstack@g-api.service[76219]: WARNING keystonemiddleware.auth_token [None req-ce54b954-888b-452f-aca2-2529eea3a821 None None] AuthToken middleware is set with keystone_authtoken.service_token_roles_required set to False. This is backwards compatible but deprecated behaviour. Please set this to True.
Feb 05 08:02:12 devstack devstack@g-api.service[76218]: DEBUG glance.common.config [None req-5119fb9b-0794-4e46-adf1-e68a63f9c3e3 None None] log_rotate_interval_type = days {{(pid=76218) log_opt_values /opt/stack/data/venv/lib/python3.10/site-packages/oslo_config/cfg.py:2817}}
Feb 05 08:02:12 devstack devstack@g-api.service[76218]: DEBUG glance.common.config [None req-5119fb9b-0794-4e46-adf1-e68a63f9c3e3 None None] log_rotation_type = none {{(pid=76218) log_opt_values /opt/stack/data/venv/lib/python3.10/site-packages/oslo_config/cfg.py:2817}}
Feb 05 08:02:12 devstack devstack@g-api.service[76218]: DEBUG glance.common.config [None req-5119fb9b-0794-4e46-adf1-e68a63f9c3e3 None None] logging_context_format_string = %(color)s%(levelname)s %(name)s [%(global_request_id)s %(request_id)s %(project_name)s %(user_name)s%(color)s] %(instance)s%(color)s%(message)s {{(pid=76218) log_opt_values /opt/stack/data/venv/lib/python3.10/site-packages/oslo_config/cfg.py:2817}}
Feb 05 08:02:12 devstack devstack@g-api.service[76218]: DEBUG glance.common.config [None req-5119fb9b-0794-4e46-adf1-e68a63f9c3e3 None None] logging_debug_format_suffix = {{(pid=%(process)d) %(funcName)s %(pathname)s:%(lineno)d}} {{(pid=76218) log_opt_values /opt/stack/data/venv/lib/python3.10/site-packages/oslo_config/cfg.py:2817}}
Feb 05 08:02:12 devstack devstack@g-api.service[76218]: DEBUG glance.common.config [None req-5119fb9b-0794-4e46-adf1-e68a63f9c3e3 None None] logging_default_format_string = %(color)s%(levelname)s %(name)s [-%(color)s] %(instance)s%(color)s%(message)s {{(pid=76218) log_opt_values /opt/stack/data/venv/lib/python3.10/site-packages/oslo_config/cfg.py:2817}}
Feb 05 08:02:12 devstack devstack@g-api.service[76218]: DEBUG glance.common.config [None req-5119fb9b-0794-4e46-adf1-e68a63f9c3e3 None None] logging_exception_prefix = ERROR %(name)s %(instance)s {{(pid=76218) log_opt_values /opt/stack/data/venv/lib/python3.10/site-packages/oslo_config/cfg.py:2817}}
Feb 05 08:02:12 devstack devstack@g-api.service[76218]: DEBUG glance.common.config [None req-5119fb9b-0794-4e46-adf1-e68a63f9c3e3 None None] logging_user_identity_format = %(user)s %(project)s %(domain)s %(system_scope)s %(user_domain)s %(project_domain)s {{(pid=76218) log_opt_values /opt/stack/data/venv/lib/python3.10/site-packages/oslo_config/cfg.py:2817}}
Feb 05 08:02:12 devstack devstack@g-api.service[76218]: DEBUG glance.common.config [None req-5119fb9b-0794-4e46-adf1-e68a63f9c3e3 None None] max_header_line = 16384 {{(pid=76218) log_opt_values /opt/stack/data/venv/lib/python3.10/site-packages/oslo_config/cfg.py:2817}}
Feb 05 08:02:12 devstack devstack@g-api.service[76218]: DEBUG glance.common.config [None req-5119fb9b-0794-4e46-adf1-e68a63f9c3e3 None None] max_logfile_count = 30 {{(pid=76218) log_opt_values /opt/stack/data/venv/lib/python3.10/site-packages/oslo_config/cfg.py:2817}}
Feb 05 08:02:12 devstack devstack@g-api.service[76218]: DEBUG glance.common.config [None req-5119fb9b-0794-4e46-adf1-e68a63f9c3e3 None None] max_logfile_size_mb = 200 {{(pid=76218) log_opt_values /opt/stack/data/venv/lib/python3.10/site-packages/oslo_config/cfg.py:2817}}
Feb 05 08:02:12 devstack devstack@g-api.service[76218]: DEBUG glance.common.config [None req-5119fb9b-0794-4e46-adf1-e68a63f9c3e3 None None] max_request_id_length = 64 {{(pid=76218) log_opt_values /opt/stack/data/venv/lib/python3.10/site-packages/oslo_config/cfg.py:2817}}
Feb 05 08:02:12 devstack devstack@g-api.service[76218]: DEBUG glance.common.config [None req-5119fb9b-0794-4e46-adf1-e68a63f9c3e3 None None] metadata_encryption_key = **** {{(pid=76218) log_opt_values /opt/stack/data/venv/lib/python3.10/site-packages/oslo_config/cfg.py:2817}}
Feb 05 08:02:12 devstack devstack@g-api.service[76218]: DEBUG glance.common.config [None req-5119fb9b-0794-4e46-adf1-e68a63f9c3e3 None None] node_staging_uri = file:///tmp/staging/ {{(pid=76218) log_opt_values /opt/stack/data/venv/lib/python3.10/site-packages/oslo_config/cfg.py:2817}}
Feb 05 08:02:12 devstack devstack@g-api.service[76218]: DEBUG glance.common.config [None req-5119fb9b-0794-4e46-adf1-e68a63f9c3e3 None None] property_protection_file = None {{(pid=76218) log_opt_values /opt/stack/data/venv/lib/python3.10/site-packages/oslo_config/cfg.py:2817}}
Feb 05 08:02:12 devstack devstack@g-api.service[76218]: DEBUG glance.common.config [None req-5119fb9b-0794-4e46-adf1-e68a63f9c3e3 None None] property_protection_rule_format = roles {{(pid=76218) log_opt_values /opt/stack/data/venv/lib/python3.10/site-packages/oslo_config/cfg.py:2817}}
Feb 05 08:02:12 devstack devstack@g-api.service[76218]: DEBUG glance.common.config [None req-5119fb9b-0794-4e46-adf1-e68a63f9c3e3 None None] public_endpoint = http://192.168.122.145/image {{(pid=76218) log_opt_values /opt/stack/data/venv/lib/python3.10/site-packages/oslo_config/cfg.py:2817}}
Feb 05 08:02:12 devstack devstack@g-api.service[76218]: DEBUG glance.common.config [None req-5119fb9b-0794-4e46-adf1-e68a63f9c3e3 None None] publish_errors = False {{(pid=76218) log_opt_values /opt/stack/data/venv/lib/python3.10/site-packages/oslo_config/cfg.py:2817}}
Feb 05 08:02:12 devstack devstack@g-api.service[76218]: DEBUG glance.common.config [None req-5119fb9b-0794-4e46-adf1-e68a63f9c3e3 None None] pydev_worker_debug_host = None {{(pid=76218) log_opt_values /opt/stack/data/venv/lib/python3.10/site-packages/oslo_config/cfg.py:2817}}
Feb 05 08:02:12 devstack devstack@g-api.service[76218]: DEBUG glance.common.config [None req-5119fb9b-0794-4e46-adf1-e68a63f9c3e3 None None] pydev_worker_debug_port = 5678 {{(pid=76218) log_opt_values /opt/stack/data/venv/lib/python3.10/site-packages/oslo_config/cfg.py:2817}}
Feb 05 08:02:12 devstack devstack@g-api.service[76218]: DEBUG glance.common.config [None req-5119fb9b-0794-4e46-adf1-e68a63f9c3e3 None None] rate_limit_burst = 0 {{(pid=76218) log_opt_values /opt/stack/data/venv/lib/python3.10/site-packages/oslo_config/cfg.py:2817}}
Feb 05 08:02:12 devstack devstack@g-api.service[76218]: DEBUG glance.common.config [None req-5119fb9b-0794-4e46-adf1-e68a63f9c3e3 None None] rate_limit_except_level = CRITICAL {{(pid=76218) log_opt_values /opt/stack/data/venv/lib/python3.10/site-packages/oslo_config/cfg.py:2817}}
Feb 05 08:02:12 devstack devstack@g-api.service[76218]: DEBUG glance.common.config [None req-5119fb9b-0794-4e46-adf1-e68a63f9c3e3 None None] rate_limit_interval = 0 {{(pid=76218) log_opt_values /opt/stack/data/venv/lib/python3.10/site-packages/oslo_config/cfg.py:2817}}
Feb 05 08:02:12 devstack devstack@g-api.service[76218]: DEBUG glance.common.config [None req-5119fb9b-0794-4e46-adf1-e68a63f9c3e3 None None] scrub_pool_size = 1 {{(pid=76218) log_opt_values /opt/stack/data/venv/lib/python3.10/site-packages/oslo_config/cfg.py:2817}}
Feb 05 08:02:12 devstack devstack@g-api.service[76219]: WARNING keystonemiddleware.auth_token [None req-ce54b954-888b-452f-aca2-2529eea3a821 None None] Configuring www_authenticate_uri to point to the public identity endpoint is required; clients may not be able to authenticate against an admin endpoint
Feb 05 08:02:12 devstack devstack@g-api.service[76218]: DEBUG glance.common.config [None req-5119fb9b-0794-4e46-adf1-e68a63f9c3e3 None None] scrub_time = 0 {{(pid=76218) log_opt_values /opt/stack/data/venv/lib/python3.10/site-packages/oslo_config/cfg.py:2817}}
Feb 05 08:02:12 devstack devstack@g-api.service[76218]: DEBUG glance.common.config [None req-5119fb9b-0794-4e46-adf1-e68a63f9c3e3 None None] shell_completion = None {{(pid=76218) log_opt_values /opt/stack/data/venv/lib/python3.10/site-packages/oslo_config/cfg.py:2817}}
Feb 05 08:02:12 devstack devstack@g-api.service[76218]: DEBUG glance.common.config [None req-5119fb9b-0794-4e46-adf1-e68a63f9c3e3 None None] show_image_direct_url = False {{(pid=76218) log_opt_values /opt/stack/data/venv/lib/python3.10/site-packages/oslo_config/cfg.py:2817}}
