Jun 17 04:05:12 devstack cinder-volume[92204]: DEBUG oslo_concurrency.lockutils [None req-d404d96d-b287-4048-a93e-f381b239e341 tempest-GroupSnapshotsTest-1186892099 None] Lock "quobyte" "released" by "cinder.volume.drivers.quobyte.QuobyteDriver.create_snapshot" :: held 5.139s {{(pid=92204) inner /opt/stack/data/venv/lib/python3.12/site-packages/oslo_concurrency/lockutils.py:538}}
Jun 17 04:05:12 devstack cinder-volume[92204]: DEBUG oslo_concurrency.lockutils [None req-d404d96d-b287-4048-a93e-f381b239e341 tempest-GroupSnapshotsTest-1186892099 None] Acquiring lock "quobyte" by "cinder.volume.drivers.quobyte.QuobyteDriver.create_snapshot" {{(pid=92204) inner /opt/stack/data/venv/lib/python3.12/site-packages/oslo_concurrency/lockutils.py:506}}
Jun 17 04:05:12 devstack cinder-volume[92204]: DEBUG oslo_concurrency.lockutils [None req-d404d96d-b287-4048-a93e-f381b239e341 tempest-GroupSnapshotsTest-1186892099 None] Lock "quobyte" acquired by "cinder.volume.drivers.quobyte.QuobyteDriver.create_snapshot" :: waited 0.000s {{(pid=92204) inner /opt/stack/data/venv/lib/python3.12/site-packages/oslo_concurrency/lockutils.py:519}}
Jun 17 04:05:12 devstack cinder-volume[92204]: DEBUG cinder.volume.drivers.remotefs [None req-d404d96d-b287-4048-a93e-f381b239e341 tempest-GroupSnapshotsTest-1186892099 None] Creating offline snapshot 94c8eff9-b725-49df-bd99-d418fce287bf of volume 7864ba36-b70a-497a-a4af-34165e305150 {{(pid=92204) _create_snapshot /opt/stack/cinder/cinder/volume/drivers/remotefs.py:1816}}
Jun 17 04:05:12 devstack cinder-volume[92204]: DEBUG oslo.privsep.daemon [-] privsep: reply[9047d4fc-92ef-4708-8437-5f78b49796c1]: (4, 'qcow2') {{(pid=93309) _call_back /opt/stack/data/venv/lib/python3.12/site-packages/oslo_privsep/daemon.py:573}}
Jun 17 04:05:12 devstack cinder-volume[92204]: DEBUG oslo_concurrency.processutils [None req-d404d96d-b287-4048-a93e-f381b239e341 tempest-GroupSnapshotsTest-1186892099 None] Running cmd (subprocess): /opt/stack/data/venv/bin/python3.12 -m oslo_concurrency.prlimit --as=1073741824 --cpu=60 -- sudo cinder-rootwrap /etc/cinder/rootwrap.conf env LC_ALL=C qemu-img info -f qcow2 --output=json --force-share /opt/stack/data/cinder/mnt/28f97cdb348f739fe99ddb4eb25b7d1f/volume-7864ba36-b70a-497a-a4af-34165e305150 {{(pid=92204) execute /opt/stack/data/venv/lib/python3.12/site-packages/oslo_concurrency/processutils.py:440}}
Jun 17 04:05:13 devstack sudo[95655]: quobyte : PWD=/ ; USER=root ; COMMAND=/opt/stack/data/venv/bin/cinder-rootwrap /etc/cinder/rootwrap.conf env LC_ALL=C qemu-img info -f qcow2 --output=json --force-share /opt/stack/data/cinder/mnt/28f97cdb348f739fe99ddb4eb25b7d1f/volume-7864ba36-b70a-497a-a4af-34165e305150
Jun 17 04:05:13 devstack sudo[95655]: pam_unix(sudo:session): session opened for user root(uid=0) by (uid=1000)
Jun 17 04:05:13 devstack sudo[95655]: pam_unix(sudo:session): session closed for user root
Jun 17 04:05:13 devstack cinder-volume[92204]: DEBUG oslo_concurrency.processutils [None req-d404d96d-b287-4048-a93e-f381b239e341 tempest-GroupSnapshotsTest-1186892099 None] CMD "/opt/stack/data/venv/bin/python3.12 -m oslo_concurrency.prlimit --as=1073741824 --cpu=60 -- sudo cinder-rootwrap /etc/cinder/rootwrap.conf env LC_ALL=C qemu-img info -f qcow2 --output=json --force-share /opt/stack/data/cinder/mnt/28f97cdb348f739fe99ddb4eb25b7d1f/volume-7864ba36-b70a-497a-a4af-34165e305150" returned: 0 in 0.769s {{(pid=92204) execute /opt/stack/data/venv/lib/python3.12/site-packages/oslo_concurrency/processutils.py:468}}
Jun 17 04:05:13 devstack cinder-volume[92204]: DEBUG oslo_concurrency.processutils [None req-d404d96d-b287-4048-a93e-f381b239e341 tempest-GroupSnapshotsTest-1186892099 None] Running cmd (subprocess): sudo cinder-rootwrap /etc/cinder/rootwrap.conf qemu-img create -f qcow2 -o backing_file=/opt/stack/data/cinder/mnt/28f97cdb348f739fe99ddb4eb25b7d1f/volume-7864ba36-b70a-497a-a4af-34165e305150,backing_fmt=qcow2 /opt/stack/data/cinder/mnt/28f97cdb348f739fe99ddb4eb25b7d1f/volume-7864ba36-b70a-497a-a4af-34165e305150.94c8eff9-b725-49df-bd99-d418fce287bf 1G {{(pid=92204) execute /opt/stack/data/venv/lib/python3.12/site-packages/oslo_concurrency/processutils.py:440}}
Jun 17 04:05:13 devstack sudo[95668]: quobyte : PWD=/ ; USER=root ; COMMAND=/opt/stack/data/venv/bin/cinder-rootwrap /etc/cinder/rootwrap.conf qemu-img create -f qcow2 -o backing_file=/opt/stack/data/cinder/mnt/28f97cdb348f739fe99ddb4eb25b7d1f/volume-7864ba36-b70a-497a-a4af-34165e305150,backing_fmt=qcow2 /opt/stack/data/cinder/mnt/28f97cdb348f739fe99ddb4eb25b7d1f/volume-7864ba36-b70a-497a-a4af-34165e305150.94c8eff9-b725-49df-bd99-d418fce287bf 1G
Jun 17 04:05:13 devstack sudo[95668]: pam_unix(sudo:session): session opened for user root(uid=0) by (uid=1000)
Jun 17 04:05:15 devstack sudo[95668]: pam_unix(sudo:session): session closed for user root
Jun 17 04:05:15 devstack cinder-volume[92204]: DEBUG oslo_concurrency.processutils [None req-d404d96d-b287-4048-a93e-f381b239e341 tempest-GroupSnapshotsTest-1186892099 None] CMD "sudo cinder-rootwrap /etc/cinder/rootwrap.conf qemu-img create -f qcow2 -o backing_file=/opt/stack/data/cinder/mnt/28f97cdb348f739fe99ddb4eb25b7d1f/volume-7864ba36-b70a-497a-a4af-34165e305150,backing_fmt=qcow2 /opt/stack/data/cinder/mnt/28f97cdb348f739fe99ddb4eb25b7d1f/volume-7864ba36-b70a-497a-a4af-34165e305150.94c8eff9-b725-49df-bd99-d418fce287bf 1G" returned: 0 in 1.535s {{(pid=92204) execute /opt/stack/data/venv/lib/python3.12/site-packages/oslo_concurrency/processutils.py:468}}
Jun 17 04:05:15 devstack cinder-volume[92204]: DEBUG oslo_concurrency.processutils [None req-d404d96d-b287-4048-a93e-f381b239e341 tempest-GroupSnapshotsTest-1186892099 None] Running cmd (subprocess): sudo cinder-rootwrap /etc/cinder/rootwrap.conf qemu-img rebase -u -b volume-7864ba36-b70a-497a-a4af-34165e305150 -F qcow2 /opt/stack/data/cinder/mnt/28f97cdb348f739fe99ddb4eb25b7d1f/volume-7864ba36-b70a-497a-a4af-34165e305150.94c8eff9-b725-49df-bd99-d418fce287bf {{(pid=92204) execute /opt/stack/data/venv/lib/python3.12/site-packages/oslo_concurrency/processutils.py:440}}
Jun 17 04:05:15 devstack sudo[95744]: quobyte : PWD=/ ; USER=root ; COMMAND=/opt/stack/data/venv/bin/cinder-rootwrap /etc/cinder/rootwrap.conf qemu-img rebase -u -b volume-7864ba36-b70a-497a-a4af-34165e305150 -F qcow2 /opt/stack/data/cinder/mnt/28f97cdb348f739fe99ddb4eb25b7d1f/volume-7864ba36-b70a-497a-a4af-34165e305150.94c8eff9-b725-49df-bd99-d418fce287bf
Jun 17 04:05:15 devstack sudo[95744]: pam_unix(sudo:session): session opened for user root(uid=0) by (uid=1000)
Jun 17 04:05:16 devstack sudo[95744]: pam_unix(sudo:session): session closed for user root
Jun 17 04:05:16 devstack cinder-volume[92204]: DEBUG oslo_concurrency.processutils [None req-d404d96d-b287-4048-a93e-f381b239e341 tempest-GroupSnapshotsTest-1186892099 None] CMD "sudo cinder-rootwrap /etc/cinder/rootwrap.conf qemu-img rebase -u -b volume-7864ba36-b70a-497a-a4af-34165e305150 -F qcow2 /opt/stack/data/cinder/mnt/28f97cdb348f739fe99ddb4eb25b7d1f/volume-7864ba36-b70a-497a-a4af-34165e305150.94c8eff9-b725-49df-bd99-d418fce287bf" returned: 0 in 1.168s {{(pid=92204) execute /opt/stack/data/venv/lib/python3.12/site-packages/oslo_concurrency/processutils.py:468}}
Jun 17 04:05:16 devstack cinder-volume[92204]: WARNING cinder.volume.drivers.remotefs [None req-d404d96d-b287-4048-a93e-f381b239e341 tempest-GroupSnapshotsTest-1186892099 None] /opt/stack/data/cinder/mnt/28f97cdb348f739fe99ddb4eb25b7d1f/volume-7864ba36-b70a-497a-a4af-34165e305150.94c8eff9-b725-49df-bd99-d418fce287bf is being set with open permissions: ugo+rw: NotImplementedError
Jun 17 04:05:16 devstack cinder-volume[92204]: DEBUG oslo_concurrency.processutils [None req-d404d96d-b287-4048-a93e-f381b239e341 tempest-GroupSnapshotsTest-1186892099 None] Running cmd (subprocess): sudo cinder-rootwrap /etc/cinder/rootwrap.conf chmod ugo+rw /opt/stack/data/cinder/mnt/28f97cdb348f739fe99ddb4eb25b7d1f/volume-7864ba36-b70a-497a-a4af-34165e305150.94c8eff9-b725-49df-bd99-d418fce287bf {{(pid=92204) execute /opt/stack/data/venv/lib/python3.12/site-packages/oslo_concurrency/processutils.py:440}}
Jun 17 04:05:16 devstack sudo[95782]: quobyte : PWD=/ ; USER=root ; COMMAND=/opt/stack/data/venv/bin/cinder-rootwrap /etc/cinder/rootwrap.conf chmod ugo+rw /opt/stack/data/cinder/mnt/28f97cdb348f739fe99ddb4eb25b7d1f/volume-7864ba36-b70a-497a-a4af-34165e305150.94c8eff9-b725-49df-bd99-d418fce287bf
Jun 17 04:05:16 devstack sudo[95782]: pam_unix(sudo:session): session opened for user root(uid=0) by (uid=1000)
Jun 17 04:05:17 devstack sudo[95782]: pam_unix(sudo:session): session closed for user root
Jun 17 04:05:17 devstack cinder-volume[92204]: DEBUG oslo_concurrency.processutils [None req-d404d96d-b287-4048-a93e-f381b239e341 tempest-GroupSnapshotsTest-1186892099 None] CMD "sudo cinder-rootwrap /etc/cinder/rootwrap.conf chmod ugo+rw /opt/stack/data/cinder/mnt/28f97cdb348f739fe99ddb4eb25b7d1f/volume-7864ba36-b70a-497a-a4af-34165e305150.94c8eff9-b725-49df-bd99-d418fce287bf" returned: 0 in 0.708s {{(pid=92204) execute /opt/stack/data/venv/lib/python3.12/site-packages/oslo_concurrency/processutils.py:468}}
Jun 17 04:05:17 devstack cinder-volume[92204]: DEBUG oslo_concurrency.processutils [None req-d404d96d-b287-4048-a93e-f381b239e341 tempest-GroupSnapshotsTest-1186892099 None] Running cmd (subprocess): sudo cinder-rootwrap /etc/cinder/rootwrap.conf truncate -s0 /opt/stack/data/cinder/mnt/28f97cdb348f739fe99ddb4eb25b7d1f/volume-7864ba36-b70a-497a-a4af-34165e305150.info {{(pid=92204) execute /opt/stack/data/venv/lib/python3.12/site-packages/oslo_concurrency/processutils.py:440}}
Jun 17 04:05:17 devstack sudo[95786]: quobyte : PWD=/ ; USER=root ; COMMAND=/opt/stack/data/venv/bin/cinder-rootwrap /etc/cinder/rootwrap.conf truncate -s0 /opt/stack/data/cinder/mnt/28f97cdb348f739fe99ddb4eb25b7d1f/volume-7864ba36-b70a-497a-a4af-34165e305150.info
Jun 17 04:05:17 devstack sudo[95786]: pam_unix(sudo:session): session opened for user root(uid=0) by (uid=1000)
Jun 17 04:05:17 devstack sudo[95786]: pam_unix(sudo:session): session closed for user root
Jun 17 04:05:17 devstack cinder-volume[92204]: DEBUG oslo_concurrency.processutils [None req-d404d96d-b287-4048-a93e-f381b239e341 tempest-GroupSnapshotsTest-1186892099 None] CMD "sudo cinder-rootwrap /etc/cinder/rootwrap.conf truncate -s0 /opt/stack/data/cinder/mnt/28f97cdb348f739fe99ddb4eb25b7d1f/volume-7864ba36-b70a-497a-a4af-34165e305150.info" returned: 0 in 0.649s {{(pid=92204) execute /opt/stack/data/venv/lib/python3.12/site-packages/oslo_concurrency/processutils.py:468}}
Jun 17 04:05:17 devstack cinder-volume[92204]: WARNING cinder.volume.drivers.remotefs [None req-d404d96d-b287-4048-a93e-f381b239e341 tempest-GroupSnapshotsTest-1186892099 None] /opt/stack/data/cinder/mnt/28f97cdb348f739fe99ddb4eb25b7d1f/volume-7864ba36-b70a-497a-a4af-34165e305150.info is being set with open permissions: ugo+rw: NotImplementedError
Jun 17 04:05:17 devstack cinder-volume[92204]: DEBUG oslo_concurrency.processutils [None req-d404d96d-b287-4048-a93e-f381b239e341 tempest-GroupSnapshotsTest-1186892099 None] Running cmd (subprocess): sudo cinder-rootwrap /etc/cinder/rootwrap.conf chmod ugo+rw /opt/stack/data/cinder/mnt/28f97cdb348f739fe99ddb4eb25b7d1f/volume-7864ba36-b70a-497a-a4af-34165e305150.info {{(pid=92204) execute /opt/stack/data/venv/lib/python3.12/site-packages/oslo_concurrency/processutils.py:440}}
Jun 17 04:05:17 devstack sudo[95791]: quobyte : PWD=/ ; USER=root ; COMMAND=/opt/stack/data/venv/bin/cinder-rootwrap /etc/cinder/rootwrap.conf chmod ugo+rw /opt/stack/data/cinder/mnt/28f97cdb348f739fe99ddb4eb25b7d1f/volume-7864ba36-b70a-497a-a4af-34165e305150.info
Jun 17 04:05:17 devstack sudo[95791]: pam_unix(sudo:session): session opened for user root(uid=0) by (uid=1000)
Jun 17 04:05:18 devstack sudo[95791]: pam_unix(sudo:session): session closed for user root
Jun 17 04:05:18 devstack cinder-volume[92204]: DEBUG oslo_concurrency.processutils [None req-d404d96d-b287-4048-a93e-f381b239e341 tempest-GroupSnapshotsTest-1186892099 None] CMD "sudo cinder-rootwrap /etc/cinder/rootwrap.conf chmod ugo+rw /opt/stack/data/cinder/mnt/28f97cdb348f739fe99ddb4eb25b7d1f/volume-7864ba36-b70a-497a-a4af-34165e305150.info" returned: 0 in 0.813s {{(pid=92204) execute /opt/stack/data/venv/lib/python3.12/site-packages/oslo_concurrency/processutils.py:468}}
Jun 17 04:05:18 devstack cinder-volume[92204]: DEBUG oslo_concurrency.lockutils [None req-d404d96d-b287-4048-a93e-f381b239e341 tempest-GroupSnapshotsTest-1186892099 None] Lock "quobyte" "released" by "cinder.volume.drivers.quobyte.QuobyteDriver.create_snapshot" :: held 5.792s {{(pid=92204) inner /opt/stack/data/venv/lib/python3.12/site-packages/oslo_concurrency/lockutils.py:538}}
Jun 17 04:05:18 devstack cinder-volume[92204]: INFO cinder.volume.manager [None req-d404d96d-b287-4048-a93e-f381b239e341 tempest-GroupSnapshotsTest-1186892099 None] group_snapshot 7ca59c25-b5b1-4837-8452-2115b526fa39: created successfully
Jun 17 04:05:19 devstack cinder-volume[92204]: INFO cinder.volume.manager [None req-09223796-8223-46e8-a79d-c75c262ad576 tempest-GroupSnapshotsTest-1186892099 None] group_snapshot 7ca59c25-b5b1-4837-8452-2115b526fa39: deleting
Jun 17 04:05:19 devstack cinder-volume[92204]: DEBUG cinder.volume.manager [None req-09223796-8223-46e8-a79d-c75c262ad576 tempest-GroupSnapshotsTest-1186892099 None] group_snapshot 7ca59c25-b5b1-4837-8452-2115b526fa39: deleting {{(pid=92204) delete_group_snapshot /opt/stack/cinder/cinder/volume/manager.py:4351}}
Jun 17 04:05:19 devstack cinder-volume[92204]: DEBUG cinder.coordination [None req-09223796-8223-46e8-a79d-c75c262ad576 tempest-GroupSnapshotsTest-1186892099 None] Acquiring lock "cinder-quobyte-a2a39a72-8eb5-44b7-ba74-62639eba1e17" by "delete_snapshot" {{(pid=92204) __acquire /opt/stack/cinder/cinder/coordination.py:138}}
Jun 17 04:05:19 devstack cinder-volume[92204]: DEBUG cinder.coordination [None req-09223796-8223-46e8-a79d-c75c262ad576 tempest-GroupSnapshotsTest-1186892099 None] Lock "cinder-quobyte-a2a39a72-8eb5-44b7-ba74-62639eba1e17" acquired by "delete_snapshot" :: waited 0.043s {{(pid=92204) __acquire /opt/stack/cinder/cinder/coordination.py:141}}
Jun 17 04:05:19 devstack cinder-volume[92204]: DEBUG cinder.coordination [None req-09223796-8223-46e8-a79d-c75c262ad576 tempest-GroupSnapshotsTest-1186892099 None] Acquiring lock "cinder-quobyte-51c8fdc8-b442-4575-a172-33880b1482cc" by "_delete_snapshot" {{(pid=92204) __acquire /opt/stack/cinder/cinder/coordination.py:138}}
Jun 17 04:05:19 devstack cinder-volume[92204]: DEBUG cinder.coordination [None req-09223796-8223-46e8-a79d-c75c262ad576 tempest-GroupSnapshotsTest-1186892099 None] Lock "cinder-quobyte-51c8fdc8-b442-4575-a172-33880b1482cc" acquired by "_delete_snapshot" :: waited 0.036s {{(pid=92204) __acquire /opt/stack/cinder/cinder/coordination.py:141}}
Jun 17 04:05:19 devstack cinder-volume[92204]: DEBUG cinder.volume.drivers.remotefs [None req-09223796-8223-46e8-a79d-c75c262ad576 tempest-GroupSnapshotsTest-1186892099 None] Deleting offline snapshot 51c8fdc8-b442-4575-a172-33880b1482cc of volume a2a39a72-8eb5-44b7-ba74-62639eba1e17 {{(pid=92204) _delete_snapshot /opt/stack/cinder/cinder/volume/drivers/remotefs.py:1288}}
Jun 17 04:05:19 devstack cinder-volume[92204]: DEBUG cinder.volume.drivers.remotefs [None req-09223796-8223-46e8-a79d-c75c262ad576 tempest-GroupSnapshotsTest-1186892099 None] snapshot_file for this snap is: volume-a2a39a72-8eb5-44b7-ba74-62639eba1e17.51c8fdc8-b442-4575-a172-33880b1482cc {{(pid=92204) _delete_snapshot /opt/stack/cinder/cinder/volume/drivers/remotefs.py:1317}}
Jun 17 04:05:19 devstack cinder-volume[92204]: DEBUG oslo.privsep.daemon [-] privsep: reply[b84b994d-caf3-4648-aff2-1e6b95f9f714]: (4, 'qcow2') {{(pid=93309) _call_back /opt/stack/data/venv/lib/python3.12/site-packages/oslo_privsep/daemon.py:573}}
Jun 17 04:05:19 devstack cinder-volume[92204]: DEBUG oslo_concurrency.processutils [None req-09223796-8223-46e8-a79d-c75c262ad576 tempest-GroupSnapshotsTest-1186892099 None] Running cmd (subprocess): /opt/stack/data/venv/bin/python3.12 -m oslo_concurrency.prlimit --as=1073741824 --cpu=60 -- sudo cinder-rootwrap /etc/cinder/rootwrap.conf env LC_ALL=C qemu-img info -f qcow2 --output=json --force-share /opt/stack/data/cinder/mnt/28f97cdb348f739fe99ddb4eb25b7d1f/volume-a2a39a72-8eb5-44b7-ba74-62639eba1e17.51c8fdc8-b442-4575-a172-33880b1482cc {{(pid=92204) execute /opt/stack/data/venv/lib/python3.12/site-packages/oslo_concurrency/processutils.py:440}}
Jun 17 04:05:20 devstack sudo[95822]: quobyte : PWD=/ ; USER=root ; COMMAND=/opt/stack/data/venv/bin/cinder-rootwrap /etc/cinder/rootwrap.conf env LC_ALL=C qemu-img info -f qcow2 --output=json --force-share /opt/stack/data/cinder/mnt/28f97cdb348f739fe99ddb4eb25b7d1f/volume-a2a39a72-8eb5-44b7-ba74-62639eba1e17.51c8fdc8-b442-4575-a172-33880b1482cc
Jun 17 04:05:20 devstack sudo[95822]: pam_unix(sudo:session): session opened for user root(uid=0) by (uid=1000)
Jun 17 04:05:20 devstack sudo[95822]: pam_unix(sudo:session): session closed for user root
Jun 17 04:05:20 devstack cinder-volume[92204]: DEBUG oslo_concurrency.processutils [None req-09223796-8223-46e8-a79d-c75c262ad576 tempest-GroupSnapshotsTest-1186892099 None] CMD "/opt/stack/data/venv/bin/python3.12 -m oslo_concurrency.prlimit --as=1073741824 --cpu=60 -- sudo cinder-rootwrap /etc/cinder/rootwrap.conf env LC_ALL=C qemu-img info -f qcow2 --output=json --force-share /opt/stack/data/cinder/mnt/28f97cdb348f739fe99ddb4eb25b7d1f/volume-a2a39a72-8eb5-44b7-ba74-62639eba1e17.51c8fdc8-b442-4575-a172-33880b1482cc" returned: 0 in 0.932s {{(pid=92204) execute /opt/stack/data/venv/lib/python3.12/site-packages/oslo_concurrency/processutils.py:468}}
Jun 17 04:05:20 devstack cinder-volume[92204]: DEBUG cinder.volume.drivers.remotefs [None req-09223796-8223-46e8-a79d-c75c262ad576 tempest-GroupSnapshotsTest-1186892099 None] Fetching qemu-img info with special backing_file_template: (/opt/stack/data/cinder/mnt/[0-9a-f]+/)?(volume-a2a39a72-8eb5-44b7-ba74-62639eba1e17(.(tmp-snap-)?[0-9a-f-]+)?|volume_from_snapshot_cache/(tmp-snap-)?[0-9a-f-]+(.(child-|parent-)[0-9a-f-]+)?)$ {{(pid=92204) _qemu_img_info_base /opt/stack/cinder/cinder/volume/drivers/remotefs.py:896}}
Jun 17 04:05:20 devstack cinder-volume[92204]: DEBUG oslo.privsep.daemon [-] privsep: reply[f4f78322-81fa-4f24-859b-3338305c56ab]: (4, 'qcow2') {{(pid=93309) _call_back /opt/stack/data/venv/lib/python3.12/site-packages/oslo_privsep/daemon.py:573}}
Jun 17 04:05:20 devstack cinder-volume[92204]: DEBUG oslo_concurrency.processutils [None req-09223796-8223-46e8-a79d-c75c262ad576 tempest-GroupSnapshotsTest-1186892099 None] Running cmd (subprocess): /opt/stack/data/venv/bin/python3.12 -m oslo_concurrency.prlimit --as=1073741824 --cpu=60 -- sudo cinder-rootwrap /etc/cinder/rootwrap.conf env LC_ALL=C qemu-img info -f qcow2 --output=json --force-share /opt/stack/data/cinder/mnt/28f97cdb348f739fe99ddb4eb25b7d1f/volume-a2a39a72-8eb5-44b7-ba74-62639eba1e17 {{(pid=92204) execute /opt/stack/data/venv/lib/python3.12/site-packages/oslo_concurrency/processutils.py:440}}
Jun 17 04:05:21 devstack sudo[95829]: quobyte : PWD=/ ; USER=root ; COMMAND=/opt/stack/data/venv/bin/cinder-rootwrap /etc/cinder/rootwrap.conf env LC_ALL=C qemu-img info -f qcow2 --output=json --force-share /opt/stack/data/cinder/mnt/28f97cdb348f739fe99ddb4eb25b7d1f/volume-a2a39a72-8eb5-44b7-ba74-62639eba1e17
Jun 17 04:05:21 devstack sudo[95829]: pam_unix(sudo:session): session opened for user root(uid=0) by (uid=1000)
Jun 17 04:05:22 devstack sudo[95829]: pam_unix(sudo:session): session closed for user root
Jun 17 04:05:22 devstack cinder-volume[92204]: DEBUG oslo_concurrency.processutils [None req-09223796-8223-46e8-a79d-c75c262ad576 tempest-GroupSnapshotsTest-1186892099 None] CMD "/opt/stack/data/venv/bin/python3.12 -m oslo_concurrency.prlimit --as=1073741824 --cpu=60 -- sudo cinder-rootwrap /etc/cinder/rootwrap.conf env LC_ALL=C qemu-img info -f qcow2 --output=json --force-share /opt/stack/data/cinder/mnt/28f97cdb348f739fe99ddb4eb25b7d1f/volume-a2a39a72-8eb5-44b7-ba74-62639eba1e17" returned: 0 in 1.231s {{(pid=92204) execute /opt/stack/data/venv/lib/python3.12/site-packages/oslo_concurrency/processutils.py:468}}
Jun 17 04:05:22 devstack cinder-volume[92204]: DEBUG oslo_concurrency.processutils [None req-09223796-8223-46e8-a79d-c75c262ad576 tempest-GroupSnapshotsTest-1186892099 None] Running cmd (subprocess): sudo cinder-rootwrap /etc/cinder/rootwrap.conf qemu-img commit -d /opt/stack/data/cinder/mnt/28f97cdb348f739fe99ddb4eb25b7d1f/volume-a2a39a72-8eb5-44b7-ba74-62639eba1e17.51c8fdc8-b442-4575-a172-33880b1482cc {{(pid=92204) execute /opt/stack/data/venv/lib/python3.12/site-packages/oslo_concurrency/processutils.py:440}}
Jun 17 04:05:22 devstack sudo[95874]: quobyte : PWD=/ ; USER=root ; COMMAND=/opt/stack/data/venv/bin/cinder-rootwrap /etc/cinder/rootwrap.conf qemu-img commit -d /opt/stack/data/cinder/mnt/28f97cdb348f739fe99ddb4eb25b7d1f/volume-a2a39a72-8eb5-44b7-ba74-62639eba1e17.51c8fdc8-b442-4575-a172-33880b1482cc
Jun 17 04:05:22 devstack sudo[95874]: pam_unix(sudo:session): session opened for user root(uid=0) by (uid=1000)
Jun 17 04:05:22 devstack sudo[95874]: pam_unix(sudo:session): session closed for user root
Jun 17 04:05:22 devstack cinder-volume[92204]: DEBUG oslo_concurrency.processutils [None req-09223796-8223-46e8-a79d-c75c262ad576 tempest-GroupSnapshotsTest-1186892099 None] CMD "sudo cinder-rootwrap /etc/cinder/rootwrap.conf qemu-img commit -d /opt/stack/data/cinder/mnt/28f97cdb348f739fe99ddb4eb25b7d1f/volume-a2a39a72-8eb5-44b7-ba74-62639eba1e17.51c8fdc8-b442-4575-a172-33880b1482cc" returned: 0 in 0.719s {{(pid=92204) execute /opt/stack/data/venv/lib/python3.12/site-packages/oslo_concurrency/processutils.py:468}}
Jun 17 04:05:22 devstack cinder-volume[92204]: DEBUG oslo_concurrency.processutils [None req-09223796-8223-46e8-a79d-c75c262ad576 tempest-GroupSnapshotsTest-1186892099 None] Running cmd (subprocess): sudo cinder-rootwrap /etc/cinder/rootwrap.conf rm -f /opt/stack/data/cinder/mnt/28f97cdb348f739fe99ddb4eb25b7d1f/volume-a2a39a72-8eb5-44b7-ba74-62639eba1e17.51c8fdc8-b442-4575-a172-33880b1482cc {{(pid=92204) execute /opt/stack/data/venv/lib/python3.12/site-packages/oslo_concurrency/processutils.py:440}}
Jun 17 04:05:22 devstack sudo[95879]: quobyte : PWD=/ ; USER=root ; COMMAND=/opt/stack/data/venv/bin/cinder-rootwrap /etc/cinder/rootwrap.conf rm -f /opt/stack/data/cinder/mnt/28f97cdb348f739fe99ddb4eb25b7d1f/volume-a2a39a72-8eb5-44b7-ba74-62639eba1e17.51c8fdc8-b442-4575-a172-33880b1482cc
Jun 17 04:05:22 devstack sudo[95879]: pam_unix(sudo:session): session opened for user root(uid=0) by (uid=1000)
Jun 17 04:05:23 devstack sudo[95879]: pam_unix(sudo:session): session closed for user root
Jun 17 04:05:23 devstack cinder-volume[92204]: DEBUG oslo_concurrency.processutils [None req-09223796-8223-46e8-a79d-c75c262ad576 tempest-GroupSnapshotsTest-1186892099 None] CMD "sudo cinder-rootwrap /etc/cinder/rootwrap.conf rm -f /opt/stack/data/cinder/mnt/28f97cdb348f739fe99ddb4eb25b7d1f/volume-a2a39a72-8eb5-44b7-ba74-62639eba1e17.51c8fdc8-b442-4575-a172-33880b1482cc" returned: 0 in 0.998s {{(pid=92204) execute /opt/stack/data/venv/lib/python3.12/site-packages/oslo_concurrency/processutils.py:468}}
Jun 17 04:05:23 devstack cinder-volume[92204]: DEBUG cinder.coordination [None req-09223796-8223-46e8-a79d-c75c262ad576 tempest-GroupSnapshotsTest-1186892099 None] Lock "cinder-quobyte-51c8fdc8-b442-4575-a172-33880b1482cc" released by "_delete_snapshot" :: held 4.080s {{(pid=92204) __release /opt/stack/cinder/cinder/coordination.py:152}}
Jun 17 04:05:23 devstack cinder-volume[92204]: DEBUG cinder.coordination [None req-09223796-8223-46e8-a79d-c75c262ad576 tempest-GroupSnapshotsTest-1186892099 None] Lock "cinder-quobyte-a2a39a72-8eb5-44b7-ba74-62639eba1e17" released by "delete_snapshot" :: held 4.125s {{(pid=92204) __release /opt/stack/cinder/cinder/coordination.py:152}}
Jun 17 04:05:23 devstack cinder-volume[92204]: DEBUG cinder.coordination [None req-09223796-8223-46e8-a79d-c75c262ad576 tempest-GroupSnapshotsTest-1186892099 None] Acquiring lock "cinder-quobyte-7864ba36-b70a-497a-a4af-34165e305150" by "delete_snapshot" {{(pid=92204) __acquire /opt/stack/cinder/cinder/coordination.py:138}}
Jun 17 04:05:23 devstack cinder-volume[92204]: DEBUG cinder.coordination [None req-09223796-8223-46e8-a79d-c75c262ad576 tempest-GroupSnapshotsTest-1186892099 None] Lock "cinder-quobyte-7864ba36-b70a-497a-a4af-34165e305150" acquired by "delete_snapshot" :: waited 0.021s {{(pid=92204) __acquire /opt/stack/cinder/cinder/coordination.py:141}}
Jun 17 04:05:23 devstack cinder-volume[92204]: DEBUG cinder.coordination [None req-09223796-8223-46e8-a79d-c75c262ad576 tempest-GroupSnapshotsTest-1186892099 None] Acquiring lock "cinder-quobyte-94c8eff9-b725-49df-bd99-d418fce287bf" by "_delete_snapshot" {{(pid=92204) __acquire /opt/stack/cinder/cinder/coordination.py:138}}
Jun 17 04:05:23 devstack cinder-volume[92204]: DEBUG cinder.coordination [None req-09223796-8223-46e8-a79d-c75c262ad576 tempest-GroupSnapshotsTest-1186892099 None] Lock "cinder-quobyte-94c8eff9-b725-49df-bd99-d418fce287bf" acquired by "_delete_snapshot" :: waited 0.019s {{(pid=92204) __acquire /opt/stack/cinder/cinder/coordination.py:141}}
Jun 17 04:05:23 devstack cinder-volume[92204]: DEBUG cinder.volume.drivers.remotefs [None req-09223796-8223-46e8-a79d-c75c262ad576 tempest-GroupSnapshotsTest-1186892099 None] Deleting offline snapshot 94c8eff9-b725-49df-bd99-d418fce287bf of volume 7864ba36-b70a-497a-a4af-34165e305150 {{(pid=92204) _delete_snapshot /opt/stack/cinder/cinder/volume/drivers/remotefs.py:1288}}
Jun 17 04:05:24 devstack cinder-volume[92204]: DEBUG cinder.volume.drivers.remotefs [None req-09223796-8223-46e8-a79d-c75c262ad576 tempest-GroupSnapshotsTest-1186892099 None] snapshot_file for this snap is: volume-7864ba36-b70a-497a-a4af-34165e305150.94c8eff9-b725-49df-bd99-d418fce287bf {{(pid=92204) _delete_snapshot /opt/stack/cinder/cinder/volume/drivers/remotefs.py:1317}}
Jun 17 04:05:24 devstack cinder-volume[92204]: DEBUG oslo.privsep.daemon [-] privsep: reply[98eec194-0bc8-49d6-9568-de514e79f071]: (4, 'qcow2') {{(pid=93309) _call_back /opt/stack/data/venv/lib/python3.12/site-packages/oslo_privsep/daemon.py:573}}
Jun 17 04:05:24 devstack cinder-volume[92204]: DEBUG oslo_concurrency.processutils [None req-09223796-8223-46e8-a79d-c75c262ad576 tempest-GroupSnapshotsTest-1186892099 None] Running cmd (subprocess): /opt/stack/data/venv/bin/python3.12 -m oslo_concurrency.prlimit --as=1073741824 --cpu=60 -- sudo cinder-rootwrap /etc/cinder/rootwrap.conf env LC_ALL=C qemu-img info -f qcow2 --output=json --force-share /opt/stack/data/cinder/mnt/28f97cdb348f739fe99ddb4eb25b7d1f/volume-7864ba36-b70a-497a-a4af-34165e305150.94c8eff9-b725-49df-bd99-d418fce287bf {{(pid=92204) execute /opt/stack/data/venv/lib/python3.12/site-packages/oslo_concurrency/processutils.py:440}}
Jun 17 04:05:24 devstack sudo[95884]: quobyte : PWD=/ ; USER=root ; COMMAND=/opt/stack/data/venv/bin/cinder-rootwrap /etc/cinder/rootwrap.conf env LC_ALL=C qemu-img info -f qcow2 --output=json --force-share /opt/stack/data/cinder/mnt/28f97cdb348f739fe99ddb4eb25b7d1f/volume-7864ba36-b70a-497a-a4af-34165e305150.94c8eff9-b725-49df-bd99-d418fce287bf
Jun 17 04:05:24 devstack sudo[95884]: pam_unix(sudo:session): session opened for user root(uid=0) by (uid=1000)
Jun 17 04:05:24 devstack sudo[95884]: pam_unix(sudo:session): session closed for user root
Jun 17 04:05:24 devstack cinder-volume[92204]: DEBUG oslo_concurrency.processutils [None req-09223796-8223-46e8-a79d-c75c262ad576 tempest-GroupSnapshotsTest-1186892099 None] CMD "/opt/stack/data/venv/bin/python3.12 -m oslo_concurrency.prlimit --as=1073741824 --cpu=60 -- sudo cinder-rootwrap /etc/cinder/rootwrap.conf env LC_ALL=C qemu-img info -f qcow2 --output=json --force-share /opt/stack/data/cinder/mnt/28f97cdb348f739fe99ddb4eb25b7d1f/volume-7864ba36-b70a-497a-a4af-34165e305150.94c8eff9-b725-49df-bd99-d418fce287bf" returned: 0 in 0.972s {{(pid=92204) execute /opt/stack/data/venv/lib/python3.12/site-packages/oslo_concurrency/processutils.py:468}}
Jun 17 04:05:25 devstack cinder-volume[92204]: DEBUG cinder.volume.drivers.remotefs [None req-09223796-8223-46e8-a79d-c75c262ad576 tempest-GroupSnapshotsTest-1186892099 None] Fetching qemu-img info with special backing_file_template: (/opt/stack/data/cinder/mnt/[0-9a-f]+/)?(volume-7864ba36-b70a-497a-a4af-34165e305150(.(tmp-snap-)?[0-9a-f-]+)?|volume_from_snapshot_cache/(tmp-snap-)?[0-9a-f-]+(.(child-|parent-)[0-9a-f-]+)?)$ {{(pid=92204) _qemu_img_info_base /opt/stack/cinder/cinder/volume/drivers/remotefs.py:896}}
Jun 17 04:05:25 devstack cinder-volume[92204]: DEBUG oslo.privsep.daemon [-] privsep: reply[f846a231-86fb-4665-800e-15c74fd473b1]: (4, 'qcow2') {{(pid=93309) _call_back /opt/stack/data/venv/lib/python3.12/site-packages/oslo_privsep/daemon.py:573}}
Jun 17 04:05:25 devstack cinder-volume[92204]: DEBUG oslo_concurrency.processutils [None req-09223796-8223-46e8-a79d-c75c262ad576 tempest-GroupSnapshotsTest-1186892099 None] Running cmd (subprocess): /opt/stack/data/venv/bin/python3.12 -m oslo_concurrency.prlimit --as=1073741824 --cpu=60 -- sudo cinder-rootwrap /etc/cinder/rootwrap.conf env LC_ALL=C qemu-img info -f qcow2 --output=json --force-share /opt/stack/data/cinder/mnt/28f97cdb348f739fe99ddb4eb25b7d1f/volume-7864ba36-b70a-497a-a4af-34165e305150 {{(pid=92204) execute /opt/stack/data/venv/lib/python3.12/site-packages/oslo_concurrency/processutils.py:440}}
Jun 17 04:05:25 devstack sudo[95890]: quobyte : PWD=/ ; USER=root ; COMMAND=/opt/stack/data/venv/bin/cinder-rootwrap /etc/cinder/rootwrap.conf env LC_ALL=C qemu-img info -f qcow2 --output=json --force-share /opt/stack/data/cinder/mnt/28f97cdb348f739fe99ddb4eb25b7d1f/volume-7864ba36-b70a-497a-a4af-34165e305150
Jun 17 04:05:25 devstack sudo[95890]: pam_unix(sudo:session): session opened for user root(uid=0) by (uid=1000)
Jun 17 04:05:25 devstack sudo[95890]: pam_unix(sudo:session): session closed for user root
Jun 17 04:05:25 devstack cinder-volume[92204]: DEBUG oslo_concurrency.processutils [None req-09223796-8223-46e8-a79d-c75c262ad576 tempest-GroupSnapshotsTest-1186892099 None] CMD "/opt/stack/data/venv/bin/python3.12 -m oslo_concurrency.prlimit --as=1073741824 --cpu=60 -- sudo cinder-rootwrap /etc/cinder/rootwrap.conf env LC_ALL=C qemu-img info -f qcow2 --output=json --force-share /opt/stack/data/cinder/mnt/28f97cdb348f739fe99ddb4eb25b7d1f/volume-7864ba36-b70a-497a-a4af-34165e305150" returned: 0 in 0.799s {{(pid=92204) execute /opt/stack/data/venv/lib/python3.12/site-packages/oslo_concurrency/processutils.py:468}}
Jun 17 04:05:25 devstack cinder-volume[92204]: DEBUG oslo_concurrency.processutils [None req-09223796-8223-46e8-a79d-c75c262ad576 tempest-GroupSnapshotsTest-1186892099 None] Running cmd (subprocess): sudo cinder-rootwrap /etc/cinder/rootwrap.conf qemu-img commit -d /opt/stack/data/cinder/mnt/28f97cdb348f739fe99ddb4eb25b7d1f/volume-7864ba36-b70a-497a-a4af-34165e305150.94c8eff9-b725-49df-bd99-d418fce287bf {{(pid=92204) execute /opt/stack/data/venv/lib/python3.12/site-packages/oslo_concurrency/processutils.py:440}}
Jun 17 04:05:25 devstack sudo[95895]: quobyte : PWD=/ ; USER=root ; COMMAND=/opt/stack/data/venv/bin/cinder-rootwrap /etc/cinder/rootwrap.conf qemu-img commit -d /opt/stack/data/cinder/mnt/28f97cdb348f739fe99ddb4eb25b7d1f/volume-7864ba36-b70a-497a-a4af-34165e305150.94c8eff9-b725-49df-bd99-d418fce287bf
Jun 17 04:05:25 devstack sudo[95895]: pam_unix(sudo:session): session opened for user root(uid=0) by (uid=1000)
Jun 17 04:05:26 devstack sudo[95895]: pam_unix(sudo:session): session closed for user root
Jun 17 04:05:26 devstack cinder-volume[92204]: DEBUG oslo_concurrency.processutils [None req-09223796-8223-46e8-a79d-c75c262ad576 tempest-GroupSnapshotsTest-1186892099 None] CMD "sudo cinder-rootwrap /etc/cinder/rootwrap.conf qemu-img commit -d /opt/stack/data/cinder/mnt/28f97cdb348f739fe99ddb4eb25b7d1f/volume-7864ba36-b70a-497a-a4af-34165e305150.94c8eff9-b725-49df-bd99-d418fce287bf" returned: 0 in 0.773s {{(pid=92204) execute /opt/stack/data/venv/lib/python3.12/site-packages/oslo_concurrency/processutils.py:468}}
Jun 17 04:05:26 devstack cinder-volume[92204]: DEBUG oslo_concurrency.processutils [None req-09223796-8223-46e8-a79d-c75c262ad576 tempest-GroupSnapshotsTest-1186892099 None] Running cmd (subprocess): sudo cinder-rootwrap /etc/cinder/rootwrap.conf rm -f /opt/stack/data/cinder/mnt/28f97cdb348f739fe99ddb4eb25b7d1f/volume-7864ba36-b70a-497a-a4af-34165e305150.94c8eff9-b725-49df-bd99-d418fce287bf {{(pid=92204) execute /opt/stack/data/venv/lib/python3.12/site-packages/oslo_concurrency/processutils.py:440}}
Jun 17 04:05:26 devstack sudo[95902]: quobyte : PWD=/ ; USER=root ; COMMAND=/opt/stack/data/venv/bin/cinder-rootwrap /etc/cinder/rootwrap.conf rm -f /opt/stack/data/cinder/mnt/28f97cdb348f739fe99ddb4eb25b7d1f/volume-7864ba36-b70a-497a-a4af-34165e305150.94c8eff9-b725-49df-bd99-d418fce287bf
Jun 17 04:05:26 devstack sudo[95902]: pam_unix(sudo:session): session opened for user root(uid=0) by (uid=1000)
Jun 17 04:05:27 devstack sudo[95902]: pam_unix(sudo:session): session closed for user root
Jun 17 04:05:27 devstack cinder-volume[92204]: DEBUG oslo_concurrency.processutils [None req-09223796-8223-46e8-a79d-c75c262ad576 tempest-GroupSnapshotsTest-1186892099 None] CMD "sudo cinder-rootwrap /etc/cinder/rootwrap.conf rm -f /opt/stack/data/cinder/mnt/28f97cdb348f739fe99ddb4eb25b7d1f/volume-7864ba36-b70a-497a-a4af-34165e305150.94c8eff9-b725-49df-bd99-d418fce287bf" returned: 0 in 0.695s {{(pid=92204) execute /opt/stack/data/venv/lib/python3.12/site-packages/oslo_concurrency/processutils.py:468}}
Jun 17 04:05:27 devstack cinder-volume[92204]: DEBUG cinder.coordination [None req-09223796-8223-46e8-a79d-c75c262ad576 tempest-GroupSnapshotsTest-1186892099 None] Lock "cinder-quobyte-94c8eff9-b725-49df-bd99-d418fce287bf" released by "_delete_snapshot" :: held 3.365s {{(pid=92204) __release /opt/stack/cinder/cinder/coordination.py:152}}
Jun 17 04:05:27 devstack cinder-volume[92204]: DEBUG cinder.coordination [None req-09223796-8223-46e8-a79d-c75c262ad576 tempest-GroupSnapshotsTest-1186892099 None] Lock "cinder-quobyte-7864ba36-b70a-497a-a4af-34165e305150" released by "delete_snapshot" :: held 3.396s {{(pid=92204) __release /opt/stack/cinder/cinder/coordination.py:152}}
Jun 17 04:05:27 devstack cinder-volume[92204]: WARNING cinder.quota [None req-09223796-8223-46e8-a79d-c75c262ad576 tempest-GroupSnapshotsTest-1186892099 None] Deprecated: Default quota for resource: gigabytes_tempest-GroupSnapshotsTest-volume-type-2076677372 is set by the default quota flag: quota_gigabytes_tempest-GroupSnapshotsTest-volume-type-2076677372, it is now deprecated. Please use the default quota class for default quota.
Jun 17 04:05:27 devstack cinder-volume[92204]: WARNING cinder.quota [None req-09223796-8223-46e8-a79d-c75c262ad576 tempest-GroupSnapshotsTest-1186892099 None] Deprecated: Default quota for resource: snapshots_tempest-GroupSnapshotsTest-volume-type-2076677372 is set by the default quota flag: quota_snapshots_tempest-GroupSnapshotsTest-volume-type-2076677372, it is now deprecated. Please use the default quota class for default quota.
Jun 17 04:05:27 devstack cinder-volume[92204]: DEBUG cinder.quota [None req-09223796-8223-46e8-a79d-c75c262ad576 tempest-GroupSnapshotsTest-1186892099 None] Created reservations ['938b3897-2490-4bca-a9c7-211dcc1db8e1', '80e71398-7b56-4694-b593-39304772ce9c', 'a3eb7064-afba-41de-93ac-6edc9c5db4bd', '308819af-af4f-44ef-ab27-323cef5460f1'] {{(pid=92204) reserve /opt/stack/cinder/cinder/quota.py:752}}
Jun 17 04:05:27 devstack cinder-volume[92204]: DEBUG cinder.quota [None req-09223796-8223-46e8-a79d-c75c262ad576 tempest-GroupSnapshotsTest-1186892099 None] Created reservations ['6ec42e37-d136-4864-b2cb-3307d7808050', 'b40ab03f-55c2-44f5-91e1-dc47201ba2d0', 'e263ca52-d7e7-4215-a2e4-c33cdaa28694', '340946cb-1bd2-4d8a-8274-81a0284b3f07'] {{(pid=92204) reserve /opt/stack/cinder/cinder/quota.py:752}}
Jun 17 04:05:27 devstack cinder-volume[92204]: INFO cinder.volume.manager [None req-09223796-8223-46e8-a79d-c75c262ad576 tempest-GroupSnapshotsTest-1186892099 None] group_snapshot 7ca59c25-b5b1-4837-8452-2115b526fa39: deleted successfully
Jun 17 04:05:28 devstack cinder-volume[92204]: DEBUG cinder.coordination [None req-2ab6448a-0a8c-4e21-84e3-1fa1617e588b tempest-GroupSnapshotsTest-1186892099 None] Acquiring lock "cinder-quobyte-7864ba36-b70a-497a-a4af-34165e305150" by "delete_volume" {{(pid=92204) __acquire /opt/stack/cinder/cinder/coordination.py:138}}
Jun 17 04:05:28 devstack cinder-volume[92204]: DEBUG cinder.coordination [None req-2ab6448a-0a8c-4e21-84e3-1fa1617e588b tempest-GroupSnapshotsTest-1186892099 None] Lock "cinder-quobyte-7864ba36-b70a-497a-a4af-34165e305150" acquired by "delete_volume" :: waited 0.022s {{(pid=92204) __acquire /opt/stack/cinder/cinder/coordination.py:141}}
Jun 17 04:05:28 devstack cinder-volume[92204]: DEBUG oslo.privsep.daemon [-] privsep: reply[09d9c7ee-67dc-4ee6-9ad8-d9ec3916b1db]: (4, 'qcow2') {{(pid=93309) _call_back /opt/stack/data/venv/lib/python3.12/site-packages/oslo_privsep/daemon.py:573}}
Jun 17 04:05:28 devstack cinder-volume[92204]: DEBUG oslo_concurrency.processutils [None req-2ab6448a-0a8c-4e21-84e3-1fa1617e588b tempest-GroupSnapshotsTest-1186892099 None] Running cmd (subprocess): /opt/stack/data/venv/bin/python3.12 -m oslo_concurrency.prlimit --as=1073741824 --cpu=60 -- sudo cinder-rootwrap /etc/cinder/rootwrap.conf env LC_ALL=C qemu-img info -f qcow2 --output=json --force-share /opt/stack/data/cinder/mnt/28f97cdb348f739fe99ddb4eb25b7d1f/volume-7864ba36-b70a-497a-a4af-34165e305150 {{(pid=92204) execute /opt/stack/data/venv/lib/python3.12/site-packages/oslo_concurrency/processutils.py:440}}
Jun 17 04:05:28 devstack sudo[95905]: quobyte : PWD=/ ; USER=root ; COMMAND=/opt/stack/data/venv/bin/cinder-rootwrap /etc/cinder/rootwrap.conf env LC_ALL=C qemu-img info -f qcow2 --output=json --force-share /opt/stack/data/cinder/mnt/28f97cdb348f739fe99ddb4eb25b7d1f/volume-7864ba36-b70a-497a-a4af-34165e305150
Jun 17 04:05:28 devstack sudo[95905]: pam_unix(sudo:session): session opened for user root(uid=0) by (uid=1000)
Jun 17 04:05:29 devstack sudo[95905]: pam_unix(sudo:session): session closed for user root
Jun 17 04:05:29 devstack cinder-volume[92204]: DEBUG oslo_concurrency.processutils [None req-2ab6448a-0a8c-4e21-84e3-1fa1617e588b tempest-GroupSnapshotsTest-1186892099 None] CMD "/opt/stack/data/venv/bin/python3.12 -m oslo_concurrency.prlimit --as=1073741824 --cpu=60 -- sudo cinder-rootwrap /etc/cinder/rootwrap.conf env LC_ALL=C qemu-img info -f qcow2 --output=json --force-share /opt/stack/data/cinder/mnt/28f97cdb348f739fe99ddb4eb25b7d1f/volume-7864ba36-b70a-497a-a4af-34165e305150" returned: 0 in 0.890s {{(pid=92204) execute /opt/stack/data/venv/lib/python3.12/site-packages/oslo_concurrency/processutils.py:468}}
Jun 17 04:05:29 devstack cinder-volume[92204]: DEBUG oslo_concurrency.processutils [None req-2ab6448a-0a8c-4e21-84e3-1fa1617e588b tempest-GroupSnapshotsTest-1186892099 None] Running cmd (subprocess): sudo cinder-rootwrap /etc/cinder/rootwrap.conf rm -f /opt/stack/data/cinder/mnt/28f97cdb348f739fe99ddb4eb25b7d1f/volume-7864ba36-b70a-497a-a4af-34165e305150 {{(pid=92204) execute /opt/stack/data/venv/lib/python3.12/site-packages/oslo_concurrency/processutils.py:440}}
Jun 17 04:05:29 devstack sudo[95932]: quobyte : PWD=/ ; USER=root ; COMMAND=/opt/stack/data/venv/bin/cinder-rootwrap /etc/cinder/rootwrap.conf rm -f /opt/stack/data/cinder/mnt/28f97cdb348f739fe99ddb4eb25b7d1f/volume-7864ba36-b70a-497a-a4af-34165e305150
Jun 17 04:05:29 devstack sudo[95932]: pam_unix(sudo:session): session opened for user root(uid=0) by (uid=1000)
Jun 17 04:05:29 devstack cinder-volume[92204]: DEBUG cinder.coordination [None req-e480cfdb-ccfe-440b-8f51-64530e7c9174 tempest-TaggedAttachmentsTest-1983686342 None] Acquiring lock "cinder-e7793824-e605-4e40-9ca8-f570cbe89e01-delete_volume" by "delete_volume" {{(pid=92204) __acquire /opt/stack/cinder/cinder/coordination.py:138}}
Jun 17 04:05:29 devstack cinder-volume[92204]: DEBUG cinder.coordination [None req-e480cfdb-ccfe-440b-8f51-64530e7c9174 tempest-TaggedAttachmentsTest-1983686342 None] Lock "cinder-e7793824-e605-4e40-9ca8-f570cbe89e01-delete_volume" acquired by "delete_volume" :: waited 0.027s {{(pid=92204) __acquire /opt/stack/cinder/cinder/coordination.py:141}}
Jun 17 04:05:30 devstack cinder-volume[92204]: DEBUG cinder.coordination [None req-e480cfdb-ccfe-440b-8f51-64530e7c9174 tempest-TaggedAttachmentsTest-1983686342 None] Acquiring lock "cinder-quobyte-e7793824-e605-4e40-9ca8-f570cbe89e01" by "delete_volume" {{(pid=92204) __acquire /opt/stack/cinder/cinder/coordination.py:138}}
Jun 17 04:05:30 devstack cinder-volume[92204]: DEBUG cinder.coordination [None req-e480cfdb-ccfe-440b-8f51-64530e7c9174 tempest-TaggedAttachmentsTest-1983686342 None] Lock "cinder-quobyte-e7793824-e605-4e40-9ca8-f570cbe89e01" acquired by "delete_volume" :: waited 0.021s {{(pid=92204) __acquire /opt/stack/cinder/cinder/coordination.py:141}}
Jun 17 04:05:30 devstack cinder-volume[92204]: DEBUG oslo.privsep.daemon [-] privsep: reply[f6a27b53-c810-4b52-b07f-2cca1e6b6188]: (4, 'qcow2') {{(pid=93309) _call_back /opt/stack/data/venv/lib/python3.12/site-packages/oslo_privsep/daemon.py:573}}
Jun 17 04:05:30 devstack cinder-volume[92204]: DEBUG oslo_concurrency.processutils [None req-e480cfdb-ccfe-440b-8f51-64530e7c9174 tempest-TaggedAttachmentsTest-1983686342 None] Running cmd (subprocess): /opt/stack/data/venv/bin/python3.12 -m oslo_concurrency.prlimit --as=1073741824 --cpu=60 -- sudo cinder-rootwrap /etc/cinder/rootwrap.conf env LC_ALL=C qemu-img info -f qcow2 --output=json --force-share /opt/stack/data/cinder/mnt/28f97cdb348f739fe99ddb4eb25b7d1f/volume-e7793824-e605-4e40-9ca8-f570cbe89e01 {{(pid=92204) execute /opt/stack/data/venv/lib/python3.12/site-packages/oslo_concurrency/processutils.py:440}}
Jun 17 04:05:30 devstack sudo[95934]: quobyte : PWD=/ ; USER=root ; COMMAND=/opt/stack/data/venv/bin/cinder-rootwrap /etc/cinder/rootwrap.conf env LC_ALL=C qemu-img info -f qcow2 --output=json --force-share /opt/stack/data/cinder/mnt/28f97cdb348f739fe99ddb4eb25b7d1f/volume-e7793824-e605-4e40-9ca8-f570cbe89e01
Jun 17 04:05:30 devstack sudo[95934]: pam_unix(sudo:session): session opened for user root(uid=0) by (uid=1000)
Jun 17 04:05:30 devstack cinder-volume[92204]: DEBUG oslo_concurrency.lockutils [req-4688ad23-6444-4f9c-9f4f-209f66289293 req-d5b5639d-97d9-4e16-8fed-1adef677a47a tempest-ServerActionsTestOtherA-1125359793 None] Acquiring lock "quobyte" by "cinder.volume.drivers.quobyte.QuobyteDriver.initialize_connection" {{(pid=92204) inner /opt/stack/data/venv/lib/python3.12/site-packages/oslo_concurrency/lockutils.py:506}}
Jun 17 04:05:30 devstack cinder-volume[92204]: DEBUG oslo_concurrency.lockutils [req-4688ad23-6444-4f9c-9f4f-209f66289293 req-d5b5639d-97d9-4e16-8fed-1adef677a47a tempest-ServerActionsTestOtherA-1125359793 None] Lock "quobyte" acquired by "cinder.volume.drivers.quobyte.QuobyteDriver.initialize_connection" :: waited 0.001s {{(pid=92204) inner /opt/stack/data/venv/lib/python3.12/site-packages/oslo_concurrency/lockutils.py:519}}
Jun 17 04:05:30 devstack cinder-volume[92204]: DEBUG oslo.privsep.daemon [-] privsep: reply[56be23d8-85db-45fb-ab5c-889c6fca3253]: (4, 'qcow2') {{(pid=93309) _call_back /opt/stack/data/venv/lib/python3.12/site-packages/oslo_privsep/daemon.py:573}}
Jun 17 04:05:30 devstack cinder-volume[92204]: DEBUG oslo_concurrency.processutils [req-4688ad23-6444-4f9c-9f4f-209f66289293 req-d5b5639d-97d9-4e16-8fed-1adef677a47a tempest-ServerActionsTestOtherA-1125359793 None] Running cmd (subprocess): /opt/stack/data/venv/bin/python3.12 -m oslo_concurrency.prlimit --as=1073741824 --cpu=60 -- sudo cinder-rootwrap /etc/cinder/rootwrap.conf env LC_ALL=C qemu-img info -f qcow2 --output=json --force-share /opt/stack/data/cinder/mnt/28f97cdb348f739fe99ddb4eb25b7d1f/volume-96bb688c-1a01-4754-b160-ef483c36bd2a {{(pid=92204) execute /opt/stack/data/venv/lib/python3.12/site-packages/oslo_concurrency/processutils.py:440}}
Jun 17 04:05:30 devstack sudo[95932]: pam_unix(sudo:session): session closed for user root
Jun 17 04:05:30 devstack cinder-volume[92204]: DEBUG oslo_concurrency.processutils [None req-2ab6448a-0a8c-4e21-84e3-1fa1617e588b tempest-GroupSnapshotsTest-1186892099 None] CMD "sudo cinder-rootwrap /etc/cinder/rootwrap.conf rm -f /opt/stack/data/cinder/mnt/28f97cdb348f739fe99ddb4eb25b7d1f/volume-7864ba36-b70a-497a-a4af-34165e305150" returned: 0 in 0.706s {{(pid=92204) execute /opt/stack/data/venv/lib/python3.12/site-packages/oslo_concurrency/processutils.py:468}}
Jun 17 04:05:30 devstack cinder-volume[92204]: DEBUG cinder.coordination [None req-2ab6448a-0a8c-4e21-84e3-1fa1617e588b tempest-GroupSnapshotsTest-1186892099 None] Lock "cinder-quobyte-7864ba36-b70a-497a-a4af-34165e305150" released by "delete_volume" :: held 1.671s {{(pid=92204) __release /opt/stack/cinder/cinder/coordination.py:152}}
Jun 17 04:05:30 devstack cinder-volume[92204]: DEBUG cinder.coordination [None req-2ab6448a-0a8c-4e21-84e3-1fa1617e588b tempest-GroupSnapshotsTest-1186892099 None] Acquiring lock "cinder-quobyte-a2a39a72-8eb5-44b7-ba74-62639eba1e17" by "delete_volume" {{(pid=92204) __acquire /opt/stack/cinder/cinder/coordination.py:138}}
Jun 17 04:05:30 devstack cinder-volume[92204]: DEBUG cinder.coordination [None req-2ab6448a-0a8c-4e21-84e3-1fa1617e588b tempest-GroupSnapshotsTest-1186892099 None] Lock "cinder-quobyte-a2a39a72-8eb5-44b7-ba74-62639eba1e17" acquired by "delete_volume" :: waited 0.017s {{(pid=92204) __acquire /opt/stack/cinder/cinder/coordination.py:141}}
Jun 17 04:05:30 devstack sudo[95945]: quobyte : PWD=/ ; USER=root ; COMMAND=/opt/stack/data/venv/bin/cinder-rootwrap /etc/cinder/rootwrap.conf env LC_ALL=C qemu-img info -f qcow2 --output=json --force-share /opt/stack/data/cinder/mnt/28f97cdb348f739fe99ddb4eb25b7d1f/volume-96bb688c-1a01-4754-b160-ef483c36bd2a
Jun 17 04:05:30 devstack sudo[95945]: pam_unix(sudo:session): session opened for user root(uid=0) by (uid=1000)
Jun 17 04:05:30 devstack cinder-volume[92204]: DEBUG oslo.privsep.daemon [-] privsep: reply[c2e39a86-cc9d-4b7f-b301-a449c80701f6]: (4, 'qcow2') {{(pid=93309) _call_back /opt/stack/data/venv/lib/python3.12/site-packages/oslo_privsep/daemon.py:573}}
Jun 17 04:05:30 devstack cinder-volume[92204]: DEBUG oslo_concurrency.processutils [None req-2ab6448a-0a8c-4e21-84e3-1fa1617e588b tempest-GroupSnapshotsTest-1186892099 None] Running cmd (subprocess): /opt/stack/data/venv/bin/python3.12 -m oslo_concurrency.prlimit --as=1073741824 --cpu=60 -- sudo cinder-rootwrap /etc/cinder/rootwrap.conf env LC_ALL=C qemu-img info -f qcow2 --output=json --force-share /opt/stack/data/cinder/mnt/28f97cdb348f739fe99ddb4eb25b7d1f/volume-a2a39a72-8eb5-44b7-ba74-62639eba1e17 {{(pid=92204) execute /opt/stack/data/venv/lib/python3.12/site-packages/oslo_concurrency/processutils.py:440}}
Jun 17 04:05:30 devstack sudo[95947]: quobyte : PWD=/ ; USER=root ; COMMAND=/opt/stack/data/venv/bin/cinder-rootwrap /etc/cinder/rootwrap.conf env LC_ALL=C qemu-img info -f qcow2 --output=json --force-share /opt/stack/data/cinder/mnt/28f97cdb348f739fe99ddb4eb25b7d1f/volume-a2a39a72-8eb5-44b7-ba74-62639eba1e17
Jun 17 04:05:30 devstack sudo[95947]: pam_unix(sudo:session): session opened for user root(uid=0) by (uid=1000)
Jun 17 04:05:30 devstack sudo[95934]: pam_unix(sudo:session): session closed for user root
Jun 17 04:05:30 devstack cinder-volume[92204]: DEBUG oslo_concurrency.processutils [None req-e480cfdb-ccfe-440b-8f51-64530e7c9174 tempest-TaggedAttachmentsTest-1983686342 None] CMD "/opt/stack/data/venv/bin/python3.12 -m oslo_concurrency.prlimit --as=1073741824 --cpu=60 -- sudo cinder-rootwrap /etc/cinder/rootwrap.conf env LC_ALL=C qemu-img info -f qcow2 --output=json --force-share /opt/stack/data/cinder/mnt/28f97cdb348f739fe99ddb4eb25b7d1f/volume-e7793824-e605-4e40-9ca8-f570cbe89e01" returned: 0 in 0.731s {{(pid=92204) execute /opt/stack/data/venv/lib/python3.12/site-packages/oslo_concurrency/processutils.py:468}}
Jun 17 04:05:30 devstack cinder-volume[92204]: DEBUG oslo_concurrency.processutils [None req-e480cfdb-ccfe-440b-8f51-64530e7c9174 tempest-TaggedAttachmentsTest-1983686342 None] Running cmd (subprocess): sudo cinder-rootwrap /etc/cinder/rootwrap.conf rm -f /opt/stack/data/cinder/mnt/28f97cdb348f739fe99ddb4eb25b7d1f/volume-e7793824-e605-4e40-9ca8-f570cbe89e01 {{(pid=92204) execute /opt/stack/data/venv/lib/python3.12/site-packages/oslo_concurrency/processutils.py:440}}
Jun 17 04:05:30 devstack sudo[95952]: quobyte : PWD=/ ; USER=root ; COMMAND=/opt/stack/data/venv/bin/cinder-rootwrap /etc/cinder/rootwrap.conf rm -f /opt/stack/data/cinder/mnt/28f97cdb348f739fe99ddb4eb25b7d1f/volume-e7793824-e605-4e40-9ca8-f570cbe89e01
Jun 17 04:05:30 devstack sudo[95952]: pam_unix(sudo:session): session opened for user root(uid=0) by (uid=1000)
Jun 17 04:05:31 devstack sudo[95945]: pam_unix(sudo:session): session closed for user root
Jun 17 04:05:31 devstack cinder-volume[92204]: DEBUG oslo_concurrency.processutils [req-4688ad23-6444-4f9c-9f4f-209f66289293 req-d5b5639d-97d9-4e16-8fed-1adef677a47a tempest-ServerActionsTestOtherA-1125359793 None] CMD "/opt/stack/data/venv/bin/python3.12 -m oslo_concurrency.prlimit --as=1073741824 --cpu=60 -- sudo cinder-rootwrap /etc/cinder/rootwrap.conf env LC_ALL=C qemu-img info -f qcow2 --output=json --force-share /opt/stack/data/cinder/mnt/28f97cdb348f739fe99ddb4eb25b7d1f/volume-96bb688c-1a01-4754-b160-ef483c36bd2a" returned: 0 in 0.753s {{(pid=92204) execute /opt/stack/data/venv/lib/python3.12/site-packages/oslo_concurrency/processutils.py:468}}
