Jul 08 01:04:31 devstack cinder-volume[87123]: DEBUG oslo_concurrency.processutils [None req-25e92a75-685b-411a-9262-ee8178b4ac27 tempest-VolumesTransfersTest-546253757 None] Running cmd (subprocess): sudo cinder-rootwrap /etc/cinder/rootwrap.conf df --portability --block-size 1 /opt/stack/data/cinder/mnt/e357ac605aeeb29365ca8852011a2f77 {{(pid=87123) execute /opt/stack/data/venv/lib/python3.12/site-packages/oslo_concurrency/processutils.py:440}}
Jul 08 01:04:31 devstack sudo[92683]: quobyte : PWD=/ ; USER=root ; COMMAND=/opt/stack/data/venv/bin/cinder-rootwrap /etc/cinder/rootwrap.conf df --portability --block-size 1 /opt/stack/data/cinder/mnt/e357ac605aeeb29365ca8852011a2f77
Jul 08 01:04:31 devstack sudo[92683]: pam_unix(sudo:session): session opened for user root(uid=0) by (uid=1000)
Jul 08 01:04:31 devstack sudo[92680]: pam_unix(sudo:session): session closed for user root
Jul 08 01:04:31 devstack cinder-volume[87123]: DEBUG oslo_concurrency.processutils [None req-a9727798-7442-41a8-8df2-e66d707c7712 tempest-GroupSnapshotsTest-1813075391 None] CMD "sudo cinder-rootwrap /etc/cinder/rootwrap.conf qemu-img rebase -u -b volume-0e2eafd1-89de-4030-8c43-1a7f09a29979 -F qcow2 /opt/stack/data/cinder/mnt/e357ac605aeeb29365ca8852011a2f77/volume-0e2eafd1-89de-4030-8c43-1a7f09a29979.9986fed4-943e-40ab-9610-400a72e0e97b" returned: 0 in 0.971s {{(pid=87123) execute /opt/stack/data/venv/lib/python3.12/site-packages/oslo_concurrency/processutils.py:468}}
Jul 08 01:04:31 devstack cinder-volume[87123]: WARNING cinder.volume.drivers.remotefs [None req-a9727798-7442-41a8-8df2-e66d707c7712 tempest-GroupSnapshotsTest-1813075391 None] /opt/stack/data/cinder/mnt/e357ac605aeeb29365ca8852011a2f77/volume-0e2eafd1-89de-4030-8c43-1a7f09a29979.9986fed4-943e-40ab-9610-400a72e0e97b is being set with open permissions: ugo+rw: NotImplementedError
Jul 08 01:04:31 devstack cinder-volume[87123]: DEBUG oslo_concurrency.processutils [None req-a9727798-7442-41a8-8df2-e66d707c7712 tempest-GroupSnapshotsTest-1813075391 None] Running cmd (subprocess): sudo cinder-rootwrap /etc/cinder/rootwrap.conf chmod ugo+rw /opt/stack/data/cinder/mnt/e357ac605aeeb29365ca8852011a2f77/volume-0e2eafd1-89de-4030-8c43-1a7f09a29979.9986fed4-943e-40ab-9610-400a72e0e97b {{(pid=87123) execute /opt/stack/data/venv/lib/python3.12/site-packages/oslo_concurrency/processutils.py:440}}
Jul 08 01:04:32 devstack sudo[92690]: quobyte : PWD=/ ; USER=root ; COMMAND=/opt/stack/data/venv/bin/cinder-rootwrap /etc/cinder/rootwrap.conf chmod ugo+rw /opt/stack/data/cinder/mnt/e357ac605aeeb29365ca8852011a2f77/volume-0e2eafd1-89de-4030-8c43-1a7f09a29979.9986fed4-943e-40ab-9610-400a72e0e97b
Jul 08 01:04:32 devstack sudo[92690]: pam_unix(sudo:session): session opened for user root(uid=0) by (uid=1000)
Jul 08 01:04:32 devstack sudo[92683]: pam_unix(sudo:session): session closed for user root
Jul 08 01:04:32 devstack cinder-volume[87123]: DEBUG oslo_concurrency.processutils [None req-25e92a75-685b-411a-9262-ee8178b4ac27 tempest-VolumesTransfersTest-546253757 None] CMD "sudo cinder-rootwrap /etc/cinder/rootwrap.conf df --portability --block-size 1 /opt/stack/data/cinder/mnt/e357ac605aeeb29365ca8852011a2f77" returned: 0 in 0.908s {{(pid=87123) execute /opt/stack/data/venv/lib/python3.12/site-packages/oslo_concurrency/processutils.py:468}}
Jul 08 01:04:32 devstack cinder-volume[87123]: DEBUG cinder.manager [None req-25e92a75-685b-411a-9262-ee8178b4ac27 tempest-VolumesTransfersTest-546253757 None] Notifying Schedulers of capabilities ... {{(pid=87123) _publish_service_capabilities /opt/stack/cinder/cinder/manager.py:219}}
Jul 08 01:04:32 devstack cinder-volume[87123]: INFO cinder.volume.manager [None req-25e92a75-685b-411a-9262-ee8178b4ac27 tempest-VolumesTransfersTest-546253757 None] Deleted volume successfully.
Jul 08 01:04:32 devstack cinder-volume[87123]: DEBUG cinder.coordination [None req-25e92a75-685b-411a-9262-ee8178b4ac27 tempest-VolumesTransfersTest-546253757 None] Lock "cinder-ecb46043-019f-4493-a0c8-e594d420240e-delete_volume" released by "delete_volume" :: held 3.385s {{(pid=87123) __release /opt/stack/cinder/cinder/coordination.py:152}}
Jul 08 01:04:32 devstack sudo[92690]: pam_unix(sudo:session): session closed for user root
Jul 08 01:04:32 devstack cinder-volume[87123]: DEBUG oslo_concurrency.processutils [None req-a9727798-7442-41a8-8df2-e66d707c7712 tempest-GroupSnapshotsTest-1813075391 None] CMD "sudo cinder-rootwrap /etc/cinder/rootwrap.conf chmod ugo+rw /opt/stack/data/cinder/mnt/e357ac605aeeb29365ca8852011a2f77/volume-0e2eafd1-89de-4030-8c43-1a7f09a29979.9986fed4-943e-40ab-9610-400a72e0e97b" returned: 0 in 0.829s {{(pid=87123) execute /opt/stack/data/venv/lib/python3.12/site-packages/oslo_concurrency/processutils.py:468}}
Jul 08 01:04:32 devstack cinder-volume[87123]: DEBUG oslo_concurrency.processutils [None req-a9727798-7442-41a8-8df2-e66d707c7712 tempest-GroupSnapshotsTest-1813075391 None] Running cmd (subprocess): sudo cinder-rootwrap /etc/cinder/rootwrap.conf truncate -s0 /opt/stack/data/cinder/mnt/e357ac605aeeb29365ca8852011a2f77/volume-0e2eafd1-89de-4030-8c43-1a7f09a29979.info {{(pid=87123) execute /opt/stack/data/venv/lib/python3.12/site-packages/oslo_concurrency/processutils.py:440}}
Jul 08 01:04:32 devstack sudo[92694]: quobyte : PWD=/ ; USER=root ; COMMAND=/opt/stack/data/venv/bin/cinder-rootwrap /etc/cinder/rootwrap.conf truncate -s0 /opt/stack/data/cinder/mnt/e357ac605aeeb29365ca8852011a2f77/volume-0e2eafd1-89de-4030-8c43-1a7f09a29979.info
Jul 08 01:04:32 devstack sudo[92694]: pam_unix(sudo:session): session opened for user root(uid=0) by (uid=1000)
Jul 08 01:04:34 devstack sudo[92694]: pam_unix(sudo:session): session closed for user root
Jul 08 01:04:34 devstack cinder-volume[87123]: DEBUG oslo_concurrency.processutils [None req-a9727798-7442-41a8-8df2-e66d707c7712 tempest-GroupSnapshotsTest-1813075391 None] CMD "sudo cinder-rootwrap /etc/cinder/rootwrap.conf truncate -s0 /opt/stack/data/cinder/mnt/e357ac605aeeb29365ca8852011a2f77/volume-0e2eafd1-89de-4030-8c43-1a7f09a29979.info" returned: 0 in 1.209s {{(pid=87123) execute /opt/stack/data/venv/lib/python3.12/site-packages/oslo_concurrency/processutils.py:468}}
Jul 08 01:04:34 devstack cinder-volume[87123]: WARNING cinder.volume.drivers.remotefs [None req-a9727798-7442-41a8-8df2-e66d707c7712 tempest-GroupSnapshotsTest-1813075391 None] /opt/stack/data/cinder/mnt/e357ac605aeeb29365ca8852011a2f77/volume-0e2eafd1-89de-4030-8c43-1a7f09a29979.info is being set with open permissions: ugo+rw: NotImplementedError
Jul 08 01:04:34 devstack cinder-volume[87123]: DEBUG oslo_concurrency.processutils [None req-a9727798-7442-41a8-8df2-e66d707c7712 tempest-GroupSnapshotsTest-1813075391 None] Running cmd (subprocess): sudo cinder-rootwrap /etc/cinder/rootwrap.conf chmod ugo+rw /opt/stack/data/cinder/mnt/e357ac605aeeb29365ca8852011a2f77/volume-0e2eafd1-89de-4030-8c43-1a7f09a29979.info {{(pid=87123) execute /opt/stack/data/venv/lib/python3.12/site-packages/oslo_concurrency/processutils.py:440}}
Jul 08 01:04:34 devstack sudo[92716]: quobyte : PWD=/ ; USER=root ; COMMAND=/opt/stack/data/venv/bin/cinder-rootwrap /etc/cinder/rootwrap.conf chmod ugo+rw /opt/stack/data/cinder/mnt/e357ac605aeeb29365ca8852011a2f77/volume-0e2eafd1-89de-4030-8c43-1a7f09a29979.info
Jul 08 01:04:34 devstack sudo[92716]: pam_unix(sudo:session): session opened for user root(uid=0) by (uid=1000)
Jul 08 01:04:35 devstack sudo[92716]: pam_unix(sudo:session): session closed for user root
Jul 08 01:04:35 devstack cinder-volume[87123]: DEBUG oslo_concurrency.processutils [None req-a9727798-7442-41a8-8df2-e66d707c7712 tempest-GroupSnapshotsTest-1813075391 None] CMD "sudo cinder-rootwrap /etc/cinder/rootwrap.conf chmod ugo+rw /opt/stack/data/cinder/mnt/e357ac605aeeb29365ca8852011a2f77/volume-0e2eafd1-89de-4030-8c43-1a7f09a29979.info" returned: 0 in 1.173s {{(pid=87123) execute /opt/stack/data/venv/lib/python3.12/site-packages/oslo_concurrency/processutils.py:468}}
Jul 08 01:04:35 devstack cinder-volume[87123]: DEBUG oslo_concurrency.lockutils [None req-a9727798-7442-41a8-8df2-e66d707c7712 tempest-GroupSnapshotsTest-1813075391 None] Lock "quobyte" "released" by "cinder.volume.drivers.quobyte.QuobyteDriver.create_snapshot" :: held 6.772s {{(pid=87123) inner /opt/stack/data/venv/lib/python3.12/site-packages/oslo_concurrency/lockutils.py:543}}
Jul 08 01:04:35 devstack cinder-volume[87123]: DEBUG oslo_concurrency.lockutils [None req-a9727798-7442-41a8-8df2-e66d707c7712 tempest-GroupSnapshotsTest-1813075391 None] Acquiring lock "quobyte" by "cinder.volume.drivers.quobyte.QuobyteDriver.create_snapshot" {{(pid=87123) inner /opt/stack/data/venv/lib/python3.12/site-packages/oslo_concurrency/lockutils.py:511}}
Jul 08 01:04:35 devstack cinder-volume[87123]: DEBUG oslo_concurrency.lockutils [None req-a9727798-7442-41a8-8df2-e66d707c7712 tempest-GroupSnapshotsTest-1813075391 None] Lock "quobyte" acquired by "cinder.volume.drivers.quobyte.QuobyteDriver.create_snapshot" :: waited 0.000s {{(pid=87123) inner /opt/stack/data/venv/lib/python3.12/site-packages/oslo_concurrency/lockutils.py:524}}
Jul 08 01:04:35 devstack cinder-volume[87123]: DEBUG cinder.volume.drivers.remotefs [None req-a9727798-7442-41a8-8df2-e66d707c7712 tempest-GroupSnapshotsTest-1813075391 None] Creating offline snapshot a897c785-2cef-4f87-9144-c715e5806f65 of volume b436f1d7-59d9-4b2d-93d7-815f17b5cb43 {{(pid=87123) _create_snapshot /opt/stack/cinder/cinder/volume/drivers/remotefs.py:1816}}
Jul 08 01:04:35 devstack cinder-volume[87123]: DEBUG oslo.privsep.daemon [-] privsep: reply[6840c934-3dfe-461c-8cd4-82e0d0aeecda]: (4, 'qcow2') {{(pid=88450) _call_back /opt/stack/data/venv/lib/python3.12/site-packages/oslo_privsep/daemon.py:580}}
Jul 08 01:04:35 devstack cinder-volume[87123]: DEBUG oslo_concurrency.processutils [None req-a9727798-7442-41a8-8df2-e66d707c7712 tempest-GroupSnapshotsTest-1813075391 None] Running cmd (subprocess): /opt/stack/data/venv/bin/python3.12 -m oslo_concurrency.prlimit --as=1073741824 --cpu=60 -- sudo cinder-rootwrap /etc/cinder/rootwrap.conf env LC_ALL=C qemu-img info -f qcow2 --output=json --force-share /opt/stack/data/cinder/mnt/e357ac605aeeb29365ca8852011a2f77/volume-b436f1d7-59d9-4b2d-93d7-815f17b5cb43 {{(pid=87123) execute /opt/stack/data/venv/lib/python3.12/site-packages/oslo_concurrency/processutils.py:440}}
Jul 08 01:04:35 devstack sudo[92720]: quobyte : PWD=/ ; USER=root ; COMMAND=/opt/stack/data/venv/bin/cinder-rootwrap /etc/cinder/rootwrap.conf env LC_ALL=C qemu-img info -f qcow2 --output=json --force-share /opt/stack/data/cinder/mnt/e357ac605aeeb29365ca8852011a2f77/volume-b436f1d7-59d9-4b2d-93d7-815f17b5cb43
Jul 08 01:04:35 devstack sudo[92720]: pam_unix(sudo:session): session opened for user root(uid=0) by (uid=1000)
Jul 08 01:04:36 devstack sudo[92720]: pam_unix(sudo:session): session closed for user root
Jul 08 01:04:36 devstack cinder-volume[87123]: DEBUG oslo_concurrency.processutils [None req-a9727798-7442-41a8-8df2-e66d707c7712 tempest-GroupSnapshotsTest-1813075391 None] CMD "/opt/stack/data/venv/bin/python3.12 -m oslo_concurrency.prlimit --as=1073741824 --cpu=60 -- sudo cinder-rootwrap /etc/cinder/rootwrap.conf env LC_ALL=C qemu-img info -f qcow2 --output=json --force-share /opt/stack/data/cinder/mnt/e357ac605aeeb29365ca8852011a2f77/volume-b436f1d7-59d9-4b2d-93d7-815f17b5cb43" returned: 0 in 1.166s {{(pid=87123) execute /opt/stack/data/venv/lib/python3.12/site-packages/oslo_concurrency/processutils.py:468}}
Jul 08 01:04:36 devstack cinder-volume[87123]: DEBUG oslo_concurrency.processutils [None req-a9727798-7442-41a8-8df2-e66d707c7712 tempest-GroupSnapshotsTest-1813075391 None] Running cmd (subprocess): sudo cinder-rootwrap /etc/cinder/rootwrap.conf qemu-img create -f qcow2 -o backing_file=/opt/stack/data/cinder/mnt/e357ac605aeeb29365ca8852011a2f77/volume-b436f1d7-59d9-4b2d-93d7-815f17b5cb43,backing_fmt=qcow2 /opt/stack/data/cinder/mnt/e357ac605aeeb29365ca8852011a2f77/volume-b436f1d7-59d9-4b2d-93d7-815f17b5cb43.a897c785-2cef-4f87-9144-c715e5806f65 1G {{(pid=87123) execute /opt/stack/data/venv/lib/python3.12/site-packages/oslo_concurrency/processutils.py:440}}
Jul 08 01:04:36 devstack sudo[92726]: quobyte : PWD=/ ; USER=root ; COMMAND=/opt/stack/data/venv/bin/cinder-rootwrap /etc/cinder/rootwrap.conf qemu-img create -f qcow2 -o backing_file=/opt/stack/data/cinder/mnt/e357ac605aeeb29365ca8852011a2f77/volume-b436f1d7-59d9-4b2d-93d7-815f17b5cb43,backing_fmt=qcow2 /opt/stack/data/cinder/mnt/e357ac605aeeb29365ca8852011a2f77/volume-b436f1d7-59d9-4b2d-93d7-815f17b5cb43.a897c785-2cef-4f87-9144-c715e5806f65 1G
Jul 08 01:04:36 devstack sudo[92726]: pam_unix(sudo:session): session opened for user root(uid=0) by (uid=1000)
Jul 08 01:04:37 devstack sudo[92726]: pam_unix(sudo:session): session closed for user root
Jul 08 01:04:37 devstack cinder-volume[87123]: DEBUG oslo_concurrency.processutils [None req-a9727798-7442-41a8-8df2-e66d707c7712 tempest-GroupSnapshotsTest-1813075391 None] CMD "sudo cinder-rootwrap /etc/cinder/rootwrap.conf qemu-img create -f qcow2 -o backing_file=/opt/stack/data/cinder/mnt/e357ac605aeeb29365ca8852011a2f77/volume-b436f1d7-59d9-4b2d-93d7-815f17b5cb43,backing_fmt=qcow2 /opt/stack/data/cinder/mnt/e357ac605aeeb29365ca8852011a2f77/volume-b436f1d7-59d9-4b2d-93d7-815f17b5cb43.a897c785-2cef-4f87-9144-c715e5806f65 1G" returned: 0 in 1.145s {{(pid=87123) execute /opt/stack/data/venv/lib/python3.12/site-packages/oslo_concurrency/processutils.py:468}}
Jul 08 01:04:37 devstack cinder-volume[87123]: DEBUG oslo_concurrency.processutils [None req-a9727798-7442-41a8-8df2-e66d707c7712 tempest-GroupSnapshotsTest-1813075391 None] Running cmd (subprocess): sudo cinder-rootwrap /etc/cinder/rootwrap.conf qemu-img rebase -u -b volume-b436f1d7-59d9-4b2d-93d7-815f17b5cb43 -F qcow2 /opt/stack/data/cinder/mnt/e357ac605aeeb29365ca8852011a2f77/volume-b436f1d7-59d9-4b2d-93d7-815f17b5cb43.a897c785-2cef-4f87-9144-c715e5806f65 {{(pid=87123) execute /opt/stack/data/venv/lib/python3.12/site-packages/oslo_concurrency/processutils.py:440}}
Jul 08 01:04:37 devstack sudo[92732]: quobyte : PWD=/ ; USER=root ; COMMAND=/opt/stack/data/venv/bin/cinder-rootwrap /etc/cinder/rootwrap.conf qemu-img rebase -u -b volume-b436f1d7-59d9-4b2d-93d7-815f17b5cb43 -F qcow2 /opt/stack/data/cinder/mnt/e357ac605aeeb29365ca8852011a2f77/volume-b436f1d7-59d9-4b2d-93d7-815f17b5cb43.a897c785-2cef-4f87-9144-c715e5806f65
Jul 08 01:04:37 devstack sudo[92732]: pam_unix(sudo:session): session opened for user root(uid=0) by (uid=1000)
Jul 08 01:04:38 devstack sudo[92732]: pam_unix(sudo:session): session closed for user root
Jul 08 01:04:38 devstack cinder-volume[87123]: DEBUG oslo_concurrency.processutils [None req-a9727798-7442-41a8-8df2-e66d707c7712 tempest-GroupSnapshotsTest-1813075391 None] CMD "sudo cinder-rootwrap /etc/cinder/rootwrap.conf qemu-img rebase -u -b volume-b436f1d7-59d9-4b2d-93d7-815f17b5cb43 -F qcow2 /opt/stack/data/cinder/mnt/e357ac605aeeb29365ca8852011a2f77/volume-b436f1d7-59d9-4b2d-93d7-815f17b5cb43.a897c785-2cef-4f87-9144-c715e5806f65" returned: 0 in 0.930s {{(pid=87123) execute /opt/stack/data/venv/lib/python3.12/site-packages/oslo_concurrency/processutils.py:468}}
Jul 08 01:04:38 devstack cinder-volume[87123]: WARNING cinder.volume.drivers.remotefs [None req-a9727798-7442-41a8-8df2-e66d707c7712 tempest-GroupSnapshotsTest-1813075391 None] /opt/stack/data/cinder/mnt/e357ac605aeeb29365ca8852011a2f77/volume-b436f1d7-59d9-4b2d-93d7-815f17b5cb43.a897c785-2cef-4f87-9144-c715e5806f65 is being set with open permissions: ugo+rw: NotImplementedError
Jul 08 01:04:38 devstack cinder-volume[87123]: DEBUG oslo_concurrency.processutils [None req-a9727798-7442-41a8-8df2-e66d707c7712 tempest-GroupSnapshotsTest-1813075391 None] Running cmd (subprocess): sudo cinder-rootwrap /etc/cinder/rootwrap.conf chmod ugo+rw /opt/stack/data/cinder/mnt/e357ac605aeeb29365ca8852011a2f77/volume-b436f1d7-59d9-4b2d-93d7-815f17b5cb43.a897c785-2cef-4f87-9144-c715e5806f65 {{(pid=87123) execute /opt/stack/data/venv/lib/python3.12/site-packages/oslo_concurrency/processutils.py:440}}
Jul 08 01:04:38 devstack sudo[92738]: quobyte : PWD=/ ; USER=root ; COMMAND=/opt/stack/data/venv/bin/cinder-rootwrap /etc/cinder/rootwrap.conf chmod ugo+rw /opt/stack/data/cinder/mnt/e357ac605aeeb29365ca8852011a2f77/volume-b436f1d7-59d9-4b2d-93d7-815f17b5cb43.a897c785-2cef-4f87-9144-c715e5806f65
Jul 08 01:04:38 devstack sudo[92738]: pam_unix(sudo:session): session opened for user root(uid=0) by (uid=1000)
Jul 08 01:04:39 devstack sudo[92738]: pam_unix(sudo:session): session closed for user root
Jul 08 01:04:39 devstack cinder-volume[87123]: DEBUG oslo_concurrency.processutils [None req-a9727798-7442-41a8-8df2-e66d707c7712 tempest-GroupSnapshotsTest-1813075391 None] CMD "sudo cinder-rootwrap /etc/cinder/rootwrap.conf chmod ugo+rw /opt/stack/data/cinder/mnt/e357ac605aeeb29365ca8852011a2f77/volume-b436f1d7-59d9-4b2d-93d7-815f17b5cb43.a897c785-2cef-4f87-9144-c715e5806f65" returned: 0 in 0.841s {{(pid=87123) execute /opt/stack/data/venv/lib/python3.12/site-packages/oslo_concurrency/processutils.py:468}}
Jul 08 01:04:39 devstack cinder-volume[87123]: DEBUG oslo_concurrency.processutils [None req-a9727798-7442-41a8-8df2-e66d707c7712 tempest-GroupSnapshotsTest-1813075391 None] Running cmd (subprocess): sudo cinder-rootwrap /etc/cinder/rootwrap.conf truncate -s0 /opt/stack/data/cinder/mnt/e357ac605aeeb29365ca8852011a2f77/volume-b436f1d7-59d9-4b2d-93d7-815f17b5cb43.info {{(pid=87123) execute /opt/stack/data/venv/lib/python3.12/site-packages/oslo_concurrency/processutils.py:440}}
Jul 08 01:04:39 devstack sudo[92742]: quobyte : PWD=/ ; USER=root ; COMMAND=/opt/stack/data/venv/bin/cinder-rootwrap /etc/cinder/rootwrap.conf truncate -s0 /opt/stack/data/cinder/mnt/e357ac605aeeb29365ca8852011a2f77/volume-b436f1d7-59d9-4b2d-93d7-815f17b5cb43.info
Jul 08 01:04:39 devstack sudo[92742]: pam_unix(sudo:session): session opened for user root(uid=0) by (uid=1000)
Jul 08 01:04:40 devstack sudo[92742]: pam_unix(sudo:session): session closed for user root
Jul 08 01:04:40 devstack cinder-volume[87123]: DEBUG oslo_concurrency.processutils [None req-a9727798-7442-41a8-8df2-e66d707c7712 tempest-GroupSnapshotsTest-1813075391 None] CMD "sudo cinder-rootwrap /etc/cinder/rootwrap.conf truncate -s0 /opt/stack/data/cinder/mnt/e357ac605aeeb29365ca8852011a2f77/volume-b436f1d7-59d9-4b2d-93d7-815f17b5cb43.info" returned: 0 in 0.836s {{(pid=87123) execute /opt/stack/data/venv/lib/python3.12/site-packages/oslo_concurrency/processutils.py:468}}
Jul 08 01:04:40 devstack cinder-volume[87123]: WARNING cinder.volume.drivers.remotefs [None req-a9727798-7442-41a8-8df2-e66d707c7712 tempest-GroupSnapshotsTest-1813075391 None] /opt/stack/data/cinder/mnt/e357ac605aeeb29365ca8852011a2f77/volume-b436f1d7-59d9-4b2d-93d7-815f17b5cb43.info is being set with open permissions: ugo+rw: NotImplementedError
Jul 08 01:04:40 devstack cinder-volume[87123]: DEBUG oslo_concurrency.processutils [None req-a9727798-7442-41a8-8df2-e66d707c7712 tempest-GroupSnapshotsTest-1813075391 None] Running cmd (subprocess): sudo cinder-rootwrap /etc/cinder/rootwrap.conf chmod ugo+rw /opt/stack/data/cinder/mnt/e357ac605aeeb29365ca8852011a2f77/volume-b436f1d7-59d9-4b2d-93d7-815f17b5cb43.info {{(pid=87123) execute /opt/stack/data/venv/lib/python3.12/site-packages/oslo_concurrency/processutils.py:440}}
Jul 08 01:04:40 devstack sudo[92750]: quobyte : PWD=/ ; USER=root ; COMMAND=/opt/stack/data/venv/bin/cinder-rootwrap /etc/cinder/rootwrap.conf chmod ugo+rw /opt/stack/data/cinder/mnt/e357ac605aeeb29365ca8852011a2f77/volume-b436f1d7-59d9-4b2d-93d7-815f17b5cb43.info
Jul 08 01:04:40 devstack sudo[92750]: pam_unix(sudo:session): session opened for user root(uid=0) by (uid=1000)
Jul 08 01:04:41 devstack sudo[92750]: pam_unix(sudo:session): session closed for user root
Jul 08 01:04:41 devstack cinder-volume[87123]: DEBUG oslo_concurrency.processutils [None req-a9727798-7442-41a8-8df2-e66d707c7712 tempest-GroupSnapshotsTest-1813075391 None] CMD "sudo cinder-rootwrap /etc/cinder/rootwrap.conf chmod ugo+rw /opt/stack/data/cinder/mnt/e357ac605aeeb29365ca8852011a2f77/volume-b436f1d7-59d9-4b2d-93d7-815f17b5cb43.info" returned: 0 in 0.753s {{(pid=87123) execute /opt/stack/data/venv/lib/python3.12/site-packages/oslo_concurrency/processutils.py:468}}
Jul 08 01:04:41 devstack cinder-volume[87123]: DEBUG oslo_concurrency.lockutils [None req-a9727798-7442-41a8-8df2-e66d707c7712 tempest-GroupSnapshotsTest-1813075391 None] Lock "quobyte" "released" by "cinder.volume.drivers.quobyte.QuobyteDriver.create_snapshot" :: held 5.855s {{(pid=87123) inner /opt/stack/data/venv/lib/python3.12/site-packages/oslo_concurrency/lockutils.py:543}}
Jul 08 01:04:41 devstack cinder-volume[87123]: DEBUG cinder.volume.flows.manager.create_volume [None req-1898bec7-cf9a-42f2-86a3-da0eaac36078 tempest-VolumesListTestJSON-633380401 None] Volume reschedule parameters: True retry: {'num_attempts': 1, 'backends': ['devstack@QuobyteHD#QuobyteHD'], 'hosts': ['devstack@QuobyteHD#QuobyteHD']} {{(pid=87123) get_flow /opt/stack/cinder/cinder/volume/flows/manager/create_volume.py:1397}}
Jul 08 01:04:41 devstack cinder-volume[87123]: DEBUG cinder.volume.manager [None req-1898bec7-cf9a-42f2-86a3-da0eaac36078 tempest-VolumesListTestJSON-633380401 None] Flow 'volume_create_manager' (4a715fec-0a2d-42b4-87ab-1052b11ea356) transitioned into state 'RUNNING' from state 'PENDING' {{(pid=87123) _flow_receiver /opt/stack/data/venv/lib/python3.12/site-packages/taskflow/listeners/logging.py:160}}
Jul 08 01:04:41 devstack cinder-volume[87123]: DEBUG cinder.volume.manager [None req-1898bec7-cf9a-42f2-86a3-da0eaac36078 tempest-VolumesListTestJSON-633380401 None] Task 'cinder.volume.flows.manager.create_volume.ExtractVolumeRefTask;volume:create' (922b7fc3-cd9a-4ccf-9533-1ffcae88f81d) transitioned into state 'RUNNING' from state 'PENDING' {{(pid=87123) _task_receiver /opt/stack/data/venv/lib/python3.12/site-packages/taskflow/listeners/logging.py:242}}
Jul 08 01:04:41 devstack cinder-volume[87123]: DEBUG cinder.volume.manager [None req-1898bec7-cf9a-42f2-86a3-da0eaac36078 tempest-VolumesListTestJSON-633380401 None] Task 'cinder.volume.flows.manager.create_volume.ExtractVolumeRefTask;volume:create' (922b7fc3-cd9a-4ccf-9533-1ffcae88f81d) transitioned into state 'SUCCESS' from state 'RUNNING' with result 'Volume(_name_id=None,admin_metadata=,attach_status='detached',availability_zone='nova',bootable=False,cluster=,cluster_name=None,consistencygroup=,consistencygroup_id=None,created_at=2026-07-07T23:04:41Z,deleted=False,deleted_at=None,display_description=None,display_name='tempest-VolumesListTestJSON-Volume-493070998',ec2_id=None,encryption_key_id=None,glance_metadata=,group=,group_id=None,host='devstack@QuobyteHD#QuobyteHD',id=f8c9794d-f2bd-4df8-a66e-81b4a0ee907a,launched_at=None,metadata={Type='work'},migration_status=None,multiattach=False,previous_status=None,project_id='c76f3f08a46d4827904073ceaad3275c',provider_auth=None,provider_geometry=None,provider_id=None,provider_location=None,replication_driver_data=None,replication_extended_status=None,replication_status=None,scheduled_at=2026-07-07T23:04:41Z,service_uuid=None,shared_targets=True,size=1,snapshot_id=None,snapshots=,source_volid=None,status='creating',terminated_at=None,updated_at=2026-07-07T23:04:41Z,use_quota=True,user_id='23b3481c38184e10aa0ad0a3e8457871',volume_attachment=VolumeAttachmentList,volume_type=VolumeType(d5469519-02b5-4653-9167-2208b1bfc08f),volume_type_id=d5469519-02b5-4653-9167-2208b1bfc08f)' {{(pid=87123) _task_receiver /opt/stack/data/venv/lib/python3.12/site-packages/taskflow/listeners/logging.py:218}}
Jul 08 01:04:41 devstack cinder-volume[87123]: DEBUG cinder.volume.manager [None req-1898bec7-cf9a-42f2-86a3-da0eaac36078 tempest-VolumesListTestJSON-633380401 None] Task 'cinder.volume.flows.manager.create_volume.OnFailureRescheduleTask;volume:create' (f779f19e-a6df-4a4b-92a9-ff6e7bbe6e01) transitioned into state 'RUNNING' from state 'PENDING' {{(pid=87123) _task_receiver /opt/stack/data/venv/lib/python3.12/site-packages/taskflow/listeners/logging.py:242}}
Jul 08 01:04:41 devstack cinder-volume[87123]: DEBUG cinder.volume.manager [None req-1898bec7-cf9a-42f2-86a3-da0eaac36078 tempest-VolumesListTestJSON-633380401 None] Task 'cinder.volume.flows.manager.create_volume.OnFailureRescheduleTask;volume:create' (f779f19e-a6df-4a4b-92a9-ff6e7bbe6e01) transitioned into state 'SUCCESS' from state 'RUNNING' with result 'None' {{(pid=87123) _task_receiver /opt/stack/data/venv/lib/python3.12/site-packages/taskflow/listeners/logging.py:218}}
Jul 08 01:04:41 devstack cinder-volume[87123]: DEBUG cinder.volume.manager [None req-1898bec7-cf9a-42f2-86a3-da0eaac36078 tempest-VolumesListTestJSON-633380401 None] Task 'cinder.volume.flows.manager.create_volume.ExtractVolumeSpecTask;volume:create' (57073c31-b7db-4a9e-9d53-875cfb46143e) transitioned into state 'RUNNING' from state 'PENDING' {{(pid=87123) _task_receiver /opt/stack/data/venv/lib/python3.12/site-packages/taskflow/listeners/logging.py:242}}
Jul 08 01:04:41 devstack cinder-volume[87123]: DEBUG cinder.volume.manager [None req-1898bec7-cf9a-42f2-86a3-da0eaac36078 tempest-VolumesListTestJSON-633380401 None] Task 'cinder.volume.flows.manager.create_volume.ExtractVolumeSpecTask;volume:create' (57073c31-b7db-4a9e-9d53-875cfb46143e) transitioned into state 'SUCCESS' from state 'RUNNING' with result '{'status': 'creating', 'type': 'raw', 'volume_id': 'f8c9794d-f2bd-4df8-a66e-81b4a0ee907a', 'volume_name': 'volume-f8c9794d-f2bd-4df8-a66e-81b4a0ee907a', 'volume_size': 1}' {{(pid=87123) _task_receiver /opt/stack/data/venv/lib/python3.12/site-packages/taskflow/listeners/logging.py:218}}
Jul 08 01:04:41 devstack cinder-volume[87123]: DEBUG cinder.volume.manager [None req-1898bec7-cf9a-42f2-86a3-da0eaac36078 tempest-VolumesListTestJSON-633380401 None] Task 'cinder.volume.flows.manager.create_volume.NotifyVolumeActionTask;volume:create, create.start' (6c62867c-63de-49c9-adb8-9800f9badba1) transitioned into state 'RUNNING' from state 'PENDING' {{(pid=87123) _task_receiver /opt/stack/data/venv/lib/python3.12/site-packages/taskflow/listeners/logging.py:242}}
Jul 08 01:04:41 devstack cinder-volume[87123]: DEBUG cinder.volume.manager [None req-1898bec7-cf9a-42f2-86a3-da0eaac36078 tempest-VolumesListTestJSON-633380401 None] Task 'cinder.volume.flows.manager.create_volume.NotifyVolumeActionTask;volume:create, create.start' (6c62867c-63de-49c9-adb8-9800f9badba1) transitioned into state 'SUCCESS' from state 'RUNNING' with result 'None' {{(pid=87123) _task_receiver /opt/stack/data/venv/lib/python3.12/site-packages/taskflow/listeners/logging.py:218}}
Jul 08 01:04:41 devstack cinder-volume[87123]: DEBUG cinder.volume.manager [None req-1898bec7-cf9a-42f2-86a3-da0eaac36078 tempest-VolumesListTestJSON-633380401 None] Task 'cinder.volume.flows.manager.create_volume.CreateVolumeFromSpecTask;volume:create' (3b6b0b39-c279-4d99-9784-ab3ba7885e2e) transitioned into state 'RUNNING' from state 'PENDING' {{(pid=87123) _task_receiver /opt/stack/data/venv/lib/python3.12/site-packages/taskflow/listeners/logging.py:242}}
Jul 08 01:04:41 devstack cinder-volume[87123]: INFO cinder.volume.flows.manager.create_volume [None req-1898bec7-cf9a-42f2-86a3-da0eaac36078 tempest-VolumesListTestJSON-633380401 None] Volume f8c9794d-f2bd-4df8-a66e-81b4a0ee907a: being created as raw with specification: {'status': 'creating', 'volume_name': 'volume-f8c9794d-f2bd-4df8-a66e-81b4a0ee907a', 'volume_size': 1}
Jul 08 01:04:41 devstack cinder-volume[87123]: DEBUG oslo_concurrency.lockutils [None req-1898bec7-cf9a-42f2-86a3-da0eaac36078 tempest-VolumesListTestJSON-633380401 None] Acquiring lock "quobyte" by "cinder.volume.drivers.quobyte.QuobyteDriver.create_volume" {{(pid=87123) inner /opt/stack/data/venv/lib/python3.12/site-packages/oslo_concurrency/lockutils.py:511}}
Jul 08 01:04:41 devstack cinder-volume[87123]: DEBUG oslo_concurrency.lockutils [None req-1898bec7-cf9a-42f2-86a3-da0eaac36078 tempest-VolumesListTestJSON-633380401 None] Lock "quobyte" acquired by "cinder.volume.drivers.quobyte.QuobyteDriver.create_volume" :: waited 0.000s {{(pid=87123) inner /opt/stack/data/venv/lib/python3.12/site-packages/oslo_concurrency/lockutils.py:524}}
Jul 08 01:04:41 devstack cinder-volume[87123]: DEBUG cinder.volume.drivers.quobyte [None req-1898bec7-cf9a-42f2-86a3-da0eaac36078 tempest-VolumesListTestJSON-633380401 None] ==> create_volume: call "{'self': , 'volume': Volume(_name_id=None,admin_metadata=,attach_status='detached',availability_zone='nova',bootable=False,cluster=,cluster_name=None,consistencygroup=,consistencygroup_id=None,created_at=2026-07-07T23:04:41Z,deleted=False,deleted_at=None,display_description=None,display_name='tempest-VolumesListTestJSON-Volume-493070998',ec2_id=None,encryption_key_id=None,glance_metadata=,group=,group_id=None,host='devstack@QuobyteHD#QuobyteHD',id=f8c9794d-f2bd-4df8-a66e-81b4a0ee907a,launched_at=None,metadata={Type='work'},migration_status=None,multiattach=False,previous_status=None,project_id='c76f3f08a46d4827904073ceaad3275c',provider_auth=None,provider_geometry=None,provider_id=None,provider_location=None,replication_driver_data=None,replication_extended_status=None,replication_status=None,scheduled_at=2026-07-07T23:04:41Z,service_uuid=None,shared_targets=True,size=1,snapshot_id=None,snapshots=,source_volid=None,status='creating',terminated_at=None,updated_at=2026-07-07T23:04:41Z,use_quota=True,user_id='23b3481c38184e10aa0ad0a3e8457871',volume_attachment=VolumeAttachmentList,volume_type=VolumeType(d5469519-02b5-4653-9167-2208b1bfc08f),volume_type_id=d5469519-02b5-4653-9167-2208b1bfc08f)}" {{(pid=87123) trace_logging_wrapper /opt/stack/cinder/cinder/volume/volume_utils.py:1497}}
Jul 08 01:04:41 devstack cinder-volume[87123]: DEBUG cinder.volume.drivers.remotefs [None req-1898bec7-cf9a-42f2-86a3-da0eaac36078 tempest-VolumesListTestJSON-633380401 None] Creating volume f8c9794d-f2bd-4df8-a66e-81b4a0ee907a {{(pid=87123) create_volume /opt/stack/cinder/cinder/volume/drivers/remotefs.py:292}}
Jul 08 01:04:41 devstack cinder-volume[87123]: DEBUG oslo_concurrency.lockutils [None req-1898bec7-cf9a-42f2-86a3-da0eaac36078 tempest-VolumesListTestJSON-633380401 None] Acquiring lock "quobyte_ensure" by "cinder.volume.drivers.quobyte.QuobyteDriver._ensure_shares_mounted" {{(pid=87123) inner /opt/stack/data/venv/lib/python3.12/site-packages/oslo_concurrency/lockutils.py:511}}
Jul 08 01:04:41 devstack cinder-volume[87123]: DEBUG oslo_concurrency.lockutils [None req-1898bec7-cf9a-42f2-86a3-da0eaac36078 tempest-VolumesListTestJSON-633380401 None] Lock "quobyte_ensure" acquired by "cinder.volume.drivers.quobyte.QuobyteDriver._ensure_shares_mounted" :: waited 0.001s {{(pid=87123) inner /opt/stack/data/venv/lib/python3.12/site-packages/oslo_concurrency/lockutils.py:524}}
Jul 08 01:04:41 devstack cinder-volume[87123]: DEBUG cinder.volume.drivers.quobyte [None req-1898bec7-cf9a-42f2-86a3-da0eaac36078 tempest-VolumesListTestJSON-633380401 None] Quobyte Volume URL set to: {'osci02.corp.quobyte.com/cinder-vol-21e66b4c-00ad-4dff-958b-df3a653a812e': None} {{(pid=87123) _load_shares_config /opt/stack/cinder/cinder/volume/drivers/quobyte.py:617}}
Jul 08 01:04:41 devstack cinder-volume[87123]: DEBUG cinder.volume.drivers.quobyte [None req-1898bec7-cf9a-42f2-86a3-da0eaac36078 tempest-VolumesListTestJSON-633380401 None] Available shares ['osci02.corp.quobyte.com/cinder-vol-21e66b4c-00ad-4dff-958b-df3a653a812e'] {{(pid=87123) _ensure_shares_mounted /opt/stack/cinder/cinder/volume/drivers/quobyte.py:647}}
Jul 08 01:04:41 devstack cinder-volume[87123]: DEBUG oslo_concurrency.lockutils [None req-1898bec7-cf9a-42f2-86a3-da0eaac36078 tempest-VolumesListTestJSON-633380401 None] Lock "quobyte_ensure" "released" by "cinder.volume.drivers.quobyte.QuobyteDriver._ensure_shares_mounted" :: held 0.007s {{(pid=87123) inner /opt/stack/data/venv/lib/python3.12/site-packages/oslo_concurrency/lockutils.py:543}}
Jul 08 01:04:41 devstack cinder-volume[87123]: DEBUG cinder.volume.drivers.quobyte [None req-1898bec7-cf9a-42f2-86a3-da0eaac36078 tempest-VolumesListTestJSON-633380401 None] Selected osci02.corp.quobyte.com/cinder-vol-21e66b4c-00ad-4dff-958b-df3a653a812e as target Quobyte volume. {{(pid=87123) _find_share /opt/stack/cinder/cinder/volume/drivers/quobyte.py:668}}
Jul 08 01:04:41 devstack cinder-volume[87123]: INFO cinder.volume.drivers.remotefs [None req-1898bec7-cf9a-42f2-86a3-da0eaac36078 tempest-VolumesListTestJSON-633380401 None] casted to osci02.corp.quobyte.com/cinder-vol-21e66b4c-00ad-4dff-958b-df3a653a812e
Jul 08 01:04:41 devstack cinder-volume[87123]: DEBUG oslo_concurrency.processutils [None req-1898bec7-cf9a-42f2-86a3-da0eaac36078 tempest-VolumesListTestJSON-633380401 None] Running cmd (subprocess): sudo cinder-rootwrap /etc/cinder/rootwrap.conf qemu-img create -f qcow2 -o preallocation=metadata /opt/stack/data/cinder/mnt/e357ac605aeeb29365ca8852011a2f77/volume-f8c9794d-f2bd-4df8-a66e-81b4a0ee907a 1073741824 {{(pid=87123) execute /opt/stack/data/venv/lib/python3.12/site-packages/oslo_concurrency/processutils.py:440}}
Jul 08 01:04:41 devstack cinder-volume[87123]: INFO cinder.volume.manager [None req-a9727798-7442-41a8-8df2-e66d707c7712 tempest-GroupSnapshotsTest-1813075391 None] group_snapshot f0d212db-c4bd-43c6-9159-1404edbe1063: created successfully
Jul 08 01:04:41 devstack sudo[92754]: quobyte : PWD=/ ; USER=root ; COMMAND=/opt/stack/data/venv/bin/cinder-rootwrap /etc/cinder/rootwrap.conf qemu-img create -f qcow2 -o preallocation=metadata /opt/stack/data/cinder/mnt/e357ac605aeeb29365ca8852011a2f77/volume-f8c9794d-f2bd-4df8-a66e-81b4a0ee907a 1073741824
Jul 08 01:04:41 devstack sudo[92754]: pam_unix(sudo:session): session opened for user root(uid=0) by (uid=1000)
Jul 08 01:04:42 devstack sudo[92754]: pam_unix(sudo:session): session closed for user root
Jul 08 01:04:42 devstack cinder-volume[87123]: INFO cinder.volume.manager [None req-4de3ad4f-fefc-4384-897d-e0891981ce3a tempest-GroupSnapshotsTest-1813075391 None] group_snapshot f0d212db-c4bd-43c6-9159-1404edbe1063: deleting
Jul 08 01:04:42 devstack cinder-volume[87123]: DEBUG oslo_concurrency.processutils [None req-1898bec7-cf9a-42f2-86a3-da0eaac36078 tempest-VolumesListTestJSON-633380401 None] CMD "sudo cinder-rootwrap /etc/cinder/rootwrap.conf qemu-img create -f qcow2 -o preallocation=metadata /opt/stack/data/cinder/mnt/e357ac605aeeb29365ca8852011a2f77/volume-f8c9794d-f2bd-4df8-a66e-81b4a0ee907a 1073741824" returned: 0 in 1.123s {{(pid=87123) execute /opt/stack/data/venv/lib/python3.12/site-packages/oslo_concurrency/processutils.py:468}}
Jul 08 01:04:42 devstack cinder-volume[87123]: DEBUG cinder.volume.manager [None req-4de3ad4f-fefc-4384-897d-e0891981ce3a tempest-GroupSnapshotsTest-1813075391 None] group_snapshot f0d212db-c4bd-43c6-9159-1404edbe1063: deleting {{(pid=87123) delete_group_snapshot /opt/stack/cinder/cinder/volume/manager.py:4350}}
Jul 08 01:04:42 devstack cinder-volume[87123]: DEBUG oslo_concurrency.processutils [None req-1898bec7-cf9a-42f2-86a3-da0eaac36078 tempest-VolumesListTestJSON-633380401 None] Running cmd (subprocess): sudo cinder-rootwrap /etc/cinder/rootwrap.conf chmod ugo+rw /opt/stack/data/cinder/mnt/e357ac605aeeb29365ca8852011a2f77/volume-f8c9794d-f2bd-4df8-a66e-81b4a0ee907a {{(pid=87123) execute /opt/stack/data/venv/lib/python3.12/site-packages/oslo_concurrency/processutils.py:440}}
Jul 08 01:04:42 devstack sudo[92760]: quobyte : PWD=/ ; USER=root ; COMMAND=/opt/stack/data/venv/bin/cinder-rootwrap /etc/cinder/rootwrap.conf chmod ugo+rw /opt/stack/data/cinder/mnt/e357ac605aeeb29365ca8852011a2f77/volume-f8c9794d-f2bd-4df8-a66e-81b4a0ee907a
Jul 08 01:04:42 devstack cinder-volume[87123]: DEBUG cinder.coordination [None req-4de3ad4f-fefc-4384-897d-e0891981ce3a tempest-GroupSnapshotsTest-1813075391 None] Acquiring lock "cinder-quobyte-0e2eafd1-89de-4030-8c43-1a7f09a29979" by "delete_snapshot" {{(pid=87123) __acquire /opt/stack/cinder/cinder/coordination.py:138}}
Jul 08 01:04:42 devstack sudo[92760]: pam_unix(sudo:session): session opened for user root(uid=0) by (uid=1000)
Jul 08 01:04:42 devstack cinder-volume[87123]: DEBUG cinder.coordination [None req-4de3ad4f-fefc-4384-897d-e0891981ce3a tempest-GroupSnapshotsTest-1813075391 None] Lock "cinder-quobyte-0e2eafd1-89de-4030-8c43-1a7f09a29979" acquired by "delete_snapshot" :: waited 0.020s {{(pid=87123) __acquire /opt/stack/cinder/cinder/coordination.py:141}}
Jul 08 01:04:42 devstack cinder-volume[87123]: DEBUG cinder.coordination [None req-4de3ad4f-fefc-4384-897d-e0891981ce3a tempest-GroupSnapshotsTest-1813075391 None] Acquiring lock "cinder-quobyte-9986fed4-943e-40ab-9610-400a72e0e97b" by "_delete_snapshot" {{(pid=87123) __acquire /opt/stack/cinder/cinder/coordination.py:138}}
Jul 08 01:04:42 devstack cinder-volume[87123]: DEBUG cinder.coordination [None req-4de3ad4f-fefc-4384-897d-e0891981ce3a tempest-GroupSnapshotsTest-1813075391 None] Lock "cinder-quobyte-9986fed4-943e-40ab-9610-400a72e0e97b" acquired by "_delete_snapshot" :: waited 0.014s {{(pid=87123) __acquire /opt/stack/cinder/cinder/coordination.py:141}}
Jul 08 01:04:42 devstack cinder-volume[87123]: DEBUG cinder.volume.drivers.remotefs [None req-4de3ad4f-fefc-4384-897d-e0891981ce3a tempest-GroupSnapshotsTest-1813075391 None] Deleting offline snapshot 9986fed4-943e-40ab-9610-400a72e0e97b of volume 0e2eafd1-89de-4030-8c43-1a7f09a29979 {{(pid=87123) _delete_snapshot /opt/stack/cinder/cinder/volume/drivers/remotefs.py:1288}}
Jul 08 01:04:42 devstack cinder-volume[87123]: DEBUG cinder.volume.drivers.remotefs [None req-4de3ad4f-fefc-4384-897d-e0891981ce3a tempest-GroupSnapshotsTest-1813075391 None] snapshot_file for this snap is: volume-0e2eafd1-89de-4030-8c43-1a7f09a29979.9986fed4-943e-40ab-9610-400a72e0e97b {{(pid=87123) _delete_snapshot /opt/stack/cinder/cinder/volume/drivers/remotefs.py:1317}}
Jul 08 01:04:42 devstack cinder-volume[87123]: DEBUG oslo.privsep.daemon [-] privsep: reply[3ab38ffd-7395-4f3a-a4f6-2e42592616d5]: (4, 'qcow2') {{(pid=88450) _call_back /opt/stack/data/venv/lib/python3.12/site-packages/oslo_privsep/daemon.py:580}}
Jul 08 01:04:42 devstack cinder-volume[87123]: DEBUG oslo_concurrency.processutils [None req-4de3ad4f-fefc-4384-897d-e0891981ce3a tempest-GroupSnapshotsTest-1813075391 None] Running cmd (subprocess): /opt/stack/data/venv/bin/python3.12 -m oslo_concurrency.prlimit --as=1073741824 --cpu=60 -- sudo cinder-rootwrap /etc/cinder/rootwrap.conf env LC_ALL=C qemu-img info -f qcow2 --output=json --force-share /opt/stack/data/cinder/mnt/e357ac605aeeb29365ca8852011a2f77/volume-0e2eafd1-89de-4030-8c43-1a7f09a29979.9986fed4-943e-40ab-9610-400a72e0e97b {{(pid=87123) execute /opt/stack/data/venv/lib/python3.12/site-packages/oslo_concurrency/processutils.py:440}}
Jul 08 01:04:42 devstack sudo[92762]: quobyte : PWD=/ ; USER=root ; COMMAND=/opt/stack/data/venv/bin/cinder-rootwrap /etc/cinder/rootwrap.conf env LC_ALL=C qemu-img info -f qcow2 --output=json --force-share /opt/stack/data/cinder/mnt/e357ac605aeeb29365ca8852011a2f77/volume-0e2eafd1-89de-4030-8c43-1a7f09a29979.9986fed4-943e-40ab-9610-400a72e0e97b
Jul 08 01:04:42 devstack sudo[92762]: pam_unix(sudo:session): session opened for user root(uid=0) by (uid=1000)
Jul 08 01:04:43 devstack sudo[92760]: pam_unix(sudo:session): session closed for user root
Jul 08 01:04:43 devstack cinder-volume[87123]: DEBUG oslo_concurrency.processutils [None req-1898bec7-cf9a-42f2-86a3-da0eaac36078 tempest-VolumesListTestJSON-633380401 None] CMD "sudo cinder-rootwrap /etc/cinder/rootwrap.conf chmod ugo+rw /opt/stack/data/cinder/mnt/e357ac605aeeb29365ca8852011a2f77/volume-f8c9794d-f2bd-4df8-a66e-81b4a0ee907a" returned: 0 in 0.921s {{(pid=87123) execute /opt/stack/data/venv/lib/python3.12/site-packages/oslo_concurrency/processutils.py:468}}
Jul 08 01:04:43 devstack cinder-volume[87123]: DEBUG cinder.volume.drivers.quobyte [None req-1898bec7-cf9a-42f2-86a3-da0eaac36078 tempest-VolumesListTestJSON-633380401 None] <== create_volume: return (2096ms) {'provider_location': 'osci02.corp.quobyte.com/cinder-vol-21e66b4c-00ad-4dff-958b-df3a653a812e'} {{(pid=87123) trace_logging_wrapper /opt/stack/cinder/cinder/volume/volume_utils.py:1522}}
Jul 08 01:04:43 devstack cinder-volume[87123]: DEBUG oslo_concurrency.lockutils [None req-1898bec7-cf9a-42f2-86a3-da0eaac36078 tempest-VolumesListTestJSON-633380401 None] Lock "quobyte" "released" by "cinder.volume.drivers.quobyte.QuobyteDriver.create_volume" :: held 2.098s {{(pid=87123) inner /opt/stack/data/venv/lib/python3.12/site-packages/oslo_concurrency/lockutils.py:543}}
Jul 08 01:04:43 devstack cinder-volume[87123]: DEBUG cinder.volume.manager [None req-1898bec7-cf9a-42f2-86a3-da0eaac36078 tempest-VolumesListTestJSON-633380401 None] Task 'cinder.volume.flows.manager.create_volume.CreateVolumeFromSpecTask;volume:create' (3b6b0b39-c279-4d99-9784-ab3ba7885e2e) transitioned into state 'SUCCESS' from state 'RUNNING' with result '{'status': 'creating', 'volume_name': 'volume-f8c9794d-f2bd-4df8-a66e-81b4a0ee907a', 'volume_size': 1}' {{(pid=87123) _task_receiver /opt/stack/data/venv/lib/python3.12/site-packages/taskflow/listeners/logging.py:218}}
Jul 08 01:04:43 devstack cinder-volume[87123]: DEBUG cinder.volume.manager [None req-1898bec7-cf9a-42f2-86a3-da0eaac36078 tempest-VolumesListTestJSON-633380401 None] Task 'cinder.volume.flows.manager.create_volume.CreateVolumeOnFinishTask;volume:create, create.end' (65fee3a2-a579-44e1-90d3-a35494aec240) transitioned into state 'RUNNING' from state 'PENDING' {{(pid=87123) _task_receiver /opt/stack/data/venv/lib/python3.12/site-packages/taskflow/listeners/logging.py:242}}
Jul 08 01:04:43 devstack cinder-volume[87123]: INFO cinder.volume.flows.manager.create_volume [None req-1898bec7-cf9a-42f2-86a3-da0eaac36078 tempest-VolumesListTestJSON-633380401 None] Volume volume-f8c9794d-f2bd-4df8-a66e-81b4a0ee907a (f8c9794d-f2bd-4df8-a66e-81b4a0ee907a): created successfully
Jul 08 01:04:43 devstack cinder-volume[87123]: DEBUG cinder.volume.manager [None req-1898bec7-cf9a-42f2-86a3-da0eaac36078 tempest-VolumesListTestJSON-633380401 None] Task 'cinder.volume.flows.manager.create_volume.CreateVolumeOnFinishTask;volume:create, create.end' (65fee3a2-a579-44e1-90d3-a35494aec240) transitioned into state 'SUCCESS' from state 'RUNNING' with result 'None' {{(pid=87123) _task_receiver /opt/stack/data/venv/lib/python3.12/site-packages/taskflow/listeners/logging.py:218}}
Jul 08 01:04:43 devstack cinder-volume[87123]: DEBUG cinder.volume.manager [None req-1898bec7-cf9a-42f2-86a3-da0eaac36078 tempest-VolumesListTestJSON-633380401 None] Flow 'volume_create_manager' (4a715fec-0a2d-42b4-87ab-1052b11ea356) transitioned into state 'SUCCESS' from state 'RUNNING' {{(pid=87123) _flow_receiver /opt/stack/data/venv/lib/python3.12/site-packages/taskflow/listeners/logging.py:160}}
Jul 08 01:04:43 devstack cinder-volume[87123]: INFO cinder.volume.manager [None req-1898bec7-cf9a-42f2-86a3-da0eaac36078 tempest-VolumesListTestJSON-633380401 None] Created volume successfully.
Jul 08 01:04:43 devstack sudo[92762]: pam_unix(sudo:session): session closed for user root
Jul 08 01:04:43 devstack cinder-volume[87123]: DEBUG oslo_concurrency.processutils [None req-4de3ad4f-fefc-4384-897d-e0891981ce3a tempest-GroupSnapshotsTest-1813075391 None] CMD "/opt/stack/data/venv/bin/python3.12 -m oslo_concurrency.prlimit --as=1073741824 --cpu=60 -- sudo cinder-rootwrap /etc/cinder/rootwrap.conf env LC_ALL=C qemu-img info -f qcow2 --output=json --force-share /opt/stack/data/cinder/mnt/e357ac605aeeb29365ca8852011a2f77/volume-0e2eafd1-89de-4030-8c43-1a7f09a29979.9986fed4-943e-40ab-9610-400a72e0e97b" returned: 0 in 1.010s {{(pid=87123) execute /opt/stack/data/venv/lib/python3.12/site-packages/oslo_concurrency/processutils.py:468}}
Jul 08 01:04:43 devstack cinder-volume[87123]: DEBUG cinder.volume.drivers.remotefs [None req-4de3ad4f-fefc-4384-897d-e0891981ce3a tempest-GroupSnapshotsTest-1813075391 None] Fetching qemu-img info with special backing_file_template: (/opt/stack/data/cinder/mnt/[0-9a-f]+/)?(volume-0e2eafd1-89de-4030-8c43-1a7f09a29979(.(tmp-snap-)?[0-9a-f-]+)?|volume_from_snapshot_cache/(tmp-snap-)?[0-9a-f-]+(.(child-|parent-)[0-9a-f-]+)?)$ {{(pid=87123) _qemu_img_info_base /opt/stack/cinder/cinder/volume/drivers/remotefs.py:896}}
Jul 08 01:04:43 devstack cinder-volume[87123]: DEBUG oslo.privsep.daemon [-] privsep: reply[df0074d0-9d5f-40d9-9fd1-82fdd2832265]: (4, 'qcow2') {{(pid=88450) _call_back /opt/stack/data/venv/lib/python3.12/site-packages/oslo_privsep/daemon.py:580}}
Jul 08 01:04:43 devstack cinder-volume[87123]: DEBUG oslo_concurrency.processutils [None req-4de3ad4f-fefc-4384-897d-e0891981ce3a tempest-GroupSnapshotsTest-1813075391 None] Running cmd (subprocess): /opt/stack/data/venv/bin/python3.12 -m oslo_concurrency.prlimit --as=1073741824 --cpu=60 -- sudo cinder-rootwrap /etc/cinder/rootwrap.conf env LC_ALL=C qemu-img info -f qcow2 --output=json --force-share /opt/stack/data/cinder/mnt/e357ac605aeeb29365ca8852011a2f77/volume-0e2eafd1-89de-4030-8c43-1a7f09a29979 {{(pid=87123) execute /opt/stack/data/venv/lib/python3.12/site-packages/oslo_concurrency/processutils.py:440}}
Jul 08 01:04:43 devstack sudo[92770]: quobyte : PWD=/ ; USER=root ; COMMAND=/opt/stack/data/venv/bin/cinder-rootwrap /etc/cinder/rootwrap.conf env LC_ALL=C qemu-img info -f qcow2 --output=json --force-share /opt/stack/data/cinder/mnt/e357ac605aeeb29365ca8852011a2f77/volume-0e2eafd1-89de-4030-8c43-1a7f09a29979
Jul 08 01:04:43 devstack sudo[92770]: pam_unix(sudo:session): session opened for user root(uid=0) by (uid=1000)
Jul 08 01:04:44 devstack sudo[92770]: pam_unix(sudo:session): session closed for user root
Jul 08 01:04:44 devstack cinder-volume[87123]: DEBUG oslo_concurrency.processutils [None req-4de3ad4f-fefc-4384-897d-e0891981ce3a tempest-GroupSnapshotsTest-1813075391 None] CMD "/opt/stack/data/venv/bin/python3.12 -m oslo_concurrency.prlimit --as=1073741824 --cpu=60 -- sudo cinder-rootwrap /etc/cinder/rootwrap.conf env LC_ALL=C qemu-img info -f qcow2 --output=json --force-share /opt/stack/data/cinder/mnt/e357ac605aeeb29365ca8852011a2f77/volume-0e2eafd1-89de-4030-8c43-1a7f09a29979" returned: 0 in 0.938s {{(pid=87123) execute /opt/stack/data/venv/lib/python3.12/site-packages/oslo_concurrency/processutils.py:468}}
Jul 08 01:04:44 devstack cinder-volume[87123]: DEBUG oslo_concurrency.processutils [None req-4de3ad4f-fefc-4384-897d-e0891981ce3a tempest-GroupSnapshotsTest-1813075391 None] Running cmd (subprocess): sudo cinder-rootwrap /etc/cinder/rootwrap.conf qemu-img commit -d /opt/stack/data/cinder/mnt/e357ac605aeeb29365ca8852011a2f77/volume-0e2eafd1-89de-4030-8c43-1a7f09a29979.9986fed4-943e-40ab-9610-400a72e0e97b {{(pid=87123) execute /opt/stack/data/venv/lib/python3.12/site-packages/oslo_concurrency/processutils.py:440}}
Jul 08 01:04:44 devstack sudo[92775]: quobyte : PWD=/ ; USER=root ; COMMAND=/opt/stack/data/venv/bin/cinder-rootwrap /etc/cinder/rootwrap.conf qemu-img commit -d /opt/stack/data/cinder/mnt/e357ac605aeeb29365ca8852011a2f77/volume-0e2eafd1-89de-4030-8c43-1a7f09a29979.9986fed4-943e-40ab-9610-400a72e0e97b
Jul 08 01:04:44 devstack sudo[92775]: pam_unix(sudo:session): session opened for user root(uid=0) by (uid=1000)
Jul 08 01:04:44 devstack cinder-volume[87123]: DEBUG oslo_service.periodic_task [None req-63ba2024-f81e-4bf7-b53e-1689eba10ce1 None None] Running periodic task VolumeManager.publish_service_capabilities {{(pid=87123) run_periodic_tasks /opt/stack/data/venv/lib/python3.12/site-packages/oslo_service/periodic_task.py:225}}
Jul 08 01:04:44 devstack cinder-volume[87123]: DEBUG oslo_concurrency.lockutils [None req-63ba2024-f81e-4bf7-b53e-1689eba10ce1 None None] Acquiring lock "quobyte_ensure" by "cinder.volume.drivers.quobyte.QuobyteDriver._ensure_shares_mounted" {{(pid=87123) inner /opt/stack/data/venv/lib/python3.12/site-packages/oslo_concurrency/lockutils.py:511}}
Jul 08 01:04:44 devstack cinder-volume[87123]: DEBUG oslo_concurrency.lockutils [None req-63ba2024-f81e-4bf7-b53e-1689eba10ce1 None None] Lock "quobyte_ensure" acquired by "cinder.volume.drivers.quobyte.QuobyteDriver._ensure_shares_mounted" :: waited 0.003s {{(pid=87123) inner /opt/stack/data/venv/lib/python3.12/site-packages/oslo_concurrency/lockutils.py:524}}
Jul 08 01:04:44 devstack cinder-volume[87123]: DEBUG cinder.volume.drivers.quobyte [None req-63ba2024-f81e-4bf7-b53e-1689eba10ce1 None None] Quobyte Volume URL set to: {'osci02.corp.quobyte.com/cinder-vol-21e66b4c-00ad-4dff-958b-df3a653a812e': None} {{(pid=87123) _load_shares_config /opt/stack/cinder/cinder/volume/drivers/quobyte.py:617}}
Jul 08 01:04:44 devstack cinder-volume[87123]: DEBUG cinder.volume.drivers.quobyte [None req-63ba2024-f81e-4bf7-b53e-1689eba10ce1 None None] Available shares ['osci02.corp.quobyte.com/cinder-vol-21e66b4c-00ad-4dff-958b-df3a653a812e'] {{(pid=87123) _ensure_shares_mounted /opt/stack/cinder/cinder/volume/drivers/quobyte.py:647}}
Jul 08 01:04:44 devstack cinder-volume[87123]: DEBUG oslo_concurrency.lockutils [None req-63ba2024-f81e-4bf7-b53e-1689eba10ce1 None None] Lock "quobyte_ensure" "released" by "cinder.volume.drivers.quobyte.QuobyteDriver._ensure_shares_mounted" :: held 0.016s {{(pid=87123) inner /opt/stack/data/venv/lib/python3.12/site-packages/oslo_concurrency/lockutils.py:543}}
Jul 08 01:04:44 devstack cinder-volume[87123]: DEBUG oslo_concurrency.processutils [None req-63ba2024-f81e-4bf7-b53e-1689eba10ce1 None None] Running cmd (subprocess): sudo cinder-rootwrap /etc/cinder/rootwrap.conf df --portability --block-size 1 /opt/stack/data/cinder/mnt/e357ac605aeeb29365ca8852011a2f77 {{(pid=87123) execute /opt/stack/data/venv/lib/python3.12/site-packages/oslo_concurrency/processutils.py:440}}
Jul 08 01:04:44 devstack sudo[92777]: quobyte : PWD=/ ; USER=root ; COMMAND=/opt/stack/data/venv/bin/cinder-rootwrap /etc/cinder/rootwrap.conf df --portability --block-size 1 /opt/stack/data/cinder/mnt/e357ac605aeeb29365ca8852011a2f77
