Jul 06 21:06:08 devstack cinder-volume[87273]: DEBUG oslo_concurrency.processutils [None req-db0debc8-4fa2-4445-9aab-bdd1223840d2 tempest-GroupsV314Test-1384768525 None] Running cmd (subprocess): sudo cinder-rootwrap /etc/cinder/rootwrap.conf qemu-img create -f qcow2 -o backing_file=/opt/stack/data/cinder/mnt/6e16076c95f2cf9bf8fb165be3aed2c4/volume-ef704141-7c03-4357-9dd0-eed2a6e44220,backing_fmt=qcow2 /opt/stack/data/cinder/mnt/6e16076c95f2cf9bf8fb165be3aed2c4/volume-ef704141-7c03-4357-9dd0-eed2a6e44220.b469fa8c-9e07-4dd7-a80e-e1ce42546189 1G {{(pid=87273) execute /opt/stack/data/venv/lib/python3.12/site-packages/oslo_concurrency/processutils.py:440}}
Jul 06 21:06:08 devstack sudo[89275]: quobyte : PWD=/ ; USER=root ; COMMAND=/opt/stack/data/venv/bin/cinder-rootwrap /etc/cinder/rootwrap.conf qemu-img create -f qcow2 -o backing_file=/opt/stack/data/cinder/mnt/6e16076c95f2cf9bf8fb165be3aed2c4/volume-ef704141-7c03-4357-9dd0-eed2a6e44220,backing_fmt=qcow2 /opt/stack/data/cinder/mnt/6e16076c95f2cf9bf8fb165be3aed2c4/volume-ef704141-7c03-4357-9dd0-eed2a6e44220.b469fa8c-9e07-4dd7-a80e-e1ce42546189 1G
Jul 06 21:06:08 devstack sudo[89275]: pam_unix(sudo:session): session opened for user root(uid=0) by (uid=1000)
Jul 06 21:06:08 devstack cinder-volume[87273]: DEBUG cinder.volume.flows.manager.create_volume [None req-b465a8d2-e221-434d-a970-626e5cf10f18 tempest-GroupSnapshotsTest-1713079612 None] Volume reschedule parameters: True retry: {'num_attempts': 1, 'backends': ['devstack@QuobyteHD#QuobyteHD'], 'hosts': ['devstack@QuobyteHD#QuobyteHD']} {{(pid=87273) get_flow /opt/stack/cinder/cinder/volume/flows/manager/create_volume.py:1397}}
Jul 06 21:06:08 devstack cinder-volume[87273]: DEBUG cinder.volume.manager [None req-b465a8d2-e221-434d-a970-626e5cf10f18 tempest-GroupSnapshotsTest-1713079612 None] Flow 'volume_create_manager' (62c6acde-7c4e-4705-817a-89c213994e85) transitioned into state 'RUNNING' from state 'PENDING' {{(pid=87273) _flow_receiver /opt/stack/data/venv/lib/python3.12/site-packages/taskflow/listeners/logging.py:160}}
Jul 06 21:06:08 devstack cinder-volume[87273]: DEBUG cinder.volume.manager [None req-b465a8d2-e221-434d-a970-626e5cf10f18 tempest-GroupSnapshotsTest-1713079612 None] Task 'cinder.volume.flows.manager.create_volume.ExtractVolumeRefTask;volume:create' (4ce8f5f6-9f3b-4f18-a0b8-f691463a1cf8) transitioned into state 'RUNNING' from state 'PENDING' {{(pid=87273) _task_receiver /opt/stack/data/venv/lib/python3.12/site-packages/taskflow/listeners/logging.py:242}}
Jul 06 21:06:08 devstack cinder-volume[87273]: DEBUG cinder.volume.manager [None req-b465a8d2-e221-434d-a970-626e5cf10f18 tempest-GroupSnapshotsTest-1713079612 None] Task 'cinder.volume.flows.manager.create_volume.ExtractVolumeRefTask;volume:create' (4ce8f5f6-9f3b-4f18-a0b8-f691463a1cf8) transitioned into state 'SUCCESS' from state 'RUNNING' with result 'Volume(_name_id=None,admin_metadata=,attach_status='detached',availability_zone='nova',bootable=False,cluster=,cluster_name=None,consistencygroup=,consistencygroup_id=None,created_at=2026-07-06T19:06:08Z,deleted=False,deleted_at=None,display_description=None,display_name='tempest-volume-303495218',ec2_id=None,encryption_key_id=None,glance_metadata=,group=,group_id=b41ed021-65ed-4bd6-a759-201d46c4b690,host='devstack@QuobyteHD#QuobyteHD',id=6149f005-39c7-44b5-9b14-846453286d3c,launched_at=None,metadata={},migration_status=None,multiattach=False,previous_status=None,project_id='01a3733e40184f1db2b476efb7c7a96a',provider_auth=None,provider_geometry=None,provider_id=None,provider_location=None,replication_driver_data=None,replication_extended_status=None,replication_status=None,scheduled_at=2026-07-06T19:06:09Z,service_uuid=None,shared_targets=True,size=1,snapshot_id=None,snapshots=,source_volid=None,status='creating',terminated_at=None,updated_at=2026-07-06T19:06:09Z,use_quota=True,user_id='e3c34fa05ffe4a1cae1238c9d809536f',volume_attachment=VolumeAttachmentList,volume_type=VolumeType(ff0b6afe-4110-412b-8c7f-76b9d3fc2116),volume_type_id=ff0b6afe-4110-412b-8c7f-76b9d3fc2116)' {{(pid=87273) _task_receiver /opt/stack/data/venv/lib/python3.12/site-packages/taskflow/listeners/logging.py:218}}
Jul 06 21:06:08 devstack cinder-volume[87273]: DEBUG cinder.volume.manager [None req-b465a8d2-e221-434d-a970-626e5cf10f18 tempest-GroupSnapshotsTest-1713079612 None] Task 'cinder.volume.flows.manager.create_volume.OnFailureRescheduleTask;volume:create' (9e170a8c-c707-480c-bddc-3cd3581b90b8) transitioned into state 'RUNNING' from state 'PENDING' {{(pid=87273) _task_receiver /opt/stack/data/venv/lib/python3.12/site-packages/taskflow/listeners/logging.py:242}}
Jul 06 21:06:08 devstack cinder-volume[87273]: DEBUG cinder.volume.manager [None req-b465a8d2-e221-434d-a970-626e5cf10f18 tempest-GroupSnapshotsTest-1713079612 None] Task 'cinder.volume.flows.manager.create_volume.OnFailureRescheduleTask;volume:create' (9e170a8c-c707-480c-bddc-3cd3581b90b8) transitioned into state 'SUCCESS' from state 'RUNNING' with result 'None' {{(pid=87273) _task_receiver /opt/stack/data/venv/lib/python3.12/site-packages/taskflow/listeners/logging.py:218}}
Jul 06 21:06:08 devstack cinder-volume[87273]: DEBUG cinder.volume.manager [None req-b465a8d2-e221-434d-a970-626e5cf10f18 tempest-GroupSnapshotsTest-1713079612 None] Task 'cinder.volume.flows.manager.create_volume.ExtractVolumeSpecTask;volume:create' (bb8b1dcd-b14f-416a-b479-a128e301c690) transitioned into state 'RUNNING' from state 'PENDING' {{(pid=87273) _task_receiver /opt/stack/data/venv/lib/python3.12/site-packages/taskflow/listeners/logging.py:242}}
Jul 06 21:06:08 devstack cinder-volume[87273]: DEBUG cinder.volume.manager [None req-b465a8d2-e221-434d-a970-626e5cf10f18 tempest-GroupSnapshotsTest-1713079612 None] Task 'cinder.volume.flows.manager.create_volume.ExtractVolumeSpecTask;volume:create' (bb8b1dcd-b14f-416a-b479-a128e301c690) transitioned into state 'SUCCESS' from state 'RUNNING' with result '{'status': 'creating', 'type': 'raw', 'volume_id': '6149f005-39c7-44b5-9b14-846453286d3c', 'volume_name': 'volume-6149f005-39c7-44b5-9b14-846453286d3c', 'volume_size': 1}' {{(pid=87273) _task_receiver /opt/stack/data/venv/lib/python3.12/site-packages/taskflow/listeners/logging.py:218}}
Jul 06 21:06:08 devstack cinder-volume[87273]: DEBUG cinder.volume.manager [None req-b465a8d2-e221-434d-a970-626e5cf10f18 tempest-GroupSnapshotsTest-1713079612 None] Task 'cinder.volume.flows.manager.create_volume.NotifyVolumeActionTask;volume:create, create.start' (63f26797-b19a-43e6-8e0f-7e7bf5b8ea77) transitioned into state 'RUNNING' from state 'PENDING' {{(pid=87273) _task_receiver /opt/stack/data/venv/lib/python3.12/site-packages/taskflow/listeners/logging.py:242}}
Jul 06 21:06:08 devstack cinder-volume[87273]: DEBUG cinder.volume.manager [None req-b465a8d2-e221-434d-a970-626e5cf10f18 tempest-GroupSnapshotsTest-1713079612 None] Task 'cinder.volume.flows.manager.create_volume.NotifyVolumeActionTask;volume:create, create.start' (63f26797-b19a-43e6-8e0f-7e7bf5b8ea77) transitioned into state 'SUCCESS' from state 'RUNNING' with result 'None' {{(pid=87273) _task_receiver /opt/stack/data/venv/lib/python3.12/site-packages/taskflow/listeners/logging.py:218}}
Jul 06 21:06:08 devstack cinder-volume[87273]: DEBUG cinder.volume.manager [None req-b465a8d2-e221-434d-a970-626e5cf10f18 tempest-GroupSnapshotsTest-1713079612 None] Task 'cinder.volume.flows.manager.create_volume.CreateVolumeFromSpecTask;volume:create' (e0f7696f-24e6-4bfc-9373-25df101c9d3d) transitioned into state 'RUNNING' from state 'PENDING' {{(pid=87273) _task_receiver /opt/stack/data/venv/lib/python3.12/site-packages/taskflow/listeners/logging.py:242}}
Jul 06 21:06:08 devstack cinder-volume[87273]: INFO cinder.volume.flows.manager.create_volume [None req-b465a8d2-e221-434d-a970-626e5cf10f18 tempest-GroupSnapshotsTest-1713079612 None] Volume 6149f005-39c7-44b5-9b14-846453286d3c: being created as raw with specification: {'status': 'creating', 'volume_name': 'volume-6149f005-39c7-44b5-9b14-846453286d3c', 'volume_size': 1}
Jul 06 21:06:08 devstack cinder-volume[87273]: DEBUG oslo_concurrency.lockutils [None req-b465a8d2-e221-434d-a970-626e5cf10f18 tempest-GroupSnapshotsTest-1713079612 None] Acquiring lock "quobyte" by "cinder.volume.drivers.quobyte.QuobyteDriver.create_volume" {{(pid=87273) inner /opt/stack/data/venv/lib/python3.12/site-packages/oslo_concurrency/lockutils.py:511}}
Jul 06 21:06:09 devstack sudo[89275]: pam_unix(sudo:session): session closed for user root
Jul 06 21:06:09 devstack cinder-volume[87273]: DEBUG oslo_concurrency.processutils [None req-db0debc8-4fa2-4445-9aab-bdd1223840d2 tempest-GroupsV314Test-1384768525 None] CMD "sudo cinder-rootwrap /etc/cinder/rootwrap.conf qemu-img create -f qcow2 -o backing_file=/opt/stack/data/cinder/mnt/6e16076c95f2cf9bf8fb165be3aed2c4/volume-ef704141-7c03-4357-9dd0-eed2a6e44220,backing_fmt=qcow2 /opt/stack/data/cinder/mnt/6e16076c95f2cf9bf8fb165be3aed2c4/volume-ef704141-7c03-4357-9dd0-eed2a6e44220.b469fa8c-9e07-4dd7-a80e-e1ce42546189 1G" returned: 0 in 1.122s {{(pid=87273) execute /opt/stack/data/venv/lib/python3.12/site-packages/oslo_concurrency/processutils.py:468}}
Jul 06 21:06:09 devstack cinder-volume[87273]: DEBUG oslo_concurrency.processutils [None req-db0debc8-4fa2-4445-9aab-bdd1223840d2 tempest-GroupsV314Test-1384768525 None] Running cmd (subprocess): sudo cinder-rootwrap /etc/cinder/rootwrap.conf qemu-img rebase -u -b volume-ef704141-7c03-4357-9dd0-eed2a6e44220 -F qcow2 /opt/stack/data/cinder/mnt/6e16076c95f2cf9bf8fb165be3aed2c4/volume-ef704141-7c03-4357-9dd0-eed2a6e44220.b469fa8c-9e07-4dd7-a80e-e1ce42546189 {{(pid=87273) execute /opt/stack/data/venv/lib/python3.12/site-packages/oslo_concurrency/processutils.py:440}}
Jul 06 21:06:09 devstack sudo[89284]: quobyte : PWD=/ ; USER=root ; COMMAND=/opt/stack/data/venv/bin/cinder-rootwrap /etc/cinder/rootwrap.conf qemu-img rebase -u -b volume-ef704141-7c03-4357-9dd0-eed2a6e44220 -F qcow2 /opt/stack/data/cinder/mnt/6e16076c95f2cf9bf8fb165be3aed2c4/volume-ef704141-7c03-4357-9dd0-eed2a6e44220.b469fa8c-9e07-4dd7-a80e-e1ce42546189
Jul 06 21:06:09 devstack sudo[89284]: pam_unix(sudo:session): session opened for user root(uid=0) by (uid=1000)
Jul 06 21:06:09 devstack cinder-volume[87273]: DEBUG cinder.volume.flows.manager.create_volume [None req-bc68c9e3-e4e4-4204-9210-b1e694f51e43 tempest-TaggedAttachmentsTest-114923880 None] Volume reschedule parameters: True retry: {'num_attempts': 1, 'backends': ['devstack@QuobyteHD#QuobyteHD'], 'hosts': ['devstack@QuobyteHD#QuobyteHD']} {{(pid=87273) get_flow /opt/stack/cinder/cinder/volume/flows/manager/create_volume.py:1397}}
Jul 06 21:06:09 devstack cinder-volume[87273]: DEBUG cinder.volume.manager [None req-bc68c9e3-e4e4-4204-9210-b1e694f51e43 tempest-TaggedAttachmentsTest-114923880 None] Flow 'volume_create_manager' (cea91dd6-0b1f-42ff-ad4e-943edd28912b) transitioned into state 'RUNNING' from state 'PENDING' {{(pid=87273) _flow_receiver /opt/stack/data/venv/lib/python3.12/site-packages/taskflow/listeners/logging.py:160}}
Jul 06 21:06:09 devstack cinder-volume[87273]: DEBUG cinder.volume.manager [None req-bc68c9e3-e4e4-4204-9210-b1e694f51e43 tempest-TaggedAttachmentsTest-114923880 None] Task 'cinder.volume.flows.manager.create_volume.ExtractVolumeRefTask;volume:create' (6ad9a6b8-77f9-4830-a5db-efe385013b7e) transitioned into state 'RUNNING' from state 'PENDING' {{(pid=87273) _task_receiver /opt/stack/data/venv/lib/python3.12/site-packages/taskflow/listeners/logging.py:242}}
Jul 06 21:06:09 devstack cinder-volume[87273]: DEBUG cinder.volume.manager [None req-bc68c9e3-e4e4-4204-9210-b1e694f51e43 tempest-TaggedAttachmentsTest-114923880 None] Task 'cinder.volume.flows.manager.create_volume.ExtractVolumeRefTask;volume:create' (6ad9a6b8-77f9-4830-a5db-efe385013b7e) transitioned into state 'SUCCESS' from state 'RUNNING' with result 'Volume(_name_id=None,admin_metadata=,attach_status='detached',availability_zone='nova',bootable=False,cluster=,cluster_name=None,consistencygroup=,consistencygroup_id=None,created_at=2026-07-06T19:06:09Z,deleted=False,deleted_at=None,display_description=None,display_name='tempest-TaggedAttachmentsTest-volume-328796583',ec2_id=None,encryption_key_id=None,glance_metadata=,group=,group_id=None,host='devstack@QuobyteHD#QuobyteHD',id=8a8b9284-1ef3-46e9-bdb8-772116693e1a,launched_at=None,metadata={},migration_status=None,multiattach=False,previous_status=None,project_id='6ccdb1fa69a043429f9e9177c427c119',provider_auth=None,provider_geometry=None,provider_id=None,provider_location=None,replication_driver_data=None,replication_extended_status=None,replication_status=None,scheduled_at=2026-07-06T19:06:10Z,service_uuid=None,shared_targets=True,size=1,snapshot_id=None,snapshots=,source_volid=None,status='creating',terminated_at=None,updated_at=2026-07-06T19:06:10Z,use_quota=True,user_id='52fd780db11e40a49878b913444a4f60',volume_attachment=VolumeAttachmentList,volume_type=VolumeType(b59b9201-eea2-45da-bef0-e2b23d0d3b7f),volume_type_id=b59b9201-eea2-45da-bef0-e2b23d0d3b7f)' {{(pid=87273) _task_receiver /opt/stack/data/venv/lib/python3.12/site-packages/taskflow/listeners/logging.py:218}}
Jul 06 21:06:09 devstack cinder-volume[87273]: DEBUG cinder.volume.manager [None req-bc68c9e3-e4e4-4204-9210-b1e694f51e43 tempest-TaggedAttachmentsTest-114923880 None] Task 'cinder.volume.flows.manager.create_volume.OnFailureRescheduleTask;volume:create' (5e536575-13cd-469d-9a37-d9a3448451be) transitioned into state 'RUNNING' from state 'PENDING' {{(pid=87273) _task_receiver /opt/stack/data/venv/lib/python3.12/site-packages/taskflow/listeners/logging.py:242}}
Jul 06 21:06:09 devstack cinder-volume[87273]: DEBUG cinder.volume.manager [None req-bc68c9e3-e4e4-4204-9210-b1e694f51e43 tempest-TaggedAttachmentsTest-114923880 None] Task 'cinder.volume.flows.manager.create_volume.OnFailureRescheduleTask;volume:create' (5e536575-13cd-469d-9a37-d9a3448451be) transitioned into state 'SUCCESS' from state 'RUNNING' with result 'None' {{(pid=87273) _task_receiver /opt/stack/data/venv/lib/python3.12/site-packages/taskflow/listeners/logging.py:218}}
Jul 06 21:06:09 devstack cinder-volume[87273]: DEBUG cinder.volume.manager [None req-bc68c9e3-e4e4-4204-9210-b1e694f51e43 tempest-TaggedAttachmentsTest-114923880 None] Task 'cinder.volume.flows.manager.create_volume.ExtractVolumeSpecTask;volume:create' (028ab62a-5e3f-4aa4-b28b-c9257928c3d4) transitioned into state 'RUNNING' from state 'PENDING' {{(pid=87273) _task_receiver /opt/stack/data/venv/lib/python3.12/site-packages/taskflow/listeners/logging.py:242}}
Jul 06 21:06:09 devstack cinder-volume[87273]: DEBUG cinder.volume.manager [None req-bc68c9e3-e4e4-4204-9210-b1e694f51e43 tempest-TaggedAttachmentsTest-114923880 None] Task 'cinder.volume.flows.manager.create_volume.ExtractVolumeSpecTask;volume:create' (028ab62a-5e3f-4aa4-b28b-c9257928c3d4) transitioned into state 'SUCCESS' from state 'RUNNING' with result '{'status': 'creating', 'type': 'raw', 'volume_id': '8a8b9284-1ef3-46e9-bdb8-772116693e1a', 'volume_name': 'volume-8a8b9284-1ef3-46e9-bdb8-772116693e1a', 'volume_size': 1}' {{(pid=87273) _task_receiver /opt/stack/data/venv/lib/python3.12/site-packages/taskflow/listeners/logging.py:218}}
Jul 06 21:06:09 devstack cinder-volume[87273]: DEBUG cinder.volume.manager [None req-bc68c9e3-e4e4-4204-9210-b1e694f51e43 tempest-TaggedAttachmentsTest-114923880 None] Task 'cinder.volume.flows.manager.create_volume.NotifyVolumeActionTask;volume:create, create.start' (b0b5a0ab-4278-4a32-9003-6f99dfd5bee8) transitioned into state 'RUNNING' from state 'PENDING' {{(pid=87273) _task_receiver /opt/stack/data/venv/lib/python3.12/site-packages/taskflow/listeners/logging.py:242}}
Jul 06 21:06:09 devstack cinder-volume[87273]: DEBUG cinder.volume.manager [None req-bc68c9e3-e4e4-4204-9210-b1e694f51e43 tempest-TaggedAttachmentsTest-114923880 None] Task 'cinder.volume.flows.manager.create_volume.NotifyVolumeActionTask;volume:create, create.start' (b0b5a0ab-4278-4a32-9003-6f99dfd5bee8) transitioned into state 'SUCCESS' from state 'RUNNING' with result 'None' {{(pid=87273) _task_receiver /opt/stack/data/venv/lib/python3.12/site-packages/taskflow/listeners/logging.py:218}}
Jul 06 21:06:09 devstack cinder-volume[87273]: DEBUG cinder.volume.manager [None req-bc68c9e3-e4e4-4204-9210-b1e694f51e43 tempest-TaggedAttachmentsTest-114923880 None] Task 'cinder.volume.flows.manager.create_volume.CreateVolumeFromSpecTask;volume:create' (5f3798a5-6977-441d-bfd5-8db76631bc38) transitioned into state 'RUNNING' from state 'PENDING' {{(pid=87273) _task_receiver /opt/stack/data/venv/lib/python3.12/site-packages/taskflow/listeners/logging.py:242}}
Jul 06 21:06:09 devstack cinder-volume[87273]: INFO cinder.volume.flows.manager.create_volume [None req-bc68c9e3-e4e4-4204-9210-b1e694f51e43 tempest-TaggedAttachmentsTest-114923880 None] Volume 8a8b9284-1ef3-46e9-bdb8-772116693e1a: being created as raw with specification: {'status': 'creating', 'volume_name': 'volume-8a8b9284-1ef3-46e9-bdb8-772116693e1a', 'volume_size': 1}
Jul 06 21:06:09 devstack cinder-volume[87273]: DEBUG oslo_concurrency.lockutils [None req-bc68c9e3-e4e4-4204-9210-b1e694f51e43 tempest-TaggedAttachmentsTest-114923880 None] Acquiring lock "quobyte" by "cinder.volume.drivers.quobyte.QuobyteDriver.create_volume" {{(pid=87273) inner /opt/stack/data/venv/lib/python3.12/site-packages/oslo_concurrency/lockutils.py:511}}
Jul 06 21:06:09 devstack sudo[89284]: pam_unix(sudo:session): session closed for user root
Jul 06 21:06:10 devstack cinder-volume[87273]: DEBUG oslo_concurrency.processutils [None req-db0debc8-4fa2-4445-9aab-bdd1223840d2 tempest-GroupsV314Test-1384768525 None] CMD "sudo cinder-rootwrap /etc/cinder/rootwrap.conf qemu-img rebase -u -b volume-ef704141-7c03-4357-9dd0-eed2a6e44220 -F qcow2 /opt/stack/data/cinder/mnt/6e16076c95f2cf9bf8fb165be3aed2c4/volume-ef704141-7c03-4357-9dd0-eed2a6e44220.b469fa8c-9e07-4dd7-a80e-e1ce42546189" returned: 0 in 0.862s {{(pid=87273) execute /opt/stack/data/venv/lib/python3.12/site-packages/oslo_concurrency/processutils.py:468}}
Jul 06 21:06:10 devstack cinder-volume[87273]: WARNING cinder.volume.drivers.remotefs [None req-db0debc8-4fa2-4445-9aab-bdd1223840d2 tempest-GroupsV314Test-1384768525 None] /opt/stack/data/cinder/mnt/6e16076c95f2cf9bf8fb165be3aed2c4/volume-ef704141-7c03-4357-9dd0-eed2a6e44220.b469fa8c-9e07-4dd7-a80e-e1ce42546189 is being set with open permissions: ugo+rw: NotImplementedError
Jul 06 21:06:10 devstack cinder-volume[87273]: DEBUG oslo_concurrency.processutils [None req-db0debc8-4fa2-4445-9aab-bdd1223840d2 tempest-GroupsV314Test-1384768525 None] Running cmd (subprocess): sudo cinder-rootwrap /etc/cinder/rootwrap.conf chmod ugo+rw /opt/stack/data/cinder/mnt/6e16076c95f2cf9bf8fb165be3aed2c4/volume-ef704141-7c03-4357-9dd0-eed2a6e44220.b469fa8c-9e07-4dd7-a80e-e1ce42546189 {{(pid=87273) execute /opt/stack/data/venv/lib/python3.12/site-packages/oslo_concurrency/processutils.py:440}}
Jul 06 21:06:10 devstack sudo[89294]: quobyte : PWD=/ ; USER=root ; COMMAND=/opt/stack/data/venv/bin/cinder-rootwrap /etc/cinder/rootwrap.conf chmod ugo+rw /opt/stack/data/cinder/mnt/6e16076c95f2cf9bf8fb165be3aed2c4/volume-ef704141-7c03-4357-9dd0-eed2a6e44220.b469fa8c-9e07-4dd7-a80e-e1ce42546189
Jul 06 21:06:10 devstack sudo[89294]: pam_unix(sudo:session): session opened for user root(uid=0) by (uid=1000)
Jul 06 21:06:10 devstack sudo[89294]: pam_unix(sudo:session): session closed for user root
Jul 06 21:06:10 devstack cinder-volume[87273]: DEBUG oslo_concurrency.processutils [None req-db0debc8-4fa2-4445-9aab-bdd1223840d2 tempest-GroupsV314Test-1384768525 None] CMD "sudo cinder-rootwrap /etc/cinder/rootwrap.conf chmod ugo+rw /opt/stack/data/cinder/mnt/6e16076c95f2cf9bf8fb165be3aed2c4/volume-ef704141-7c03-4357-9dd0-eed2a6e44220.b469fa8c-9e07-4dd7-a80e-e1ce42546189" returned: 0 in 0.692s {{(pid=87273) execute /opt/stack/data/venv/lib/python3.12/site-packages/oslo_concurrency/processutils.py:468}}
Jul 06 21:06:10 devstack cinder-volume[87273]: DEBUG oslo_concurrency.processutils [None req-db0debc8-4fa2-4445-9aab-bdd1223840d2 tempest-GroupsV314Test-1384768525 None] Running cmd (subprocess): sudo cinder-rootwrap /etc/cinder/rootwrap.conf truncate -s0 /opt/stack/data/cinder/mnt/6e16076c95f2cf9bf8fb165be3aed2c4/volume-ef704141-7c03-4357-9dd0-eed2a6e44220.info {{(pid=87273) execute /opt/stack/data/venv/lib/python3.12/site-packages/oslo_concurrency/processutils.py:440}}
Jul 06 21:06:10 devstack sudo[89297]: quobyte : PWD=/ ; USER=root ; COMMAND=/opt/stack/data/venv/bin/cinder-rootwrap /etc/cinder/rootwrap.conf truncate -s0 /opt/stack/data/cinder/mnt/6e16076c95f2cf9bf8fb165be3aed2c4/volume-ef704141-7c03-4357-9dd0-eed2a6e44220.info
Jul 06 21:06:10 devstack sudo[89297]: pam_unix(sudo:session): session opened for user root(uid=0) by (uid=1000)
Jul 06 21:06:11 devstack sudo[89297]: pam_unix(sudo:session): session closed for user root
Jul 06 21:06:11 devstack cinder-volume[87273]: DEBUG oslo_concurrency.processutils [None req-db0debc8-4fa2-4445-9aab-bdd1223840d2 tempest-GroupsV314Test-1384768525 None] CMD "sudo cinder-rootwrap /etc/cinder/rootwrap.conf truncate -s0 /opt/stack/data/cinder/mnt/6e16076c95f2cf9bf8fb165be3aed2c4/volume-ef704141-7c03-4357-9dd0-eed2a6e44220.info" returned: 0 in 0.716s {{(pid=87273) execute /opt/stack/data/venv/lib/python3.12/site-packages/oslo_concurrency/processutils.py:468}}
Jul 06 21:06:11 devstack cinder-volume[87273]: WARNING cinder.volume.drivers.remotefs [None req-db0debc8-4fa2-4445-9aab-bdd1223840d2 tempest-GroupsV314Test-1384768525 None] /opt/stack/data/cinder/mnt/6e16076c95f2cf9bf8fb165be3aed2c4/volume-ef704141-7c03-4357-9dd0-eed2a6e44220.info is being set with open permissions: ugo+rw: NotImplementedError
Jul 06 21:06:11 devstack cinder-volume[87273]: DEBUG oslo_concurrency.processutils [None req-db0debc8-4fa2-4445-9aab-bdd1223840d2 tempest-GroupsV314Test-1384768525 None] Running cmd (subprocess): sudo cinder-rootwrap /etc/cinder/rootwrap.conf chmod ugo+rw /opt/stack/data/cinder/mnt/6e16076c95f2cf9bf8fb165be3aed2c4/volume-ef704141-7c03-4357-9dd0-eed2a6e44220.info {{(pid=87273) execute /opt/stack/data/venv/lib/python3.12/site-packages/oslo_concurrency/processutils.py:440}}
Jul 06 21:06:11 devstack sudo[89300]: quobyte : PWD=/ ; USER=root ; COMMAND=/opt/stack/data/venv/bin/cinder-rootwrap /etc/cinder/rootwrap.conf chmod ugo+rw /opt/stack/data/cinder/mnt/6e16076c95f2cf9bf8fb165be3aed2c4/volume-ef704141-7c03-4357-9dd0-eed2a6e44220.info
Jul 06 21:06:11 devstack sudo[89300]: pam_unix(sudo:session): session opened for user root(uid=0) by (uid=1000)
Jul 06 21:06:12 devstack sudo[89300]: pam_unix(sudo:session): session closed for user root
Jul 06 21:06:12 devstack cinder-volume[87273]: DEBUG oslo_concurrency.processutils [None req-db0debc8-4fa2-4445-9aab-bdd1223840d2 tempest-GroupsV314Test-1384768525 None] CMD "sudo cinder-rootwrap /etc/cinder/rootwrap.conf chmod ugo+rw /opt/stack/data/cinder/mnt/6e16076c95f2cf9bf8fb165be3aed2c4/volume-ef704141-7c03-4357-9dd0-eed2a6e44220.info" returned: 0 in 0.649s {{(pid=87273) execute /opt/stack/data/venv/lib/python3.12/site-packages/oslo_concurrency/processutils.py:468}}
Jul 06 21:06:12 devstack cinder-volume[87273]: DEBUG cinder.coordination [None req-db0debc8-4fa2-4445-9aab-bdd1223840d2 tempest-GroupsV314Test-1384768525 None] Acquiring lock "cinder-quobyte-bc8eb592-9d45-4833-b5be-a8c0a8129941" by "_copy_volume_from_snapshot" {{(pid=87273) __acquire /opt/stack/cinder/cinder/coordination.py:138}}
Jul 06 21:06:12 devstack cinder-volume[87273]: DEBUG cinder.coordination [None req-db0debc8-4fa2-4445-9aab-bdd1223840d2 tempest-GroupsV314Test-1384768525 None] Lock "cinder-quobyte-bc8eb592-9d45-4833-b5be-a8c0a8129941" acquired by "_copy_volume_from_snapshot" :: waited 0.020s {{(pid=87273) __acquire /opt/stack/cinder/cinder/coordination.py:141}}
Jul 06 21:06:12 devstack cinder-volume[87273]: DEBUG cinder.volume.drivers.quobyte [None req-db0debc8-4fa2-4445-9aab-bdd1223840d2 tempest-GroupsV314Test-1384768525 None] snapshot: b469fa8c-9e07-4dd7-a80e-e1ce42546189, volume: bc8eb592-9d45-4833-b5be-a8c0a8129941, {{(pid=87273) _copy_volume_from_snapshot /opt/stack/cinder/cinder/volume/drivers/quobyte.py:401}}
Jul 06 21:06:12 devstack cinder-volume[87273]: DEBUG oslo_concurrency.lockutils [None req-db0debc8-4fa2-4445-9aab-bdd1223840d2 tempest-GroupsV314Test-1384768525 None] Acquiring lock "quobyte_ensure" by "cinder.volume.drivers.quobyte.QuobyteDriver._ensure_shares_mounted" {{(pid=87273) inner /opt/stack/data/venv/lib/python3.12/site-packages/oslo_concurrency/lockutils.py:511}}
Jul 06 21:06:12 devstack cinder-volume[87273]: DEBUG oslo_concurrency.lockutils [None req-db0debc8-4fa2-4445-9aab-bdd1223840d2 tempest-GroupsV314Test-1384768525 None] Lock "quobyte_ensure" acquired by "cinder.volume.drivers.quobyte.QuobyteDriver._ensure_shares_mounted" :: waited 0.001s {{(pid=87273) inner /opt/stack/data/venv/lib/python3.12/site-packages/oslo_concurrency/lockutils.py:524}}
Jul 06 21:06:12 devstack cinder-volume[87273]: DEBUG cinder.volume.drivers.quobyte [None req-db0debc8-4fa2-4445-9aab-bdd1223840d2 tempest-GroupsV314Test-1384768525 None] Quobyte Volume URL set to: {'osci02.corp.quobyte.com/cinder-vol-81316baf-f2fa-453f-ab7c-0628816f4c6f': None} {{(pid=87273) _load_shares_config /opt/stack/cinder/cinder/volume/drivers/quobyte.py:617}}
Jul 06 21:06:12 devstack cinder-volume[87273]: DEBUG cinder.volume.drivers.quobyte [None req-db0debc8-4fa2-4445-9aab-bdd1223840d2 tempest-GroupsV314Test-1384768525 None] Available shares ['osci02.corp.quobyte.com/cinder-vol-81316baf-f2fa-453f-ab7c-0628816f4c6f'] {{(pid=87273) _ensure_shares_mounted /opt/stack/cinder/cinder/volume/drivers/quobyte.py:647}}
Jul 06 21:06:12 devstack cinder-volume[87273]: DEBUG oslo_concurrency.lockutils [None req-db0debc8-4fa2-4445-9aab-bdd1223840d2 tempest-GroupsV314Test-1384768525 None] Lock "quobyte_ensure" "released" by "cinder.volume.drivers.quobyte.QuobyteDriver._ensure_shares_mounted" :: held 0.005s {{(pid=87273) inner /opt/stack/data/venv/lib/python3.12/site-packages/oslo_concurrency/lockutils.py:543}}
Jul 06 21:06:12 devstack cinder-volume[87273]: DEBUG oslo.privsep.daemon [-] privsep: reply[e6f2ae33-7f34-409d-a61f-fd9e316be415]: (4, 'qcow2') {{(pid=88011) _call_back /opt/stack/data/venv/lib/python3.12/site-packages/oslo_privsep/daemon.py:580}}
Jul 06 21:06:12 devstack cinder-volume[87273]: DEBUG oslo_concurrency.processutils [None req-db0debc8-4fa2-4445-9aab-bdd1223840d2 tempest-GroupsV314Test-1384768525 None] Running cmd (subprocess): /opt/stack/data/venv/bin/python3.12 -m oslo_concurrency.prlimit --as=1073741824 --cpu=60 -- sudo cinder-rootwrap /etc/cinder/rootwrap.conf env LC_ALL=C qemu-img info -f qcow2 --output=json --force-share /opt/stack/data/cinder/mnt/6e16076c95f2cf9bf8fb165be3aed2c4/volume-ef704141-7c03-4357-9dd0-eed2a6e44220.b469fa8c-9e07-4dd7-a80e-e1ce42546189 {{(pid=87273) execute /opt/stack/data/venv/lib/python3.12/site-packages/oslo_concurrency/processutils.py:440}}
Jul 06 21:06:12 devstack sudo[89303]: quobyte : PWD=/ ; USER=root ; COMMAND=/opt/stack/data/venv/bin/cinder-rootwrap /etc/cinder/rootwrap.conf env LC_ALL=C qemu-img info -f qcow2 --output=json --force-share /opt/stack/data/cinder/mnt/6e16076c95f2cf9bf8fb165be3aed2c4/volume-ef704141-7c03-4357-9dd0-eed2a6e44220.b469fa8c-9e07-4dd7-a80e-e1ce42546189
Jul 06 21:06:12 devstack sudo[89303]: pam_unix(sudo:session): session opened for user root(uid=0) by (uid=1000)
Jul 06 21:06:12 devstack sudo[89303]: pam_unix(sudo:session): session closed for user root
Jul 06 21:06:12 devstack cinder-volume[87273]: DEBUG oslo_concurrency.processutils [None req-db0debc8-4fa2-4445-9aab-bdd1223840d2 tempest-GroupsV314Test-1384768525 None] CMD "/opt/stack/data/venv/bin/python3.12 -m oslo_concurrency.prlimit --as=1073741824 --cpu=60 -- sudo cinder-rootwrap /etc/cinder/rootwrap.conf env LC_ALL=C qemu-img info -f qcow2 --output=json --force-share /opt/stack/data/cinder/mnt/6e16076c95f2cf9bf8fb165be3aed2c4/volume-ef704141-7c03-4357-9dd0-eed2a6e44220.b469fa8c-9e07-4dd7-a80e-e1ce42546189" returned: 0 in 0.786s {{(pid=87273) execute /opt/stack/data/venv/lib/python3.12/site-packages/oslo_concurrency/processutils.py:468}}
Jul 06 21:06:12 devstack cinder-volume[87273]: DEBUG cinder.volume.drivers.remotefs [None req-db0debc8-4fa2-4445-9aab-bdd1223840d2 tempest-GroupsV314Test-1384768525 None] Fetching qemu-img info with special backing_file_template: (/opt/stack/data/cinder/mnt/[0-9a-f]+/)?(volume-ef704141-7c03-4357-9dd0-eed2a6e44220(.(tmp-snap-)?[0-9a-f-]+)?|volume_from_snapshot_cache/(tmp-snap-)?[0-9a-f-]+(.(child-|parent-)[0-9a-f-]+)?)$ {{(pid=87273) _qemu_img_info_base /opt/stack/cinder/cinder/volume/drivers/remotefs.py:896}}
Jul 06 21:06:12 devstack cinder-volume[87273]: DEBUG cinder.volume.drivers.quobyte [None req-db0debc8-4fa2-4445-9aab-bdd1223840d2 tempest-GroupsV314Test-1384768525 None] will copy from snapshot at /opt/stack/data/cinder/mnt/6e16076c95f2cf9bf8fb165be3aed2c4/volume-ef704141-7c03-4357-9dd0-eed2a6e44220 {{(pid=87273) _copy_volume_from_snapshot /opt/stack/cinder/cinder/volume/drivers/quobyte.py:420}}
Jul 06 21:06:12 devstack cinder-volume[87273]: DEBUG cinder.volume.drivers.quobyte [None req-db0debc8-4fa2-4445-9aab-bdd1223840d2 tempest-GroupsV314Test-1384768525 None] Creating direct copy from snapshot {{(pid=87273) _copy_volume_from_snapshot /opt/stack/cinder/cinder/volume/drivers/quobyte.py:428}}
Jul 06 21:06:12 devstack cinder-volume[87273]: DEBUG oslo.privsep.daemon [-] privsep: reply[9758fbbf-f098-4488-ac07-bfee34264bae]: (4, 'qcow2') {{(pid=88011) _call_back /opt/stack/data/venv/lib/python3.12/site-packages/oslo_privsep/daemon.py:580}}
Jul 06 21:06:12 devstack cinder-volume[87273]: DEBUG oslo_concurrency.processutils [None req-db0debc8-4fa2-4445-9aab-bdd1223840d2 tempest-GroupsV314Test-1384768525 None] Running cmd (subprocess): /opt/stack/data/venv/bin/python3.12 -m oslo_concurrency.prlimit --as=1073741824 --cpu=60 -- sudo cinder-rootwrap /etc/cinder/rootwrap.conf env LC_ALL=C qemu-img info -f qcow2 --output=json /opt/stack/data/cinder/mnt/6e16076c95f2cf9bf8fb165be3aed2c4/volume-ef704141-7c03-4357-9dd0-eed2a6e44220 {{(pid=87273) execute /opt/stack/data/venv/lib/python3.12/site-packages/oslo_concurrency/processutils.py:440}}
Jul 06 21:06:13 devstack sudo[89308]: quobyte : PWD=/ ; USER=root ; COMMAND=/opt/stack/data/venv/bin/cinder-rootwrap /etc/cinder/rootwrap.conf env LC_ALL=C qemu-img info -f qcow2 --output=json /opt/stack/data/cinder/mnt/6e16076c95f2cf9bf8fb165be3aed2c4/volume-ef704141-7c03-4357-9dd0-eed2a6e44220
Jul 06 21:06:13 devstack sudo[89308]: pam_unix(sudo:session): session opened for user root(uid=0) by (uid=1000)
Jul 06 21:06:13 devstack sudo[89308]: pam_unix(sudo:session): session closed for user root
Jul 06 21:06:13 devstack cinder-volume[87273]: DEBUG oslo_concurrency.processutils [None req-db0debc8-4fa2-4445-9aab-bdd1223840d2 tempest-GroupsV314Test-1384768525 None] CMD "/opt/stack/data/venv/bin/python3.12 -m oslo_concurrency.prlimit --as=1073741824 --cpu=60 -- sudo cinder-rootwrap /etc/cinder/rootwrap.conf env LC_ALL=C qemu-img info -f qcow2 --output=json /opt/stack/data/cinder/mnt/6e16076c95f2cf9bf8fb165be3aed2c4/volume-ef704141-7c03-4357-9dd0-eed2a6e44220" returned: 0 in 0.811s {{(pid=87273) execute /opt/stack/data/venv/lib/python3.12/site-packages/oslo_concurrency/processutils.py:468}}
Jul 06 21:06:13 devstack cinder-volume[87273]: DEBUG cinder.utils [None req-db0debc8-4fa2-4445-9aab-bdd1223840d2 tempest-GroupsV314Test-1384768525 None] Path /opt/stack/data/cinder/mnt/6e16076c95f2cf9bf8fb165be3aed2c4/volume-bc8eb592-9d45-4833-b5be-a8c0a8129941 not found in is_blk_device check {{(pid=87273) is_blk_device /opt/stack/cinder/cinder/utils.py:615}}
Jul 06 21:06:13 devstack cinder-volume[87273]: DEBUG oslo_concurrency.processutils [None req-db0debc8-4fa2-4445-9aab-bdd1223840d2 tempest-GroupsV314Test-1384768525 None] Running cmd (subprocess): sudo cinder-rootwrap /etc/cinder/rootwrap.conf qemu-img convert -O qcow2 /opt/stack/data/cinder/mnt/6e16076c95f2cf9bf8fb165be3aed2c4/volume-ef704141-7c03-4357-9dd0-eed2a6e44220 /opt/stack/data/cinder/mnt/6e16076c95f2cf9bf8fb165be3aed2c4/volume-bc8eb592-9d45-4833-b5be-a8c0a8129941 {{(pid=87273) execute /opt/stack/data/venv/lib/python3.12/site-packages/oslo_concurrency/processutils.py:440}}
Jul 06 21:06:13 devstack sudo[89314]: quobyte : PWD=/ ; USER=root ; COMMAND=/opt/stack/data/venv/bin/cinder-rootwrap /etc/cinder/rootwrap.conf qemu-img convert -O qcow2 /opt/stack/data/cinder/mnt/6e16076c95f2cf9bf8fb165be3aed2c4/volume-ef704141-7c03-4357-9dd0-eed2a6e44220 /opt/stack/data/cinder/mnt/6e16076c95f2cf9bf8fb165be3aed2c4/volume-bc8eb592-9d45-4833-b5be-a8c0a8129941
Jul 06 21:06:13 devstack sudo[89314]: pam_unix(sudo:session): session opened for user root(uid=0) by (uid=1000)
Jul 06 21:06:19 devstack sudo[89314]: pam_unix(sudo:session): session closed for user root
Jul 06 21:06:19 devstack cinder-volume[87273]: DEBUG oslo_concurrency.processutils [None req-db0debc8-4fa2-4445-9aab-bdd1223840d2 tempest-GroupsV314Test-1384768525 None] CMD "sudo cinder-rootwrap /etc/cinder/rootwrap.conf qemu-img convert -O qcow2 /opt/stack/data/cinder/mnt/6e16076c95f2cf9bf8fb165be3aed2c4/volume-ef704141-7c03-4357-9dd0-eed2a6e44220 /opt/stack/data/cinder/mnt/6e16076c95f2cf9bf8fb165be3aed2c4/volume-bc8eb592-9d45-4833-b5be-a8c0a8129941" returned: 0 in 5.497s {{(pid=87273) execute /opt/stack/data/venv/lib/python3.12/site-packages/oslo_concurrency/processutils.py:468}}
Jul 06 21:06:19 devstack cinder-volume[87273]: DEBUG oslo.privsep.daemon [-] privsep: reply[dfef01f7-c5e4-42fd-be6b-fcdcb1a43fa9]: (4, 'qcow2') {{(pid=88011) _call_back /opt/stack/data/venv/lib/python3.12/site-packages/oslo_privsep/daemon.py:580}}
Jul 06 21:06:19 devstack cinder-volume[87273]: DEBUG oslo_concurrency.processutils [None req-db0debc8-4fa2-4445-9aab-bdd1223840d2 tempest-GroupsV314Test-1384768525 None] Running cmd (subprocess): /opt/stack/data/venv/bin/python3.12 -m oslo_concurrency.prlimit --as=1073741824 --cpu=60 -- sudo cinder-rootwrap /etc/cinder/rootwrap.conf env LC_ALL=C qemu-img info -f qcow2 --output=json /opt/stack/data/cinder/mnt/6e16076c95f2cf9bf8fb165be3aed2c4/volume-ef704141-7c03-4357-9dd0-eed2a6e44220 {{(pid=87273) execute /opt/stack/data/venv/lib/python3.12/site-packages/oslo_concurrency/processutils.py:440}}
Jul 06 21:06:19 devstack sudo[89348]: quobyte : PWD=/ ; USER=root ; COMMAND=/opt/stack/data/venv/bin/cinder-rootwrap /etc/cinder/rootwrap.conf env LC_ALL=C qemu-img info -f qcow2 --output=json /opt/stack/data/cinder/mnt/6e16076c95f2cf9bf8fb165be3aed2c4/volume-ef704141-7c03-4357-9dd0-eed2a6e44220
Jul 06 21:06:19 devstack sudo[89348]: pam_unix(sudo:session): session opened for user root(uid=0) by (uid=1000)
Jul 06 21:06:20 devstack sudo[89348]: pam_unix(sudo:session): session closed for user root
Jul 06 21:06:20 devstack cinder-volume[87273]: DEBUG oslo_concurrency.processutils [None req-db0debc8-4fa2-4445-9aab-bdd1223840d2 tempest-GroupsV314Test-1384768525 None] CMD "/opt/stack/data/venv/bin/python3.12 -m oslo_concurrency.prlimit --as=1073741824 --cpu=60 -- sudo cinder-rootwrap /etc/cinder/rootwrap.conf env LC_ALL=C qemu-img info -f qcow2 --output=json /opt/stack/data/cinder/mnt/6e16076c95f2cf9bf8fb165be3aed2c4/volume-ef704141-7c03-4357-9dd0-eed2a6e44220" returned: 0 in 0.898s {{(pid=87273) execute /opt/stack/data/venv/lib/python3.12/site-packages/oslo_concurrency/processutils.py:468}}
Jul 06 21:06:20 devstack cinder-volume[87273]: DEBUG cinder.image.image_utils [None req-db0debc8-4fa2-4445-9aab-bdd1223840d2 tempest-GroupsV314Test-1384768525 None] Image conversion details: src /opt/stack/data/cinder/mnt/6e16076c95f2cf9bf8fb165be3aed2c4/volume-ef704141-7c03-4357-9dd0-eed2a6e44220, size 1024.00 MB, duration 5.50 sec, destination /opt/stack/data/cinder/mnt/6e16076c95f2cf9bf8fb165be3aed2c4/volume-bc8eb592-9d45-4833-b5be-a8c0a8129941 {{(pid=87273) _convert_image /opt/stack/cinder/cinder/image/image_utils.py:536}}
Jul 06 21:06:20 devstack cinder-volume[87273]: INFO cinder.image.image_utils [None req-db0debc8-4fa2-4445-9aab-bdd1223840d2 tempest-GroupsV314Test-1384768525 None] Converted 1024.00 MB image at 186.25 MB/s
Jul 06 21:06:20 devstack cinder-volume[87273]: WARNING cinder.volume.drivers.remotefs [None req-db0debc8-4fa2-4445-9aab-bdd1223840d2 tempest-GroupsV314Test-1384768525 None] /opt/stack/data/cinder/mnt/6e16076c95f2cf9bf8fb165be3aed2c4/volume-bc8eb592-9d45-4833-b5be-a8c0a8129941 is being set with open permissions: ugo+rw: NotImplementedError
Jul 06 21:06:20 devstack cinder-volume[87273]: DEBUG oslo_concurrency.processutils [None req-db0debc8-4fa2-4445-9aab-bdd1223840d2 tempest-GroupsV314Test-1384768525 None] Running cmd (subprocess): sudo cinder-rootwrap /etc/cinder/rootwrap.conf chmod ugo+rw /opt/stack/data/cinder/mnt/6e16076c95f2cf9bf8fb165be3aed2c4/volume-bc8eb592-9d45-4833-b5be-a8c0a8129941 {{(pid=87273) execute /opt/stack/data/venv/lib/python3.12/site-packages/oslo_concurrency/processutils.py:440}}
Jul 06 21:06:20 devstack sudo[89353]: quobyte : PWD=/ ; USER=root ; COMMAND=/opt/stack/data/venv/bin/cinder-rootwrap /etc/cinder/rootwrap.conf chmod ugo+rw /opt/stack/data/cinder/mnt/6e16076c95f2cf9bf8fb165be3aed2c4/volume-bc8eb592-9d45-4833-b5be-a8c0a8129941
Jul 06 21:06:20 devstack sudo[89353]: pam_unix(sudo:session): session opened for user root(uid=0) by (uid=1000)
Jul 06 21:06:20 devstack cinder-volume[87273]: DEBUG dbcounter [-] [87273] Writing DB stats cinder:UPDATE=82,cinder:SELECT=69,cinder:INSERT=21,cinder:DELETE=3 {{(pid=87273) stat_writer /opt/stack/data/venv/lib/python3.12/site-packages/dbcounter.py:115}}
Jul 06 21:06:20 devstack cinder-volume[87273]: DEBUG dbcounter [-] [87273] Writing DB stats cinder:DELETE=6,cinder:UPDATE=80,cinder:SELECT=82,cinder:INSERT=17 {{(pid=87273) stat_writer /opt/stack/data/venv/lib/python3.12/site-packages/dbcounter.py:115}}
Jul 06 21:06:21 devstack sudo[89353]: pam_unix(sudo:session): session closed for user root
Jul 06 21:06:21 devstack cinder-volume[87273]: DEBUG oslo_concurrency.processutils [None req-db0debc8-4fa2-4445-9aab-bdd1223840d2 tempest-GroupsV314Test-1384768525 None] CMD "sudo cinder-rootwrap /etc/cinder/rootwrap.conf chmod ugo+rw /opt/stack/data/cinder/mnt/6e16076c95f2cf9bf8fb165be3aed2c4/volume-bc8eb592-9d45-4833-b5be-a8c0a8129941" returned: 0 in 0.827s {{(pid=87273) execute /opt/stack/data/venv/lib/python3.12/site-packages/oslo_concurrency/processutils.py:468}}
Jul 06 21:06:21 devstack cinder-volume[87273]: DEBUG cinder.coordination [None req-db0debc8-4fa2-4445-9aab-bdd1223840d2 tempest-GroupsV314Test-1384768525 None] Lock "cinder-quobyte-bc8eb592-9d45-4833-b5be-a8c0a8129941" released by "_copy_volume_from_snapshot" :: held 8.911s {{(pid=87273) __release /opt/stack/cinder/cinder/coordination.py:152}}
Jul 06 21:06:21 devstack cinder-volume[87273]: DEBUG cinder.coordination [None req-db0debc8-4fa2-4445-9aab-bdd1223840d2 tempest-GroupsV314Test-1384768525 None] Acquiring lock "cinder-quobyte-b469fa8c-9e07-4dd7-a80e-e1ce42546189" by "_delete_snapshot" {{(pid=87273) __acquire /opt/stack/cinder/cinder/coordination.py:138}}
Jul 06 21:06:21 devstack cinder-volume[87273]: DEBUG cinder.coordination [None req-db0debc8-4fa2-4445-9aab-bdd1223840d2 tempest-GroupsV314Test-1384768525 None] Lock "cinder-quobyte-b469fa8c-9e07-4dd7-a80e-e1ce42546189" acquired by "_delete_snapshot" :: waited 0.017s {{(pid=87273) __acquire /opt/stack/cinder/cinder/coordination.py:141}}
Jul 06 21:06:21 devstack cinder-volume[87273]: DEBUG cinder.volume.drivers.remotefs [None req-db0debc8-4fa2-4445-9aab-bdd1223840d2 tempest-GroupsV314Test-1384768525 None] Deleting offline snapshot b469fa8c-9e07-4dd7-a80e-e1ce42546189 of volume ef704141-7c03-4357-9dd0-eed2a6e44220 {{(pid=87273) _delete_snapshot /opt/stack/cinder/cinder/volume/drivers/remotefs.py:1288}}
Jul 06 21:06:21 devstack cinder-volume[87273]: DEBUG cinder.volume.drivers.remotefs [None req-db0debc8-4fa2-4445-9aab-bdd1223840d2 tempest-GroupsV314Test-1384768525 None] snapshot_file for this snap is: volume-ef704141-7c03-4357-9dd0-eed2a6e44220.b469fa8c-9e07-4dd7-a80e-e1ce42546189 {{(pid=87273) _delete_snapshot /opt/stack/cinder/cinder/volume/drivers/remotefs.py:1317}}
Jul 06 21:06:21 devstack cinder-volume[87273]: DEBUG oslo.privsep.daemon [-] privsep: reply[5c90679a-3b04-4c30-ad15-e73e5891b2a8]: (4, 'qcow2') {{(pid=88011) _call_back /opt/stack/data/venv/lib/python3.12/site-packages/oslo_privsep/daemon.py:580}}
Jul 06 21:06:21 devstack cinder-volume[87273]: DEBUG oslo_concurrency.processutils [None req-db0debc8-4fa2-4445-9aab-bdd1223840d2 tempest-GroupsV314Test-1384768525 None] Running cmd (subprocess): /opt/stack/data/venv/bin/python3.12 -m oslo_concurrency.prlimit --as=1073741824 --cpu=60 -- sudo cinder-rootwrap /etc/cinder/rootwrap.conf env LC_ALL=C qemu-img info -f qcow2 --output=json --force-share /opt/stack/data/cinder/mnt/6e16076c95f2cf9bf8fb165be3aed2c4/volume-ef704141-7c03-4357-9dd0-eed2a6e44220.b469fa8c-9e07-4dd7-a80e-e1ce42546189 {{(pid=87273) execute /opt/stack/data/venv/lib/python3.12/site-packages/oslo_concurrency/processutils.py:440}}
Jul 06 21:06:21 devstack sudo[89378]: quobyte : PWD=/ ; USER=root ; COMMAND=/opt/stack/data/venv/bin/cinder-rootwrap /etc/cinder/rootwrap.conf env LC_ALL=C qemu-img info -f qcow2 --output=json --force-share /opt/stack/data/cinder/mnt/6e16076c95f2cf9bf8fb165be3aed2c4/volume-ef704141-7c03-4357-9dd0-eed2a6e44220.b469fa8c-9e07-4dd7-a80e-e1ce42546189
Jul 06 21:06:21 devstack sudo[89378]: pam_unix(sudo:session): session opened for user root(uid=0) by (uid=1000)
Jul 06 21:06:21 devstack sudo[89378]: pam_unix(sudo:session): session closed for user root
Jul 06 21:06:21 devstack cinder-volume[87273]: DEBUG oslo_concurrency.processutils [None req-db0debc8-4fa2-4445-9aab-bdd1223840d2 tempest-GroupsV314Test-1384768525 None] CMD "/opt/stack/data/venv/bin/python3.12 -m oslo_concurrency.prlimit --as=1073741824 --cpu=60 -- sudo cinder-rootwrap /etc/cinder/rootwrap.conf env LC_ALL=C qemu-img info -f qcow2 --output=json --force-share /opt/stack/data/cinder/mnt/6e16076c95f2cf9bf8fb165be3aed2c4/volume-ef704141-7c03-4357-9dd0-eed2a6e44220.b469fa8c-9e07-4dd7-a80e-e1ce42546189" returned: 0 in 0.739s {{(pid=87273) execute /opt/stack/data/venv/lib/python3.12/site-packages/oslo_concurrency/processutils.py:468}}
Jul 06 21:06:21 devstack cinder-volume[87273]: DEBUG cinder.volume.drivers.remotefs [None req-db0debc8-4fa2-4445-9aab-bdd1223840d2 tempest-GroupsV314Test-1384768525 None] Fetching qemu-img info with special backing_file_template: (/opt/stack/data/cinder/mnt/[0-9a-f]+/)?(volume-ef704141-7c03-4357-9dd0-eed2a6e44220(.(tmp-snap-)?[0-9a-f-]+)?|volume_from_snapshot_cache/(tmp-snap-)?[0-9a-f-]+(.(child-|parent-)[0-9a-f-]+)?)$ {{(pid=87273) _qemu_img_info_base /opt/stack/cinder/cinder/volume/drivers/remotefs.py:896}}
Jul 06 21:06:21 devstack cinder-volume[87273]: DEBUG oslo.privsep.daemon [-] privsep: reply[8fce83bf-68cb-41b0-a98f-c9fd251081e9]: (4, 'qcow2') {{(pid=88011) _call_back /opt/stack/data/venv/lib/python3.12/site-packages/oslo_privsep/daemon.py:580}}
Jul 06 21:06:21 devstack cinder-volume[87273]: DEBUG oslo_concurrency.processutils [None req-db0debc8-4fa2-4445-9aab-bdd1223840d2 tempest-GroupsV314Test-1384768525 None] Running cmd (subprocess): /opt/stack/data/venv/bin/python3.12 -m oslo_concurrency.prlimit --as=1073741824 --cpu=60 -- sudo cinder-rootwrap /etc/cinder/rootwrap.conf env LC_ALL=C qemu-img info -f qcow2 --output=json --force-share /opt/stack/data/cinder/mnt/6e16076c95f2cf9bf8fb165be3aed2c4/volume-ef704141-7c03-4357-9dd0-eed2a6e44220 {{(pid=87273) execute /opt/stack/data/venv/lib/python3.12/site-packages/oslo_concurrency/processutils.py:440}}
Jul 06 21:06:21 devstack sudo[89384]: quobyte : PWD=/ ; USER=root ; COMMAND=/opt/stack/data/venv/bin/cinder-rootwrap /etc/cinder/rootwrap.conf env LC_ALL=C qemu-img info -f qcow2 --output=json --force-share /opt/stack/data/cinder/mnt/6e16076c95f2cf9bf8fb165be3aed2c4/volume-ef704141-7c03-4357-9dd0-eed2a6e44220
Jul 06 21:06:21 devstack sudo[89384]: pam_unix(sudo:session): session opened for user root(uid=0) by (uid=1000)
Jul 06 21:06:22 devstack sudo[89384]: pam_unix(sudo:session): session closed for user root
Jul 06 21:06:22 devstack cinder-volume[87273]: DEBUG oslo_concurrency.processutils [None req-db0debc8-4fa2-4445-9aab-bdd1223840d2 tempest-GroupsV314Test-1384768525 None] CMD "/opt/stack/data/venv/bin/python3.12 -m oslo_concurrency.prlimit --as=1073741824 --cpu=60 -- sudo cinder-rootwrap /etc/cinder/rootwrap.conf env LC_ALL=C qemu-img info -f qcow2 --output=json --force-share /opt/stack/data/cinder/mnt/6e16076c95f2cf9bf8fb165be3aed2c4/volume-ef704141-7c03-4357-9dd0-eed2a6e44220" returned: 0 in 0.758s {{(pid=87273) execute /opt/stack/data/venv/lib/python3.12/site-packages/oslo_concurrency/processutils.py:468}}
Jul 06 21:06:22 devstack cinder-volume[87273]: DEBUG oslo_concurrency.processutils [None req-db0debc8-4fa2-4445-9aab-bdd1223840d2 tempest-GroupsV314Test-1384768525 None] Running cmd (subprocess): sudo cinder-rootwrap /etc/cinder/rootwrap.conf qemu-img commit -d /opt/stack/data/cinder/mnt/6e16076c95f2cf9bf8fb165be3aed2c4/volume-ef704141-7c03-4357-9dd0-eed2a6e44220.b469fa8c-9e07-4dd7-a80e-e1ce42546189 {{(pid=87273) execute /opt/stack/data/venv/lib/python3.12/site-packages/oslo_concurrency/processutils.py:440}}
Jul 06 21:06:22 devstack sudo[89409]: quobyte : PWD=/ ; USER=root ; COMMAND=/opt/stack/data/venv/bin/cinder-rootwrap /etc/cinder/rootwrap.conf qemu-img commit -d /opt/stack/data/cinder/mnt/6e16076c95f2cf9bf8fb165be3aed2c4/volume-ef704141-7c03-4357-9dd0-eed2a6e44220.b469fa8c-9e07-4dd7-a80e-e1ce42546189
Jul 06 21:06:22 devstack sudo[89409]: pam_unix(sudo:session): session opened for user root(uid=0) by (uid=1000)
Jul 06 21:06:23 devstack sudo[89409]: pam_unix(sudo:session): session closed for user root
Jul 06 21:06:23 devstack cinder-volume[87273]: DEBUG oslo_concurrency.processutils [None req-db0debc8-4fa2-4445-9aab-bdd1223840d2 tempest-GroupsV314Test-1384768525 None] CMD "sudo cinder-rootwrap /etc/cinder/rootwrap.conf qemu-img commit -d /opt/stack/data/cinder/mnt/6e16076c95f2cf9bf8fb165be3aed2c4/volume-ef704141-7c03-4357-9dd0-eed2a6e44220.b469fa8c-9e07-4dd7-a80e-e1ce42546189" returned: 0 in 0.719s {{(pid=87273) execute /opt/stack/data/venv/lib/python3.12/site-packages/oslo_concurrency/processutils.py:468}}
Jul 06 21:06:23 devstack cinder-volume[87273]: DEBUG oslo_concurrency.processutils [None req-db0debc8-4fa2-4445-9aab-bdd1223840d2 tempest-GroupsV314Test-1384768525 None] Running cmd (subprocess): sudo cinder-rootwrap /etc/cinder/rootwrap.conf rm -f /opt/stack/data/cinder/mnt/6e16076c95f2cf9bf8fb165be3aed2c4/volume-ef704141-7c03-4357-9dd0-eed2a6e44220.b469fa8c-9e07-4dd7-a80e-e1ce42546189 {{(pid=87273) execute /opt/stack/data/venv/lib/python3.12/site-packages/oslo_concurrency/processutils.py:440}}
Jul 06 21:06:23 devstack sudo[89417]: quobyte : PWD=/ ; USER=root ; COMMAND=/opt/stack/data/venv/bin/cinder-rootwrap /etc/cinder/rootwrap.conf rm -f /opt/stack/data/cinder/mnt/6e16076c95f2cf9bf8fb165be3aed2c4/volume-ef704141-7c03-4357-9dd0-eed2a6e44220.b469fa8c-9e07-4dd7-a80e-e1ce42546189
Jul 06 21:06:23 devstack sudo[89417]: pam_unix(sudo:session): session opened for user root(uid=0) by (uid=1000)
Jul 06 21:06:24 devstack sudo[89417]: pam_unix(sudo:session): session closed for user root
Jul 06 21:06:24 devstack cinder-volume[87273]: DEBUG oslo_concurrency.processutils [None req-db0debc8-4fa2-4445-9aab-bdd1223840d2 tempest-GroupsV314Test-1384768525 None] CMD "sudo cinder-rootwrap /etc/cinder/rootwrap.conf rm -f /opt/stack/data/cinder/mnt/6e16076c95f2cf9bf8fb165be3aed2c4/volume-ef704141-7c03-4357-9dd0-eed2a6e44220.b469fa8c-9e07-4dd7-a80e-e1ce42546189" returned: 0 in 0.653s {{(pid=87273) execute /opt/stack/data/venv/lib/python3.12/site-packages/oslo_concurrency/processutils.py:468}}
Jul 06 21:06:24 devstack cinder-volume[87273]: DEBUG cinder.coordination [None req-db0debc8-4fa2-4445-9aab-bdd1223840d2 tempest-GroupsV314Test-1384768525 None] Lock "cinder-quobyte-b469fa8c-9e07-4dd7-a80e-e1ce42546189" released by "_delete_snapshot" :: held 2.982s {{(pid=87273) __release /opt/stack/cinder/cinder/coordination.py:152}}
Jul 06 21:06:24 devstack cinder-volume[87273]: DEBUG oslo_concurrency.lockutils [None req-db0debc8-4fa2-4445-9aab-bdd1223840d2 tempest-GroupsV314Test-1384768525 None] Lock "quobyte" "released" by "cinder.volume.drivers.quobyte.QuobyteDriver.create_cloned_volume" :: held 17.077s {{(pid=87273) inner /opt/stack/data/venv/lib/python3.12/site-packages/oslo_concurrency/lockutils.py:543}}
Jul 06 21:06:24 devstack cinder-volume[87273]: DEBUG oslo_concurrency.lockutils [None req-b465a8d2-e221-434d-a970-626e5cf10f18 tempest-GroupSnapshotsTest-1713079612 None] Lock "quobyte" acquired by "cinder.volume.drivers.quobyte.QuobyteDriver.create_volume" :: waited 15.280s {{(pid=87273) inner /opt/stack/data/venv/lib/python3.12/site-packages/oslo_concurrency/lockutils.py:524}}
