Jul 06 12:10:49 devstack cinder-volume[86706]: DEBUG cinder.volume.manager [None req-979b5ea1-6ba5-4ae1-994d-5b7e89fd9c32 tempest-VolumesListTestJSON-1763883809 None] Task 'cinder.volume.flows.manager.create_volume.ExtractVolumeSpecTask;volume:create' (f03fe6b8-f52f-4859-a279-a6fe15eb94b9) transitioned into state 'RUNNING' from state 'PENDING' {{(pid=86706) _task_receiver /opt/stack/data/venv/lib/python3.12/site-packages/taskflow/listeners/logging.py:242}}
Jul 06 12:10:49 devstack cinder-volume[86706]: DEBUG cinder.volume.manager [None req-979b5ea1-6ba5-4ae1-994d-5b7e89fd9c32 tempest-VolumesListTestJSON-1763883809 None] Task 'cinder.volume.flows.manager.create_volume.ExtractVolumeSpecTask;volume:create' (f03fe6b8-f52f-4859-a279-a6fe15eb94b9) transitioned into state 'SUCCESS' from state 'RUNNING' with result '{'status': 'creating', 'type': 'raw', 'volume_id': '2d3a3471-5538-4b03-92f3-2089c5f5a582', 'volume_name': 'volume-2d3a3471-5538-4b03-92f3-2089c5f5a582', 'volume_size': 1}' {{(pid=86706) _task_receiver /opt/stack/data/venv/lib/python3.12/site-packages/taskflow/listeners/logging.py:218}}
Jul 06 12:10:49 devstack cinder-volume[86706]: DEBUG cinder.volume.manager [None req-979b5ea1-6ba5-4ae1-994d-5b7e89fd9c32 tempest-VolumesListTestJSON-1763883809 None] Task 'cinder.volume.flows.manager.create_volume.NotifyVolumeActionTask;volume:create, create.start' (ef635448-3055-4d2b-9a4e-f7bea6f7896f) transitioned into state 'RUNNING' from state 'PENDING' {{(pid=86706) _task_receiver /opt/stack/data/venv/lib/python3.12/site-packages/taskflow/listeners/logging.py:242}}
Jul 06 12:10:49 devstack cinder-volume[86706]: DEBUG cinder.volume.manager [None req-979b5ea1-6ba5-4ae1-994d-5b7e89fd9c32 tempest-VolumesListTestJSON-1763883809 None] Task 'cinder.volume.flows.manager.create_volume.NotifyVolumeActionTask;volume:create, create.start' (ef635448-3055-4d2b-9a4e-f7bea6f7896f) transitioned into state 'SUCCESS' from state 'RUNNING' with result 'None' {{(pid=86706) _task_receiver /opt/stack/data/venv/lib/python3.12/site-packages/taskflow/listeners/logging.py:218}}
Jul 06 12:10:49 devstack cinder-volume[86706]: DEBUG cinder.volume.manager [None req-979b5ea1-6ba5-4ae1-994d-5b7e89fd9c32 tempest-VolumesListTestJSON-1763883809 None] Task 'cinder.volume.flows.manager.create_volume.CreateVolumeFromSpecTask;volume:create' (60640fcb-b45f-497b-8b9b-732494cc2d5f) transitioned into state 'RUNNING' from state 'PENDING' {{(pid=86706) _task_receiver /opt/stack/data/venv/lib/python3.12/site-packages/taskflow/listeners/logging.py:242}}
Jul 06 12:10:49 devstack cinder-volume[86706]: INFO cinder.volume.flows.manager.create_volume [None req-979b5ea1-6ba5-4ae1-994d-5b7e89fd9c32 tempest-VolumesListTestJSON-1763883809 None] Volume 2d3a3471-5538-4b03-92f3-2089c5f5a582: being created as raw with specification: {'status': 'creating', 'volume_name': 'volume-2d3a3471-5538-4b03-92f3-2089c5f5a582', 'volume_size': 1}
Jul 06 12:10:49 devstack cinder-volume[86706]: DEBUG oslo_concurrency.lockutils [None req-979b5ea1-6ba5-4ae1-994d-5b7e89fd9c32 tempest-VolumesListTestJSON-1763883809 None] Acquiring lock "quobyte" by "cinder.volume.drivers.quobyte.QuobyteDriver.create_volume" {{(pid=86706) inner /opt/stack/data/venv/lib/python3.12/site-packages/oslo_concurrency/lockutils.py:511}}
Jul 06 12:10:50 devstack sudo[91397]: pam_unix(sudo:session): session closed for user root
Jul 06 12:10:50 devstack cinder-volume[86706]: DEBUG oslo_concurrency.processutils [None req-435ec7d5-3c28-4d5e-bd87-3489a3fd25f7 tempest-AttachVolumeTestJSON-1098345016 None] CMD "sudo cinder-rootwrap /etc/cinder/rootwrap.conf chmod ugo+rw /opt/stack/data/cinder/mnt/2a1c796690070b1a61bd38adf6c81313/volume-1a2fde78-4191-4c20-98d6-759460f9e308" returned: 0 in 0.926s {{(pid=86706) execute /opt/stack/data/venv/lib/python3.12/site-packages/oslo_concurrency/processutils.py:468}}
Jul 06 12:10:50 devstack cinder-volume[86706]: DEBUG cinder.volume.drivers.quobyte [None req-435ec7d5-3c28-4d5e-bd87-3489a3fd25f7 tempest-AttachVolumeTestJSON-1098345016 None] <== create_volume: return (1980ms) {'provider_location': 'osci02.corp.quobyte.com/cinder-vol-2aecd9d1-e8c9-4275-abca-1fcabb506b5a'} {{(pid=86706) trace_logging_wrapper /opt/stack/cinder/cinder/volume/volume_utils.py:1522}}
Jul 06 12:10:50 devstack cinder-volume[86706]: DEBUG oslo_concurrency.lockutils [None req-435ec7d5-3c28-4d5e-bd87-3489a3fd25f7 tempest-AttachVolumeTestJSON-1098345016 None] Lock "quobyte" "released" by "cinder.volume.drivers.quobyte.QuobyteDriver.create_volume" :: held 1.984s {{(pid=86706) inner /opt/stack/data/venv/lib/python3.12/site-packages/oslo_concurrency/lockutils.py:543}}
Jul 06 12:10:50 devstack cinder-volume[86706]: DEBUG oslo_concurrency.lockutils [None req-eebeaa18-9abc-4ec2-be5d-c7683483f004 tempest-GroupsV314Test-1642878731 None] Lock "quobyte" acquired by "cinder.volume.drivers.quobyte.QuobyteDriver.create_cloned_volume" :: waited 1.946s {{(pid=86706) inner /opt/stack/data/venv/lib/python3.12/site-packages/oslo_concurrency/lockutils.py:524}}
Jul 06 12:10:50 devstack cinder-volume[86706]: INFO cinder.volume.drivers.remotefs [None req-eebeaa18-9abc-4ec2-be5d-c7683483f004 tempest-GroupsV314Test-1642878731 None] Cloning volume 0aeaf09c-54cc-4df5-8909-6b1ce6bfc432 to volume 6915f4d4-ac02-498c-83fb-dd7c517af950
Jul 06 12:10:50 devstack cinder-volume[86706]: DEBUG cinder.volume.manager [None req-435ec7d5-3c28-4d5e-bd87-3489a3fd25f7 tempest-AttachVolumeTestJSON-1098345016 None] Task 'cinder.volume.flows.manager.create_volume.CreateVolumeFromSpecTask;volume:create' (20932eae-84e7-43fa-b12e-aae0312b180f) transitioned into state 'SUCCESS' from state 'RUNNING' with result '{'status': 'creating', 'volume_name': 'volume-1a2fde78-4191-4c20-98d6-759460f9e308', 'volume_size': 1}' {{(pid=86706) _task_receiver /opt/stack/data/venv/lib/python3.12/site-packages/taskflow/listeners/logging.py:218}}
Jul 06 12:10:50 devstack cinder-volume[86706]: DEBUG cinder.volume.manager [None req-435ec7d5-3c28-4d5e-bd87-3489a3fd25f7 tempest-AttachVolumeTestJSON-1098345016 None] Task 'cinder.volume.flows.manager.create_volume.CreateVolumeOnFinishTask;volume:create, create.end' (7ebe974b-fa8e-44ed-8729-b81c09ad73aa) transitioned into state 'RUNNING' from state 'PENDING' {{(pid=86706) _task_receiver /opt/stack/data/venv/lib/python3.12/site-packages/taskflow/listeners/logging.py:242}}
Jul 06 12:10:50 devstack cinder-volume[86706]: INFO cinder.volume.flows.manager.create_volume [None req-435ec7d5-3c28-4d5e-bd87-3489a3fd25f7 tempest-AttachVolumeTestJSON-1098345016 None] Volume volume-1a2fde78-4191-4c20-98d6-759460f9e308 (1a2fde78-4191-4c20-98d6-759460f9e308): created successfully
Jul 06 12:10:50 devstack cinder-volume[86706]: DEBUG cinder.volume.manager [None req-435ec7d5-3c28-4d5e-bd87-3489a3fd25f7 tempest-AttachVolumeTestJSON-1098345016 None] Task 'cinder.volume.flows.manager.create_volume.CreateVolumeOnFinishTask;volume:create, create.end' (7ebe974b-fa8e-44ed-8729-b81c09ad73aa) transitioned into state 'SUCCESS' from state 'RUNNING' with result 'None' {{(pid=86706) _task_receiver /opt/stack/data/venv/lib/python3.12/site-packages/taskflow/listeners/logging.py:218}}
Jul 06 12:10:50 devstack cinder-volume[86706]: DEBUG cinder.volume.manager [None req-435ec7d5-3c28-4d5e-bd87-3489a3fd25f7 tempest-AttachVolumeTestJSON-1098345016 None] Flow 'volume_create_manager' (84cadc6d-d6c1-4d81-9ded-3cb96e1f99f5) transitioned into state 'SUCCESS' from state 'RUNNING' {{(pid=86706) _flow_receiver /opt/stack/data/venv/lib/python3.12/site-packages/taskflow/listeners/logging.py:160}}
Jul 06 12:10:50 devstack cinder-volume[86706]: DEBUG cinder.volume.drivers.remotefs [None req-eebeaa18-9abc-4ec2-be5d-c7683483f004 tempest-GroupsV314Test-1642878731 None] Creating offline snapshot da994fab-133e-4bac-954e-5ea9ca41438d of volume 0aeaf09c-54cc-4df5-8909-6b1ce6bfc432 {{(pid=86706) _create_snapshot /opt/stack/cinder/cinder/volume/drivers/remotefs.py:1816}}
Jul 06 12:10:50 devstack cinder-volume[86706]: INFO cinder.volume.manager [None req-435ec7d5-3c28-4d5e-bd87-3489a3fd25f7 tempest-AttachVolumeTestJSON-1098345016 None] Created volume successfully.
Jul 06 12:10:50 devstack cinder-volume[86706]: DEBUG oslo.privsep.daemon [-] privsep: reply[413c9ea4-4a38-4ef8-8a5e-2c5bbe56d4c9]: (4, 'qcow2') {{(pid=87232) _call_back /opt/stack/data/venv/lib/python3.12/site-packages/oslo_privsep/daemon.py:580}}
Jul 06 12:10:50 devstack cinder-volume[86706]: DEBUG oslo_concurrency.processutils [None req-eebeaa18-9abc-4ec2-be5d-c7683483f004 tempest-GroupsV314Test-1642878731 None] Running cmd (subprocess): /opt/stack/data/venv/bin/python3.12 -m oslo_concurrency.prlimit --as=1073741824 --cpu=60 -- sudo cinder-rootwrap /etc/cinder/rootwrap.conf env LC_ALL=C qemu-img info -f qcow2 --output=json --force-share /opt/stack/data/cinder/mnt/2a1c796690070b1a61bd38adf6c81313/volume-0aeaf09c-54cc-4df5-8909-6b1ce6bfc432 {{(pid=86706) execute /opt/stack/data/venv/lib/python3.12/site-packages/oslo_concurrency/processutils.py:440}}
Jul 06 12:10:50 devstack sudo[91400]: quobyte : PWD=/ ; USER=root ; COMMAND=/opt/stack/data/venv/bin/cinder-rootwrap /etc/cinder/rootwrap.conf env LC_ALL=C qemu-img info -f qcow2 --output=json --force-share /opt/stack/data/cinder/mnt/2a1c796690070b1a61bd38adf6c81313/volume-0aeaf09c-54cc-4df5-8909-6b1ce6bfc432
Jul 06 12:10:50 devstack sudo[91400]: pam_unix(sudo:session): session opened for user root(uid=0) by (uid=1000)
Jul 06 12:10:51 devstack sudo[91400]: pam_unix(sudo:session): session closed for user root
Jul 06 12:10:51 devstack cinder-volume[86706]: DEBUG oslo_concurrency.processutils [None req-eebeaa18-9abc-4ec2-be5d-c7683483f004 tempest-GroupsV314Test-1642878731 None] CMD "/opt/stack/data/venv/bin/python3.12 -m oslo_concurrency.prlimit --as=1073741824 --cpu=60 -- sudo cinder-rootwrap /etc/cinder/rootwrap.conf env LC_ALL=C qemu-img info -f qcow2 --output=json --force-share /opt/stack/data/cinder/mnt/2a1c796690070b1a61bd38adf6c81313/volume-0aeaf09c-54cc-4df5-8909-6b1ce6bfc432" returned: 0 in 0.941s {{(pid=86706) execute /opt/stack/data/venv/lib/python3.12/site-packages/oslo_concurrency/processutils.py:468}}
Jul 06 12:10:51 devstack cinder-volume[86706]: DEBUG oslo_concurrency.processutils [None req-eebeaa18-9abc-4ec2-be5d-c7683483f004 tempest-GroupsV314Test-1642878731 None] Running cmd (subprocess): sudo cinder-rootwrap /etc/cinder/rootwrap.conf qemu-img create -f qcow2 -o backing_file=/opt/stack/data/cinder/mnt/2a1c796690070b1a61bd38adf6c81313/volume-0aeaf09c-54cc-4df5-8909-6b1ce6bfc432,backing_fmt=qcow2 /opt/stack/data/cinder/mnt/2a1c796690070b1a61bd38adf6c81313/volume-0aeaf09c-54cc-4df5-8909-6b1ce6bfc432.da994fab-133e-4bac-954e-5ea9ca41438d 1G {{(pid=86706) execute /opt/stack/data/venv/lib/python3.12/site-packages/oslo_concurrency/processutils.py:440}}
Jul 06 12:10:51 devstack sudo[91411]: quobyte : PWD=/ ; USER=root ; COMMAND=/opt/stack/data/venv/bin/cinder-rootwrap /etc/cinder/rootwrap.conf qemu-img create -f qcow2 -o backing_file=/opt/stack/data/cinder/mnt/2a1c796690070b1a61bd38adf6c81313/volume-0aeaf09c-54cc-4df5-8909-6b1ce6bfc432,backing_fmt=qcow2 /opt/stack/data/cinder/mnt/2a1c796690070b1a61bd38adf6c81313/volume-0aeaf09c-54cc-4df5-8909-6b1ce6bfc432.da994fab-133e-4bac-954e-5ea9ca41438d 1G
Jul 06 12:10:51 devstack sudo[91411]: pam_unix(sudo:session): session opened for user root(uid=0) by (uid=1000)
Jul 06 12:10:51 devstack sudo[91411]: pam_unix(sudo:session): session closed for user root
Jul 06 12:10:51 devstack cinder-volume[86706]: DEBUG oslo_concurrency.processutils [None req-eebeaa18-9abc-4ec2-be5d-c7683483f004 tempest-GroupsV314Test-1642878731 None] CMD "sudo cinder-rootwrap /etc/cinder/rootwrap.conf qemu-img create -f qcow2 -o backing_file=/opt/stack/data/cinder/mnt/2a1c796690070b1a61bd38adf6c81313/volume-0aeaf09c-54cc-4df5-8909-6b1ce6bfc432,backing_fmt=qcow2 /opt/stack/data/cinder/mnt/2a1c796690070b1a61bd38adf6c81313/volume-0aeaf09c-54cc-4df5-8909-6b1ce6bfc432.da994fab-133e-4bac-954e-5ea9ca41438d 1G" returned: 0 in 0.912s {{(pid=86706) execute /opt/stack/data/venv/lib/python3.12/site-packages/oslo_concurrency/processutils.py:468}}
Jul 06 12:10:51 devstack cinder-volume[86706]: DEBUG oslo_concurrency.processutils [None req-eebeaa18-9abc-4ec2-be5d-c7683483f004 tempest-GroupsV314Test-1642878731 None] Running cmd (subprocess): sudo cinder-rootwrap /etc/cinder/rootwrap.conf qemu-img rebase -u -b volume-0aeaf09c-54cc-4df5-8909-6b1ce6bfc432 -F qcow2 /opt/stack/data/cinder/mnt/2a1c796690070b1a61bd38adf6c81313/volume-0aeaf09c-54cc-4df5-8909-6b1ce6bfc432.da994fab-133e-4bac-954e-5ea9ca41438d {{(pid=86706) execute /opt/stack/data/venv/lib/python3.12/site-packages/oslo_concurrency/processutils.py:440}}
Jul 06 12:10:52 devstack sudo[91421]: quobyte : PWD=/ ; USER=root ; COMMAND=/opt/stack/data/venv/bin/cinder-rootwrap /etc/cinder/rootwrap.conf qemu-img rebase -u -b volume-0aeaf09c-54cc-4df5-8909-6b1ce6bfc432 -F qcow2 /opt/stack/data/cinder/mnt/2a1c796690070b1a61bd38adf6c81313/volume-0aeaf09c-54cc-4df5-8909-6b1ce6bfc432.da994fab-133e-4bac-954e-5ea9ca41438d
Jul 06 12:10:52 devstack sudo[91421]: pam_unix(sudo:session): session opened for user root(uid=0) by (uid=1000)
Jul 06 12:10:52 devstack sudo[91421]: pam_unix(sudo:session): session closed for user root
Jul 06 12:10:52 devstack cinder-volume[86706]: DEBUG oslo_concurrency.processutils [None req-eebeaa18-9abc-4ec2-be5d-c7683483f004 tempest-GroupsV314Test-1642878731 None] CMD "sudo cinder-rootwrap /etc/cinder/rootwrap.conf qemu-img rebase -u -b volume-0aeaf09c-54cc-4df5-8909-6b1ce6bfc432 -F qcow2 /opt/stack/data/cinder/mnt/2a1c796690070b1a61bd38adf6c81313/volume-0aeaf09c-54cc-4df5-8909-6b1ce6bfc432.da994fab-133e-4bac-954e-5ea9ca41438d" returned: 0 in 0.705s {{(pid=86706) execute /opt/stack/data/venv/lib/python3.12/site-packages/oslo_concurrency/processutils.py:468}}
Jul 06 12:10:52 devstack cinder-volume[86706]: WARNING cinder.volume.drivers.remotefs [None req-eebeaa18-9abc-4ec2-be5d-c7683483f004 tempest-GroupsV314Test-1642878731 None] /opt/stack/data/cinder/mnt/2a1c796690070b1a61bd38adf6c81313/volume-0aeaf09c-54cc-4df5-8909-6b1ce6bfc432.da994fab-133e-4bac-954e-5ea9ca41438d is being set with open permissions: ugo+rw: NotImplementedError
Jul 06 12:10:52 devstack cinder-volume[86706]: DEBUG oslo_concurrency.processutils [None req-eebeaa18-9abc-4ec2-be5d-c7683483f004 tempest-GroupsV314Test-1642878731 None] Running cmd (subprocess): sudo cinder-rootwrap /etc/cinder/rootwrap.conf chmod ugo+rw /opt/stack/data/cinder/mnt/2a1c796690070b1a61bd38adf6c81313/volume-0aeaf09c-54cc-4df5-8909-6b1ce6bfc432.da994fab-133e-4bac-954e-5ea9ca41438d {{(pid=86706) execute /opt/stack/data/venv/lib/python3.12/site-packages/oslo_concurrency/processutils.py:440}}
Jul 06 12:10:52 devstack sudo[91427]: quobyte : PWD=/ ; USER=root ; COMMAND=/opt/stack/data/venv/bin/cinder-rootwrap /etc/cinder/rootwrap.conf chmod ugo+rw /opt/stack/data/cinder/mnt/2a1c796690070b1a61bd38adf6c81313/volume-0aeaf09c-54cc-4df5-8909-6b1ce6bfc432.da994fab-133e-4bac-954e-5ea9ca41438d
Jul 06 12:10:52 devstack sudo[91427]: pam_unix(sudo:session): session opened for user root(uid=0) by (uid=1000)
Jul 06 12:10:53 devstack sudo[91427]: pam_unix(sudo:session): session closed for user root
Jul 06 12:10:53 devstack cinder-volume[86706]: DEBUG oslo_concurrency.processutils [None req-eebeaa18-9abc-4ec2-be5d-c7683483f004 tempest-GroupsV314Test-1642878731 None] CMD "sudo cinder-rootwrap /etc/cinder/rootwrap.conf chmod ugo+rw /opt/stack/data/cinder/mnt/2a1c796690070b1a61bd38adf6c81313/volume-0aeaf09c-54cc-4df5-8909-6b1ce6bfc432.da994fab-133e-4bac-954e-5ea9ca41438d" returned: 0 in 0.710s {{(pid=86706) execute /opt/stack/data/venv/lib/python3.12/site-packages/oslo_concurrency/processutils.py:468}}
Jul 06 12:10:53 devstack cinder-volume[86706]: DEBUG dbcounter [-] [86706] Writing DB stats cinder:SELECT=53,cinder:UPDATE=59,cinder:INSERT=13,cinder:DELETE=6 {{(pid=86706) stat_writer /opt/stack/data/venv/lib/python3.12/site-packages/dbcounter.py:115}}
Jul 06 12:10:53 devstack cinder-volume[86706]: DEBUG dbcounter [-] [86706] Writing DB stats cinder:UPDATE=60,cinder:SELECT=65,cinder:INSERT=13,cinder:DELETE=3 {{(pid=86706) stat_writer /opt/stack/data/venv/lib/python3.12/site-packages/dbcounter.py:115}}
Jul 06 12:10:53 devstack cinder-volume[86706]: DEBUG oslo_concurrency.processutils [None req-eebeaa18-9abc-4ec2-be5d-c7683483f004 tempest-GroupsV314Test-1642878731 None] Running cmd (subprocess): sudo cinder-rootwrap /etc/cinder/rootwrap.conf truncate -s0 /opt/stack/data/cinder/mnt/2a1c796690070b1a61bd38adf6c81313/volume-0aeaf09c-54cc-4df5-8909-6b1ce6bfc432.info {{(pid=86706) execute /opt/stack/data/venv/lib/python3.12/site-packages/oslo_concurrency/processutils.py:440}}
Jul 06 12:10:53 devstack sudo[91432]: quobyte : PWD=/ ; USER=root ; COMMAND=/opt/stack/data/venv/bin/cinder-rootwrap /etc/cinder/rootwrap.conf truncate -s0 /opt/stack/data/cinder/mnt/2a1c796690070b1a61bd38adf6c81313/volume-0aeaf09c-54cc-4df5-8909-6b1ce6bfc432.info
Jul 06 12:10:53 devstack sudo[91432]: pam_unix(sudo:session): session opened for user root(uid=0) by (uid=1000)
Jul 06 12:10:53 devstack cinder-volume[86706]: DEBUG oslo_concurrency.lockutils [req-4cfb7144-f240-44a5-a743-03f2c8a54fcb req-67c3923e-3be4-49f6-80c2-bafa770f414c tempest-AttachVolumeTestJSON-1098345016 None] Acquiring lock "quobyte" by "cinder.volume.drivers.quobyte.QuobyteDriver.initialize_connection" {{(pid=86706) inner /opt/stack/data/venv/lib/python3.12/site-packages/oslo_concurrency/lockutils.py:511}}
Jul 06 12:10:54 devstack sudo[91432]: pam_unix(sudo:session): session closed for user root
Jul 06 12:10:54 devstack cinder-volume[86706]: DEBUG oslo_concurrency.processutils [None req-eebeaa18-9abc-4ec2-be5d-c7683483f004 tempest-GroupsV314Test-1642878731 None] CMD "sudo cinder-rootwrap /etc/cinder/rootwrap.conf truncate -s0 /opt/stack/data/cinder/mnt/2a1c796690070b1a61bd38adf6c81313/volume-0aeaf09c-54cc-4df5-8909-6b1ce6bfc432.info" returned: 0 in 0.710s {{(pid=86706) execute /opt/stack/data/venv/lib/python3.12/site-packages/oslo_concurrency/processutils.py:468}}
Jul 06 12:10:54 devstack cinder-volume[86706]: WARNING cinder.volume.drivers.remotefs [None req-eebeaa18-9abc-4ec2-be5d-c7683483f004 tempest-GroupsV314Test-1642878731 None] /opt/stack/data/cinder/mnt/2a1c796690070b1a61bd38adf6c81313/volume-0aeaf09c-54cc-4df5-8909-6b1ce6bfc432.info is being set with open permissions: ugo+rw: NotImplementedError
Jul 06 12:10:54 devstack cinder-volume[86706]: DEBUG oslo_concurrency.processutils [None req-eebeaa18-9abc-4ec2-be5d-c7683483f004 tempest-GroupsV314Test-1642878731 None] Running cmd (subprocess): sudo cinder-rootwrap /etc/cinder/rootwrap.conf chmod ugo+rw /opt/stack/data/cinder/mnt/2a1c796690070b1a61bd38adf6c81313/volume-0aeaf09c-54cc-4df5-8909-6b1ce6bfc432.info {{(pid=86706) execute /opt/stack/data/venv/lib/python3.12/site-packages/oslo_concurrency/processutils.py:440}}
Jul 06 12:10:54 devstack sudo[91453]: quobyte : PWD=/ ; USER=root ; COMMAND=/opt/stack/data/venv/bin/cinder-rootwrap /etc/cinder/rootwrap.conf chmod ugo+rw /opt/stack/data/cinder/mnt/2a1c796690070b1a61bd38adf6c81313/volume-0aeaf09c-54cc-4df5-8909-6b1ce6bfc432.info
Jul 06 12:10:54 devstack sudo[91453]: pam_unix(sudo:session): session opened for user root(uid=0) by (uid=1000)
Jul 06 12:10:54 devstack cinder-volume[86706]: DEBUG oslo_concurrency.lockutils [req-3a147314-4ec1-46a7-baa5-486ddf9cb237 req-fec599a6-4455-4364-98bf-592883896337 tempest-ServerActionsTestOtherA-402166127 None] Acquiring lock "quobyte" by "cinder.volume.drivers.quobyte.QuobyteDriver.initialize_connection" {{(pid=86706) inner /opt/stack/data/venv/lib/python3.12/site-packages/oslo_concurrency/lockutils.py:511}}
Jul 06 12:10:54 devstack sudo[91453]: pam_unix(sudo:session): session closed for user root
Jul 06 12:10:54 devstack cinder-volume[86706]: DEBUG oslo_concurrency.processutils [None req-eebeaa18-9abc-4ec2-be5d-c7683483f004 tempest-GroupsV314Test-1642878731 None] CMD "sudo cinder-rootwrap /etc/cinder/rootwrap.conf chmod ugo+rw /opt/stack/data/cinder/mnt/2a1c796690070b1a61bd38adf6c81313/volume-0aeaf09c-54cc-4df5-8909-6b1ce6bfc432.info" returned: 0 in 0.674s {{(pid=86706) execute /opt/stack/data/venv/lib/python3.12/site-packages/oslo_concurrency/processutils.py:468}}
Jul 06 12:10:54 devstack cinder-volume[86706]: DEBUG cinder.coordination [None req-eebeaa18-9abc-4ec2-be5d-c7683483f004 tempest-GroupsV314Test-1642878731 None] Acquiring lock "cinder-quobyte-6915f4d4-ac02-498c-83fb-dd7c517af950" by "_copy_volume_from_snapshot" {{(pid=86706) __acquire /opt/stack/cinder/cinder/coordination.py:138}}
Jul 06 12:10:54 devstack cinder-volume[86706]: DEBUG cinder.coordination [None req-eebeaa18-9abc-4ec2-be5d-c7683483f004 tempest-GroupsV314Test-1642878731 None] Lock "cinder-quobyte-6915f4d4-ac02-498c-83fb-dd7c517af950" acquired by "_copy_volume_from_snapshot" :: waited 0.017s {{(pid=86706) __acquire /opt/stack/cinder/cinder/coordination.py:141}}
Jul 06 12:10:54 devstack cinder-volume[86706]: DEBUG cinder.volume.drivers.quobyte [None req-eebeaa18-9abc-4ec2-be5d-c7683483f004 tempest-GroupsV314Test-1642878731 None] snapshot: da994fab-133e-4bac-954e-5ea9ca41438d, volume: 6915f4d4-ac02-498c-83fb-dd7c517af950, {{(pid=86706) _copy_volume_from_snapshot /opt/stack/cinder/cinder/volume/drivers/quobyte.py:401}}
Jul 06 12:10:54 devstack cinder-volume[86706]: DEBUG oslo_concurrency.lockutils [None req-eebeaa18-9abc-4ec2-be5d-c7683483f004 tempest-GroupsV314Test-1642878731 None] Acquiring lock "quobyte_ensure" by "cinder.volume.drivers.quobyte.QuobyteDriver._ensure_shares_mounted" {{(pid=86706) inner /opt/stack/data/venv/lib/python3.12/site-packages/oslo_concurrency/lockutils.py:511}}
Jul 06 12:10:54 devstack cinder-volume[86706]: DEBUG oslo_concurrency.lockutils [None req-eebeaa18-9abc-4ec2-be5d-c7683483f004 tempest-GroupsV314Test-1642878731 None] Lock "quobyte_ensure" acquired by "cinder.volume.drivers.quobyte.QuobyteDriver._ensure_shares_mounted" :: waited 0.001s {{(pid=86706) inner /opt/stack/data/venv/lib/python3.12/site-packages/oslo_concurrency/lockutils.py:524}}
Jul 06 12:10:54 devstack cinder-volume[86706]: DEBUG cinder.volume.drivers.quobyte [None req-eebeaa18-9abc-4ec2-be5d-c7683483f004 tempest-GroupsV314Test-1642878731 None] Quobyte Volume URL set to: {'osci02.corp.quobyte.com/cinder-vol-2aecd9d1-e8c9-4275-abca-1fcabb506b5a': None} {{(pid=86706) _load_shares_config /opt/stack/cinder/cinder/volume/drivers/quobyte.py:617}}
Jul 06 12:10:54 devstack cinder-volume[86706]: DEBUG cinder.volume.drivers.quobyte [None req-eebeaa18-9abc-4ec2-be5d-c7683483f004 tempest-GroupsV314Test-1642878731 None] Available shares ['osci02.corp.quobyte.com/cinder-vol-2aecd9d1-e8c9-4275-abca-1fcabb506b5a'] {{(pid=86706) _ensure_shares_mounted /opt/stack/cinder/cinder/volume/drivers/quobyte.py:647}}
Jul 06 12:10:54 devstack cinder-volume[86706]: DEBUG oslo_concurrency.lockutils [None req-eebeaa18-9abc-4ec2-be5d-c7683483f004 tempest-GroupsV314Test-1642878731 None] Lock "quobyte_ensure" "released" by "cinder.volume.drivers.quobyte.QuobyteDriver._ensure_shares_mounted" :: held 0.008s {{(pid=86706) inner /opt/stack/data/venv/lib/python3.12/site-packages/oslo_concurrency/lockutils.py:543}}
Jul 06 12:10:54 devstack cinder-volume[86706]: DEBUG oslo.privsep.daemon [-] privsep: reply[c302af5a-0f1a-4503-aebf-b449ab501706]: (4, 'qcow2') {{(pid=87232) _call_back /opt/stack/data/venv/lib/python3.12/site-packages/oslo_privsep/daemon.py:580}}
Jul 06 12:10:54 devstack cinder-volume[86706]: DEBUG oslo_concurrency.processutils [None req-eebeaa18-9abc-4ec2-be5d-c7683483f004 tempest-GroupsV314Test-1642878731 None] Running cmd (subprocess): /opt/stack/data/venv/bin/python3.12 -m oslo_concurrency.prlimit --as=1073741824 --cpu=60 -- sudo cinder-rootwrap /etc/cinder/rootwrap.conf env LC_ALL=C qemu-img info -f qcow2 --output=json --force-share /opt/stack/data/cinder/mnt/2a1c796690070b1a61bd38adf6c81313/volume-0aeaf09c-54cc-4df5-8909-6b1ce6bfc432.da994fab-133e-4bac-954e-5ea9ca41438d {{(pid=86706) execute /opt/stack/data/venv/lib/python3.12/site-packages/oslo_concurrency/processutils.py:440}}
Jul 06 12:10:55 devstack sudo[91456]: quobyte : PWD=/ ; USER=root ; COMMAND=/opt/stack/data/venv/bin/cinder-rootwrap /etc/cinder/rootwrap.conf env LC_ALL=C qemu-img info -f qcow2 --output=json --force-share /opt/stack/data/cinder/mnt/2a1c796690070b1a61bd38adf6c81313/volume-0aeaf09c-54cc-4df5-8909-6b1ce6bfc432.da994fab-133e-4bac-954e-5ea9ca41438d
Jul 06 12:10:55 devstack sudo[91456]: pam_unix(sudo:session): session opened for user root(uid=0) by (uid=1000)
Jul 06 12:10:55 devstack sudo[91456]: pam_unix(sudo:session): session closed for user root
Jul 06 12:10:55 devstack cinder-volume[86706]: DEBUG oslo_concurrency.processutils [None req-eebeaa18-9abc-4ec2-be5d-c7683483f004 tempest-GroupsV314Test-1642878731 None] CMD "/opt/stack/data/venv/bin/python3.12 -m oslo_concurrency.prlimit --as=1073741824 --cpu=60 -- sudo cinder-rootwrap /etc/cinder/rootwrap.conf env LC_ALL=C qemu-img info -f qcow2 --output=json --force-share /opt/stack/data/cinder/mnt/2a1c796690070b1a61bd38adf6c81313/volume-0aeaf09c-54cc-4df5-8909-6b1ce6bfc432.da994fab-133e-4bac-954e-5ea9ca41438d" returned: 0 in 0.773s {{(pid=86706) execute /opt/stack/data/venv/lib/python3.12/site-packages/oslo_concurrency/processutils.py:468}}
Jul 06 12:10:55 devstack cinder-volume[86706]: DEBUG cinder.volume.drivers.remotefs [None req-eebeaa18-9abc-4ec2-be5d-c7683483f004 tempest-GroupsV314Test-1642878731 None] Fetching qemu-img info with special backing_file_template: (/opt/stack/data/cinder/mnt/[0-9a-f]+/)?(volume-0aeaf09c-54cc-4df5-8909-6b1ce6bfc432(.(tmp-snap-)?[0-9a-f-]+)?|volume_from_snapshot_cache/(tmp-snap-)?[0-9a-f-]+(.(child-|parent-)[0-9a-f-]+)?)$ {{(pid=86706) _qemu_img_info_base /opt/stack/cinder/cinder/volume/drivers/remotefs.py:896}}
Jul 06 12:10:55 devstack cinder-volume[86706]: DEBUG cinder.volume.drivers.quobyte [None req-eebeaa18-9abc-4ec2-be5d-c7683483f004 tempest-GroupsV314Test-1642878731 None] will copy from snapshot at /opt/stack/data/cinder/mnt/2a1c796690070b1a61bd38adf6c81313/volume-0aeaf09c-54cc-4df5-8909-6b1ce6bfc432 {{(pid=86706) _copy_volume_from_snapshot /opt/stack/cinder/cinder/volume/drivers/quobyte.py:420}}
Jul 06 12:10:55 devstack cinder-volume[86706]: DEBUG cinder.volume.drivers.quobyte [None req-eebeaa18-9abc-4ec2-be5d-c7683483f004 tempest-GroupsV314Test-1642878731 None] Creating direct copy from snapshot {{(pid=86706) _copy_volume_from_snapshot /opt/stack/cinder/cinder/volume/drivers/quobyte.py:428}}
Jul 06 12:10:55 devstack cinder-volume[86706]: DEBUG oslo.privsep.daemon [-] privsep: reply[58d71ef1-05c9-4a7f-9323-19ef3da47a69]: (4, 'qcow2') {{(pid=87232) _call_back /opt/stack/data/venv/lib/python3.12/site-packages/oslo_privsep/daemon.py:580}}
Jul 06 12:10:55 devstack cinder-volume[86706]: DEBUG oslo_concurrency.processutils [None req-eebeaa18-9abc-4ec2-be5d-c7683483f004 tempest-GroupsV314Test-1642878731 None] Running cmd (subprocess): /opt/stack/data/venv/bin/python3.12 -m oslo_concurrency.prlimit --as=1073741824 --cpu=60 -- sudo cinder-rootwrap /etc/cinder/rootwrap.conf env LC_ALL=C qemu-img info -f qcow2 --output=json /opt/stack/data/cinder/mnt/2a1c796690070b1a61bd38adf6c81313/volume-0aeaf09c-54cc-4df5-8909-6b1ce6bfc432 {{(pid=86706) execute /opt/stack/data/venv/lib/python3.12/site-packages/oslo_concurrency/processutils.py:440}}
Jul 06 12:10:55 devstack sudo[91462]: quobyte : PWD=/ ; USER=root ; COMMAND=/opt/stack/data/venv/bin/cinder-rootwrap /etc/cinder/rootwrap.conf env LC_ALL=C qemu-img info -f qcow2 --output=json /opt/stack/data/cinder/mnt/2a1c796690070b1a61bd38adf6c81313/volume-0aeaf09c-54cc-4df5-8909-6b1ce6bfc432
Jul 06 12:10:55 devstack sudo[91462]: pam_unix(sudo:session): session opened for user root(uid=0) by (uid=1000)
Jul 06 12:10:56 devstack sudo[91462]: pam_unix(sudo:session): session closed for user root
Jul 06 12:10:56 devstack cinder-volume[86706]: DEBUG oslo_concurrency.processutils [None req-eebeaa18-9abc-4ec2-be5d-c7683483f004 tempest-GroupsV314Test-1642878731 None] CMD "/opt/stack/data/venv/bin/python3.12 -m oslo_concurrency.prlimit --as=1073741824 --cpu=60 -- sudo cinder-rootwrap /etc/cinder/rootwrap.conf env LC_ALL=C qemu-img info -f qcow2 --output=json /opt/stack/data/cinder/mnt/2a1c796690070b1a61bd38adf6c81313/volume-0aeaf09c-54cc-4df5-8909-6b1ce6bfc432" returned: 0 in 0.789s {{(pid=86706) execute /opt/stack/data/venv/lib/python3.12/site-packages/oslo_concurrency/processutils.py:468}}
Jul 06 12:10:56 devstack cinder-volume[86706]: DEBUG cinder.utils [None req-eebeaa18-9abc-4ec2-be5d-c7683483f004 tempest-GroupsV314Test-1642878731 None] Path /opt/stack/data/cinder/mnt/2a1c796690070b1a61bd38adf6c81313/volume-6915f4d4-ac02-498c-83fb-dd7c517af950 not found in is_blk_device check {{(pid=86706) is_blk_device /opt/stack/cinder/cinder/utils.py:615}}
Jul 06 12:10:56 devstack cinder-volume[86706]: DEBUG oslo_concurrency.processutils [None req-eebeaa18-9abc-4ec2-be5d-c7683483f004 tempest-GroupsV314Test-1642878731 None] Running cmd (subprocess): sudo cinder-rootwrap /etc/cinder/rootwrap.conf qemu-img convert -O qcow2 /opt/stack/data/cinder/mnt/2a1c796690070b1a61bd38adf6c81313/volume-0aeaf09c-54cc-4df5-8909-6b1ce6bfc432 /opt/stack/data/cinder/mnt/2a1c796690070b1a61bd38adf6c81313/volume-6915f4d4-ac02-498c-83fb-dd7c517af950 {{(pid=86706) execute /opt/stack/data/venv/lib/python3.12/site-packages/oslo_concurrency/processutils.py:440}}
Jul 06 12:10:56 devstack sudo[91503]: quobyte : PWD=/ ; USER=root ; COMMAND=/opt/stack/data/venv/bin/cinder-rootwrap /etc/cinder/rootwrap.conf qemu-img convert -O qcow2 /opt/stack/data/cinder/mnt/2a1c796690070b1a61bd38adf6c81313/volume-0aeaf09c-54cc-4df5-8909-6b1ce6bfc432 /opt/stack/data/cinder/mnt/2a1c796690070b1a61bd38adf6c81313/volume-6915f4d4-ac02-498c-83fb-dd7c517af950
Jul 06 12:10:56 devstack sudo[91503]: pam_unix(sudo:session): session opened for user root(uid=0) by (uid=1000)
Jul 06 12:11:00 devstack sudo[91503]: pam_unix(sudo:session): session closed for user root
Jul 06 12:11:00 devstack cinder-volume[86706]: DEBUG oslo_concurrency.processutils [None req-eebeaa18-9abc-4ec2-be5d-c7683483f004 tempest-GroupsV314Test-1642878731 None] CMD "sudo cinder-rootwrap /etc/cinder/rootwrap.conf qemu-img convert -O qcow2 /opt/stack/data/cinder/mnt/2a1c796690070b1a61bd38adf6c81313/volume-0aeaf09c-54cc-4df5-8909-6b1ce6bfc432 /opt/stack/data/cinder/mnt/2a1c796690070b1a61bd38adf6c81313/volume-6915f4d4-ac02-498c-83fb-dd7c517af950" returned: 0 in 4.315s {{(pid=86706) execute /opt/stack/data/venv/lib/python3.12/site-packages/oslo_concurrency/processutils.py:468}}
Jul 06 12:11:00 devstack cinder-volume[86706]: DEBUG oslo.privsep.daemon [-] privsep: reply[30275516-a010-485f-96a3-77ad5db44fef]: (4, 'qcow2') {{(pid=87232) _call_back /opt/stack/data/venv/lib/python3.12/site-packages/oslo_privsep/daemon.py:580}}
Jul 06 12:11:00 devstack cinder-volume[86706]: DEBUG oslo_concurrency.processutils [None req-eebeaa18-9abc-4ec2-be5d-c7683483f004 tempest-GroupsV314Test-1642878731 None] Running cmd (subprocess): /opt/stack/data/venv/bin/python3.12 -m oslo_concurrency.prlimit --as=1073741824 --cpu=60 -- sudo cinder-rootwrap /etc/cinder/rootwrap.conf env LC_ALL=C qemu-img info -f qcow2 --output=json /opt/stack/data/cinder/mnt/2a1c796690070b1a61bd38adf6c81313/volume-0aeaf09c-54cc-4df5-8909-6b1ce6bfc432 {{(pid=86706) execute /opt/stack/data/venv/lib/python3.12/site-packages/oslo_concurrency/processutils.py:440}}
Jul 06 12:11:00 devstack sudo[91555]: quobyte : PWD=/ ; USER=root ; COMMAND=/opt/stack/data/venv/bin/cinder-rootwrap /etc/cinder/rootwrap.conf env LC_ALL=C qemu-img info -f qcow2 --output=json /opt/stack/data/cinder/mnt/2a1c796690070b1a61bd38adf6c81313/volume-0aeaf09c-54cc-4df5-8909-6b1ce6bfc432
Jul 06 12:11:00 devstack sudo[91555]: pam_unix(sudo:session): session opened for user root(uid=0) by (uid=1000)
Jul 06 12:11:01 devstack sudo[91555]: pam_unix(sudo:session): session closed for user root
Jul 06 12:11:01 devstack cinder-volume[86706]: DEBUG oslo_concurrency.processutils [None req-eebeaa18-9abc-4ec2-be5d-c7683483f004 tempest-GroupsV314Test-1642878731 None] CMD "/opt/stack/data/venv/bin/python3.12 -m oslo_concurrency.prlimit --as=1073741824 --cpu=60 -- sudo cinder-rootwrap /etc/cinder/rootwrap.conf env LC_ALL=C qemu-img info -f qcow2 --output=json /opt/stack/data/cinder/mnt/2a1c796690070b1a61bd38adf6c81313/volume-0aeaf09c-54cc-4df5-8909-6b1ce6bfc432" returned: 0 in 0.903s {{(pid=86706) execute /opt/stack/data/venv/lib/python3.12/site-packages/oslo_concurrency/processutils.py:468}}
Jul 06 12:11:01 devstack cinder-volume[86706]: DEBUG cinder.image.image_utils [None req-eebeaa18-9abc-4ec2-be5d-c7683483f004 tempest-GroupsV314Test-1642878731 None] Image conversion details: src /opt/stack/data/cinder/mnt/2a1c796690070b1a61bd38adf6c81313/volume-0aeaf09c-54cc-4df5-8909-6b1ce6bfc432, size 1024.00 MB, duration 4.32 sec, destination /opt/stack/data/cinder/mnt/2a1c796690070b1a61bd38adf6c81313/volume-6915f4d4-ac02-498c-83fb-dd7c517af950 {{(pid=86706) _convert_image /opt/stack/cinder/cinder/image/image_utils.py:536}}
Jul 06 12:11:01 devstack cinder-volume[86706]: INFO cinder.image.image_utils [None req-eebeaa18-9abc-4ec2-be5d-c7683483f004 tempest-GroupsV314Test-1642878731 None] Converted 1024.00 MB image at 237.27 MB/s
Jul 06 12:11:01 devstack cinder-volume[86706]: WARNING cinder.volume.drivers.remotefs [None req-eebeaa18-9abc-4ec2-be5d-c7683483f004 tempest-GroupsV314Test-1642878731 None] /opt/stack/data/cinder/mnt/2a1c796690070b1a61bd38adf6c81313/volume-6915f4d4-ac02-498c-83fb-dd7c517af950 is being set with open permissions: ugo+rw: NotImplementedError
Jul 06 12:11:01 devstack cinder-volume[86706]: DEBUG oslo_concurrency.processutils [None req-eebeaa18-9abc-4ec2-be5d-c7683483f004 tempest-GroupsV314Test-1642878731 None] Running cmd (subprocess): sudo cinder-rootwrap /etc/cinder/rootwrap.conf chmod ugo+rw /opt/stack/data/cinder/mnt/2a1c796690070b1a61bd38adf6c81313/volume-6915f4d4-ac02-498c-83fb-dd7c517af950 {{(pid=86706) execute /opt/stack/data/venv/lib/python3.12/site-packages/oslo_concurrency/processutils.py:440}}
Jul 06 12:11:01 devstack sudo[91561]: quobyte : PWD=/ ; USER=root ; COMMAND=/opt/stack/data/venv/bin/cinder-rootwrap /etc/cinder/rootwrap.conf chmod ugo+rw /opt/stack/data/cinder/mnt/2a1c796690070b1a61bd38adf6c81313/volume-6915f4d4-ac02-498c-83fb-dd7c517af950
Jul 06 12:11:01 devstack sudo[91561]: pam_unix(sudo:session): session opened for user root(uid=0) by (uid=1000)
Jul 06 12:11:02 devstack sudo[91561]: pam_unix(sudo:session): session closed for user root
Jul 06 12:11:02 devstack cinder-volume[86706]: DEBUG oslo_concurrency.processutils [None req-eebeaa18-9abc-4ec2-be5d-c7683483f004 tempest-GroupsV314Test-1642878731 None] CMD "sudo cinder-rootwrap /etc/cinder/rootwrap.conf chmod ugo+rw /opt/stack/data/cinder/mnt/2a1c796690070b1a61bd38adf6c81313/volume-6915f4d4-ac02-498c-83fb-dd7c517af950" returned: 0 in 0.712s {{(pid=86706) execute /opt/stack/data/venv/lib/python3.12/site-packages/oslo_concurrency/processutils.py:468}}
Jul 06 12:11:02 devstack cinder-volume[86706]: DEBUG cinder.coordination [None req-eebeaa18-9abc-4ec2-be5d-c7683483f004 tempest-GroupsV314Test-1642878731 None] Lock "cinder-quobyte-6915f4d4-ac02-498c-83fb-dd7c517af950" released by "_copy_volume_from_snapshot" :: held 7.585s {{(pid=86706) __release /opt/stack/cinder/cinder/coordination.py:152}}
Jul 06 12:11:02 devstack cinder-volume[86706]: DEBUG cinder.coordination [None req-eebeaa18-9abc-4ec2-be5d-c7683483f004 tempest-GroupsV314Test-1642878731 None] Acquiring lock "cinder-quobyte-da994fab-133e-4bac-954e-5ea9ca41438d" by "_delete_snapshot" {{(pid=86706) __acquire /opt/stack/cinder/cinder/coordination.py:138}}
Jul 06 12:11:02 devstack cinder-volume[86706]: DEBUG cinder.coordination [None req-eebeaa18-9abc-4ec2-be5d-c7683483f004 tempest-GroupsV314Test-1642878731 None] Lock "cinder-quobyte-da994fab-133e-4bac-954e-5ea9ca41438d" acquired by "_delete_snapshot" :: waited 0.016s {{(pid=86706) __acquire /opt/stack/cinder/cinder/coordination.py:141}}
Jul 06 12:11:02 devstack cinder-volume[86706]: DEBUG cinder.volume.drivers.remotefs [None req-eebeaa18-9abc-4ec2-be5d-c7683483f004 tempest-GroupsV314Test-1642878731 None] Deleting offline snapshot da994fab-133e-4bac-954e-5ea9ca41438d of volume 0aeaf09c-54cc-4df5-8909-6b1ce6bfc432 {{(pid=86706) _delete_snapshot /opt/stack/cinder/cinder/volume/drivers/remotefs.py:1288}}
Jul 06 12:11:02 devstack cinder-volume[86706]: DEBUG cinder.volume.drivers.remotefs [None req-eebeaa18-9abc-4ec2-be5d-c7683483f004 tempest-GroupsV314Test-1642878731 None] snapshot_file for this snap is: volume-0aeaf09c-54cc-4df5-8909-6b1ce6bfc432.da994fab-133e-4bac-954e-5ea9ca41438d {{(pid=86706) _delete_snapshot /opt/stack/cinder/cinder/volume/drivers/remotefs.py:1317}}
Jul 06 12:11:02 devstack cinder-volume[86706]: DEBUG oslo.privsep.daemon [-] privsep: reply[6099fe9b-361b-48c5-bbb0-62f8bdd10622]: (4, 'qcow2') {{(pid=87232) _call_back /opt/stack/data/venv/lib/python3.12/site-packages/oslo_privsep/daemon.py:580}}
Jul 06 12:11:02 devstack cinder-volume[86706]: DEBUG oslo_concurrency.processutils [None req-eebeaa18-9abc-4ec2-be5d-c7683483f004 tempest-GroupsV314Test-1642878731 None] Running cmd (subprocess): /opt/stack/data/venv/bin/python3.12 -m oslo_concurrency.prlimit --as=1073741824 --cpu=60 -- sudo cinder-rootwrap /etc/cinder/rootwrap.conf env LC_ALL=C qemu-img info -f qcow2 --output=json --force-share /opt/stack/data/cinder/mnt/2a1c796690070b1a61bd38adf6c81313/volume-0aeaf09c-54cc-4df5-8909-6b1ce6bfc432.da994fab-133e-4bac-954e-5ea9ca41438d {{(pid=86706) execute /opt/stack/data/venv/lib/python3.12/site-packages/oslo_concurrency/processutils.py:440}}
Jul 06 12:11:02 devstack sudo[91564]: quobyte : PWD=/ ; USER=root ; COMMAND=/opt/stack/data/venv/bin/cinder-rootwrap /etc/cinder/rootwrap.conf env LC_ALL=C qemu-img info -f qcow2 --output=json --force-share /opt/stack/data/cinder/mnt/2a1c796690070b1a61bd38adf6c81313/volume-0aeaf09c-54cc-4df5-8909-6b1ce6bfc432.da994fab-133e-4bac-954e-5ea9ca41438d
Jul 06 12:11:02 devstack sudo[91564]: pam_unix(sudo:session): session opened for user root(uid=0) by (uid=1000)
Jul 06 12:11:03 devstack sudo[91564]: pam_unix(sudo:session): session closed for user root
Jul 06 12:11:03 devstack cinder-volume[86706]: DEBUG oslo_concurrency.processutils [None req-eebeaa18-9abc-4ec2-be5d-c7683483f004 tempest-GroupsV314Test-1642878731 None] CMD "/opt/stack/data/venv/bin/python3.12 -m oslo_concurrency.prlimit --as=1073741824 --cpu=60 -- sudo cinder-rootwrap /etc/cinder/rootwrap.conf env LC_ALL=C qemu-img info -f qcow2 --output=json --force-share /opt/stack/data/cinder/mnt/2a1c796690070b1a61bd38adf6c81313/volume-0aeaf09c-54cc-4df5-8909-6b1ce6bfc432.da994fab-133e-4bac-954e-5ea9ca41438d" returned: 0 in 0.905s {{(pid=86706) execute /opt/stack/data/venv/lib/python3.12/site-packages/oslo_concurrency/processutils.py:468}}
Jul 06 12:11:03 devstack cinder-volume[86706]: DEBUG cinder.volume.drivers.remotefs [None req-eebeaa18-9abc-4ec2-be5d-c7683483f004 tempest-GroupsV314Test-1642878731 None] Fetching qemu-img info with special backing_file_template: (/opt/stack/data/cinder/mnt/[0-9a-f]+/)?(volume-0aeaf09c-54cc-4df5-8909-6b1ce6bfc432(.(tmp-snap-)?[0-9a-f-]+)?|volume_from_snapshot_cache/(tmp-snap-)?[0-9a-f-]+(.(child-|parent-)[0-9a-f-]+)?)$ {{(pid=86706) _qemu_img_info_base /opt/stack/cinder/cinder/volume/drivers/remotefs.py:896}}
Jul 06 12:11:03 devstack cinder-volume[86706]: DEBUG oslo.privsep.daemon [-] privsep: reply[b5fc099a-f3e8-4c1d-be87-73a9f26c8517]: (4, 'qcow2') {{(pid=87232) _call_back /opt/stack/data/venv/lib/python3.12/site-packages/oslo_privsep/daemon.py:580}}
Jul 06 12:11:03 devstack cinder-volume[86706]: DEBUG oslo_concurrency.processutils [None req-eebeaa18-9abc-4ec2-be5d-c7683483f004 tempest-GroupsV314Test-1642878731 None] Running cmd (subprocess): /opt/stack/data/venv/bin/python3.12 -m oslo_concurrency.prlimit --as=1073741824 --cpu=60 -- sudo cinder-rootwrap /etc/cinder/rootwrap.conf env LC_ALL=C qemu-img info -f qcow2 --output=json --force-share /opt/stack/data/cinder/mnt/2a1c796690070b1a61bd38adf6c81313/volume-0aeaf09c-54cc-4df5-8909-6b1ce6bfc432 {{(pid=86706) execute /opt/stack/data/venv/lib/python3.12/site-packages/oslo_concurrency/processutils.py:440}}
Jul 06 12:11:03 devstack sudo[91569]: quobyte : PWD=/ ; USER=root ; COMMAND=/opt/stack/data/venv/bin/cinder-rootwrap /etc/cinder/rootwrap.conf env LC_ALL=C qemu-img info -f qcow2 --output=json --force-share /opt/stack/data/cinder/mnt/2a1c796690070b1a61bd38adf6c81313/volume-0aeaf09c-54cc-4df5-8909-6b1ce6bfc432
Jul 06 12:11:03 devstack sudo[91569]: pam_unix(sudo:session): session opened for user root(uid=0) by (uid=1000)
Jul 06 12:11:04 devstack cinder-volume[86706]: DEBUG dbcounter [-] [86706] Writing DB stats cinder:SELECT=3 {{(pid=86706) stat_writer /opt/stack/data/venv/lib/python3.12/site-packages/dbcounter.py:115}}
Jul 06 12:11:04 devstack sudo[91569]: pam_unix(sudo:session): session closed for user root
Jul 06 12:11:04 devstack cinder-volume[86706]: DEBUG oslo_concurrency.processutils [None req-eebeaa18-9abc-4ec2-be5d-c7683483f004 tempest-GroupsV314Test-1642878731 None] CMD "/opt/stack/data/venv/bin/python3.12 -m oslo_concurrency.prlimit --as=1073741824 --cpu=60 -- sudo cinder-rootwrap /etc/cinder/rootwrap.conf env LC_ALL=C qemu-img info -f qcow2 --output=json --force-share /opt/stack/data/cinder/mnt/2a1c796690070b1a61bd38adf6c81313/volume-0aeaf09c-54cc-4df5-8909-6b1ce6bfc432" returned: 0 in 0.827s {{(pid=86706) execute /opt/stack/data/venv/lib/python3.12/site-packages/oslo_concurrency/processutils.py:468}}
Jul 06 12:11:04 devstack cinder-volume[86706]: DEBUG oslo_concurrency.processutils [None req-eebeaa18-9abc-4ec2-be5d-c7683483f004 tempest-GroupsV314Test-1642878731 None] Running cmd (subprocess): sudo cinder-rootwrap /etc/cinder/rootwrap.conf qemu-img commit -d /opt/stack/data/cinder/mnt/2a1c796690070b1a61bd38adf6c81313/volume-0aeaf09c-54cc-4df5-8909-6b1ce6bfc432.da994fab-133e-4bac-954e-5ea9ca41438d {{(pid=86706) execute /opt/stack/data/venv/lib/python3.12/site-packages/oslo_concurrency/processutils.py:440}}
Jul 06 12:11:04 devstack sudo[91576]: quobyte : PWD=/ ; USER=root ; COMMAND=/opt/stack/data/venv/bin/cinder-rootwrap /etc/cinder/rootwrap.conf qemu-img commit -d /opt/stack/data/cinder/mnt/2a1c796690070b1a61bd38adf6c81313/volume-0aeaf09c-54cc-4df5-8909-6b1ce6bfc432.da994fab-133e-4bac-954e-5ea9ca41438d
Jul 06 12:11:04 devstack sudo[91576]: pam_unix(sudo:session): session opened for user root(uid=0) by (uid=1000)
Jul 06 12:11:05 devstack sudo[91576]: pam_unix(sudo:session): session closed for user root
Jul 06 12:11:05 devstack cinder-volume[86706]: DEBUG oslo_concurrency.processutils [None req-eebeaa18-9abc-4ec2-be5d-c7683483f004 tempest-GroupsV314Test-1642878731 None] CMD "sudo cinder-rootwrap /etc/cinder/rootwrap.conf qemu-img commit -d /opt/stack/data/cinder/mnt/2a1c796690070b1a61bd38adf6c81313/volume-0aeaf09c-54cc-4df5-8909-6b1ce6bfc432.da994fab-133e-4bac-954e-5ea9ca41438d" returned: 0 in 0.790s {{(pid=86706) execute /opt/stack/data/venv/lib/python3.12/site-packages/oslo_concurrency/processutils.py:468}}
Jul 06 12:11:05 devstack cinder-volume[86706]: DEBUG oslo_concurrency.processutils [None req-eebeaa18-9abc-4ec2-be5d-c7683483f004 tempest-GroupsV314Test-1642878731 None] Running cmd (subprocess): sudo cinder-rootwrap /etc/cinder/rootwrap.conf rm -f /opt/stack/data/cinder/mnt/2a1c796690070b1a61bd38adf6c81313/volume-0aeaf09c-54cc-4df5-8909-6b1ce6bfc432.da994fab-133e-4bac-954e-5ea9ca41438d {{(pid=86706) execute /opt/stack/data/venv/lib/python3.12/site-packages/oslo_concurrency/processutils.py:440}}
Jul 06 12:11:05 devstack sudo[91581]: quobyte : PWD=/ ; USER=root ; COMMAND=/opt/stack/data/venv/bin/cinder-rootwrap /etc/cinder/rootwrap.conf rm -f /opt/stack/data/cinder/mnt/2a1c796690070b1a61bd38adf6c81313/volume-0aeaf09c-54cc-4df5-8909-6b1ce6bfc432.da994fab-133e-4bac-954e-5ea9ca41438d
Jul 06 12:11:05 devstack sudo[91581]: pam_unix(sudo:session): session opened for user root(uid=0) by (uid=1000)
Jul 06 12:11:05 devstack sudo[91581]: pam_unix(sudo:session): session closed for user root
Jul 06 12:11:05 devstack cinder-volume[86706]: DEBUG oslo_concurrency.processutils [None req-eebeaa18-9abc-4ec2-be5d-c7683483f004 tempest-GroupsV314Test-1642878731 None] CMD "sudo cinder-rootwrap /etc/cinder/rootwrap.conf rm -f /opt/stack/data/cinder/mnt/2a1c796690070b1a61bd38adf6c81313/volume-0aeaf09c-54cc-4df5-8909-6b1ce6bfc432.da994fab-133e-4bac-954e-5ea9ca41438d" returned: 0 in 0.692s {{(pid=86706) execute /opt/stack/data/venv/lib/python3.12/site-packages/oslo_concurrency/processutils.py:468}}
Jul 06 12:11:05 devstack cinder-volume[86706]: DEBUG cinder.coordination [None req-eebeaa18-9abc-4ec2-be5d-c7683483f004 tempest-GroupsV314Test-1642878731 None] Lock "cinder-quobyte-da994fab-133e-4bac-954e-5ea9ca41438d" released by "_delete_snapshot" :: held 3.325s {{(pid=86706) __release /opt/stack/cinder/cinder/coordination.py:152}}
Jul 06 12:11:05 devstack cinder-volume[86706]: DEBUG oslo_concurrency.lockutils [None req-eebeaa18-9abc-4ec2-be5d-c7683483f004 tempest-GroupsV314Test-1642878731 None] Lock "quobyte" "released" by "cinder.volume.drivers.quobyte.QuobyteDriver.create_cloned_volume" :: held 15.838s {{(pid=86706) inner /opt/stack/data/venv/lib/python3.12/site-packages/oslo_concurrency/lockutils.py:543}}
Jul 06 12:11:05 devstack cinder-volume[86706]: DEBUG oslo_concurrency.lockutils [None req-979b5ea1-6ba5-4ae1-994d-5b7e89fd9c32 tempest-VolumesListTestJSON-1763883809 None] Lock "quobyte" acquired by "cinder.volume.drivers.quobyte.QuobyteDriver.create_volume" :: waited 15.934s {{(pid=86706) inner /opt/stack/data/venv/lib/python3.12/site-packages/oslo_concurrency/lockutils.py:524}}
Jul 06 12:11:05 devstack cinder-volume[86706]: DEBUG cinder.volume.drivers.quobyte [None req-979b5ea1-6ba5-4ae1-994d-5b7e89fd9c32 tempest-VolumesListTestJSON-1763883809 None] ==> create_volume: call "{'self': , 'volume': Volume(_name_id=None,admin_metadata=,attach_status='detached',availability_zone='nova',bootable=False,cluster=,cluster_name=None,consistencygroup=,consistencygroup_id=None,created_at=2026-07-06T10:10:49Z,deleted=False,deleted_at=None,display_description=None,display_name='tempest-VolumesListTestJSON-Volume-1787344948',ec2_id=None,encryption_key_id=None,glance_metadata=,group=,group_id=None,host='devstack@QuobyteHD#QuobyteHD',id=2d3a3471-5538-4b03-92f3-2089c5f5a582,launched_at=None,metadata={Type='work'},migration_status=None,multiattach=False,previous_status=None,project_id='6ab726224ab547979aa0fe03cd462ec9',provider_auth=None,provider_geometry=None,provider_id=None,provider_location=None,replication_driver_data=None,replication_extended_status=None,replication_status=None,scheduled_at=2026-07-06T10:10:50Z,service_uuid=None,shared_targets=True,size=1,snapshot_id=None,snapshots=,source_volid=None,status='creating',terminated_at=None,updated_at=2026-07-06T10:10:50Z,use_quota=True,user_id='ec3b010228454c3c8079f1ab4b0603c3',volume_attachment=VolumeAttachmentList,volume_type=VolumeType(2526717b-635c-41d4-a21a-af8c9db266be),volume_type_id=2526717b-635c-41d4-a21a-af8c9db266be)}" {{(pid=86706) trace_logging_wrapper /opt/stack/cinder/cinder/volume/volume_utils.py:1497}}
Jul 06 12:11:05 devstack cinder-volume[86706]: DEBUG cinder.volume.drivers.remotefs [None req-979b5ea1-6ba5-4ae1-994d-5b7e89fd9c32 tempest-VolumesListTestJSON-1763883809 None] Creating volume 2d3a3471-5538-4b03-92f3-2089c5f5a582 {{(pid=86706) create_volume /opt/stack/cinder/cinder/volume/drivers/remotefs.py:292}}
Jul 06 12:11:05 devstack cinder-volume[86706]: DEBUG oslo_concurrency.lockutils [None req-979b5ea1-6ba5-4ae1-994d-5b7e89fd9c32 tempest-VolumesListTestJSON-1763883809 None] Acquiring lock "quobyte_ensure" by "cinder.volume.drivers.quobyte.QuobyteDriver._ensure_shares_mounted" {{(pid=86706) inner /opt/stack/data/venv/lib/python3.12/site-packages/oslo_concurrency/lockutils.py:511}}
Jul 06 12:11:05 devstack cinder-volume[86706]: DEBUG oslo_concurrency.lockutils [None req-979b5ea1-6ba5-4ae1-994d-5b7e89fd9c32 tempest-VolumesListTestJSON-1763883809 None] Lock "quobyte_ensure" acquired by "cinder.volume.drivers.quobyte.QuobyteDriver._ensure_shares_mounted" :: waited 0.001s {{(pid=86706) inner /opt/stack/data/venv/lib/python3.12/site-packages/oslo_concurrency/lockutils.py:524}}
Jul 06 12:11:05 devstack cinder-volume[86706]: DEBUG cinder.volume.drivers.quobyte [None req-979b5ea1-6ba5-4ae1-994d-5b7e89fd9c32 tempest-VolumesListTestJSON-1763883809 None] Quobyte Volume URL set to: {'osci02.corp.quobyte.com/cinder-vol-2aecd9d1-e8c9-4275-abca-1fcabb506b5a': None} {{(pid=86706) _load_shares_config /opt/stack/cinder/cinder/volume/drivers/quobyte.py:617}}
Jul 06 12:11:05 devstack cinder-volume[86706]: DEBUG cinder.volume.drivers.quobyte [None req-979b5ea1-6ba5-4ae1-994d-5b7e89fd9c32 tempest-VolumesListTestJSON-1763883809 None] Available shares ['osci02.corp.quobyte.com/cinder-vol-2aecd9d1-e8c9-4275-abca-1fcabb506b5a'] {{(pid=86706) _ensure_shares_mounted /opt/stack/cinder/cinder/volume/drivers/quobyte.py:647}}
Jul 06 12:11:05 devstack cinder-volume[86706]: DEBUG oslo_concurrency.lockutils [None req-979b5ea1-6ba5-4ae1-994d-5b7e89fd9c32 tempest-VolumesListTestJSON-1763883809 None] Lock "quobyte_ensure" "released" by "cinder.volume.drivers.quobyte.QuobyteDriver._ensure_shares_mounted" :: held 0.007s {{(pid=86706) inner /opt/stack/data/venv/lib/python3.12/site-packages/oslo_concurrency/lockutils.py:543}}
Jul 06 12:11:05 devstack cinder-volume[86706]: DEBUG cinder.volume.drivers.quobyte [None req-979b5ea1-6ba5-4ae1-994d-5b7e89fd9c32 tempest-VolumesListTestJSON-1763883809 None] Selected osci02.corp.quobyte.com/cinder-vol-2aecd9d1-e8c9-4275-abca-1fcabb506b5a as target Quobyte volume. {{(pid=86706) _find_share /opt/stack/cinder/cinder/volume/drivers/quobyte.py:668}}
