Aug 12 16:14:05 devstack devstack@g-api.service[84256]: DEBUG glance.common.config [None req-c890c298-b368-4628-a22c-b45f9c8f1675 None None] barbican_service_user.collect_timing = False {{(pid=84256) log_opt_values /opt/stack/data/venv/lib/python3.12/site-packages/oslo_config/cfg.py:3545}}
Aug 12 16:14:05 devstack devstack@g-api.service[84256]: DEBUG glance.common.config [None req-c890c298-b368-4628-a22c-b45f9c8f1675 None None] barbican_service_user.insecure = False {{(pid=84256) log_opt_values /opt/stack/data/venv/lib/python3.12/site-packages/oslo_config/cfg.py:3545}}
Aug 12 16:14:05 devstack devstack@g-api.service[84256]: DEBUG glance.common.config [None req-c890c298-b368-4628-a22c-b45f9c8f1675 None None] barbican_service_user.keyfile = None {{(pid=84256) log_opt_values /opt/stack/data/venv/lib/python3.12/site-packages/oslo_config/cfg.py:3545}}
Aug 12 16:14:05 devstack devstack@g-api.service[84256]: DEBUG glance.common.config [None req-c890c298-b368-4628-a22c-b45f9c8f1675 None None] barbican_service_user.split_loggers = False {{(pid=84256) log_opt_values /opt/stack/data/venv/lib/python3.12/site-packages/oslo_config/cfg.py:3545}}
Aug 12 16:14:05 devstack devstack@g-api.service[84256]: DEBUG glance.common.config [None req-c890c298-b368-4628-a22c-b45f9c8f1675 None None] barbican_service_user.timeout = None {{(pid=84256) log_opt_values /opt/stack/data/venv/lib/python3.12/site-packages/oslo_config/cfg.py:3545}}
Aug 12 16:14:05 devstack devstack@g-api.service[84256]: DEBUG glance.common.config [None req-c890c298-b368-4628-a22c-b45f9c8f1675 None None] database.asyncio_connection = **** {{(pid=84256) log_opt_values /opt/stack/data/venv/lib/python3.12/site-packages/oslo_config/cfg.py:3545}}
Aug 12 16:14:05 devstack devstack@g-api.service[84256]: DEBUG glance.common.config [None req-c890c298-b368-4628-a22c-b45f9c8f1675 None None] database.asyncio_slave_connection = **** {{(pid=84256) log_opt_values /opt/stack/data/venv/lib/python3.12/site-packages/oslo_config/cfg.py:3545}}
Aug 12 16:14:05 devstack devstack@g-api.service[84256]: DEBUG glance.common.config [None req-c890c298-b368-4628-a22c-b45f9c8f1675 None None] database.backend = sqlalchemy {{(pid=84256) log_opt_values /opt/stack/data/venv/lib/python3.12/site-packages/oslo_config/cfg.py:3545}}
Aug 12 16:14:05 devstack devstack@g-api.service[84256]: DEBUG glance.common.config [None req-c890c298-b368-4628-a22c-b45f9c8f1675 None None] database.connection = **** {{(pid=84256) log_opt_values /opt/stack/data/venv/lib/python3.12/site-packages/oslo_config/cfg.py:3545}}
Aug 12 16:14:05 devstack devstack@g-api.service[84256]: DEBUG glance.common.config [None req-c890c298-b368-4628-a22c-b45f9c8f1675 None None] database.connection_debug = 0 {{(pid=84256) log_opt_values /opt/stack/data/venv/lib/python3.12/site-packages/oslo_config/cfg.py:3545}}
Aug 12 16:14:05 devstack devstack@g-api.service[84256]: DEBUG glance.common.config [None req-c890c298-b368-4628-a22c-b45f9c8f1675 None None] database.connection_parameters = {{(pid=84256) log_opt_values /opt/stack/data/venv/lib/python3.12/site-packages/oslo_config/cfg.py:3545}}
Aug 12 16:14:05 devstack devstack@g-api.service[84256]: DEBUG glance.common.config [None req-c890c298-b368-4628-a22c-b45f9c8f1675 None None] database.connection_recycle_time = 3600 {{(pid=84256) log_opt_values /opt/stack/data/venv/lib/python3.12/site-packages/oslo_config/cfg.py:3545}}
Aug 12 16:14:05 devstack devstack@g-api.service[84256]: DEBUG glance.common.config [None req-c890c298-b368-4628-a22c-b45f9c8f1675 None None] database.connection_trace = False {{(pid=84256) log_opt_values /opt/stack/data/venv/lib/python3.12/site-packages/oslo_config/cfg.py:3545}}
Aug 12 16:14:05 devstack devstack@g-api.service[84256]: DEBUG glance.common.config [None req-c890c298-b368-4628-a22c-b45f9c8f1675 None None] database.db_inc_retry_interval = True {{(pid=84256) log_opt_values /opt/stack/data/venv/lib/python3.12/site-packages/oslo_config/cfg.py:3545}}
Aug 12 16:14:05 devstack devstack@g-api.service[84256]: DEBUG glance.common.config [None req-c890c298-b368-4628-a22c-b45f9c8f1675 None None] database.db_max_retries = 20 {{(pid=84256) log_opt_values /opt/stack/data/venv/lib/python3.12/site-packages/oslo_config/cfg.py:3545}}
Aug 12 16:14:05 devstack devstack@g-api.service[84256]: DEBUG glance.common.config [None req-c890c298-b368-4628-a22c-b45f9c8f1675 None None] database.db_max_retry_interval = 10 {{(pid=84256) log_opt_values /opt/stack/data/venv/lib/python3.12/site-packages/oslo_config/cfg.py:3545}}
Aug 12 16:14:05 devstack devstack@g-api.service[84256]: DEBUG glance.common.config [None req-c890c298-b368-4628-a22c-b45f9c8f1675 None None] database.db_retry_interval = 1 {{(pid=84256) log_opt_values /opt/stack/data/venv/lib/python3.12/site-packages/oslo_config/cfg.py:3545}}
Aug 12 16:14:05 devstack devstack@g-api.service[84256]: DEBUG glance.common.config [None req-c890c298-b368-4628-a22c-b45f9c8f1675 None None] database.max_overflow = 50 {{(pid=84256) log_opt_values /opt/stack/data/venv/lib/python3.12/site-packages/oslo_config/cfg.py:3545}}
Aug 12 16:14:05 devstack devstack@g-api.service[84256]: DEBUG glance.common.config [None req-c890c298-b368-4628-a22c-b45f9c8f1675 None None] database.max_pool_size = 5 {{(pid=84256) log_opt_values /opt/stack/data/venv/lib/python3.12/site-packages/oslo_config/cfg.py:3545}}
Aug 12 16:14:05 devstack devstack@g-api.service[84256]: DEBUG glance.common.config [None req-c890c298-b368-4628-a22c-b45f9c8f1675 None None] database.max_retries = 10 {{(pid=84256) log_opt_values /opt/stack/data/venv/lib/python3.12/site-packages/oslo_config/cfg.py:3545}}
Aug 12 16:14:05 devstack devstack@g-api.service[84256]: DEBUG glance.common.config [None req-c890c298-b368-4628-a22c-b45f9c8f1675 None None] database.mysql_sql_mode = TRADITIONAL {{(pid=84256) log_opt_values /opt/stack/data/venv/lib/python3.12/site-packages/oslo_config/cfg.py:3545}}
Aug 12 16:14:05 devstack devstack@g-api.service[84256]: DEBUG glance.common.config [None req-c890c298-b368-4628-a22c-b45f9c8f1675 None None] database.mysql_wsrep_sync_wait = None {{(pid=84256) log_opt_values /opt/stack/data/venv/lib/python3.12/site-packages/oslo_config/cfg.py:3545}}
Aug 12 16:14:05 devstack devstack@g-api.service[84256]: DEBUG glance.common.config [None req-c890c298-b368-4628-a22c-b45f9c8f1675 None None] database.pool_timeout = None {{(pid=84256) log_opt_values /opt/stack/data/venv/lib/python3.12/site-packages/oslo_config/cfg.py:3545}}
Aug 12 16:14:05 devstack devstack@g-api.service[84256]: DEBUG glance.common.config [None req-c890c298-b368-4628-a22c-b45f9c8f1675 None None] database.retry_interval = 10 {{(pid=84256) log_opt_values /opt/stack/data/venv/lib/python3.12/site-packages/oslo_config/cfg.py:3545}}
Aug 12 16:14:05 devstack devstack@g-api.service[84256]: DEBUG glance.common.config [None req-c890c298-b368-4628-a22c-b45f9c8f1675 None None] database.slave_connection = **** {{(pid=84256) log_opt_values /opt/stack/data/venv/lib/python3.12/site-packages/oslo_config/cfg.py:3545}}
Aug 12 16:14:05 devstack devstack@g-api.service[84256]: DEBUG glance.common.config [None req-c890c298-b368-4628-a22c-b45f9c8f1675 None None] database.sqlite_synchronous = True {{(pid=84256) log_opt_values /opt/stack/data/venv/lib/python3.12/site-packages/oslo_config/cfg.py:3545}}
Aug 12 16:14:05 devstack devstack@g-api.service[84256]: DEBUG glance.common.config [None req-c890c298-b368-4628-a22c-b45f9c8f1675 None None] database.synchronous_reader = True {{(pid=84256) log_opt_values /opt/stack/data/venv/lib/python3.12/site-packages/oslo_config/cfg.py:3545}}
Aug 12 16:14:05 devstack devstack@g-api.service[84256]: DEBUG glance.common.config [None req-c890c298-b368-4628-a22c-b45f9c8f1675 None None] database.use_db_reconnect = False {{(pid=84256) log_opt_values /opt/stack/data/venv/lib/python3.12/site-packages/oslo_config/cfg.py:3545}}
Aug 12 16:14:05 devstack devstack@g-api.service[84256]: DEBUG glance.common.config [None req-c890c298-b368-4628-a22c-b45f9c8f1675 None None] healthcheck.allowed_source_ranges = [] {{(pid=84256) log_opt_values /opt/stack/data/venv/lib/python3.12/site-packages/oslo_config/cfg.py:3545}}
Aug 12 16:14:05 devstack devstack@g-api.service[84256]: DEBUG glance.common.config [None req-c890c298-b368-4628-a22c-b45f9c8f1675 None None] healthcheck.backends = ['disable_by_file'] {{(pid=84256) log_opt_values /opt/stack/data/venv/lib/python3.12/site-packages/oslo_config/cfg.py:3545}}
Aug 12 16:14:05 devstack devstack@g-api.service[84256]: DEBUG glance.common.config [None req-c890c298-b368-4628-a22c-b45f9c8f1675 None None] healthcheck.detailed = False {{(pid=84256) log_opt_values /opt/stack/data/venv/lib/python3.12/site-packages/oslo_config/cfg.py:3545}}
Aug 12 16:14:05 devstack devstack@g-api.service[84256]: DEBUG glance.common.config [None req-c890c298-b368-4628-a22c-b45f9c8f1675 None None] healthcheck.disable_by_file_path = None {{(pid=84256) log_opt_values /opt/stack/data/venv/lib/python3.12/site-packages/oslo_config/cfg.py:3545}}
Aug 12 16:14:05 devstack devstack@g-api.service[84256]: DEBUG glance.common.config [None req-c890c298-b368-4628-a22c-b45f9c8f1675 None None] healthcheck.ignore_proxied_requests = False {{(pid=84256) log_opt_values /opt/stack/data/venv/lib/python3.12/site-packages/oslo_config/cfg.py:3545}}
Aug 12 16:14:05 devstack devstack@g-api.service[84256]: DEBUG glance.common.config [None req-c890c298-b368-4628-a22c-b45f9c8f1675 None None] ******************************************************************************** {{(pid=84256) log_opt_values /opt/stack/data/venv/lib/python3.12/site-packages/oslo_config/cfg.py:3552}}
Aug 12 16:14:05 devstack devstack@g-api.service[84256]: WSGI app 0 (mountpoint='') ready in 5 seconds on interpreter 0x7ccee88a4668 pid: 84256 (default app)
Aug 12 16:14:09 devstack devstack@g-api.service[84255]: DEBUG glance.api.middleware.version_negotiation [None req-7bbfeccb-b39a-4176-977c-23cd211dee85 None None] Determining version of request: GET / Accept: application/json {{(pid=84255) process_request /opt/stack/glance/glance/api/middleware/version_negotiation.py:44}}
Aug 12 16:14:09 devstack devstack@g-api.service[84255]: DEBUG glance.api.middleware.version_negotiation [None req-7bbfeccb-b39a-4176-977c-23cd211dee85 None None] Using url versioning {{(pid=84255) process_request /opt/stack/glance/glance/api/middleware/version_negotiation.py:57}}
Aug 12 16:14:09 devstack devstack@g-api.service[84255]: DEBUG glance.api.middleware.version_negotiation [None req-7bbfeccb-b39a-4176-977c-23cd211dee85 None None] Unknown version. Returning version choices. {{(pid=84255) process_request /opt/stack/glance/glance/api/middleware/version_negotiation.py:64}}
Aug 12 16:14:09 devstack devstack@g-api.service[84255]: [pid: 84255|app: 0|req: 2/2] 127.0.0.1 () {34 vars in 519 bytes} [Wed Aug 12 16:14:09 2026] GET / => generated 1571 bytes in 3 msecs (HTTP/1.1 300) 3 headers in 106 bytes (1 switches on core 0)
Aug 12 16:14:09 devstack devstack@g-api.service[84256]: DEBUG glance.api.middleware.version_negotiation [None req-c890c298-b368-4628-a22c-b45f9c8f1675 None None] Determining version of request: POST /v2/images Accept: */* {{(pid=84256) process_request /opt/stack/glance/glance/api/middleware/version_negotiation.py:44}}
Aug 12 16:14:09 devstack devstack@g-api.service[84256]: DEBUG glance.api.middleware.version_negotiation [None req-c890c298-b368-4628-a22c-b45f9c8f1675 None None] Using url versioning {{(pid=84256) process_request /opt/stack/glance/glance/api/middleware/version_negotiation.py:57}}
Aug 12 16:14:09 devstack devstack@g-api.service[84256]: DEBUG glance.api.middleware.version_negotiation [None req-c890c298-b368-4628-a22c-b45f9c8f1675 None None] Matched version: v2 {{(pid=84256) process_request /opt/stack/glance/glance/api/middleware/version_negotiation.py:69}}
Aug 12 16:14:09 devstack devstack@g-api.service[84256]: DEBUG glance.api.middleware.version_negotiation [None req-c890c298-b368-4628-a22c-b45f9c8f1675 None None] new path /v2/images {{(pid=84256) process_request /opt/stack/glance/glance/api/middleware/version_negotiation.py:70}}
Aug 12 16:14:10 devstack devstack@g-api.service[84256]: [pid: 84256|app: 0|req: 1/3] 127.0.0.1 () {40 vars in 782 bytes} [Wed Aug 12 16:14:09 2026] POST /v2/images => generated 807 bytes in 1150 msecs (HTTP/1.1 201) 6 headers in 314 bytes (1 switches on core 0)
Aug 12 16:14:10 devstack devstack@g-api.service[84255]: DEBUG glance.api.middleware.version_negotiation [None req-7bbfeccb-b39a-4176-977c-23cd211dee85 None None] Determining version of request: PUT /v2/images/86433006-753f-43b5-b60e-7f6f6c1c77c6/file Accept: {{(pid=84255) process_request /opt/stack/glance/glance/api/middleware/version_negotiation.py:44}}
Aug 12 16:14:10 devstack devstack@g-api.service[84255]: DEBUG glance.api.middleware.version_negotiation [None req-7bbfeccb-b39a-4176-977c-23cd211dee85 None None] Using url versioning {{(pid=84255) process_request /opt/stack/glance/glance/api/middleware/version_negotiation.py:57}}
Aug 12 16:14:10 devstack devstack@g-api.service[84255]: DEBUG glance.api.middleware.version_negotiation [None req-7bbfeccb-b39a-4176-977c-23cd211dee85 None None] Matched version: v2 {{(pid=84255) process_request /opt/stack/glance/glance/api/middleware/version_negotiation.py:69}}
Aug 12 16:14:10 devstack devstack@g-api.service[84255]: DEBUG glance.api.middleware.version_negotiation [None req-7bbfeccb-b39a-4176-977c-23cd211dee85 None None] new path /v2/images/86433006-753f-43b5-b60e-7f6f6c1c77c6/file {{(pid=84255) process_request /opt/stack/glance/glance/api/middleware/version_negotiation.py:70}}
Aug 12 16:14:11 devstack devstack@g-api.service[84255]: INFO glance.api.v2.image_data [None req-58e6077f-36e5-4d19-b4f4-8650c3907538 admin admin] Unable to create trust: no such option collect_timing in group [keystone_authtoken] Use the existing user token.
Aug 12 16:14:12 devstack devstack@g-api.service[84255]: DEBUG glance.location [None req-58e6077f-36e5-4d19-b4f4-8650c3907538 admin admin] Enabling in-flight format inspection for qcow2 {{(pid=84255) set_data /opt/stack/glance/glance/location.py:596}}
Aug 12 16:14:12 devstack devstack@g-api.service[84255]: DEBUG oslo_utils.imageutils.format_inspector [None req-58e6077f-36e5-4d19-b4f4-8650c3907538 admin admin] Format inspector for vmdk does not match, excluding from consideration (Signature KDMV not found: b'QFI\xfb') {{(pid=84255) _process_chunk /opt/stack/data/venv/lib/python3.12/site-packages/oslo_utils/imageutils/format_inspector.py:1758}}
Aug 12 16:14:12 devstack devstack@g-api.service[84255]: DEBUG oslo_utils.imageutils.format_inspector [None req-58e6077f-36e5-4d19-b4f4-8650c3907538 admin admin] Format inspector for vhdx does not match, excluding from consideration (Region signature not found at 30000) {{(pid=84255) _process_chunk /opt/stack/data/venv/lib/python3.12/site-packages/oslo_utils/imageutils/format_inspector.py:1758}}
Aug 12 16:14:12 devstack devstack@g-api.service[84255]: DEBUG glance_store._drivers.filesystem [None req-58e6077f-36e5-4d19-b4f4-8650c3907538 admin admin] Wrote 21692416 bytes to /opt/stack/data/glance/images/86433006-753f-43b5-b60e-7f6f6c1c77c6 with checksum 87617e24a5e30cb3b87fda8c0764838f and multihash 9a9bce0083a00939ec17c11febbfc767aa211aaa54f51e75c5a8b271a9b5637c77205a518b7a2007cb391d23cceb01e0e4e8d64832317151bc85b734b92a7be0 {{(pid=84255) add /opt/stack/data/venv/lib/python3.12/site-packages/glance_store/_drivers/filesystem.py:899}}
Aug 12 16:14:12 devstack devstack@g-api.service[84255]: INFO glance.location [None req-58e6077f-36e5-4d19-b4f4-8650c3907538 admin admin] Image format matched and virtual size computed: 117440512
Aug 12 16:14:12 devstack devstack@g-api.service[84255]: DEBUG glance_store.backend [None req-58e6077f-36e5-4d19-b4f4-8650c3907538 admin admin] Skipping store.set_acls... not implemented. {{(pid=84255) set_acls /opt/stack/data/venv/lib/python3.12/site-packages/glance_store/backend.py:507}}
Aug 12 16:14:12 devstack devstack@g-api.service[84255]: [pid: 84255|app: 0|req: 3/4] 127.0.0.1 () {42 vars in 914 bytes} [Wed Aug 12 16:14:10 2026] PUT /v2/images/86433006-753f-43b5-b60e-7f6f6c1c77c6/file => generated 0 bytes in 1641 msecs (HTTP/1.1 204) 4 headers in 171 bytes (1 switches on core 0)
Aug 12 16:14:12 devstack devstack@g-api.service[84256]: DEBUG glance.api.middleware.version_negotiation [None req-942676ee-881d-4c9f-9bcb-a92f62abc502 admin admin] Determining version of request: GET /v2/images/86433006-753f-43b5-b60e-7f6f6c1c77c6 Accept: */* {{(pid=84256) process_request /opt/stack/glance/glance/api/middleware/version_negotiation.py:44}}
Aug 12 16:14:12 devstack devstack@g-api.service[84256]: DEBUG glance.api.middleware.version_negotiation [None req-942676ee-881d-4c9f-9bcb-a92f62abc502 admin admin] Using url versioning {{(pid=84256) process_request /opt/stack/glance/glance/api/middleware/version_negotiation.py:57}}
Aug 12 16:14:12 devstack devstack@g-api.service[84256]: DEBUG glance.api.middleware.version_negotiation [None req-942676ee-881d-4c9f-9bcb-a92f62abc502 admin admin] Matched version: v2 {{(pid=84256) process_request /opt/stack/glance/glance/api/middleware/version_negotiation.py:69}}
Aug 12 16:14:12 devstack devstack@g-api.service[84256]: DEBUG glance.api.middleware.version_negotiation [None req-942676ee-881d-4c9f-9bcb-a92f62abc502 admin admin] new path /v2/images/86433006-753f-43b5-b60e-7f6f6c1c77c6 {{(pid=84256) process_request /opt/stack/glance/glance/api/middleware/version_negotiation.py:70}}
Aug 12 16:14:12 devstack devstack@g-api.service[84256]: [pid: 84256|app: 0|req: 2/5] 127.0.0.1 () {36 vars in 802 bytes} [Wed Aug 12 16:14:12 2026] GET /v2/images/86433006-753f-43b5-b60e-7f6f6c1c77c6 => generated 976 bytes in 18 msecs (HTTP/1.1 200) 4 headers in 157 bytes (1 switches on core 0)
Aug 12 16:14:22 devstack devstack@g-api.service[84255]: DEBUG dbcounter [-] [84255] Writing DB stats glance:INSERT=5,glance:SELECT=16,glance:UPDATE=2 {{(pid=84255) stat_writer /opt/stack/data/venv/lib/python3.12/site-packages/dbcounter.py:115}}
Aug 12 16:14:22 devstack devstack@g-api.service[84256]: DEBUG dbcounter [-] [84256] Writing DB stats glance:INSERT=9,glance:SELECT=6 {{(pid=84256) stat_writer /opt/stack/data/venv/lib/python3.12/site-packages/dbcounter.py:115}}
Aug 12 16:14:55 devstack devstack@g-api.service[84255]: DEBUG glance.api.middleware.version_negotiation [None req-58e6077f-36e5-4d19-b4f4-8650c3907538 admin admin] Determining version of request: GET / Accept: application/json {{(pid=84255) process_request /opt/stack/glance/glance/api/middleware/version_negotiation.py:44}}
Aug 12 16:14:55 devstack devstack@g-api.service[84255]: DEBUG glance.api.middleware.version_negotiation [None req-58e6077f-36e5-4d19-b4f4-8650c3907538 admin admin] Using url versioning {{(pid=84255) process_request /opt/stack/glance/glance/api/middleware/version_negotiation.py:57}}
Aug 12 16:14:55 devstack devstack@g-api.service[84255]: DEBUG glance.api.middleware.version_negotiation [None req-58e6077f-36e5-4d19-b4f4-8650c3907538 admin admin] Unknown version. Returning version choices. {{(pid=84255) process_request /opt/stack/glance/glance/api/middleware/version_negotiation.py:64}}
Aug 12 16:14:55 devstack devstack@g-api.service[84255]: [pid: 84255|app: 0|req: 4/6] 127.0.0.1 () {34 vars in 519 bytes} [Wed Aug 12 16:14:55 2026] GET / => generated 1571 bytes in 2 msecs (HTTP/1.1 300) 3 headers in 106 bytes (1 switches on core 0)
Aug 12 16:14:55 devstack devstack@g-api.service[84256]: DEBUG glance.api.middleware.version_negotiation [None req-321bc16d-2225-4abd-8a76-0da095fb7065 admin admin] Determining version of request: GET /v2/images Accept: application/json {{(pid=84256) process_request /opt/stack/glance/glance/api/middleware/version_negotiation.py:44}}
Aug 12 16:14:55 devstack devstack@g-api.service[84256]: DEBUG glance.api.middleware.version_negotiation [None req-321bc16d-2225-4abd-8a76-0da095fb7065 admin admin] Using url versioning {{(pid=84256) process_request /opt/stack/glance/glance/api/middleware/version_negotiation.py:57}}
Aug 12 16:14:55 devstack devstack@g-api.service[84256]: DEBUG glance.api.middleware.version_negotiation [None req-321bc16d-2225-4abd-8a76-0da095fb7065 admin admin] Matched version: v2 {{(pid=84256) process_request /opt/stack/glance/glance/api/middleware/version_negotiation.py:69}}
Aug 12 16:14:55 devstack devstack@g-api.service[84256]: DEBUG glance.api.middleware.version_negotiation [None req-321bc16d-2225-4abd-8a76-0da095fb7065 admin admin] new path /v2/images {{(pid=84256) process_request /opt/stack/glance/glance/api/middleware/version_negotiation.py:70}}
Aug 12 16:14:55 devstack devstack@g-api.service[84256]: [pid: 84256|app: 0|req: 3/7] 127.0.0.1 () {36 vars in 741 bytes} [Wed Aug 12 16:14:55 2026] GET /v2/images => generated 1045 bytes in 87 msecs (HTTP/1.1 200) 4 headers in 158 bytes (1 switches on core 0)
Aug 12 16:15:04 devstack devstack@g-api.service[84255]: DEBUG glance.api.middleware.version_negotiation [None req-58e6077f-36e5-4d19-b4f4-8650c3907538 admin admin] Determining version of request: GET / Accept: application/json {{(pid=84255) process_request /opt/stack/glance/glance/api/middleware/version_negotiation.py:44}}
Aug 12 16:15:04 devstack devstack@g-api.service[84255]: DEBUG glance.api.middleware.version_negotiation [None req-58e6077f-36e5-4d19-b4f4-8650c3907538 admin admin] Using url versioning {{(pid=84255) process_request /opt/stack/glance/glance/api/middleware/version_negotiation.py:57}}
Aug 12 16:15:04 devstack devstack@g-api.service[84255]: DEBUG glance.api.middleware.version_negotiation [None req-58e6077f-36e5-4d19-b4f4-8650c3907538 admin admin] Unknown version. Returning version choices. {{(pid=84255) process_request /opt/stack/glance/glance/api/middleware/version_negotiation.py:64}}
Aug 12 16:15:04 devstack devstack@g-api.service[84255]: [pid: 84255|app: 0|req: 5/8] 127.0.0.1 () {34 vars in 519 bytes} [Wed Aug 12 16:15:04 2026] GET / => generated 1571 bytes in 2 msecs (HTTP/1.1 300) 3 headers in 106 bytes (1 switches on core 0)
Aug 12 16:15:04 devstack devstack@g-api.service[84256]: DEBUG glance.api.middleware.version_negotiation [None req-b7a81596-af23-4b09-9f28-64af96418cfb admin admin] Determining version of request: GET /v2/images/86433006-753f-43b5-b60e-7f6f6c1c77c6 Accept: */* {{(pid=84256) process_request /opt/stack/glance/glance/api/middleware/version_negotiation.py:44}}
Aug 12 16:15:04 devstack devstack@g-api.service[84256]: DEBUG glance.api.middleware.version_negotiation [None req-b7a81596-af23-4b09-9f28-64af96418cfb admin admin] Using url versioning {{(pid=84256) process_request /opt/stack/glance/glance/api/middleware/version_negotiation.py:57}}
Aug 12 16:15:04 devstack devstack@g-api.service[84256]: DEBUG glance.api.middleware.version_negotiation [None req-b7a81596-af23-4b09-9f28-64af96418cfb admin admin] Matched version: v2 {{(pid=84256) process_request /opt/stack/glance/glance/api/middleware/version_negotiation.py:69}}
Aug 12 16:15:04 devstack devstack@g-api.service[84256]: DEBUG glance.api.middleware.version_negotiation [None req-b7a81596-af23-4b09-9f28-64af96418cfb admin admin] new path /v2/images/86433006-753f-43b5-b60e-7f6f6c1c77c6 {{(pid=84256) process_request /opt/stack/glance/glance/api/middleware/version_negotiation.py:70}}
Aug 12 16:15:04 devstack devstack@g-api.service[84256]: [pid: 84256|app: 0|req: 4/9] 127.0.0.1 () {36 vars in 802 bytes} [Wed Aug 12 16:15:04 2026] GET /v2/images/86433006-753f-43b5-b60e-7f6f6c1c77c6 => generated 976 bytes in 72 msecs (HTTP/1.1 200) 4 headers in 157 bytes (1 switches on core 0)
Aug 12 16:15:11 devstack devstack@g-api.service[84255]: DEBUG glance.api.middleware.version_negotiation [None req-58e6077f-36e5-4d19-b4f4-8650c3907538 admin admin] Determining version of request: GET / Accept: application/json {{(pid=84255) process_request /opt/stack/glance/glance/api/middleware/version_negotiation.py:44}}
Aug 12 16:15:11 devstack devstack@g-api.service[84255]: DEBUG glance.api.middleware.version_negotiation [None req-58e6077f-36e5-4d19-b4f4-8650c3907538 admin admin] Using url versioning {{(pid=84255) process_request /opt/stack/glance/glance/api/middleware/version_negotiation.py:57}}
Aug 12 16:15:11 devstack devstack@g-api.service[84255]: DEBUG glance.api.middleware.version_negotiation [None req-58e6077f-36e5-4d19-b4f4-8650c3907538 admin admin] Unknown version. Returning version choices. {{(pid=84255) process_request /opt/stack/glance/glance/api/middleware/version_negotiation.py:64}}
Aug 12 16:15:11 devstack devstack@g-api.service[84255]: [pid: 84255|app: 0|req: 6/10] 127.0.0.1 () {34 vars in 519 bytes} [Wed Aug 12 16:15:11 2026] GET / => generated 1571 bytes in 3 msecs (HTTP/1.1 300) 3 headers in 106 bytes (1 switches on core 0)
Aug 12 16:15:11 devstack devstack@g-api.service[84256]: DEBUG glance.api.middleware.version_negotiation [None req-9d87c7ca-2018-4074-a4dd-be3f27069ead admin admin] Determining version of request: GET /v2/images/86433006-753f-43b5-b60e-7f6f6c1c77c6 Accept: */* {{(pid=84256) process_request /opt/stack/glance/glance/api/middleware/version_negotiation.py:44}}
Aug 12 16:15:11 devstack devstack@g-api.service[84256]: DEBUG glance.api.middleware.version_negotiation [None req-9d87c7ca-2018-4074-a4dd-be3f27069ead admin admin] Using url versioning {{(pid=84256) process_request /opt/stack/glance/glance/api/middleware/version_negotiation.py:57}}
Aug 12 16:15:11 devstack devstack@g-api.service[84256]: DEBUG glance.api.middleware.version_negotiation [None req-9d87c7ca-2018-4074-a4dd-be3f27069ead admin admin] Matched version: v2 {{(pid=84256) process_request /opt/stack/glance/glance/api/middleware/version_negotiation.py:69}}
Aug 12 16:15:11 devstack devstack@g-api.service[84256]: DEBUG glance.api.middleware.version_negotiation [None req-9d87c7ca-2018-4074-a4dd-be3f27069ead admin admin] new path /v2/images/86433006-753f-43b5-b60e-7f6f6c1c77c6 {{(pid=84256) process_request /opt/stack/glance/glance/api/middleware/version_negotiation.py:70}}
Aug 12 16:15:11 devstack devstack@g-api.service[84256]: [pid: 84256|app: 0|req: 5/11] 127.0.0.1 () {36 vars in 802 bytes} [Wed Aug 12 16:15:11 2026] GET /v2/images/86433006-753f-43b5-b60e-7f6f6c1c77c6 => generated 976 bytes in 75 msecs (HTTP/1.1 200) 4 headers in 157 bytes (1 switches on core 0)
Aug 12 16:15:21 devstack devstack@g-api.service[84256]: DEBUG dbcounter [-] [84256] Writing DB stats glance:SELECT=5 {{(pid=84256) stat_writer /opt/stack/data/venv/lib/python3.12/site-packages/dbcounter.py:115}}
Aug 12 16:16:26 devstack devstack@g-api.service[84255]: DEBUG glance.api.middleware.version_negotiation [None req-58e6077f-36e5-4d19-b4f4-8650c3907538 admin admin] Determining version of request: GET / Accept: application/json {{(pid=84255) process_request /opt/stack/glance/glance/api/middleware/version_negotiation.py:44}}
Aug 12 16:16:26 devstack devstack@g-api.service[84255]: DEBUG glance.api.middleware.version_negotiation [None req-58e6077f-36e5-4d19-b4f4-8650c3907538 admin admin] Using url versioning {{(pid=84255) process_request /opt/stack/glance/glance/api/middleware/version_negotiation.py:57}}
Aug 12 16:16:26 devstack devstack@g-api.service[84255]: DEBUG glance.api.middleware.version_negotiation [None req-58e6077f-36e5-4d19-b4f4-8650c3907538 admin admin] Unknown version. Returning version choices. {{(pid=84255) process_request /opt/stack/glance/glance/api/middleware/version_negotiation.py:64}}
Aug 12 16:16:26 devstack devstack@g-api.service[84255]: [pid: 84255|app: 0|req: 7/12] 127.0.0.1 () {36 vars in 488 bytes} [Wed Aug 12 16:16:26 2026] GET / => generated 1571 bytes in 2 msecs (HTTP/1.1 300) 3 headers in 106 bytes (1 switches on core 0)
Aug 12 16:19:14 devstack devstack@g-api.service[84256]: DEBUG glance.api.middleware.version_negotiation [None req-1c229e86-337f-4489-b954-f85b7a96acec admin admin] Determining version of request: GET / Accept: application/json {{(pid=84256) process_request /opt/stack/glance/glance/api/middleware/version_negotiation.py:44}}
Aug 12 16:19:14 devstack devstack@g-api.service[84256]: DEBUG glance.api.middleware.version_negotiation [None req-1c229e86-337f-4489-b954-f85b7a96acec admin admin] Using url versioning {{(pid=84256) process_request /opt/stack/glance/glance/api/middleware/version_negotiation.py:57}}
Aug 12 16:19:14 devstack devstack@g-api.service[84256]: DEBUG glance.api.middleware.version_negotiation [None req-1c229e86-337f-4489-b954-f85b7a96acec admin admin] Unknown version. Returning version choices. {{(pid=84256) process_request /opt/stack/glance/glance/api/middleware/version_negotiation.py:64}}
Aug 12 16:19:14 devstack devstack@g-api.service[84256]: [pid: 84256|app: 0|req: 6/13] 127.0.0.1 () {34 vars in 505 bytes} [Wed Aug 12 16:19:14 2026] GET / => generated 1571 bytes in 2 msecs (HTTP/1.1 300) 3 headers in 106 bytes (1 switches on core 0)
Aug 12 16:19:14 devstack devstack@g-api.service[84255]: DEBUG glance.api.middleware.version_negotiation [None req-58e6077f-36e5-4d19-b4f4-8650c3907538 admin admin] Determining version of request: GET /v2/images/86433006-753f-43b5-b60e-7f6f6c1c77c6 Accept: */* {{(pid=84255) process_request /opt/stack/glance/glance/api/middleware/version_negotiation.py:44}}
Aug 12 16:19:14 devstack devstack@g-api.service[84255]: DEBUG glance.api.middleware.version_negotiation [None req-58e6077f-36e5-4d19-b4f4-8650c3907538 admin admin] Using url versioning {{(pid=84255) process_request /opt/stack/glance/glance/api/middleware/version_negotiation.py:57}}
Aug 12 16:19:14 devstack devstack@g-api.service[84255]: DEBUG glance.api.middleware.version_negotiation [None req-58e6077f-36e5-4d19-b4f4-8650c3907538 admin admin] Matched version: v2 {{(pid=84255) process_request /opt/stack/glance/glance/api/middleware/version_negotiation.py:69}}
Aug 12 16:19:14 devstack devstack@g-api.service[84255]: DEBUG glance.api.middleware.version_negotiation [None req-58e6077f-36e5-4d19-b4f4-8650c3907538 admin admin] new path /v2/images/86433006-753f-43b5-b60e-7f6f6c1c77c6 {{(pid=84255) process_request /opt/stack/glance/glance/api/middleware/version_negotiation.py:70}}
Aug 12 16:19:15 devstack devstack@g-api.service[84255]: [pid: 84255|app: 0|req: 8/14] 127.0.0.1 () {42 vars in 1061 bytes} [Wed Aug 12 16:19:14 2026] GET /v2/images/86433006-753f-43b5-b60e-7f6f6c1c77c6 => generated 976 bytes in 368 msecs (HTTP/1.1 200) 4 headers in 157 bytes (1 switches on core 0)
Aug 12 16:19:15 devstack devstack@g-api.service[84256]: DEBUG glance.api.middleware.version_negotiation [None req-1c229e86-337f-4489-b954-f85b7a96acec admin admin] Determining version of request: GET /v2/schemas/image Accept: */* {{(pid=84256) process_request /opt/stack/glance/glance/api/middleware/version_negotiation.py:44}}
Aug 12 16:19:15 devstack devstack@g-api.service[84256]: DEBUG glance.api.middleware.version_negotiation [None req-1c229e86-337f-4489-b954-f85b7a96acec admin admin] Using url versioning {{(pid=84256) process_request /opt/stack/glance/glance/api/middleware/version_negotiation.py:57}}
Aug 12 16:19:15 devstack devstack@g-api.service[84256]: DEBUG glance.api.middleware.version_negotiation [None req-1c229e86-337f-4489-b954-f85b7a96acec admin admin] Matched version: v2 {{(pid=84256) process_request /opt/stack/glance/glance/api/middleware/version_negotiation.py:69}}
Aug 12 16:19:15 devstack devstack@g-api.service[84256]: DEBUG glance.api.middleware.version_negotiation [None req-1c229e86-337f-4489-b954-f85b7a96acec admin admin] new path /v2/schemas/image {{(pid=84256) process_request /opt/stack/glance/glance/api/middleware/version_negotiation.py:70}}
Aug 12 16:19:15 devstack devstack@g-api.service[84256]: [pid: 84256|app: 0|req: 7/15] 127.0.0.1 () {42 vars in 1001 bytes} [Wed Aug 12 16:19:15 2026] GET /v2/schemas/image => generated 6083 bytes in 12 msecs (HTTP/1.1 200) 4 headers in 158 bytes (1 switches on core 0)
Aug 12 16:19:20 devstack devstack@g-api.service[84255]: DEBUG glance.api.middleware.version_negotiation [None req-c14a612b-ae6b-4285-aa08-3c5a5db5f730 tempest-DeleteServersTestJSON-395681163 tempest-DeleteServersTestJSON-395681163-project-member] Determining version of request: GET / Accept: application/json {{(pid=84255) process_request /opt/stack/glance/glance/api/middleware/version_negotiation.py:44}}
Aug 12 16:19:20 devstack devstack@g-api.service[84255]: DEBUG glance.api.middleware.version_negotiation [None req-c14a612b-ae6b-4285-aa08-3c5a5db5f730 tempest-DeleteServersTestJSON-395681163 tempest-DeleteServersTestJSON-395681163-project-member] Using url versioning {{(pid=84255) process_request /opt/stack/glance/glance/api/middleware/version_negotiation.py:57}}
Aug 12 16:19:20 devstack devstack@g-api.service[84255]: DEBUG glance.api.middleware.version_negotiation [None req-c14a612b-ae6b-4285-aa08-3c5a5db5f730 tempest-DeleteServersTestJSON-395681163 tempest-DeleteServersTestJSON-395681163-project-member] Unknown version. Returning version choices. {{(pid=84255) process_request /opt/stack/glance/glance/api/middleware/version_negotiation.py:64}}
Aug 12 16:19:20 devstack devstack@g-api.service[84255]: [pid: 84255|app: 0|req: 9/16] 127.0.0.1 () {34 vars in 505 bytes} [Wed Aug 12 16:19:20 2026] GET / => generated 1571 bytes in 4 msecs (HTTP/1.1 300) 3 headers in 106 bytes (1 switches on core 0)
Aug 12 16:19:21 devstack devstack@g-api.service[84256]: DEBUG glance.api.middleware.version_negotiation [None req-c14a612b-ae6b-4285-aa08-3c5a5db5f730 tempest-DeleteServersTestJSON-395681163 tempest-DeleteServersTestJSON-395681163-project-member] Determining version of request: GET /v2/images/86433006-753f-43b5-b60e-7f6f6c1c77c6 Accept: */* {{(pid=84256) process_request /opt/stack/glance/glance/api/middleware/version_negotiation.py:44}}
Aug 12 16:19:21 devstack devstack@g-api.service[84256]: DEBUG glance.api.middleware.version_negotiation [None req-c14a612b-ae6b-4285-aa08-3c5a5db5f730 tempest-DeleteServersTestJSON-395681163 tempest-DeleteServersTestJSON-395681163-project-member] Using url versioning {{(pid=84256) process_request /opt/stack/glance/glance/api/middleware/version_negotiation.py:57}}
Aug 12 16:19:21 devstack devstack@g-api.service[84256]: DEBUG glance.api.middleware.version_negotiation [None req-c14a612b-ae6b-4285-aa08-3c5a5db5f730 tempest-DeleteServersTestJSON-395681163 tempest-DeleteServersTestJSON-395681163-project-member] Matched version: v2 {{(pid=84256) process_request /opt/stack/glance/glance/api/middleware/version_negotiation.py:69}}
Aug 12 16:19:21 devstack devstack@g-api.service[84256]: DEBUG glance.api.middleware.version_negotiation [None req-c14a612b-ae6b-4285-aa08-3c5a5db5f730 tempest-DeleteServersTestJSON-395681163 tempest-DeleteServersTestJSON-395681163-project-member] new path /v2/images/86433006-753f-43b5-b60e-7f6f6c1c77c6 {{(pid=84256) process_request /opt/stack/glance/glance/api/middleware/version_negotiation.py:70}}
Aug 12 16:19:21 devstack devstack@g-api.service[84256]: [pid: 84256|app: 0|req: 8/17] 127.0.0.1 () {42 vars in 1061 bytes} [Wed Aug 12 16:19:21 2026] GET /v2/images/86433006-753f-43b5-b60e-7f6f6c1c77c6 => generated 976 bytes in 219 msecs (HTTP/1.1 200) 4 headers in 157 bytes (1 switches on core 0)
Aug 12 16:19:21 devstack devstack@g-api.service[84255]: DEBUG glance.api.middleware.version_negotiation [None req-c14a612b-ae6b-4285-aa08-3c5a5db5f730 tempest-DeleteServersTestJSON-395681163 tempest-DeleteServersTestJSON-395681163-project-member] Determining version of request: GET /v2/schemas/image Accept: */* {{(pid=84255) process_request /opt/stack/glance/glance/api/middleware/version_negotiation.py:44}}
Aug 12 16:19:21 devstack devstack@g-api.service[84255]: DEBUG glance.api.middleware.version_negotiation [None req-c14a612b-ae6b-4285-aa08-3c5a5db5f730 tempest-DeleteServersTestJSON-395681163 tempest-DeleteServersTestJSON-395681163-project-member] Using url versioning {{(pid=84255) process_request /opt/stack/glance/glance/api/middleware/version_negotiation.py:57}}
Aug 12 16:19:21 devstack devstack@g-api.service[84255]: DEBUG glance.api.middleware.version_negotiation [None req-c14a612b-ae6b-4285-aa08-3c5a5db5f730 tempest-DeleteServersTestJSON-395681163 tempest-DeleteServersTestJSON-395681163-project-member] Matched version: v2 {{(pid=84255) process_request /opt/stack/glance/glance/api/middleware/version_negotiation.py:69}}
Aug 12 16:19:21 devstack devstack@g-api.service[84255]: DEBUG glance.api.middleware.version_negotiation [None req-c14a612b-ae6b-4285-aa08-3c5a5db5f730 tempest-DeleteServersTestJSON-395681163 tempest-DeleteServersTestJSON-395681163-project-member] new path /v2/schemas/image {{(pid=84255) process_request /opt/stack/glance/glance/api/middleware/version_negotiation.py:70}}
Aug 12 16:19:21 devstack devstack@g-api.service[84255]: [pid: 84255|app: 0|req: 10/18] 127.0.0.1 () {42 vars in 1001 bytes} [Wed Aug 12 16:19:21 2026] GET /v2/schemas/image => generated 6083 bytes in 6 msecs (HTTP/1.1 200) 4 headers in 158 bytes (1 switches on core 0)
Aug 12 16:19:25 devstack devstack@g-api.service[84255]: DEBUG dbcounter [-] [84255] Writing DB stats glance:SELECT=2 {{(pid=84255) stat_writer /opt/stack/data/venv/lib/python3.12/site-packages/dbcounter.py:115}}
Aug 12 16:19:25 devstack devstack@g-api.service[84256]: DEBUG glance.api.middleware.version_negotiation [None req-811cbf88-8b62-4b67-99ac-b96ffea27804 tempest-ServerActionsTestOtherA-809931543 tempest-ServerActionsTestOtherA-809931543-project-member] Determining version of request: GET /v2/images/86433006-753f-43b5-b60e-7f6f6c1c77c6 Accept: */* {{(pid=84256) process_request /opt/stack/glance/glance/api/middleware/version_negotiation.py:44}}
Aug 12 16:19:25 devstack devstack@g-api.service[84256]: DEBUG glance.api.middleware.version_negotiation [None req-811cbf88-8b62-4b67-99ac-b96ffea27804 tempest-ServerActionsTestOtherA-809931543 tempest-ServerActionsTestOtherA-809931543-project-member] Using url versioning {{(pid=84256) process_request /opt/stack/glance/glance/api/middleware/version_negotiation.py:57}}
Aug 12 16:19:25 devstack devstack@g-api.service[84256]: DEBUG glance.api.middleware.version_negotiation [None req-811cbf88-8b62-4b67-99ac-b96ffea27804 tempest-ServerActionsTestOtherA-809931543 tempest-ServerActionsTestOtherA-809931543-project-member] Matched version: v2 {{(pid=84256) process_request /opt/stack/glance/glance/api/middleware/version_negotiation.py:69}}
Aug 12 16:19:25 devstack devstack@g-api.service[84256]: DEBUG glance.api.middleware.version_negotiation [None req-811cbf88-8b62-4b67-99ac-b96ffea27804 tempest-ServerActionsTestOtherA-809931543 tempest-ServerActionsTestOtherA-809931543-project-member] new path /v2/images/86433006-753f-43b5-b60e-7f6f6c1c77c6 {{(pid=84256) process_request /opt/stack/glance/glance/api/middleware/version_negotiation.py:70}}
Aug 12 16:19:25 devstack devstack@g-api.service[84256]: [pid: 84256|app: 0|req: 9/19] 127.0.0.1 () {42 vars in 1061 bytes} [Wed Aug 12 16:19:25 2026] GET /v2/images/86433006-753f-43b5-b60e-7f6f6c1c77c6 => generated 976 bytes in 107 msecs (HTTP/1.1 200) 4 headers in 157 bytes (1 switches on core 0)
Aug 12 16:19:25 devstack devstack@g-api.service[84255]: DEBUG glance.api.middleware.version_negotiation [None req-811cbf88-8b62-4b67-99ac-b96ffea27804 tempest-ServerActionsTestOtherA-809931543 tempest-ServerActionsTestOtherA-809931543-project-member] Determining version of request: GET /v2/images/86433006-753f-43b5-b60e-7f6f6c1c77c6/file Accept: */* {{(pid=84255) process_request /opt/stack/glance/glance/api/middleware/version_negotiation.py:44}}
Aug 12 16:19:25 devstack devstack@g-api.service[84255]: DEBUG glance.api.middleware.version_negotiation [None req-811cbf88-8b62-4b67-99ac-b96ffea27804 tempest-ServerActionsTestOtherA-809931543 tempest-ServerActionsTestOtherA-809931543-project-member] Using url versioning {{(pid=84255) process_request /opt/stack/glance/glance/api/middleware/version_negotiation.py:57}}
Aug 12 16:19:25 devstack devstack@g-api.service[84255]: DEBUG glance.api.middleware.version_negotiation [None req-811cbf88-8b62-4b67-99ac-b96ffea27804 tempest-ServerActionsTestOtherA-809931543 tempest-ServerActionsTestOtherA-809931543-project-member] Matched version: v2 {{(pid=84255) process_request /opt/stack/glance/glance/api/middleware/version_negotiation.py:69}}
Aug 12 16:19:25 devstack devstack@g-api.service[84255]: DEBUG glance.api.middleware.version_negotiation [None req-811cbf88-8b62-4b67-99ac-b96ffea27804 tempest-ServerActionsTestOtherA-809931543 tempest-ServerActionsTestOtherA-809931543-project-member] new path /v2/images/86433006-753f-43b5-b60e-7f6f6c1c77c6/file {{(pid=84255) process_request /opt/stack/glance/glance/api/middleware/version_negotiation.py:70}}
Aug 12 16:19:25 devstack devstack@g-api.service[84255]: DEBUG glance_store._drivers.filesystem [None req-c14a612b-ae6b-4285-aa08-3c5a5db5f730 tempest-DeleteServersTestJSON-395681163 tempest-DeleteServersTestJSON-395681163-project-member] Found image at /opt/stack/data/glance/images/86433006-753f-43b5-b60e-7f6f6c1c77c6. Returning in ChunkedFile. {{(pid=84255) get /opt/stack/data/venv/lib/python3.12/site-packages/glance_store/_drivers/filesystem.py:724}}
Aug 12 16:19:26 devstack devstack@g-api.service[84255]: DEBUG glance.image_cache [None req-c14a612b-ae6b-4285-aa08-3c5a5db5f730 tempest-DeleteServersTestJSON-395681163 tempest-DeleteServersTestJSON-395681163-project-member] Tee'ing image '86433006-753f-43b5-b60e-7f6f6c1c77c6' into cache {{(pid=84255) get_caching_iter /opt/stack/glance/glance/image_cache/__init__.py:356}}
Aug 12 16:19:26 devstack devstack@g-api.service[84255]: DEBUG glance.image_cache.drivers.centralized_db [None req-c14a612b-ae6b-4285-aa08-3c5a5db5f730 tempest-DeleteServersTestJSON-395681163 tempest-DeleteServersTestJSON-395681163-project-member] Fetch finished, moving '/opt/stack/data/glance/cache/incomplete/86433006-753f-43b5-b60e-7f6f6c1c77c6' to '/opt/stack/data/glance/cache/86433006-753f-43b5-b60e-7f6f6c1c77c6' {{(pid=84255) commit /opt/stack/glance/glance/image_cache/drivers/centralized_db.py:243}}
Aug 12 16:19:26 devstack devstack@g-api.service[84255]: DEBUG glance.image_cache.drivers.centralized_db [None req-c14a612b-ae6b-4285-aa08-3c5a5db5f730 tempest-DeleteServersTestJSON-395681163 tempest-DeleteServersTestJSON-395681163-project-member] Image cached successfully. {{(pid=84255) commit /opt/stack/glance/glance/image_cache/drivers/centralized_db.py:258}}
Aug 12 16:19:26 devstack devstack@g-api.service[84255]: [pid: 84255|app: 0|req: 11/20] 127.0.0.1 () {42 vars in 1071 bytes} [Wed Aug 12 16:19:25 2026] GET /v2/images/86433006-753f-43b5-b60e-7f6f6c1c77c6/file => generated 21692416 bytes in 479 msecs (HTTP/1.1 200) 4 headers in 191 bytes (335 switches on core 0)
Aug 12 16:19:26 devstack devstack@g-api.service[84256]: DEBUG glance.api.middleware.version_negotiation [None req-c14a612b-ae6b-4285-aa08-3c5a5db5f730 tempest-DeleteServersTestJSON-395681163 tempest-DeleteServersTestJSON-395681163-project-member] Determining version of request: GET /v2/images/86433006-753f-43b5-b60e-7f6f6c1c77c6 Accept: */* {{(pid=84256) process_request /opt/stack/glance/glance/api/middleware/version_negotiation.py:44}}
Aug 12 16:19:26 devstack devstack@g-api.service[84256]: DEBUG glance.api.middleware.version_negotiation [None req-c14a612b-ae6b-4285-aa08-3c5a5db5f730 tempest-DeleteServersTestJSON-395681163 tempest-DeleteServersTestJSON-395681163-project-member] Using url versioning {{(pid=84256) process_request /opt/stack/glance/glance/api/middleware/version_negotiation.py:57}}
Aug 12 16:19:26 devstack devstack@g-api.service[84256]: DEBUG glance.api.middleware.version_negotiation [None req-c14a612b-ae6b-4285-aa08-3c5a5db5f730 tempest-DeleteServersTestJSON-395681163 tempest-DeleteServersTestJSON-395681163-project-member] Matched version: v2 {{(pid=84256) process_request /opt/stack/glance/glance/api/middleware/version_negotiation.py:69}}
Aug 12 16:19:26 devstack devstack@g-api.service[84256]: DEBUG glance.api.middleware.version_negotiation [None req-c14a612b-ae6b-4285-aa08-3c5a5db5f730 tempest-DeleteServersTestJSON-395681163 tempest-DeleteServersTestJSON-395681163-project-member] new path /v2/images/86433006-753f-43b5-b60e-7f6f6c1c77c6 {{(pid=84256) process_request /opt/stack/glance/glance/api/middleware/version_negotiation.py:70}}
Aug 12 16:19:26 devstack devstack@g-api.service[84256]: [pid: 84256|app: 0|req: 10/21] 127.0.0.1 () {42 vars in 1061 bytes} [Wed Aug 12 16:19:26 2026] GET /v2/images/86433006-753f-43b5-b60e-7f6f6c1c77c6 => generated 976 bytes in 37 msecs (HTTP/1.1 200) 4 headers in 157 bytes (1 switches on core 0)
Aug 12 16:19:26 devstack devstack@g-api.service[84255]: DEBUG glance.api.middleware.version_negotiation [None req-c14a612b-ae6b-4285-aa08-3c5a5db5f730 tempest-DeleteServersTestJSON-395681163 tempest-DeleteServersTestJSON-395681163-project-member] Determining version of request: GET /v2/schemas/image Accept: */* {{(pid=84255) process_request /opt/stack/glance/glance/api/middleware/version_negotiation.py:44}}
Aug 12 16:19:26 devstack devstack@g-api.service[84255]: DEBUG glance.api.middleware.version_negotiation [None req-c14a612b-ae6b-4285-aa08-3c5a5db5f730 tempest-DeleteServersTestJSON-395681163 tempest-DeleteServersTestJSON-395681163-project-member] Using url versioning {{(pid=84255) process_request /opt/stack/glance/glance/api/middleware/version_negotiation.py:57}}
Aug 12 16:19:26 devstack devstack@g-api.service[84255]: DEBUG glance.api.middleware.version_negotiation [None req-c14a612b-ae6b-4285-aa08-3c5a5db5f730 tempest-DeleteServersTestJSON-395681163 tempest-DeleteServersTestJSON-395681163-project-member] Matched version: v2 {{(pid=84255) process_request /opt/stack/glance/glance/api/middleware/version_negotiation.py:69}}
Aug 12 16:19:26 devstack devstack@g-api.service[84255]: DEBUG glance.api.middleware.version_negotiation [None req-c14a612b-ae6b-4285-aa08-3c5a5db5f730 tempest-DeleteServersTestJSON-395681163 tempest-DeleteServersTestJSON-395681163-project-member] new path /v2/schemas/image {{(pid=84255) process_request /opt/stack/glance/glance/api/middleware/version_negotiation.py:70}}
Aug 12 16:19:26 devstack devstack@g-api.service[84255]: [pid: 84255|app: 0|req: 12/22] 127.0.0.1 () {42 vars in 1001 bytes} [Wed Aug 12 16:19:26 2026] GET /v2/schemas/image => generated 6083 bytes in 10 msecs (HTTP/1.1 200) 4 headers in 158 bytes (1 switches on core 0)
Aug 12 16:19:36 devstack devstack@g-api.service[84255]: DEBUG dbcounter [-] [84255] Writing DB stats glance:SELECT=5,glance:INSERT=1 {{(pid=84255) stat_writer /opt/stack/data/venv/lib/python3.12/site-packages/dbcounter.py:115}}
Aug 12 16:19:36 devstack devstack@g-api.service[84256]: DEBUG dbcounter [-] [84256] Writing DB stats glance:SELECT=6 {{(pid=84256) stat_writer /opt/stack/data/venv/lib/python3.12/site-packages/dbcounter.py:115}}
Aug 12 16:19:52 devstack devstack@g-api.service[84256]: DEBUG glance.api.middleware.version_negotiation [None req-c14a612b-ae6b-4285-aa08-3c5a5db5f730 tempest-DeleteServersTestJSON-395681163 tempest-DeleteServersTestJSON-395681163-project-member] Determining version of request: GET /v2/images/86433006-753f-43b5-b60e-7f6f6c1c77c6 Accept: */* {{(pid=84256) process_request /opt/stack/glance/glance/api/middleware/version_negotiation.py:44}}
Aug 12 16:19:52 devstack devstack@g-api.service[84256]: DEBUG glance.api.middleware.version_negotiation [None req-c14a612b-ae6b-4285-aa08-3c5a5db5f730 tempest-DeleteServersTestJSON-395681163 tempest-DeleteServersTestJSON-395681163-project-member] Using url versioning {{(pid=84256) process_request /opt/stack/glance/glance/api/middleware/version_negotiation.py:57}}
Aug 12 16:19:52 devstack devstack@g-api.service[84256]: DEBUG glance.api.middleware.version_negotiation [None req-c14a612b-ae6b-4285-aa08-3c5a5db5f730 tempest-DeleteServersTestJSON-395681163 tempest-DeleteServersTestJSON-395681163-project-member] Matched version: v2 {{(pid=84256) process_request /opt/stack/glance/glance/api/middleware/version_negotiation.py:69}}
Aug 12 16:19:52 devstack devstack@g-api.service[84256]: DEBUG glance.api.middleware.version_negotiation [None req-c14a612b-ae6b-4285-aa08-3c5a5db5f730 tempest-DeleteServersTestJSON-395681163 tempest-DeleteServersTestJSON-395681163-project-member] new path /v2/images/86433006-753f-43b5-b60e-7f6f6c1c77c6 {{(pid=84256) process_request /opt/stack/glance/glance/api/middleware/version_negotiation.py:70}}
Aug 12 16:19:52 devstack devstack@g-api.service[84256]: [pid: 84256|app: 0|req: 11/23] 127.0.0.1 () {42 vars in 1061 bytes} [Wed Aug 12 16:19:52 2026] GET /v2/images/86433006-753f-43b5-b60e-7f6f6c1c77c6 => generated 976 bytes in 55 msecs (HTTP/1.1 200) 4 headers in 157 bytes (1 switches on core 0)
Aug 12 16:19:52 devstack devstack@g-api.service[84255]: DEBUG glance.api.middleware.version_negotiation [None req-c14a612b-ae6b-4285-aa08-3c5a5db5f730 tempest-DeleteServersTestJSON-395681163 tempest-DeleteServersTestJSON-395681163-project-member] Determining version of request: GET /v2/schemas/image Accept: */* {{(pid=84255) process_request /opt/stack/glance/glance/api/middleware/version_negotiation.py:44}}
Aug 12 16:19:52 devstack devstack@g-api.service[84255]: DEBUG glance.api.middleware.version_negotiation [None req-c14a612b-ae6b-4285-aa08-3c5a5db5f730 tempest-DeleteServersTestJSON-395681163 tempest-DeleteServersTestJSON-395681163-project-member] Using url versioning {{(pid=84255) process_request /opt/stack/glance/glance/api/middleware/version_negotiation.py:57}}
Aug 12 16:19:52 devstack devstack@g-api.service[84255]: DEBUG glance.api.middleware.version_negotiation [None req-c14a612b-ae6b-4285-aa08-3c5a5db5f730 tempest-DeleteServersTestJSON-395681163 tempest-DeleteServersTestJSON-395681163-project-member] Matched version: v2 {{(pid=84255) process_request /opt/stack/glance/glance/api/middleware/version_negotiation.py:69}}
