Jul 22 12:15:15 devstack cinder-volume[87568]: DEBUG oslo_concurrency.lockutils [None req-d54bf219-7a4a-4708-b9fb-21e525d74076 tempest-VolumesServicesTestJSON-1701938715 None] Lock "quobyte" acquired by "cinder.volume.drivers.quobyte.QuobyteDriver.create_volume" :: waited 0.733s {{(pid=87568) inner /opt/stack/data/venv/lib/python3.12/site-packages/oslo_concurrency/lockutils.py:525}}
Jul 22 12:15:15 devstack cinder-volume[87568]: DEBUG cinder.volume.drivers.quobyte [None req-d54bf219-7a4a-4708-b9fb-21e525d74076 tempest-VolumesServicesTestJSON-1701938715 None] ==> create_volume: call "{'self': , 'volume': Volume(_name_id=None,admin_metadata=,attach_status='detached',availability_zone='nova',bootable=False,cluster=,cluster_name=None,consistencygroup=,consistencygroup_id=None,created_at=2026-07-22T10:15:14Z,deleted=False,deleted_at=None,display_description=None,display_name='tempest-VolumesServicesTestJSON-Volume-2074372403',ec2_id=None,encryption_key_id=None,glance_metadata=,group=,group_id=None,host='devstack@QuobyteHD#QuobyteHD',id=44b416e3-40c2-49da-a3e3-3164f75263e5,launched_at=None,metadata={},migration_status=None,multiattach=False,previous_status=None,project_id='ca59feafb4434a78a573b3afb6793c40',provider_auth=None,provider_geometry=None,provider_id=None,provider_location=None,replication_driver_data=None,replication_extended_status=None,replication_status=None,scheduled_at=2026-07-22T10:15:15Z,service_uuid=None,shared_targets=True,size=1,snapshot_id=None,snapshots=,source_volid=None,status='creating',terminated_at=None,updated_at=2026-07-22T10:15:15Z,use_quota=True,user_id='62f47209df2848ce8f182f60d1e1bc28',volume_attachment=VolumeAttachmentList,volume_type=VolumeType(e585c5b9-8eec-4594-b90f-0f88cebf76e1),volume_type_id=e585c5b9-8eec-4594-b90f-0f88cebf76e1)}" {{(pid=87568) trace_logging_wrapper /opt/stack/cinder/cinder/volume/volume_utils.py:1497}}
Jul 22 12:15:15 devstack cinder-volume[87568]: DEBUG cinder.volume.drivers.remotefs [None req-d54bf219-7a4a-4708-b9fb-21e525d74076 tempest-VolumesServicesTestJSON-1701938715 None] Creating volume 44b416e3-40c2-49da-a3e3-3164f75263e5 {{(pid=87568) create_volume /opt/stack/cinder/cinder/volume/drivers/remotefs.py:292}}
Jul 22 12:15:15 devstack cinder-volume[87568]: DEBUG oslo_concurrency.lockutils [None req-d54bf219-7a4a-4708-b9fb-21e525d74076 tempest-VolumesServicesTestJSON-1701938715 None] Acquiring lock "quobyte_ensure" by "cinder.volume.drivers.quobyte.QuobyteDriver._ensure_shares_mounted" {{(pid=87568) inner /opt/stack/data/venv/lib/python3.12/site-packages/oslo_concurrency/lockutils.py:512}}
Jul 22 12:15:15 devstack cinder-volume[87568]: DEBUG oslo_concurrency.lockutils [None req-d54bf219-7a4a-4708-b9fb-21e525d74076 tempest-VolumesServicesTestJSON-1701938715 None] Lock "quobyte_ensure" acquired by "cinder.volume.drivers.quobyte.QuobyteDriver._ensure_shares_mounted" :: waited 0.001s {{(pid=87568) inner /opt/stack/data/venv/lib/python3.12/site-packages/oslo_concurrency/lockutils.py:525}}
Jul 22 12:15:15 devstack cinder-volume[87568]: DEBUG cinder.volume.drivers.quobyte [None req-d54bf219-7a4a-4708-b9fb-21e525d74076 tempest-VolumesServicesTestJSON-1701938715 None] Quobyte Volume URL set to: {'osci02.corp.quobyte.com/cinder-vol-c2c9a58a-cd3b-4fc2-82d4-64c8e9e7ae29': None} {{(pid=87568) _load_shares_config /opt/stack/cinder/cinder/volume/drivers/quobyte.py:651}}
Jul 22 12:15:15 devstack cinder-volume[87568]: DEBUG cinder.volume.drivers.quobyte [None req-d54bf219-7a4a-4708-b9fb-21e525d74076 tempest-VolumesServicesTestJSON-1701938715 None] Available shares ['osci02.corp.quobyte.com/cinder-vol-c2c9a58a-cd3b-4fc2-82d4-64c8e9e7ae29'] {{(pid=87568) _ensure_shares_mounted /opt/stack/cinder/cinder/volume/drivers/quobyte.py:681}}
Jul 22 12:15:15 devstack cinder-volume[87568]: DEBUG oslo_concurrency.lockutils [None req-d54bf219-7a4a-4708-b9fb-21e525d74076 tempest-VolumesServicesTestJSON-1701938715 None] Lock "quobyte_ensure" "released" by "cinder.volume.drivers.quobyte.QuobyteDriver._ensure_shares_mounted" :: held 0.011s {{(pid=87568) inner /opt/stack/data/venv/lib/python3.12/site-packages/oslo_concurrency/lockutils.py:544}}
Jul 22 12:15:15 devstack cinder-volume[87568]: DEBUG cinder.volume.drivers.quobyte [None req-d54bf219-7a4a-4708-b9fb-21e525d74076 tempest-VolumesServicesTestJSON-1701938715 None] Selected osci02.corp.quobyte.com/cinder-vol-c2c9a58a-cd3b-4fc2-82d4-64c8e9e7ae29 as target Quobyte volume. {{(pid=87568) _find_share /opt/stack/cinder/cinder/volume/drivers/quobyte.py:702}}
Jul 22 12:15:15 devstack cinder-volume[87568]: INFO cinder.volume.drivers.remotefs [None req-d54bf219-7a4a-4708-b9fb-21e525d74076 tempest-VolumesServicesTestJSON-1701938715 None] casted to osci02.corp.quobyte.com/cinder-vol-c2c9a58a-cd3b-4fc2-82d4-64c8e9e7ae29
Jul 22 12:15:15 devstack cinder-volume[87568]: DEBUG oslo_concurrency.processutils [None req-d54bf219-7a4a-4708-b9fb-21e525d74076 tempest-VolumesServicesTestJSON-1701938715 None] Running cmd (subprocess): sudo cinder-rootwrap /etc/cinder/rootwrap.conf qemu-img create -f qcow2 -o preallocation=metadata /opt/stack/data/cinder/mnt/06f293d3f0b5b865d603527b0f6bdd47/volume-44b416e3-40c2-49da-a3e3-3164f75263e5 1073741824 {{(pid=87568) execute /opt/stack/data/venv/lib/python3.12/site-packages/oslo_concurrency/processutils.py:440}}
Jul 22 12:15:15 devstack sudo[95794]: quobyte : PWD=/ ; USER=root ; COMMAND=/opt/stack/data/venv/bin/cinder-rootwrap /etc/cinder/rootwrap.conf qemu-img create -f qcow2 -o preallocation=metadata /opt/stack/data/cinder/mnt/06f293d3f0b5b865d603527b0f6bdd47/volume-44b416e3-40c2-49da-a3e3-3164f75263e5 1073741824
Jul 22 12:15:15 devstack sudo[95794]: pam_unix(sudo:session): session opened for user root(uid=0) by (uid=1000)
Jul 22 12:15:15 devstack cinder-volume[87568]: INFO cinder.volume.manager [None req-05f24f26-2041-42d2-aeeb-e7d165e00684 tempest-SnapshotsActionsTest-1286604923 None] Create snapshot completed successfully
Jul 22 12:15:16 devstack sudo[95794]: pam_unix(sudo:session): session closed for user root
Jul 22 12:15:16 devstack cinder-volume[87568]: DEBUG oslo_concurrency.processutils [None req-d54bf219-7a4a-4708-b9fb-21e525d74076 tempest-VolumesServicesTestJSON-1701938715 None] CMD "sudo cinder-rootwrap /etc/cinder/rootwrap.conf qemu-img create -f qcow2 -o preallocation=metadata /opt/stack/data/cinder/mnt/06f293d3f0b5b865d603527b0f6bdd47/volume-44b416e3-40c2-49da-a3e3-3164f75263e5 1073741824" returned: 0 in 0.560s {{(pid=87568) execute /opt/stack/data/venv/lib/python3.12/site-packages/oslo_concurrency/processutils.py:468}}
Jul 22 12:15:16 devstack cinder-volume[87568]: DEBUG oslo_concurrency.processutils [None req-d54bf219-7a4a-4708-b9fb-21e525d74076 tempest-VolumesServicesTestJSON-1701938715 None] Running cmd (subprocess): sudo cinder-rootwrap /etc/cinder/rootwrap.conf chmod ugo+rw /opt/stack/data/cinder/mnt/06f293d3f0b5b865d603527b0f6bdd47/volume-44b416e3-40c2-49da-a3e3-3164f75263e5 {{(pid=87568) execute /opt/stack/data/venv/lib/python3.12/site-packages/oslo_concurrency/processutils.py:440}}
Jul 22 12:15:16 devstack cinder-volume[87568]: DEBUG cinder.coordination [None req-6d9be817-0463-4c43-9b44-27207fcdf4a9 tempest-SnapshotsActionsTest-1182305158 None] Acquiring lock "cinder-0cf4f4fb-3d0d-402d-b3b2-f086dedc5794-delete_snapshot" by "delete_snapshot" {{(pid=87568) __acquire /opt/stack/cinder/cinder/coordination.py:138}}
Jul 22 12:15:16 devstack sudo[95800]: quobyte : PWD=/ ; USER=root ; COMMAND=/opt/stack/data/venv/bin/cinder-rootwrap /etc/cinder/rootwrap.conf chmod ugo+rw /opt/stack/data/cinder/mnt/06f293d3f0b5b865d603527b0f6bdd47/volume-44b416e3-40c2-49da-a3e3-3164f75263e5
Jul 22 12:15:16 devstack sudo[95800]: pam_unix(sudo:session): session opened for user root(uid=0) by (uid=1000)
Jul 22 12:15:16 devstack cinder-volume[87568]: DEBUG cinder.coordination [None req-6d9be817-0463-4c43-9b44-27207fcdf4a9 tempest-SnapshotsActionsTest-1182305158 None] Lock "cinder-0cf4f4fb-3d0d-402d-b3b2-f086dedc5794-delete_snapshot" acquired by "delete_snapshot" :: waited 0.035s {{(pid=87568) __acquire /opt/stack/cinder/cinder/coordination.py:141}}
Jul 22 12:15:16 devstack cinder-volume[87568]: DEBUG cinder.coordination [None req-6d9be817-0463-4c43-9b44-27207fcdf4a9 tempest-SnapshotsActionsTest-1182305158 None] Acquiring lock "cinder-quobyte-75559ea4-eff1-4abb-9aa6-d17510c9d891" by "delete_snapshot" {{(pid=87568) __acquire /opt/stack/cinder/cinder/coordination.py:138}}
Jul 22 12:15:16 devstack cinder-volume[87568]: DEBUG cinder.coordination [None req-6d9be817-0463-4c43-9b44-27207fcdf4a9 tempest-SnapshotsActionsTest-1182305158 None] Lock "cinder-quobyte-75559ea4-eff1-4abb-9aa6-d17510c9d891" acquired by "delete_snapshot" :: waited 0.023s {{(pid=87568) __acquire /opt/stack/cinder/cinder/coordination.py:141}}
Jul 22 12:15:16 devstack cinder-volume[87568]: DEBUG cinder.coordination [None req-6d9be817-0463-4c43-9b44-27207fcdf4a9 tempest-SnapshotsActionsTest-1182305158 None] Acquiring lock "cinder-quobyte-0cf4f4fb-3d0d-402d-b3b2-f086dedc5794" by "_delete_snapshot" {{(pid=87568) __acquire /opt/stack/cinder/cinder/coordination.py:138}}
Jul 22 12:15:16 devstack cinder-volume[87568]: DEBUG cinder.coordination [None req-6d9be817-0463-4c43-9b44-27207fcdf4a9 tempest-SnapshotsActionsTest-1182305158 None] Lock "cinder-quobyte-0cf4f4fb-3d0d-402d-b3b2-f086dedc5794" acquired by "_delete_snapshot" :: waited 0.015s {{(pid=87568) __acquire /opt/stack/cinder/cinder/coordination.py:141}}
Jul 22 12:15:16 devstack cinder-volume[87568]: DEBUG cinder.volume.drivers.remotefs [None req-6d9be817-0463-4c43-9b44-27207fcdf4a9 tempest-SnapshotsActionsTest-1182305158 None] Deleting offline snapshot 0cf4f4fb-3d0d-402d-b3b2-f086dedc5794 of volume 75559ea4-eff1-4abb-9aa6-d17510c9d891 {{(pid=87568) _delete_snapshot /opt/stack/cinder/cinder/volume/drivers/remotefs.py:1288}}
Jul 22 12:15:16 devstack cinder-volume[87568]: DEBUG cinder.volume.drivers.remotefs [None req-6d9be817-0463-4c43-9b44-27207fcdf4a9 tempest-SnapshotsActionsTest-1182305158 None] snapshot_file for this snap is: volume-75559ea4-eff1-4abb-9aa6-d17510c9d891.0cf4f4fb-3d0d-402d-b3b2-f086dedc5794 {{(pid=87568) _delete_snapshot /opt/stack/cinder/cinder/volume/drivers/remotefs.py:1317}}
Jul 22 12:15:16 devstack cinder-volume[87568]: DEBUG oslo.privsep.daemon [-] privsep: reply[7c642b44-6862-4641-82a2-c08efbf528b8]: (4, 'qcow2') {{(pid=88798) _call_back /opt/stack/data/venv/lib/python3.12/site-packages/oslo_privsep/daemon.py:580}}
Jul 22 12:15:16 devstack cinder-volume[87568]: DEBUG oslo_concurrency.processutils [None req-6d9be817-0463-4c43-9b44-27207fcdf4a9 tempest-SnapshotsActionsTest-1182305158 None] Running cmd (subprocess): /opt/stack/data/venv/bin/python3.12 -m oslo_concurrency.prlimit --as=1073741824 --cpu=60 -- sudo cinder-rootwrap /etc/cinder/rootwrap.conf env LC_ALL=C qemu-img info -f qcow2 --output=json --force-share /opt/stack/data/cinder/mnt/06f293d3f0b5b865d603527b0f6bdd47/volume-75559ea4-eff1-4abb-9aa6-d17510c9d891.0cf4f4fb-3d0d-402d-b3b2-f086dedc5794 {{(pid=87568) execute /opt/stack/data/venv/lib/python3.12/site-packages/oslo_concurrency/processutils.py:440}}
Jul 22 12:15:16 devstack sudo[95802]: quobyte : PWD=/ ; USER=root ; COMMAND=/opt/stack/data/venv/bin/cinder-rootwrap /etc/cinder/rootwrap.conf env LC_ALL=C qemu-img info -f qcow2 --output=json --force-share /opt/stack/data/cinder/mnt/06f293d3f0b5b865d603527b0f6bdd47/volume-75559ea4-eff1-4abb-9aa6-d17510c9d891.0cf4f4fb-3d0d-402d-b3b2-f086dedc5794
Jul 22 12:15:16 devstack sudo[95802]: pam_unix(sudo:session): session opened for user root(uid=0) by (uid=1000)
Jul 22 12:15:16 devstack sudo[95800]: pam_unix(sudo:session): session closed for user root
Jul 22 12:15:16 devstack cinder-volume[87568]: DEBUG oslo_concurrency.processutils [None req-d54bf219-7a4a-4708-b9fb-21e525d74076 tempest-VolumesServicesTestJSON-1701938715 None] CMD "sudo cinder-rootwrap /etc/cinder/rootwrap.conf chmod ugo+rw /opt/stack/data/cinder/mnt/06f293d3f0b5b865d603527b0f6bdd47/volume-44b416e3-40c2-49da-a3e3-3164f75263e5" returned: 0 in 0.505s {{(pid=87568) execute /opt/stack/data/venv/lib/python3.12/site-packages/oslo_concurrency/processutils.py:468}}
Jul 22 12:15:16 devstack cinder-volume[87568]: DEBUG cinder.volume.drivers.quobyte [None req-d54bf219-7a4a-4708-b9fb-21e525d74076 tempest-VolumesServicesTestJSON-1701938715 None] <== create_volume: return (1123ms) {'provider_location': 'osci02.corp.quobyte.com/cinder-vol-c2c9a58a-cd3b-4fc2-82d4-64c8e9e7ae29'} {{(pid=87568) trace_logging_wrapper /opt/stack/cinder/cinder/volume/volume_utils.py:1522}}
Jul 22 12:15:16 devstack cinder-volume[87568]: DEBUG oslo_concurrency.lockutils [None req-d54bf219-7a4a-4708-b9fb-21e525d74076 tempest-VolumesServicesTestJSON-1701938715 None] Lock "quobyte" "released" by "cinder.volume.drivers.quobyte.QuobyteDriver.create_volume" :: held 1.126s {{(pid=87568) inner /opt/stack/data/venv/lib/python3.12/site-packages/oslo_concurrency/lockutils.py:544}}
Jul 22 12:15:16 devstack cinder-volume[87568]: DEBUG cinder.volume.manager [None req-d54bf219-7a4a-4708-b9fb-21e525d74076 tempest-VolumesServicesTestJSON-1701938715 None] Task 'cinder.volume.flows.manager.create_volume.CreateVolumeFromSpecTask;volume:create' (1f61027b-6a6d-49b4-871a-163dd521bfbd) transitioned into state 'SUCCESS' from state 'RUNNING' with result '{'status': 'creating', 'volume_name': 'volume-44b416e3-40c2-49da-a3e3-3164f75263e5', 'volume_size': 1}' {{(pid=87568) _task_receiver /opt/stack/data/venv/lib/python3.12/site-packages/taskflow/listeners/logging.py:218}}
Jul 22 12:15:16 devstack cinder-volume[87568]: DEBUG cinder.volume.manager [None req-d54bf219-7a4a-4708-b9fb-21e525d74076 tempest-VolumesServicesTestJSON-1701938715 None] Task 'cinder.volume.flows.manager.create_volume.CreateVolumeOnFinishTask;volume:create, create.end' (7afe5bfc-8cde-43ca-b3ad-9deb46ba9b8c) transitioned into state 'RUNNING' from state 'PENDING' {{(pid=87568) _task_receiver /opt/stack/data/venv/lib/python3.12/site-packages/taskflow/listeners/logging.py:242}}
Jul 22 12:15:16 devstack cinder-volume[87568]: INFO cinder.volume.flows.manager.create_volume [None req-d54bf219-7a4a-4708-b9fb-21e525d74076 tempest-VolumesServicesTestJSON-1701938715 None] Volume volume-44b416e3-40c2-49da-a3e3-3164f75263e5 (44b416e3-40c2-49da-a3e3-3164f75263e5): created successfully
Jul 22 12:15:16 devstack cinder-volume[87568]: DEBUG cinder.volume.manager [None req-d54bf219-7a4a-4708-b9fb-21e525d74076 tempest-VolumesServicesTestJSON-1701938715 None] Task 'cinder.volume.flows.manager.create_volume.CreateVolumeOnFinishTask;volume:create, create.end' (7afe5bfc-8cde-43ca-b3ad-9deb46ba9b8c) transitioned into state 'SUCCESS' from state 'RUNNING' with result 'None' {{(pid=87568) _task_receiver /opt/stack/data/venv/lib/python3.12/site-packages/taskflow/listeners/logging.py:218}}
Jul 22 12:15:16 devstack cinder-volume[87568]: DEBUG cinder.volume.manager [None req-d54bf219-7a4a-4708-b9fb-21e525d74076 tempest-VolumesServicesTestJSON-1701938715 None] Flow 'volume_create_manager' (dfab21d7-daa3-4ce1-9c55-75e29910457d) transitioned into state 'SUCCESS' from state 'RUNNING' {{(pid=87568) _flow_receiver /opt/stack/data/venv/lib/python3.12/site-packages/taskflow/listeners/logging.py:160}}
Jul 22 12:15:16 devstack cinder-volume[87568]: INFO cinder.volume.manager [None req-d54bf219-7a4a-4708-b9fb-21e525d74076 tempest-VolumesServicesTestJSON-1701938715 None] Created volume successfully.
Jul 22 12:15:16 devstack sudo[95802]: pam_unix(sudo:session): session closed for user root
Jul 22 12:15:16 devstack cinder-volume[87568]: DEBUG oslo_concurrency.processutils [None req-6d9be817-0463-4c43-9b44-27207fcdf4a9 tempest-SnapshotsActionsTest-1182305158 None] CMD "/opt/stack/data/venv/bin/python3.12 -m oslo_concurrency.prlimit --as=1073741824 --cpu=60 -- sudo cinder-rootwrap /etc/cinder/rootwrap.conf env LC_ALL=C qemu-img info -f qcow2 --output=json --force-share /opt/stack/data/cinder/mnt/06f293d3f0b5b865d603527b0f6bdd47/volume-75559ea4-eff1-4abb-9aa6-d17510c9d891.0cf4f4fb-3d0d-402d-b3b2-f086dedc5794" returned: 0 in 0.579s {{(pid=87568) execute /opt/stack/data/venv/lib/python3.12/site-packages/oslo_concurrency/processutils.py:468}}
Jul 22 12:15:16 devstack cinder-volume[87568]: DEBUG cinder.volume.drivers.remotefs [None req-6d9be817-0463-4c43-9b44-27207fcdf4a9 tempest-SnapshotsActionsTest-1182305158 None] Fetching qemu-img info with special backing_file_template: (/opt/stack/data/cinder/mnt/[0-9a-f]+/)?(volume-75559ea4-eff1-4abb-9aa6-d17510c9d891(.(tmp-snap-)?[0-9a-f-]+)?|volume_from_snapshot_cache/(tmp-snap-)?[0-9a-f-]+(.(child-|parent-)[0-9a-f-]+)?)$ {{(pid=87568) _qemu_img_info_base /opt/stack/cinder/cinder/volume/drivers/remotefs.py:896}}
Jul 22 12:15:17 devstack cinder-volume[87568]: DEBUG oslo.privsep.daemon [-] privsep: reply[c9bef82d-0215-4d92-b7f1-c931067f62b4]: (4, 'qcow2') {{(pid=88798) _call_back /opt/stack/data/venv/lib/python3.12/site-packages/oslo_privsep/daemon.py:580}}
Jul 22 12:15:17 devstack cinder-volume[87568]: DEBUG oslo_concurrency.processutils [None req-6d9be817-0463-4c43-9b44-27207fcdf4a9 tempest-SnapshotsActionsTest-1182305158 None] Running cmd (subprocess): /opt/stack/data/venv/bin/python3.12 -m oslo_concurrency.prlimit --as=1073741824 --cpu=60 -- sudo cinder-rootwrap /etc/cinder/rootwrap.conf env LC_ALL=C qemu-img info -f qcow2 --output=json --force-share /opt/stack/data/cinder/mnt/06f293d3f0b5b865d603527b0f6bdd47/volume-75559ea4-eff1-4abb-9aa6-d17510c9d891.0c753739-09d9-441f-8d75-46d2c7fac5c4 {{(pid=87568) execute /opt/stack/data/venv/lib/python3.12/site-packages/oslo_concurrency/processutils.py:440}}
Jul 22 12:15:17 devstack sudo[95809]: quobyte : PWD=/ ; USER=root ; COMMAND=/opt/stack/data/venv/bin/cinder-rootwrap /etc/cinder/rootwrap.conf env LC_ALL=C qemu-img info -f qcow2 --output=json --force-share /opt/stack/data/cinder/mnt/06f293d3f0b5b865d603527b0f6bdd47/volume-75559ea4-eff1-4abb-9aa6-d17510c9d891.0c753739-09d9-441f-8d75-46d2c7fac5c4
Jul 22 12:15:17 devstack sudo[95809]: pam_unix(sudo:session): session opened for user root(uid=0) by (uid=1000)
Jul 22 12:15:17 devstack sudo[95809]: pam_unix(sudo:session): session closed for user root
Jul 22 12:15:17 devstack cinder-volume[87568]: DEBUG oslo_concurrency.processutils [None req-6d9be817-0463-4c43-9b44-27207fcdf4a9 tempest-SnapshotsActionsTest-1182305158 None] CMD "/opt/stack/data/venv/bin/python3.12 -m oslo_concurrency.prlimit --as=1073741824 --cpu=60 -- sudo cinder-rootwrap /etc/cinder/rootwrap.conf env LC_ALL=C qemu-img info -f qcow2 --output=json --force-share /opt/stack/data/cinder/mnt/06f293d3f0b5b865d603527b0f6bdd47/volume-75559ea4-eff1-4abb-9aa6-d17510c9d891.0c753739-09d9-441f-8d75-46d2c7fac5c4" returned: 0 in 0.424s {{(pid=87568) execute /opt/stack/data/venv/lib/python3.12/site-packages/oslo_concurrency/processutils.py:468}}
Jul 22 12:15:17 devstack cinder-volume[87568]: DEBUG cinder.volume.drivers.remotefs [None req-6d9be817-0463-4c43-9b44-27207fcdf4a9 tempest-SnapshotsActionsTest-1182305158 None] Fetching qemu-img info with special backing_file_template: (/opt/stack/data/cinder/mnt/[0-9a-f]+/)?(volume-75559ea4-eff1-4abb-9aa6-d17510c9d891(.(tmp-snap-)?[0-9a-f-]+)?|volume_from_snapshot_cache/(tmp-snap-)?[0-9a-f-]+(.(child-|parent-)[0-9a-f-]+)?)$ {{(pid=87568) _qemu_img_info_base /opt/stack/cinder/cinder/volume/drivers/remotefs.py:896}}
Jul 22 12:15:17 devstack cinder-volume[87568]: DEBUG oslo_concurrency.processutils [None req-6d9be817-0463-4c43-9b44-27207fcdf4a9 tempest-SnapshotsActionsTest-1182305158 None] Running cmd (subprocess): sudo cinder-rootwrap /etc/cinder/rootwrap.conf qemu-img commit -d /opt/stack/data/cinder/mnt/06f293d3f0b5b865d603527b0f6bdd47/volume-75559ea4-eff1-4abb-9aa6-d17510c9d891.0cf4f4fb-3d0d-402d-b3b2-f086dedc5794 {{(pid=87568) execute /opt/stack/data/venv/lib/python3.12/site-packages/oslo_concurrency/processutils.py:440}}
Jul 22 12:15:17 devstack sudo[95814]: quobyte : PWD=/ ; USER=root ; COMMAND=/opt/stack/data/venv/bin/cinder-rootwrap /etc/cinder/rootwrap.conf qemu-img commit -d /opt/stack/data/cinder/mnt/06f293d3f0b5b865d603527b0f6bdd47/volume-75559ea4-eff1-4abb-9aa6-d17510c9d891.0cf4f4fb-3d0d-402d-b3b2-f086dedc5794
Jul 22 12:15:17 devstack sudo[95814]: pam_unix(sudo:session): session opened for user root(uid=0) by (uid=1000)
Jul 22 12:15:17 devstack sudo[95814]: pam_unix(sudo:session): session closed for user root
Jul 22 12:15:17 devstack cinder-volume[87568]: DEBUG oslo_concurrency.processutils [None req-6d9be817-0463-4c43-9b44-27207fcdf4a9 tempest-SnapshotsActionsTest-1182305158 None] CMD "sudo cinder-rootwrap /etc/cinder/rootwrap.conf qemu-img commit -d /opt/stack/data/cinder/mnt/06f293d3f0b5b865d603527b0f6bdd47/volume-75559ea4-eff1-4abb-9aa6-d17510c9d891.0cf4f4fb-3d0d-402d-b3b2-f086dedc5794" returned: 0 in 0.494s {{(pid=87568) execute /opt/stack/data/venv/lib/python3.12/site-packages/oslo_concurrency/processutils.py:468}}
Jul 22 12:15:17 devstack cinder-volume[87568]: DEBUG oslo_concurrency.processutils [None req-6d9be817-0463-4c43-9b44-27207fcdf4a9 tempest-SnapshotsActionsTest-1182305158 None] Running cmd (subprocess): sudo cinder-rootwrap /etc/cinder/rootwrap.conf rm -f /opt/stack/data/cinder/mnt/06f293d3f0b5b865d603527b0f6bdd47/volume-75559ea4-eff1-4abb-9aa6-d17510c9d891.0cf4f4fb-3d0d-402d-b3b2-f086dedc5794 {{(pid=87568) execute /opt/stack/data/venv/lib/python3.12/site-packages/oslo_concurrency/processutils.py:440}}
Jul 22 12:15:17 devstack sudo[95820]: quobyte : PWD=/ ; USER=root ; COMMAND=/opt/stack/data/venv/bin/cinder-rootwrap /etc/cinder/rootwrap.conf rm -f /opt/stack/data/cinder/mnt/06f293d3f0b5b865d603527b0f6bdd47/volume-75559ea4-eff1-4abb-9aa6-d17510c9d891.0cf4f4fb-3d0d-402d-b3b2-f086dedc5794
Jul 22 12:15:17 devstack sudo[95820]: pam_unix(sudo:session): session opened for user root(uid=0) by (uid=1000)
Jul 22 12:15:18 devstack cinder-volume[87568]: DEBUG cinder.coordination [None req-ba04f596-ccac-4442-9519-75bfd2d485d1 tempest-VolumesServicesTestJSON-1701938715 None] Acquiring lock "cinder-44b416e3-40c2-49da-a3e3-3164f75263e5-delete_volume" by "delete_volume" {{(pid=87568) __acquire /opt/stack/cinder/cinder/coordination.py:138}}
Jul 22 12:15:18 devstack sudo[95820]: pam_unix(sudo:session): session closed for user root
Jul 22 12:15:18 devstack cinder-volume[87568]: DEBUG oslo_concurrency.processutils [None req-6d9be817-0463-4c43-9b44-27207fcdf4a9 tempest-SnapshotsActionsTest-1182305158 None] CMD "sudo cinder-rootwrap /etc/cinder/rootwrap.conf rm -f /opt/stack/data/cinder/mnt/06f293d3f0b5b865d603527b0f6bdd47/volume-75559ea4-eff1-4abb-9aa6-d17510c9d891.0cf4f4fb-3d0d-402d-b3b2-f086dedc5794" returned: 0 in 0.308s {{(pid=87568) execute /opt/stack/data/venv/lib/python3.12/site-packages/oslo_concurrency/processutils.py:468}}
Jul 22 12:15:18 devstack cinder-volume[87568]: DEBUG cinder.coordination [None req-ba04f596-ccac-4442-9519-75bfd2d485d1 tempest-VolumesServicesTestJSON-1701938715 None] Lock "cinder-44b416e3-40c2-49da-a3e3-3164f75263e5-delete_volume" acquired by "delete_volume" :: waited 0.083s {{(pid=87568) __acquire /opt/stack/cinder/cinder/coordination.py:141}}
Jul 22 12:15:18 devstack cinder-volume[87568]: DEBUG cinder.coordination [None req-6d9be817-0463-4c43-9b44-27207fcdf4a9 tempest-SnapshotsActionsTest-1182305158 None] Lock "cinder-quobyte-0cf4f4fb-3d0d-402d-b3b2-f086dedc5794" released by "_delete_snapshot" :: held 1.978s {{(pid=87568) __release /opt/stack/cinder/cinder/coordination.py:152}}
Jul 22 12:15:18 devstack cinder-volume[87568]: DEBUG cinder.coordination [None req-6d9be817-0463-4c43-9b44-27207fcdf4a9 tempest-SnapshotsActionsTest-1182305158 None] Lock "cinder-quobyte-75559ea4-eff1-4abb-9aa6-d17510c9d891" released by "delete_snapshot" :: held 2.005s {{(pid=87568) __release /opt/stack/cinder/cinder/coordination.py:152}}
Jul 22 12:15:18 devstack cinder-volume[87568]: DEBUG cinder.coordination [None req-ba04f596-ccac-4442-9519-75bfd2d485d1 tempest-VolumesServicesTestJSON-1701938715 None] Acquiring lock "cinder-quobyte-44b416e3-40c2-49da-a3e3-3164f75263e5" by "delete_volume" {{(pid=87568) __acquire /opt/stack/cinder/cinder/coordination.py:138}}
Jul 22 12:15:18 devstack cinder-volume[87568]: DEBUG cinder.coordination [None req-ba04f596-ccac-4442-9519-75bfd2d485d1 tempest-VolumesServicesTestJSON-1701938715 None] Lock "cinder-quobyte-44b416e3-40c2-49da-a3e3-3164f75263e5" acquired by "delete_volume" :: waited 0.023s {{(pid=87568) __acquire /opt/stack/cinder/cinder/coordination.py:141}}
Jul 22 12:15:18 devstack cinder-volume[87568]: DEBUG oslo.privsep.daemon [-] privsep: reply[bc856f6a-0fc4-4268-8707-edb38754bb91]: (4, 'qcow2') {{(pid=88798) _call_back /opt/stack/data/venv/lib/python3.12/site-packages/oslo_privsep/daemon.py:580}}
Jul 22 12:15:18 devstack cinder-volume[87568]: DEBUG oslo_concurrency.processutils [None req-ba04f596-ccac-4442-9519-75bfd2d485d1 tempest-VolumesServicesTestJSON-1701938715 None] Running cmd (subprocess): /opt/stack/data/venv/bin/python3.12 -m oslo_concurrency.prlimit --as=1073741824 --cpu=60 -- sudo cinder-rootwrap /etc/cinder/rootwrap.conf env LC_ALL=C qemu-img info -f qcow2 --output=json --force-share /opt/stack/data/cinder/mnt/06f293d3f0b5b865d603527b0f6bdd47/volume-44b416e3-40c2-49da-a3e3-3164f75263e5 {{(pid=87568) execute /opt/stack/data/venv/lib/python3.12/site-packages/oslo_concurrency/processutils.py:440}}
Jul 22 12:15:18 devstack cinder-volume[87568]: DEBUG cinder.quota [None req-6d9be817-0463-4c43-9b44-27207fcdf4a9 tempest-SnapshotsActionsTest-1182305158 None] Created reservations ['646f54cc-3e2f-4bcf-8832-c552c80e1a83', '5e99b0c1-9509-411d-bd50-4925462e8d26', '1e657ada-c6bc-491e-bc9e-24f3996baddd', 'c1660f70-2f37-43db-a82b-6ef2ee48e434'] {{(pid=87568) reserve /opt/stack/cinder/cinder/quota.py:752}}
Jul 22 12:15:18 devstack cinder-volume[87568]: INFO cinder.volume.manager [None req-6d9be817-0463-4c43-9b44-27207fcdf4a9 tempest-SnapshotsActionsTest-1182305158 None] Delete snapshot completed successfully.
Jul 22 12:15:18 devstack cinder-volume[87568]: DEBUG cinder.coordination [None req-6d9be817-0463-4c43-9b44-27207fcdf4a9 tempest-SnapshotsActionsTest-1182305158 None] Lock "cinder-0cf4f4fb-3d0d-402d-b3b2-f086dedc5794-delete_snapshot" released by "delete_snapshot" :: held 2.251s {{(pid=87568) __release /opt/stack/cinder/cinder/coordination.py:152}}
Jul 22 12:15:18 devstack sudo[95823]: quobyte : PWD=/ ; USER=root ; COMMAND=/opt/stack/data/venv/bin/cinder-rootwrap /etc/cinder/rootwrap.conf env LC_ALL=C qemu-img info -f qcow2 --output=json --force-share /opt/stack/data/cinder/mnt/06f293d3f0b5b865d603527b0f6bdd47/volume-44b416e3-40c2-49da-a3e3-3164f75263e5
Jul 22 12:15:18 devstack sudo[95823]: pam_unix(sudo:session): session opened for user root(uid=0) by (uid=1000)
Jul 22 12:15:18 devstack sudo[95823]: pam_unix(sudo:session): session closed for user root
Jul 22 12:15:18 devstack cinder-volume[87568]: DEBUG oslo_concurrency.processutils [None req-ba04f596-ccac-4442-9519-75bfd2d485d1 tempest-VolumesServicesTestJSON-1701938715 None] CMD "/opt/stack/data/venv/bin/python3.12 -m oslo_concurrency.prlimit --as=1073741824 --cpu=60 -- sudo cinder-rootwrap /etc/cinder/rootwrap.conf env LC_ALL=C qemu-img info -f qcow2 --output=json --force-share /opt/stack/data/cinder/mnt/06f293d3f0b5b865d603527b0f6bdd47/volume-44b416e3-40c2-49da-a3e3-3164f75263e5" returned: 0 in 0.430s {{(pid=87568) execute /opt/stack/data/venv/lib/python3.12/site-packages/oslo_concurrency/processutils.py:468}}
Jul 22 12:15:18 devstack cinder-volume[87568]: DEBUG oslo_concurrency.processutils [None req-ba04f596-ccac-4442-9519-75bfd2d485d1 tempest-VolumesServicesTestJSON-1701938715 None] Running cmd (subprocess): sudo cinder-rootwrap /etc/cinder/rootwrap.conf rm -f /opt/stack/data/cinder/mnt/06f293d3f0b5b865d603527b0f6bdd47/volume-44b416e3-40c2-49da-a3e3-3164f75263e5 {{(pid=87568) execute /opt/stack/data/venv/lib/python3.12/site-packages/oslo_concurrency/processutils.py:440}}
Jul 22 12:15:18 devstack sudo[95828]: quobyte : PWD=/ ; USER=root ; COMMAND=/opt/stack/data/venv/bin/cinder-rootwrap /etc/cinder/rootwrap.conf rm -f /opt/stack/data/cinder/mnt/06f293d3f0b5b865d603527b0f6bdd47/volume-44b416e3-40c2-49da-a3e3-3164f75263e5
Jul 22 12:15:18 devstack sudo[95828]: pam_unix(sudo:session): session opened for user root(uid=0) by (uid=1000)
Jul 22 12:15:19 devstack sudo[95828]: pam_unix(sudo:session): session closed for user root
Jul 22 12:15:19 devstack cinder-volume[87568]: DEBUG oslo_concurrency.processutils [None req-ba04f596-ccac-4442-9519-75bfd2d485d1 tempest-VolumesServicesTestJSON-1701938715 None] CMD "sudo cinder-rootwrap /etc/cinder/rootwrap.conf rm -f /opt/stack/data/cinder/mnt/06f293d3f0b5b865d603527b0f6bdd47/volume-44b416e3-40c2-49da-a3e3-3164f75263e5" returned: 0 in 0.314s {{(pid=87568) execute /opt/stack/data/venv/lib/python3.12/site-packages/oslo_concurrency/processutils.py:468}}
Jul 22 12:15:19 devstack cinder-volume[87568]: DEBUG cinder.coordination [None req-ba04f596-ccac-4442-9519-75bfd2d485d1 tempest-VolumesServicesTestJSON-1701938715 None] Lock "cinder-quobyte-44b416e3-40c2-49da-a3e3-3164f75263e5" released by "delete_volume" :: held 0.798s {{(pid=87568) __release /opt/stack/cinder/cinder/coordination.py:152}}
Jul 22 12:15:19 devstack cinder-volume[87568]: DEBUG cinder.quota [None req-ba04f596-ccac-4442-9519-75bfd2d485d1 tempest-VolumesServicesTestJSON-1701938715 None] Created reservations ['06f251db-e183-42b4-9396-0bde92d150eb', '1bcd3df8-caec-4841-a5e9-fe1506a74520', 'c944605b-acac-4845-930d-6f85f7a024fa', 'fb8b3db6-e6f6-48db-ba93-c48854cc3a9b'] {{(pid=87568) reserve /opt/stack/cinder/cinder/quota.py:752}}
Jul 22 12:15:19 devstack cinder-volume[87568]: DEBUG oslo_concurrency.lockutils [None req-ba04f596-ccac-4442-9519-75bfd2d485d1 tempest-VolumesServicesTestJSON-1701938715 None] Acquiring lock "quobyte_ensure" by "cinder.volume.drivers.quobyte.QuobyteDriver._ensure_shares_mounted" {{(pid=87568) inner /opt/stack/data/venv/lib/python3.12/site-packages/oslo_concurrency/lockutils.py:512}}
Jul 22 12:15:19 devstack cinder-volume[87568]: DEBUG oslo_concurrency.lockutils [None req-ba04f596-ccac-4442-9519-75bfd2d485d1 tempest-VolumesServicesTestJSON-1701938715 None] Lock "quobyte_ensure" acquired by "cinder.volume.drivers.quobyte.QuobyteDriver._ensure_shares_mounted" :: waited 0.001s {{(pid=87568) inner /opt/stack/data/venv/lib/python3.12/site-packages/oslo_concurrency/lockutils.py:525}}
Jul 22 12:15:19 devstack cinder-volume[87568]: DEBUG cinder.volume.drivers.quobyte [None req-ba04f596-ccac-4442-9519-75bfd2d485d1 tempest-VolumesServicesTestJSON-1701938715 None] Quobyte Volume URL set to: {'osci02.corp.quobyte.com/cinder-vol-c2c9a58a-cd3b-4fc2-82d4-64c8e9e7ae29': None} {{(pid=87568) _load_shares_config /opt/stack/cinder/cinder/volume/drivers/quobyte.py:651}}
Jul 22 12:15:19 devstack cinder-volume[87568]: DEBUG cinder.volume.drivers.quobyte [None req-ba04f596-ccac-4442-9519-75bfd2d485d1 tempest-VolumesServicesTestJSON-1701938715 None] Available shares ['osci02.corp.quobyte.com/cinder-vol-c2c9a58a-cd3b-4fc2-82d4-64c8e9e7ae29'] {{(pid=87568) _ensure_shares_mounted /opt/stack/cinder/cinder/volume/drivers/quobyte.py:681}}
Jul 22 12:15:19 devstack cinder-volume[87568]: DEBUG oslo_concurrency.lockutils [None req-ba04f596-ccac-4442-9519-75bfd2d485d1 tempest-VolumesServicesTestJSON-1701938715 None] Lock "quobyte_ensure" "released" by "cinder.volume.drivers.quobyte.QuobyteDriver._ensure_shares_mounted" :: held 0.011s {{(pid=87568) inner /opt/stack/data/venv/lib/python3.12/site-packages/oslo_concurrency/lockutils.py:544}}
Jul 22 12:15:19 devstack cinder-volume[87568]: DEBUG oslo_concurrency.processutils [None req-ba04f596-ccac-4442-9519-75bfd2d485d1 tempest-VolumesServicesTestJSON-1701938715 None] Running cmd (subprocess): sudo cinder-rootwrap /etc/cinder/rootwrap.conf df --portability --block-size 1 /opt/stack/data/cinder/mnt/06f293d3f0b5b865d603527b0f6bdd47 {{(pid=87568) execute /opt/stack/data/venv/lib/python3.12/site-packages/oslo_concurrency/processutils.py:440}}
Jul 22 12:15:19 devstack sudo[95831]: quobyte : PWD=/ ; USER=root ; COMMAND=/opt/stack/data/venv/bin/cinder-rootwrap /etc/cinder/rootwrap.conf df --portability --block-size 1 /opt/stack/data/cinder/mnt/06f293d3f0b5b865d603527b0f6bdd47
Jul 22 12:15:19 devstack sudo[95831]: pam_unix(sudo:session): session opened for user root(uid=0) by (uid=1000)
Jul 22 12:15:19 devstack sudo[95831]: pam_unix(sudo:session): session closed for user root
Jul 22 12:15:19 devstack cinder-volume[87568]: DEBUG oslo_concurrency.processutils [None req-ba04f596-ccac-4442-9519-75bfd2d485d1 tempest-VolumesServicesTestJSON-1701938715 None] CMD "sudo cinder-rootwrap /etc/cinder/rootwrap.conf df --portability --block-size 1 /opt/stack/data/cinder/mnt/06f293d3f0b5b865d603527b0f6bdd47" returned: 0 in 0.408s {{(pid=87568) execute /opt/stack/data/venv/lib/python3.12/site-packages/oslo_concurrency/processutils.py:468}}
Jul 22 12:15:19 devstack cinder-volume[87568]: DEBUG cinder.manager [None req-ba04f596-ccac-4442-9519-75bfd2d485d1 tempest-VolumesServicesTestJSON-1701938715 None] Notifying Schedulers of capabilities ... {{(pid=87568) _publish_service_capabilities /opt/stack/cinder/cinder/manager.py:219}}
Jul 22 12:15:19 devstack cinder-volume[87568]: INFO cinder.volume.manager [None req-ba04f596-ccac-4442-9519-75bfd2d485d1 tempest-VolumesServicesTestJSON-1701938715 None] Deleted volume successfully.
Jul 22 12:15:19 devstack cinder-volume[87568]: DEBUG cinder.coordination [None req-ba04f596-ccac-4442-9519-75bfd2d485d1 tempest-VolumesServicesTestJSON-1701938715 None] Lock "cinder-44b416e3-40c2-49da-a3e3-3164f75263e5-delete_volume" released by "delete_volume" :: held 1.472s {{(pid=87568) __release /opt/stack/cinder/cinder/coordination.py:152}}
Jul 22 12:15:19 devstack cinder-volume[87568]: DEBUG oslo_concurrency.lockutils [None req-3626f148-cf18-4656-bb9f-7ff3665ef276 tempest-SnapshotsActionsTest-1286604923 None] Acquiring lock "quobyte" by "cinder.volume.drivers.quobyte.QuobyteDriver.create_snapshot" {{(pid=87568) inner /opt/stack/data/venv/lib/python3.12/site-packages/oslo_concurrency/lockutils.py:512}}
Jul 22 12:15:19 devstack cinder-volume[87568]: DEBUG oslo_concurrency.lockutils [None req-3626f148-cf18-4656-bb9f-7ff3665ef276 tempest-SnapshotsActionsTest-1286604923 None] Lock "quobyte" acquired by "cinder.volume.drivers.quobyte.QuobyteDriver.create_snapshot" :: waited 0.001s {{(pid=87568) inner /opt/stack/data/venv/lib/python3.12/site-packages/oslo_concurrency/lockutils.py:525}}
Jul 22 12:15:19 devstack cinder-volume[87568]: DEBUG cinder.volume.drivers.remotefs [None req-3626f148-cf18-4656-bb9f-7ff3665ef276 tempest-SnapshotsActionsTest-1286604923 None] Creating offline snapshot 6c582fa9-aa61-4c5d-ae58-0a3479ee0613 of volume 75559ea4-eff1-4abb-9aa6-d17510c9d891 {{(pid=87568) _create_snapshot /opt/stack/cinder/cinder/volume/drivers/remotefs.py:1816}}
Jul 22 12:15:19 devstack cinder-volume[87568]: DEBUG oslo.privsep.daemon [-] privsep: reply[ee3f7cbb-3d24-4b56-af51-0b0def42aa9c]: (4, 'qcow2') {{(pid=88798) _call_back /opt/stack/data/venv/lib/python3.12/site-packages/oslo_privsep/daemon.py:580}}
Jul 22 12:15:19 devstack cinder-volume[87568]: DEBUG oslo_concurrency.processutils [None req-3626f148-cf18-4656-bb9f-7ff3665ef276 tempest-SnapshotsActionsTest-1286604923 None] Running cmd (subprocess): /opt/stack/data/venv/bin/python3.12 -m oslo_concurrency.prlimit --as=1073741824 --cpu=60 -- sudo cinder-rootwrap /etc/cinder/rootwrap.conf env LC_ALL=C qemu-img info -f qcow2 --output=json --force-share /opt/stack/data/cinder/mnt/06f293d3f0b5b865d603527b0f6bdd47/volume-75559ea4-eff1-4abb-9aa6-d17510c9d891.0c753739-09d9-441f-8d75-46d2c7fac5c4 {{(pid=87568) execute /opt/stack/data/venv/lib/python3.12/site-packages/oslo_concurrency/processutils.py:440}}
Jul 22 12:15:20 devstack sudo[95834]: quobyte : PWD=/ ; USER=root ; COMMAND=/opt/stack/data/venv/bin/cinder-rootwrap /etc/cinder/rootwrap.conf env LC_ALL=C qemu-img info -f qcow2 --output=json --force-share /opt/stack/data/cinder/mnt/06f293d3f0b5b865d603527b0f6bdd47/volume-75559ea4-eff1-4abb-9aa6-d17510c9d891.0c753739-09d9-441f-8d75-46d2c7fac5c4
Jul 22 12:15:20 devstack sudo[95834]: pam_unix(sudo:session): session opened for user root(uid=0) by (uid=1000)
Jul 22 12:15:20 devstack sudo[95834]: pam_unix(sudo:session): session closed for user root
Jul 22 12:15:20 devstack cinder-volume[87568]: DEBUG oslo_concurrency.processutils [None req-3626f148-cf18-4656-bb9f-7ff3665ef276 tempest-SnapshotsActionsTest-1286604923 None] CMD "/opt/stack/data/venv/bin/python3.12 -m oslo_concurrency.prlimit --as=1073741824 --cpu=60 -- sudo cinder-rootwrap /etc/cinder/rootwrap.conf env LC_ALL=C qemu-img info -f qcow2 --output=json --force-share /opt/stack/data/cinder/mnt/06f293d3f0b5b865d603527b0f6bdd47/volume-75559ea4-eff1-4abb-9aa6-d17510c9d891.0c753739-09d9-441f-8d75-46d2c7fac5c4" returned: 0 in 0.380s {{(pid=87568) execute /opt/stack/data/venv/lib/python3.12/site-packages/oslo_concurrency/processutils.py:468}}
Jul 22 12:15:20 devstack cinder-volume[87568]: DEBUG cinder.volume.drivers.remotefs [None req-3626f148-cf18-4656-bb9f-7ff3665ef276 tempest-SnapshotsActionsTest-1286604923 None] Fetching qemu-img info with special backing_file_template: (/opt/stack/data/cinder/mnt/[0-9a-f]+/)?(volume-75559ea4-eff1-4abb-9aa6-d17510c9d891(.(tmp-snap-)?[0-9a-f-]+)?|volume_from_snapshot_cache/(tmp-snap-)?[0-9a-f-]+(.(child-|parent-)[0-9a-f-]+)?)$ {{(pid=87568) _qemu_img_info_base /opt/stack/cinder/cinder/volume/drivers/remotefs.py:896}}
Jul 22 12:15:20 devstack cinder-volume[87568]: DEBUG oslo_concurrency.processutils [None req-3626f148-cf18-4656-bb9f-7ff3665ef276 tempest-SnapshotsActionsTest-1286604923 None] Running cmd (subprocess): sudo cinder-rootwrap /etc/cinder/rootwrap.conf qemu-img create -f qcow2 -o backing_file=/opt/stack/data/cinder/mnt/06f293d3f0b5b865d603527b0f6bdd47/volume-75559ea4-eff1-4abb-9aa6-d17510c9d891.0c753739-09d9-441f-8d75-46d2c7fac5c4,backing_fmt=qcow2 /opt/stack/data/cinder/mnt/06f293d3f0b5b865d603527b0f6bdd47/volume-75559ea4-eff1-4abb-9aa6-d17510c9d891.6c582fa9-aa61-4c5d-ae58-0a3479ee0613 1G {{(pid=87568) execute /opt/stack/data/venv/lib/python3.12/site-packages/oslo_concurrency/processutils.py:440}}
Jul 22 12:15:20 devstack sudo[95840]: quobyte : PWD=/ ; USER=root ; COMMAND=/opt/stack/data/venv/bin/cinder-rootwrap /etc/cinder/rootwrap.conf qemu-img create -f qcow2 -o backing_file=/opt/stack/data/cinder/mnt/06f293d3f0b5b865d603527b0f6bdd47/volume-75559ea4-eff1-4abb-9aa6-d17510c9d891.0c753739-09d9-441f-8d75-46d2c7fac5c4,backing_fmt=qcow2 /opt/stack/data/cinder/mnt/06f293d3f0b5b865d603527b0f6bdd47/volume-75559ea4-eff1-4abb-9aa6-d17510c9d891.6c582fa9-aa61-4c5d-ae58-0a3479ee0613 1G
Jul 22 12:15:20 devstack sudo[95840]: pam_unix(sudo:session): session opened for user root(uid=0) by (uid=1000)
Jul 22 12:15:21 devstack sudo[95840]: pam_unix(sudo:session): session closed for user root
Jul 22 12:15:21 devstack cinder-volume[87568]: DEBUG oslo_concurrency.processutils [None req-3626f148-cf18-4656-bb9f-7ff3665ef276 tempest-SnapshotsActionsTest-1286604923 None] CMD "sudo cinder-rootwrap /etc/cinder/rootwrap.conf qemu-img create -f qcow2 -o backing_file=/opt/stack/data/cinder/mnt/06f293d3f0b5b865d603527b0f6bdd47/volume-75559ea4-eff1-4abb-9aa6-d17510c9d891.0c753739-09d9-441f-8d75-46d2c7fac5c4,backing_fmt=qcow2 /opt/stack/data/cinder/mnt/06f293d3f0b5b865d603527b0f6bdd47/volume-75559ea4-eff1-4abb-9aa6-d17510c9d891.6c582fa9-aa61-4c5d-ae58-0a3479ee0613 1G" returned: 0 in 0.643s {{(pid=87568) execute /opt/stack/data/venv/lib/python3.12/site-packages/oslo_concurrency/processutils.py:468}}
Jul 22 12:15:21 devstack cinder-volume[87568]: DEBUG oslo_concurrency.processutils [None req-3626f148-cf18-4656-bb9f-7ff3665ef276 tempest-SnapshotsActionsTest-1286604923 None] Running cmd (subprocess): sudo cinder-rootwrap /etc/cinder/rootwrap.conf qemu-img rebase -u -b volume-75559ea4-eff1-4abb-9aa6-d17510c9d891.0c753739-09d9-441f-8d75-46d2c7fac5c4 -F qcow2 /opt/stack/data/cinder/mnt/06f293d3f0b5b865d603527b0f6bdd47/volume-75559ea4-eff1-4abb-9aa6-d17510c9d891.6c582fa9-aa61-4c5d-ae58-0a3479ee0613 {{(pid=87568) execute /opt/stack/data/venv/lib/python3.12/site-packages/oslo_concurrency/processutils.py:440}}
Jul 22 12:15:21 devstack sudo[95846]: quobyte : PWD=/ ; USER=root ; COMMAND=/opt/stack/data/venv/bin/cinder-rootwrap /etc/cinder/rootwrap.conf qemu-img rebase -u -b volume-75559ea4-eff1-4abb-9aa6-d17510c9d891.0c753739-09d9-441f-8d75-46d2c7fac5c4 -F qcow2 /opt/stack/data/cinder/mnt/06f293d3f0b5b865d603527b0f6bdd47/volume-75559ea4-eff1-4abb-9aa6-d17510c9d891.6c582fa9-aa61-4c5d-ae58-0a3479ee0613
Jul 22 12:15:21 devstack sudo[95846]: pam_unix(sudo:session): session opened for user root(uid=0) by (uid=1000)
Jul 22 12:15:21 devstack sudo[95846]: pam_unix(sudo:session): session closed for user root
Jul 22 12:15:21 devstack cinder-volume[87568]: DEBUG oslo_concurrency.processutils [None req-3626f148-cf18-4656-bb9f-7ff3665ef276 tempest-SnapshotsActionsTest-1286604923 None] CMD "sudo cinder-rootwrap /etc/cinder/rootwrap.conf qemu-img rebase -u -b volume-75559ea4-eff1-4abb-9aa6-d17510c9d891.0c753739-09d9-441f-8d75-46d2c7fac5c4 -F qcow2 /opt/stack/data/cinder/mnt/06f293d3f0b5b865d603527b0f6bdd47/volume-75559ea4-eff1-4abb-9aa6-d17510c9d891.6c582fa9-aa61-4c5d-ae58-0a3479ee0613" returned: 0 in 0.408s {{(pid=87568) execute /opt/stack/data/venv/lib/python3.12/site-packages/oslo_concurrency/processutils.py:468}}
Jul 22 12:15:21 devstack cinder-volume[87568]: WARNING cinder.volume.drivers.remotefs [None req-3626f148-cf18-4656-bb9f-7ff3665ef276 tempest-SnapshotsActionsTest-1286604923 None] /opt/stack/data/cinder/mnt/06f293d3f0b5b865d603527b0f6bdd47/volume-75559ea4-eff1-4abb-9aa6-d17510c9d891.6c582fa9-aa61-4c5d-ae58-0a3479ee0613 is being set with open permissions: ugo+rw
Jul 22 12:15:21 devstack cinder-volume[87568]: DEBUG oslo_concurrency.processutils [None req-3626f148-cf18-4656-bb9f-7ff3665ef276 tempest-SnapshotsActionsTest-1286604923 None] Running cmd (subprocess): sudo cinder-rootwrap /etc/cinder/rootwrap.conf chmod ugo+rw /opt/stack/data/cinder/mnt/06f293d3f0b5b865d603527b0f6bdd47/volume-75559ea4-eff1-4abb-9aa6-d17510c9d891.6c582fa9-aa61-4c5d-ae58-0a3479ee0613 {{(pid=87568) execute /opt/stack/data/venv/lib/python3.12/site-packages/oslo_concurrency/processutils.py:440}}
Jul 22 12:15:21 devstack sudo[95851]: quobyte : PWD=/ ; USER=root ; COMMAND=/opt/stack/data/venv/bin/cinder-rootwrap /etc/cinder/rootwrap.conf chmod ugo+rw /opt/stack/data/cinder/mnt/06f293d3f0b5b865d603527b0f6bdd47/volume-75559ea4-eff1-4abb-9aa6-d17510c9d891.6c582fa9-aa61-4c5d-ae58-0a3479ee0613
Jul 22 12:15:21 devstack sudo[95851]: pam_unix(sudo:session): session opened for user root(uid=0) by (uid=1000)
Jul 22 12:15:21 devstack sudo[95851]: pam_unix(sudo:session): session closed for user root
Jul 22 12:15:21 devstack cinder-volume[87568]: DEBUG oslo_concurrency.processutils [None req-3626f148-cf18-4656-bb9f-7ff3665ef276 tempest-SnapshotsActionsTest-1286604923 None] CMD "sudo cinder-rootwrap /etc/cinder/rootwrap.conf chmod ugo+rw /opt/stack/data/cinder/mnt/06f293d3f0b5b865d603527b0f6bdd47/volume-75559ea4-eff1-4abb-9aa6-d17510c9d891.6c582fa9-aa61-4c5d-ae58-0a3479ee0613" returned: 0 in 0.294s {{(pid=87568) execute /opt/stack/data/venv/lib/python3.12/site-packages/oslo_concurrency/processutils.py:468}}
Jul 22 12:15:21 devstack cinder-volume[87568]: DEBUG oslo_concurrency.lockutils [None req-3626f148-cf18-4656-bb9f-7ff3665ef276 tempest-SnapshotsActionsTest-1286604923 None] Lock "quobyte" "released" by "cinder.volume.drivers.quobyte.QuobyteDriver.create_snapshot" :: held 1.864s {{(pid=87568) inner /opt/stack/data/venv/lib/python3.12/site-packages/oslo_concurrency/lockutils.py:544}}
Jul 22 12:15:21 devstack cinder-volume[87568]: INFO cinder.volume.manager [None req-3626f148-cf18-4656-bb9f-7ff3665ef276 tempest-SnapshotsActionsTest-1286604923 None] Create snapshot completed successfully
Jul 22 12:15:22 devstack cinder-volume[87568]: DEBUG cinder.coordination [None req-fb388c46-52ef-4f1a-94f4-5e2f07768fa6 tempest-SnapshotsActionsTest-1182305158 None] Acquiring lock "cinder-6c582fa9-aa61-4c5d-ae58-0a3479ee0613-delete_snapshot" by "delete_snapshot" {{(pid=87568) __acquire /opt/stack/cinder/cinder/coordination.py:138}}
Jul 22 12:15:22 devstack cinder-volume[87568]: DEBUG cinder.coordination [None req-fb388c46-52ef-4f1a-94f4-5e2f07768fa6 tempest-SnapshotsActionsTest-1182305158 None] Lock "cinder-6c582fa9-aa61-4c5d-ae58-0a3479ee0613-delete_snapshot" acquired by "delete_snapshot" :: waited 0.025s {{(pid=87568) __acquire /opt/stack/cinder/cinder/coordination.py:141}}
Jul 22 12:15:22 devstack cinder-volume[87568]: DEBUG cinder.coordination [None req-fb388c46-52ef-4f1a-94f4-5e2f07768fa6 tempest-SnapshotsActionsTest-1182305158 None] Acquiring lock "cinder-quobyte-75559ea4-eff1-4abb-9aa6-d17510c9d891" by "delete_snapshot" {{(pid=87568) __acquire /opt/stack/cinder/cinder/coordination.py:138}}
Jul 22 12:15:22 devstack cinder-volume[87568]: DEBUG cinder.coordination [None req-fb388c46-52ef-4f1a-94f4-5e2f07768fa6 tempest-SnapshotsActionsTest-1182305158 None] Lock "cinder-quobyte-75559ea4-eff1-4abb-9aa6-d17510c9d891" acquired by "delete_snapshot" :: waited 0.019s {{(pid=87568) __acquire /opt/stack/cinder/cinder/coordination.py:141}}
Jul 22 12:15:22 devstack cinder-volume[87568]: DEBUG cinder.coordination [None req-fb388c46-52ef-4f1a-94f4-5e2f07768fa6 tempest-SnapshotsActionsTest-1182305158 None] Acquiring lock "cinder-quobyte-6c582fa9-aa61-4c5d-ae58-0a3479ee0613" by "_delete_snapshot" {{(pid=87568) __acquire /opt/stack/cinder/cinder/coordination.py:138}}
Jul 22 12:15:22 devstack cinder-volume[87568]: DEBUG cinder.coordination [None req-fb388c46-52ef-4f1a-94f4-5e2f07768fa6 tempest-SnapshotsActionsTest-1182305158 None] Lock "cinder-quobyte-6c582fa9-aa61-4c5d-ae58-0a3479ee0613" acquired by "_delete_snapshot" :: waited 0.017s {{(pid=87568) __acquire /opt/stack/cinder/cinder/coordination.py:141}}
Jul 22 12:15:22 devstack cinder-volume[87568]: DEBUG cinder.volume.drivers.remotefs [None req-fb388c46-52ef-4f1a-94f4-5e2f07768fa6 tempest-SnapshotsActionsTest-1182305158 None] Deleting offline snapshot 6c582fa9-aa61-4c5d-ae58-0a3479ee0613 of volume 75559ea4-eff1-4abb-9aa6-d17510c9d891 {{(pid=87568) _delete_snapshot /opt/stack/cinder/cinder/volume/drivers/remotefs.py:1288}}
Jul 22 12:15:22 devstack cinder-volume[87568]: DEBUG cinder.volume.drivers.remotefs [None req-fb388c46-52ef-4f1a-94f4-5e2f07768fa6 tempest-SnapshotsActionsTest-1182305158 None] snapshot_file for this snap is: volume-75559ea4-eff1-4abb-9aa6-d17510c9d891.6c582fa9-aa61-4c5d-ae58-0a3479ee0613 {{(pid=87568) _delete_snapshot /opt/stack/cinder/cinder/volume/drivers/remotefs.py:1317}}
Jul 22 12:15:22 devstack cinder-volume[87568]: DEBUG oslo.privsep.daemon [-] privsep: reply[c4c90a39-c751-4fb4-ba2a-b6e829aa97cf]: (4, 'qcow2') {{(pid=88798) _call_back /opt/stack/data/venv/lib/python3.12/site-packages/oslo_privsep/daemon.py:580}}
Jul 22 12:15:22 devstack cinder-volume[87568]: DEBUG oslo_concurrency.processutils [None req-fb388c46-52ef-4f1a-94f4-5e2f07768fa6 tempest-SnapshotsActionsTest-1182305158 None] Running cmd (subprocess): /opt/stack/data/venv/bin/python3.12 -m oslo_concurrency.prlimit --as=1073741824 --cpu=60 -- sudo cinder-rootwrap /etc/cinder/rootwrap.conf env LC_ALL=C qemu-img info -f qcow2 --output=json --force-share /opt/stack/data/cinder/mnt/06f293d3f0b5b865d603527b0f6bdd47/volume-75559ea4-eff1-4abb-9aa6-d17510c9d891.6c582fa9-aa61-4c5d-ae58-0a3479ee0613 {{(pid=87568) execute /opt/stack/data/venv/lib/python3.12/site-packages/oslo_concurrency/processutils.py:440}}
Jul 22 12:15:22 devstack sudo[95854]: quobyte : PWD=/ ; USER=root ; COMMAND=/opt/stack/data/venv/bin/cinder-rootwrap /etc/cinder/rootwrap.conf env LC_ALL=C qemu-img info -f qcow2 --output=json --force-share /opt/stack/data/cinder/mnt/06f293d3f0b5b865d603527b0f6bdd47/volume-75559ea4-eff1-4abb-9aa6-d17510c9d891.6c582fa9-aa61-4c5d-ae58-0a3479ee0613
Jul 22 12:15:22 devstack sudo[95854]: pam_unix(sudo:session): session opened for user root(uid=0) by (uid=1000)
Jul 22 12:15:22 devstack sudo[95854]: pam_unix(sudo:session): session closed for user root
Jul 22 12:15:22 devstack cinder-volume[87568]: DEBUG oslo_concurrency.processutils [None req-fb388c46-52ef-4f1a-94f4-5e2f07768fa6 tempest-SnapshotsActionsTest-1182305158 None] CMD "/opt/stack/data/venv/bin/python3.12 -m oslo_concurrency.prlimit --as=1073741824 --cpu=60 -- sudo cinder-rootwrap /etc/cinder/rootwrap.conf env LC_ALL=C qemu-img info -f qcow2 --output=json --force-share /opt/stack/data/cinder/mnt/06f293d3f0b5b865d603527b0f6bdd47/volume-75559ea4-eff1-4abb-9aa6-d17510c9d891.6c582fa9-aa61-4c5d-ae58-0a3479ee0613" returned: 0 in 0.477s {{(pid=87568) execute /opt/stack/data/venv/lib/python3.12/site-packages/oslo_concurrency/processutils.py:468}}
Jul 22 12:15:22 devstack cinder-volume[87568]: DEBUG cinder.volume.drivers.remotefs [None req-fb388c46-52ef-4f1a-94f4-5e2f07768fa6 tempest-SnapshotsActionsTest-1182305158 None] Fetching qemu-img info with special backing_file_template: (/opt/stack/data/cinder/mnt/[0-9a-f]+/)?(volume-75559ea4-eff1-4abb-9aa6-d17510c9d891(.(tmp-snap-)?[0-9a-f-]+)?|volume_from_snapshot_cache/(tmp-snap-)?[0-9a-f-]+(.(child-|parent-)[0-9a-f-]+)?)$ {{(pid=87568) _qemu_img_info_base /opt/stack/cinder/cinder/volume/drivers/remotefs.py:896}}
Jul 22 12:15:22 devstack cinder-volume[87568]: DEBUG oslo.privsep.daemon [-] privsep: reply[898620fe-4458-41bb-a058-a1f9bdad040a]: (4, 'qcow2') {{(pid=88798) _call_back /opt/stack/data/venv/lib/python3.12/site-packages/oslo_privsep/daemon.py:580}}
