Jul 22 12:12:21 devstack cinder-volume[87568]: DEBUG oslo_concurrency.processutils [req-1d200763-bfe8-4a68-8c0d-4e53eb431363 req-eb07d400-d23d-41f9-8f3e-bfeb02a5b63d tempest-VolumesSnapshotsTestJSON-1288019340 None] Running cmd (subprocess): /opt/stack/data/venv/bin/python3.12 -m oslo_concurrency.prlimit --as=1073741824 --cpu=60 -- sudo cinder-rootwrap /etc/cinder/rootwrap.conf env LC_ALL=C qemu-img info -f qcow2 --output=json --force-share /opt/stack/data/cinder/mnt/06f293d3f0b5b865d603527b0f6bdd47/volume-5272a00f-4e08-4afe-8afa-115f278d511f {{(pid=87568) execute /opt/stack/data/venv/lib/python3.12/site-packages/oslo_concurrency/processutils.py:440}}
Jul 22 12:12:21 devstack sudo[92419]: quobyte : PWD=/ ; USER=root ; COMMAND=/opt/stack/data/venv/bin/cinder-rootwrap /etc/cinder/rootwrap.conf env LC_ALL=C qemu-img info -f qcow2 --output=json --force-share /opt/stack/data/cinder/mnt/06f293d3f0b5b865d603527b0f6bdd47/volume-5272a00f-4e08-4afe-8afa-115f278d511f
Jul 22 12:12:21 devstack sudo[92419]: pam_unix(sudo:session): session opened for user root(uid=0) by (uid=1000)
Jul 22 12:12:21 devstack cinder-volume[87568]: DEBUG oslo_concurrency.lockutils [req-219728ca-1283-44c5-991c-3c64c27249da req-9ca411a0-cf2b-46de-9e8f-358ca79860e5 tempest-AttachVolumeNegativeTest-1159479948 None] Acquiring lock "quobyte" by "cinder.volume.drivers.quobyte.QuobyteDriver.initialize_connection" {{(pid=87568) inner /opt/stack/data/venv/lib/python3.12/site-packages/oslo_concurrency/lockutils.py:512}}
Jul 22 12:12:21 devstack sudo[92419]: pam_unix(sudo:session): session closed for user root
Jul 22 12:12:21 devstack cinder-volume[87568]: DEBUG oslo_concurrency.processutils [req-1d200763-bfe8-4a68-8c0d-4e53eb431363 req-eb07d400-d23d-41f9-8f3e-bfeb02a5b63d tempest-VolumesSnapshotsTestJSON-1288019340 None] CMD "/opt/stack/data/venv/bin/python3.12 -m oslo_concurrency.prlimit --as=1073741824 --cpu=60 -- sudo cinder-rootwrap /etc/cinder/rootwrap.conf env LC_ALL=C qemu-img info -f qcow2 --output=json --force-share /opt/stack/data/cinder/mnt/06f293d3f0b5b865d603527b0f6bdd47/volume-5272a00f-4e08-4afe-8afa-115f278d511f" returned: 0 in 0.495s {{(pid=87568) execute /opt/stack/data/venv/lib/python3.12/site-packages/oslo_concurrency/processutils.py:468}}
Jul 22 12:12:21 devstack cinder-volume[87568]: DEBUG oslo_concurrency.processutils [req-1d200763-bfe8-4a68-8c0d-4e53eb431363 req-eb07d400-d23d-41f9-8f3e-bfeb02a5b63d tempest-VolumesSnapshotsTestJSON-1288019340 None] Running cmd (subprocess): sudo cinder-rootwrap /etc/cinder/rootwrap.conf qemu-img create -f qcow2 -o backing_file=/opt/stack/data/cinder/mnt/06f293d3f0b5b865d603527b0f6bdd47/volume-5272a00f-4e08-4afe-8afa-115f278d511f,backing_fmt=qcow2 /opt/stack/data/cinder/mnt/06f293d3f0b5b865d603527b0f6bdd47/volume-5272a00f-4e08-4afe-8afa-115f278d511f.6f3a0f8e-47f6-402d-ad38-26bd8b99050b 1G {{(pid=87568) execute /opt/stack/data/venv/lib/python3.12/site-packages/oslo_concurrency/processutils.py:440}}
Jul 22 12:12:21 devstack sudo[92432]: quobyte : PWD=/ ; USER=root ; COMMAND=/opt/stack/data/venv/bin/cinder-rootwrap /etc/cinder/rootwrap.conf qemu-img create -f qcow2 -o backing_file=/opt/stack/data/cinder/mnt/06f293d3f0b5b865d603527b0f6bdd47/volume-5272a00f-4e08-4afe-8afa-115f278d511f,backing_fmt=qcow2 /opt/stack/data/cinder/mnt/06f293d3f0b5b865d603527b0f6bdd47/volume-5272a00f-4e08-4afe-8afa-115f278d511f.6f3a0f8e-47f6-402d-ad38-26bd8b99050b 1G
Jul 22 12:12:21 devstack sudo[92432]: pam_unix(sudo:session): session opened for user root(uid=0) by (uid=1000)
Jul 22 12:12:22 devstack sudo[92432]: pam_unix(sudo:session): session closed for user root
Jul 22 12:12:22 devstack cinder-volume[87568]: DEBUG oslo_concurrency.processutils [req-1d200763-bfe8-4a68-8c0d-4e53eb431363 req-eb07d400-d23d-41f9-8f3e-bfeb02a5b63d tempest-VolumesSnapshotsTestJSON-1288019340 None] CMD "sudo cinder-rootwrap /etc/cinder/rootwrap.conf qemu-img create -f qcow2 -o backing_file=/opt/stack/data/cinder/mnt/06f293d3f0b5b865d603527b0f6bdd47/volume-5272a00f-4e08-4afe-8afa-115f278d511f,backing_fmt=qcow2 /opt/stack/data/cinder/mnt/06f293d3f0b5b865d603527b0f6bdd47/volume-5272a00f-4e08-4afe-8afa-115f278d511f.6f3a0f8e-47f6-402d-ad38-26bd8b99050b 1G" returned: 0 in 0.373s {{(pid=87568) execute /opt/stack/data/venv/lib/python3.12/site-packages/oslo_concurrency/processutils.py:468}}
Jul 22 12:12:22 devstack cinder-volume[87568]: DEBUG oslo_concurrency.processutils [req-1d200763-bfe8-4a68-8c0d-4e53eb431363 req-eb07d400-d23d-41f9-8f3e-bfeb02a5b63d tempest-VolumesSnapshotsTestJSON-1288019340 None] Running cmd (subprocess): sudo cinder-rootwrap /etc/cinder/rootwrap.conf qemu-img rebase -u -b volume-5272a00f-4e08-4afe-8afa-115f278d511f -F qcow2 /opt/stack/data/cinder/mnt/06f293d3f0b5b865d603527b0f6bdd47/volume-5272a00f-4e08-4afe-8afa-115f278d511f.6f3a0f8e-47f6-402d-ad38-26bd8b99050b {{(pid=87568) execute /opt/stack/data/venv/lib/python3.12/site-packages/oslo_concurrency/processutils.py:440}}
Jul 22 12:12:22 devstack sudo[92438]: quobyte : PWD=/ ; USER=root ; COMMAND=/opt/stack/data/venv/bin/cinder-rootwrap /etc/cinder/rootwrap.conf qemu-img rebase -u -b volume-5272a00f-4e08-4afe-8afa-115f278d511f -F qcow2 /opt/stack/data/cinder/mnt/06f293d3f0b5b865d603527b0f6bdd47/volume-5272a00f-4e08-4afe-8afa-115f278d511f.6f3a0f8e-47f6-402d-ad38-26bd8b99050b
Jul 22 12:12:22 devstack sudo[92438]: pam_unix(sudo:session): session opened for user root(uid=0) by (uid=1000)
Jul 22 12:12:22 devstack sudo[92438]: pam_unix(sudo:session): session closed for user root
Jul 22 12:12:22 devstack cinder-volume[87568]: DEBUG oslo_concurrency.processutils [req-1d200763-bfe8-4a68-8c0d-4e53eb431363 req-eb07d400-d23d-41f9-8f3e-bfeb02a5b63d tempest-VolumesSnapshotsTestJSON-1288019340 None] CMD "sudo cinder-rootwrap /etc/cinder/rootwrap.conf qemu-img rebase -u -b volume-5272a00f-4e08-4afe-8afa-115f278d511f -F qcow2 /opt/stack/data/cinder/mnt/06f293d3f0b5b865d603527b0f6bdd47/volume-5272a00f-4e08-4afe-8afa-115f278d511f.6f3a0f8e-47f6-402d-ad38-26bd8b99050b" returned: 0 in 0.292s {{(pid=87568) execute /opt/stack/data/venv/lib/python3.12/site-packages/oslo_concurrency/processutils.py:468}}
Jul 22 12:12:22 devstack cinder-volume[87568]: WARNING cinder.volume.drivers.remotefs [req-1d200763-bfe8-4a68-8c0d-4e53eb431363 req-eb07d400-d23d-41f9-8f3e-bfeb02a5b63d tempest-VolumesSnapshotsTestJSON-1288019340 None] /opt/stack/data/cinder/mnt/06f293d3f0b5b865d603527b0f6bdd47/volume-5272a00f-4e08-4afe-8afa-115f278d511f.6f3a0f8e-47f6-402d-ad38-26bd8b99050b is being set with open permissions: ugo+rw
Jul 22 12:12:22 devstack cinder-volume[87568]: DEBUG oslo_concurrency.processutils [req-1d200763-bfe8-4a68-8c0d-4e53eb431363 req-eb07d400-d23d-41f9-8f3e-bfeb02a5b63d tempest-VolumesSnapshotsTestJSON-1288019340 None] Running cmd (subprocess): sudo cinder-rootwrap /etc/cinder/rootwrap.conf chmod ugo+rw /opt/stack/data/cinder/mnt/06f293d3f0b5b865d603527b0f6bdd47/volume-5272a00f-4e08-4afe-8afa-115f278d511f.6f3a0f8e-47f6-402d-ad38-26bd8b99050b {{(pid=87568) execute /opt/stack/data/venv/lib/python3.12/site-packages/oslo_concurrency/processutils.py:440}}
Jul 22 12:12:22 devstack sudo[92443]: quobyte : PWD=/ ; USER=root ; COMMAND=/opt/stack/data/venv/bin/cinder-rootwrap /etc/cinder/rootwrap.conf chmod ugo+rw /opt/stack/data/cinder/mnt/06f293d3f0b5b865d603527b0f6bdd47/volume-5272a00f-4e08-4afe-8afa-115f278d511f.6f3a0f8e-47f6-402d-ad38-26bd8b99050b
Jul 22 12:12:22 devstack sudo[92443]: pam_unix(sudo:session): session opened for user root(uid=0) by (uid=1000)
Jul 22 12:12:22 devstack sudo[92443]: pam_unix(sudo:session): session closed for user root
Jul 22 12:12:22 devstack cinder-volume[87568]: DEBUG oslo_concurrency.processutils [req-1d200763-bfe8-4a68-8c0d-4e53eb431363 req-eb07d400-d23d-41f9-8f3e-bfeb02a5b63d tempest-VolumesSnapshotsTestJSON-1288019340 None] CMD "sudo cinder-rootwrap /etc/cinder/rootwrap.conf chmod ugo+rw /opt/stack/data/cinder/mnt/06f293d3f0b5b865d603527b0f6bdd47/volume-5272a00f-4e08-4afe-8afa-115f278d511f.6f3a0f8e-47f6-402d-ad38-26bd8b99050b" returned: 0 in 0.249s {{(pid=87568) execute /opt/stack/data/venv/lib/python3.12/site-packages/oslo_concurrency/processutils.py:468}}
Jul 22 12:12:22 devstack cinder-volume[87568]: DEBUG oslo_concurrency.processutils [req-1d200763-bfe8-4a68-8c0d-4e53eb431363 req-eb07d400-d23d-41f9-8f3e-bfeb02a5b63d tempest-VolumesSnapshotsTestJSON-1288019340 None] Running cmd (subprocess): sudo cinder-rootwrap /etc/cinder/rootwrap.conf truncate -s0 /opt/stack/data/cinder/mnt/06f293d3f0b5b865d603527b0f6bdd47/volume-5272a00f-4e08-4afe-8afa-115f278d511f.info {{(pid=87568) execute /opt/stack/data/venv/lib/python3.12/site-packages/oslo_concurrency/processutils.py:440}}
Jul 22 12:12:22 devstack sudo[92446]: quobyte : PWD=/ ; USER=root ; COMMAND=/opt/stack/data/venv/bin/cinder-rootwrap /etc/cinder/rootwrap.conf truncate -s0 /opt/stack/data/cinder/mnt/06f293d3f0b5b865d603527b0f6bdd47/volume-5272a00f-4e08-4afe-8afa-115f278d511f.info
Jul 22 12:12:22 devstack sudo[92446]: pam_unix(sudo:session): session opened for user root(uid=0) by (uid=1000)
Jul 22 12:12:23 devstack sudo[92446]: pam_unix(sudo:session): session closed for user root
Jul 22 12:12:23 devstack cinder-volume[87568]: DEBUG oslo_concurrency.processutils [req-1d200763-bfe8-4a68-8c0d-4e53eb431363 req-eb07d400-d23d-41f9-8f3e-bfeb02a5b63d tempest-VolumesSnapshotsTestJSON-1288019340 None] CMD "sudo cinder-rootwrap /etc/cinder/rootwrap.conf truncate -s0 /opt/stack/data/cinder/mnt/06f293d3f0b5b865d603527b0f6bdd47/volume-5272a00f-4e08-4afe-8afa-115f278d511f.info" returned: 0 in 0.253s {{(pid=87568) execute /opt/stack/data/venv/lib/python3.12/site-packages/oslo_concurrency/processutils.py:468}}
Jul 22 12:12:23 devstack cinder-volume[87568]: WARNING cinder.volume.drivers.remotefs [req-1d200763-bfe8-4a68-8c0d-4e53eb431363 req-eb07d400-d23d-41f9-8f3e-bfeb02a5b63d tempest-VolumesSnapshotsTestJSON-1288019340 None] /opt/stack/data/cinder/mnt/06f293d3f0b5b865d603527b0f6bdd47/volume-5272a00f-4e08-4afe-8afa-115f278d511f.info is being set with open permissions: ugo+rw
Jul 22 12:12:23 devstack cinder-volume[87568]: DEBUG oslo_concurrency.processutils [req-1d200763-bfe8-4a68-8c0d-4e53eb431363 req-eb07d400-d23d-41f9-8f3e-bfeb02a5b63d tempest-VolumesSnapshotsTestJSON-1288019340 None] Running cmd (subprocess): sudo cinder-rootwrap /etc/cinder/rootwrap.conf chmod ugo+rw /opt/stack/data/cinder/mnt/06f293d3f0b5b865d603527b0f6bdd47/volume-5272a00f-4e08-4afe-8afa-115f278d511f.info {{(pid=87568) execute /opt/stack/data/venv/lib/python3.12/site-packages/oslo_concurrency/processutils.py:440}}
Jul 22 12:12:23 devstack sudo[92451]: quobyte : PWD=/ ; USER=root ; COMMAND=/opt/stack/data/venv/bin/cinder-rootwrap /etc/cinder/rootwrap.conf chmod ugo+rw /opt/stack/data/cinder/mnt/06f293d3f0b5b865d603527b0f6bdd47/volume-5272a00f-4e08-4afe-8afa-115f278d511f.info
Jul 22 12:12:23 devstack sudo[92451]: pam_unix(sudo:session): session opened for user root(uid=0) by (uid=1000)
Jul 22 12:12:23 devstack sudo[92451]: pam_unix(sudo:session): session closed for user root
Jul 22 12:12:23 devstack cinder-volume[87568]: DEBUG oslo_concurrency.processutils [req-1d200763-bfe8-4a68-8c0d-4e53eb431363 req-eb07d400-d23d-41f9-8f3e-bfeb02a5b63d tempest-VolumesSnapshotsTestJSON-1288019340 None] CMD "sudo cinder-rootwrap /etc/cinder/rootwrap.conf chmod ugo+rw /opt/stack/data/cinder/mnt/06f293d3f0b5b865d603527b0f6bdd47/volume-5272a00f-4e08-4afe-8afa-115f278d511f.info" returned: 0 in 0.251s {{(pid=87568) execute /opt/stack/data/venv/lib/python3.12/site-packages/oslo_concurrency/processutils.py:468}}
Jul 22 12:12:23 devstack cinder-volume[87568]: DEBUG oslo_concurrency.lockutils [req-1d200763-bfe8-4a68-8c0d-4e53eb431363 req-eb07d400-d23d-41f9-8f3e-bfeb02a5b63d tempest-VolumesSnapshotsTestJSON-1288019340 None] Lock "quobyte" "released" by "cinder.volume.drivers.quobyte.QuobyteDriver.create_snapshot" :: held 2.059s {{(pid=87568) inner /opt/stack/data/venv/lib/python3.12/site-packages/oslo_concurrency/lockutils.py:544}}
Jul 22 12:12:23 devstack cinder-volume[87568]: DEBUG oslo_concurrency.lockutils [req-219728ca-1283-44c5-991c-3c64c27249da req-9ca411a0-cf2b-46de-9e8f-358ca79860e5 tempest-AttachVolumeNegativeTest-1159479948 None] Lock "quobyte" acquired by "cinder.volume.drivers.quobyte.QuobyteDriver.initialize_connection" :: waited 1.631s {{(pid=87568) inner /opt/stack/data/venv/lib/python3.12/site-packages/oslo_concurrency/lockutils.py:525}}
Jul 22 12:12:23 devstack cinder-volume[87568]: DEBUG oslo_concurrency.lockutils [req-219728ca-1283-44c5-991c-3c64c27249da req-9ca411a0-cf2b-46de-9e8f-358ca79860e5 tempest-AttachVolumeNegativeTest-1159479948 None] Lock "quobyte" "released" by "cinder.volume.drivers.quobyte.QuobyteDriver.initialize_connection" :: held 0.028s {{(pid=87568) inner /opt/stack/data/venv/lib/python3.12/site-packages/oslo_concurrency/lockutils.py:544}}
Jul 22 12:12:23 devstack cinder-volume[87568]: INFO cinder.volume.manager [req-1d200763-bfe8-4a68-8c0d-4e53eb431363 req-eb07d400-d23d-41f9-8f3e-bfeb02a5b63d tempest-VolumesSnapshotsTestJSON-1288019340 None] Create snapshot completed successfully
Jul 22 12:12:23 devstack cinder-volume[87568]: DEBUG cinder.volume.manager [req-219728ca-1283-44c5-991c-3c64c27249da req-9ca411a0-cf2b-46de-9e8f-358ca79860e5 tempest-AttachVolumeNegativeTest-1159479948 None] Connection info returned from driver {'export': 'osci02.corp.quobyte.com/cinder-vol-c2c9a58a-cd3b-4fc2-82d4-64c8e9e7ae29', 'name': 'volume-4b200f46-8c3b-4926-9f90-334f05d1cc5c', 'options': None, 'format': 'qcow2', 'qos_specs': None, 'access_mode': 'rw', 'encrypted': False, 'cacheable': False, 'driver_volume_type': 'quobyte', 'mount_point_base': '/opt/stack/data/cinder/mnt', 'attachment_id': '3d38e982-b447-41ca-8793-d79dcc2ca632', 'enforce_multipath': True} {{(pid=87568) _connection_create /opt/stack/cinder/cinder/volume/manager.py:4924}}
Jul 22 12:12:23 devstack cinder-volume[87568]: INFO cinder.volume.manager [req-219728ca-1283-44c5-991c-3c64c27249da req-9ca411a0-cf2b-46de-9e8f-358ca79860e5 tempest-AttachVolumeNegativeTest-1159479948 None] attachment_update completed successfully.
Jul 22 12:12:23 devstack cinder-volume[87568]: DEBUG cinder.coordination [req-060bed3f-b943-4319-93a9-4019cb78067c req-0df3d3e9-80b0-440a-af19-fbd7e4f9a6b2 tempest-VolumesSnapshotsTestJSON-1288019340 None] Acquiring lock "cinder-6f3a0f8e-47f6-402d-ad38-26bd8b99050b-delete_snapshot" by "delete_snapshot" {{(pid=87568) __acquire /opt/stack/cinder/cinder/coordination.py:138}}
Jul 22 12:12:24 devstack cinder-volume[87568]: DEBUG cinder.coordination [req-060bed3f-b943-4319-93a9-4019cb78067c req-0df3d3e9-80b0-440a-af19-fbd7e4f9a6b2 tempest-VolumesSnapshotsTestJSON-1288019340 None] Lock "cinder-6f3a0f8e-47f6-402d-ad38-26bd8b99050b-delete_snapshot" acquired by "delete_snapshot" :: waited 0.041s {{(pid=87568) __acquire /opt/stack/cinder/cinder/coordination.py:141}}
Jul 22 12:12:24 devstack cinder-volume[87568]: DEBUG cinder.coordination [req-060bed3f-b943-4319-93a9-4019cb78067c req-0df3d3e9-80b0-440a-af19-fbd7e4f9a6b2 tempest-VolumesSnapshotsTestJSON-1288019340 None] Acquiring lock "cinder-quobyte-5272a00f-4e08-4afe-8afa-115f278d511f" by "delete_snapshot" {{(pid=87568) __acquire /opt/stack/cinder/cinder/coordination.py:138}}
Jul 22 12:12:24 devstack cinder-volume[87568]: DEBUG cinder.coordination [req-060bed3f-b943-4319-93a9-4019cb78067c req-0df3d3e9-80b0-440a-af19-fbd7e4f9a6b2 tempest-VolumesSnapshotsTestJSON-1288019340 None] Lock "cinder-quobyte-5272a00f-4e08-4afe-8afa-115f278d511f" acquired by "delete_snapshot" :: waited 0.042s {{(pid=87568) __acquire /opt/stack/cinder/cinder/coordination.py:141}}
Jul 22 12:12:24 devstack cinder-volume[87568]: DEBUG cinder.coordination [req-060bed3f-b943-4319-93a9-4019cb78067c req-0df3d3e9-80b0-440a-af19-fbd7e4f9a6b2 tempest-VolumesSnapshotsTestJSON-1288019340 None] Acquiring lock "cinder-quobyte-6f3a0f8e-47f6-402d-ad38-26bd8b99050b" by "_delete_snapshot" {{(pid=87568) __acquire /opt/stack/cinder/cinder/coordination.py:138}}
Jul 22 12:12:24 devstack cinder-volume[87568]: DEBUG cinder.coordination [req-060bed3f-b943-4319-93a9-4019cb78067c req-0df3d3e9-80b0-440a-af19-fbd7e4f9a6b2 tempest-VolumesSnapshotsTestJSON-1288019340 None] Lock "cinder-quobyte-6f3a0f8e-47f6-402d-ad38-26bd8b99050b" acquired by "_delete_snapshot" :: waited 0.034s {{(pid=87568) __acquire /opt/stack/cinder/cinder/coordination.py:141}}
Jul 22 12:12:24 devstack cinder-volume[87568]: DEBUG cinder.volume.drivers.remotefs [req-060bed3f-b943-4319-93a9-4019cb78067c req-0df3d3e9-80b0-440a-af19-fbd7e4f9a6b2 tempest-VolumesSnapshotsTestJSON-1288019340 None] Deleting offline snapshot 6f3a0f8e-47f6-402d-ad38-26bd8b99050b of volume 5272a00f-4e08-4afe-8afa-115f278d511f {{(pid=87568) _delete_snapshot /opt/stack/cinder/cinder/volume/drivers/remotefs.py:1288}}
Jul 22 12:12:24 devstack cinder-volume[87568]: DEBUG cinder.volume.drivers.remotefs [req-060bed3f-b943-4319-93a9-4019cb78067c req-0df3d3e9-80b0-440a-af19-fbd7e4f9a6b2 tempest-VolumesSnapshotsTestJSON-1288019340 None] snapshot_file for this snap is: volume-5272a00f-4e08-4afe-8afa-115f278d511f.6f3a0f8e-47f6-402d-ad38-26bd8b99050b {{(pid=87568) _delete_snapshot /opt/stack/cinder/cinder/volume/drivers/remotefs.py:1317}}
Jul 22 12:12:24 devstack cinder-volume[87568]: DEBUG oslo.privsep.daemon [-] privsep: reply[059a9357-77de-4319-bf85-bce80e16f307]: (4, 'qcow2') {{(pid=88798) _call_back /opt/stack/data/venv/lib/python3.12/site-packages/oslo_privsep/daemon.py:580}}
Jul 22 12:12:24 devstack cinder-volume[87568]: DEBUG oslo_concurrency.processutils [req-060bed3f-b943-4319-93a9-4019cb78067c req-0df3d3e9-80b0-440a-af19-fbd7e4f9a6b2 tempest-VolumesSnapshotsTestJSON-1288019340 None] Running cmd (subprocess): /opt/stack/data/venv/bin/python3.12 -m oslo_concurrency.prlimit --as=1073741824 --cpu=60 -- sudo cinder-rootwrap /etc/cinder/rootwrap.conf env LC_ALL=C qemu-img info -f qcow2 --output=json --force-share /opt/stack/data/cinder/mnt/06f293d3f0b5b865d603527b0f6bdd47/volume-5272a00f-4e08-4afe-8afa-115f278d511f.6f3a0f8e-47f6-402d-ad38-26bd8b99050b {{(pid=87568) execute /opt/stack/data/venv/lib/python3.12/site-packages/oslo_concurrency/processutils.py:440}}
Jul 22 12:12:24 devstack sudo[92857]: quobyte : PWD=/ ; USER=root ; COMMAND=/opt/stack/data/venv/bin/cinder-rootwrap /etc/cinder/rootwrap.conf env LC_ALL=C qemu-img info -f qcow2 --output=json --force-share /opt/stack/data/cinder/mnt/06f293d3f0b5b865d603527b0f6bdd47/volume-5272a00f-4e08-4afe-8afa-115f278d511f.6f3a0f8e-47f6-402d-ad38-26bd8b99050b
Jul 22 12:12:24 devstack sudo[92857]: pam_unix(sudo:session): session opened for user root(uid=0) by (uid=1000)
Jul 22 12:12:24 devstack cinder-volume[87568]: DEBUG oslo_service.periodic_task [None req-0eae7da0-d42f-43eb-a7a1-dc594698d6aa None None] Running periodic task VolumeManager.publish_service_capabilities {{(pid=87568) run_periodic_tasks /opt/stack/data/venv/lib/python3.12/site-packages/oslo_service/periodic_task.py:254}}
Jul 22 12:12:24 devstack cinder-volume[87568]: DEBUG oslo_concurrency.lockutils [None req-0eae7da0-d42f-43eb-a7a1-dc594698d6aa None None] Acquiring lock "quobyte_ensure" by "cinder.volume.drivers.quobyte.QuobyteDriver._ensure_shares_mounted" {{(pid=87568) inner /opt/stack/data/venv/lib/python3.12/site-packages/oslo_concurrency/lockutils.py:512}}
Jul 22 12:12:24 devstack cinder-volume[87568]: DEBUG oslo_concurrency.lockutils [None req-0eae7da0-d42f-43eb-a7a1-dc594698d6aa None None] Lock "quobyte_ensure" acquired by "cinder.volume.drivers.quobyte.QuobyteDriver._ensure_shares_mounted" :: waited 0.000s {{(pid=87568) inner /opt/stack/data/venv/lib/python3.12/site-packages/oslo_concurrency/lockutils.py:525}}
Jul 22 12:12:24 devstack cinder-volume[87568]: DEBUG cinder.volume.drivers.quobyte [None req-0eae7da0-d42f-43eb-a7a1-dc594698d6aa None None] Quobyte Volume URL set to: {'osci02.corp.quobyte.com/cinder-vol-c2c9a58a-cd3b-4fc2-82d4-64c8e9e7ae29': None} {{(pid=87568) _load_shares_config /opt/stack/cinder/cinder/volume/drivers/quobyte.py:651}}
Jul 22 12:12:24 devstack cinder-volume[87568]: DEBUG cinder.volume.drivers.quobyte [None req-0eae7da0-d42f-43eb-a7a1-dc594698d6aa None None] Available shares ['osci02.corp.quobyte.com/cinder-vol-c2c9a58a-cd3b-4fc2-82d4-64c8e9e7ae29'] {{(pid=87568) _ensure_shares_mounted /opt/stack/cinder/cinder/volume/drivers/quobyte.py:681}}
Jul 22 12:12:24 devstack cinder-volume[87568]: DEBUG oslo_concurrency.lockutils [None req-0eae7da0-d42f-43eb-a7a1-dc594698d6aa None None] Lock "quobyte_ensure" "released" by "cinder.volume.drivers.quobyte.QuobyteDriver._ensure_shares_mounted" :: held 0.008s {{(pid=87568) inner /opt/stack/data/venv/lib/python3.12/site-packages/oslo_concurrency/lockutils.py:544}}
Jul 22 12:12:24 devstack cinder-volume[87568]: DEBUG oslo_concurrency.processutils [None req-0eae7da0-d42f-43eb-a7a1-dc594698d6aa None None] Running cmd (subprocess): sudo cinder-rootwrap /etc/cinder/rootwrap.conf df --portability --block-size 1 /opt/stack/data/cinder/mnt/06f293d3f0b5b865d603527b0f6bdd47 {{(pid=87568) execute /opt/stack/data/venv/lib/python3.12/site-packages/oslo_concurrency/processutils.py:440}}
Jul 22 12:12:24 devstack sudo[92860]: quobyte : PWD=/ ; USER=root ; COMMAND=/opt/stack/data/venv/bin/cinder-rootwrap /etc/cinder/rootwrap.conf df --portability --block-size 1 /opt/stack/data/cinder/mnt/06f293d3f0b5b865d603527b0f6bdd47
Jul 22 12:12:24 devstack sudo[92860]: pam_unix(sudo:session): session opened for user root(uid=0) by (uid=1000)
Jul 22 12:12:24 devstack sudo[92857]: pam_unix(sudo:session): session closed for user root
Jul 22 12:12:24 devstack cinder-volume[87568]: DEBUG oslo_concurrency.processutils [req-060bed3f-b943-4319-93a9-4019cb78067c req-0df3d3e9-80b0-440a-af19-fbd7e4f9a6b2 tempest-VolumesSnapshotsTestJSON-1288019340 None] CMD "/opt/stack/data/venv/bin/python3.12 -m oslo_concurrency.prlimit --as=1073741824 --cpu=60 -- sudo cinder-rootwrap /etc/cinder/rootwrap.conf env LC_ALL=C qemu-img info -f qcow2 --output=json --force-share /opt/stack/data/cinder/mnt/06f293d3f0b5b865d603527b0f6bdd47/volume-5272a00f-4e08-4afe-8afa-115f278d511f.6f3a0f8e-47f6-402d-ad38-26bd8b99050b" returned: 0 in 0.592s {{(pid=87568) execute /opt/stack/data/venv/lib/python3.12/site-packages/oslo_concurrency/processutils.py:468}}
Jul 22 12:12:24 devstack cinder-volume[87568]: DEBUG cinder.volume.drivers.remotefs [req-060bed3f-b943-4319-93a9-4019cb78067c req-0df3d3e9-80b0-440a-af19-fbd7e4f9a6b2 tempest-VolumesSnapshotsTestJSON-1288019340 None] Fetching qemu-img info with special backing_file_template: (/opt/stack/data/cinder/mnt/[0-9a-f]+/)?(volume-5272a00f-4e08-4afe-8afa-115f278d511f(.(tmp-snap-)?[0-9a-f-]+)?|volume_from_snapshot_cache/(tmp-snap-)?[0-9a-f-]+(.(child-|parent-)[0-9a-f-]+)?)$ {{(pid=87568) _qemu_img_info_base /opt/stack/cinder/cinder/volume/drivers/remotefs.py:896}}
Jul 22 12:12:24 devstack cinder-volume[87568]: DEBUG oslo.privsep.daemon [-] privsep: reply[bd4f7a3a-0a3b-4caf-a18f-b01aceb3e297]: (4, 'qcow2') {{(pid=88798) _call_back /opt/stack/data/venv/lib/python3.12/site-packages/oslo_privsep/daemon.py:580}}
Jul 22 12:12:24 devstack cinder-volume[87568]: DEBUG oslo_concurrency.processutils [req-060bed3f-b943-4319-93a9-4019cb78067c req-0df3d3e9-80b0-440a-af19-fbd7e4f9a6b2 tempest-VolumesSnapshotsTestJSON-1288019340 None] Running cmd (subprocess): /opt/stack/data/venv/bin/python3.12 -m oslo_concurrency.prlimit --as=1073741824 --cpu=60 -- sudo cinder-rootwrap /etc/cinder/rootwrap.conf env LC_ALL=C qemu-img info -f qcow2 --output=json --force-share /opt/stack/data/cinder/mnt/06f293d3f0b5b865d603527b0f6bdd47/volume-5272a00f-4e08-4afe-8afa-115f278d511f {{(pid=87568) execute /opt/stack/data/venv/lib/python3.12/site-packages/oslo_concurrency/processutils.py:440}}
Jul 22 12:12:24 devstack sudo[92860]: pam_unix(sudo:session): session closed for user root
Jul 22 12:12:24 devstack sudo[92865]: quobyte : PWD=/ ; USER=root ; COMMAND=/opt/stack/data/venv/bin/cinder-rootwrap /etc/cinder/rootwrap.conf env LC_ALL=C qemu-img info -f qcow2 --output=json --force-share /opt/stack/data/cinder/mnt/06f293d3f0b5b865d603527b0f6bdd47/volume-5272a00f-4e08-4afe-8afa-115f278d511f
Jul 22 12:12:24 devstack cinder-volume[87568]: DEBUG oslo_concurrency.processutils [None req-0eae7da0-d42f-43eb-a7a1-dc594698d6aa None None] CMD "sudo cinder-rootwrap /etc/cinder/rootwrap.conf df --portability --block-size 1 /opt/stack/data/cinder/mnt/06f293d3f0b5b865d603527b0f6bdd47" returned: 0 in 0.571s {{(pid=87568) execute /opt/stack/data/venv/lib/python3.12/site-packages/oslo_concurrency/processutils.py:468}}
Jul 22 12:12:24 devstack cinder-volume[87568]: DEBUG cinder.manager [None req-0eae7da0-d42f-43eb-a7a1-dc594698d6aa None None] Notifying Schedulers of capabilities ... {{(pid=87568) _publish_service_capabilities /opt/stack/cinder/cinder/manager.py:219}}
Jul 22 12:12:24 devstack sudo[92865]: pam_unix(sudo:session): session opened for user root(uid=0) by (uid=1000)
Jul 22 12:12:24 devstack cinder-volume[87568]: DEBUG oslo_service.periodic_task [None req-0eae7da0-d42f-43eb-a7a1-dc594698d6aa None None] Running periodic task VolumeManager._thread_info {{(pid=87568) run_periodic_tasks /opt/stack/data/venv/lib/python3.12/site-packages/oslo_service/periodic_task.py:254}}
Jul 22 12:12:24 devstack cinder-volume[87568]: DEBUG cinder.volume.manager [None req-0eae7da0-d42f-43eb-a7a1-dc594698d6aa None None] thread count: 8 {{(pid=87568) _thread_info /opt/stack/cinder/cinder/volume/manager.py:5472}}
Jul 22 12:12:24 devstack cinder-volume[87568]: DEBUG cinder.volume.manager [None req-0eae7da0-d42f-43eb-a7a1-dc594698d6aa None None] thread info: [<_MainThread(MainThread, started 137793405739136)>, , , , , , , ] {{(pid=87568) _thread_info /opt/stack/cinder/cinder/volume/manager.py:5473}}
Jul 22 12:12:25 devstack sudo[92865]: pam_unix(sudo:session): session closed for user root
Jul 22 12:12:25 devstack cinder-volume[87568]: DEBUG oslo_concurrency.processutils [req-060bed3f-b943-4319-93a9-4019cb78067c req-0df3d3e9-80b0-440a-af19-fbd7e4f9a6b2 tempest-VolumesSnapshotsTestJSON-1288019340 None] CMD "/opt/stack/data/venv/bin/python3.12 -m oslo_concurrency.prlimit --as=1073741824 --cpu=60 -- sudo cinder-rootwrap /etc/cinder/rootwrap.conf env LC_ALL=C qemu-img info -f qcow2 --output=json --force-share /opt/stack/data/cinder/mnt/06f293d3f0b5b865d603527b0f6bdd47/volume-5272a00f-4e08-4afe-8afa-115f278d511f" returned: 0 in 0.595s {{(pid=87568) execute /opt/stack/data/venv/lib/python3.12/site-packages/oslo_concurrency/processutils.py:468}}
Jul 22 12:12:25 devstack cinder-volume[87568]: DEBUG oslo_concurrency.processutils [req-060bed3f-b943-4319-93a9-4019cb78067c req-0df3d3e9-80b0-440a-af19-fbd7e4f9a6b2 tempest-VolumesSnapshotsTestJSON-1288019340 None] Running cmd (subprocess): sudo cinder-rootwrap /etc/cinder/rootwrap.conf qemu-img commit -d /opt/stack/data/cinder/mnt/06f293d3f0b5b865d603527b0f6bdd47/volume-5272a00f-4e08-4afe-8afa-115f278d511f.6f3a0f8e-47f6-402d-ad38-26bd8b99050b {{(pid=87568) execute /opt/stack/data/venv/lib/python3.12/site-packages/oslo_concurrency/processutils.py:440}}
Jul 22 12:12:25 devstack sudo[92873]: quobyte : PWD=/ ; USER=root ; COMMAND=/opt/stack/data/venv/bin/cinder-rootwrap /etc/cinder/rootwrap.conf qemu-img commit -d /opt/stack/data/cinder/mnt/06f293d3f0b5b865d603527b0f6bdd47/volume-5272a00f-4e08-4afe-8afa-115f278d511f.6f3a0f8e-47f6-402d-ad38-26bd8b99050b
Jul 22 12:12:25 devstack sudo[92873]: pam_unix(sudo:session): session opened for user root(uid=0) by (uid=1000)
Jul 22 12:12:25 devstack sudo[92873]: pam_unix(sudo:session): session closed for user root
Jul 22 12:12:25 devstack cinder-volume[87568]: DEBUG oslo_concurrency.processutils [req-060bed3f-b943-4319-93a9-4019cb78067c req-0df3d3e9-80b0-440a-af19-fbd7e4f9a6b2 tempest-VolumesSnapshotsTestJSON-1288019340 None] CMD "sudo cinder-rootwrap /etc/cinder/rootwrap.conf qemu-img commit -d /opt/stack/data/cinder/mnt/06f293d3f0b5b865d603527b0f6bdd47/volume-5272a00f-4e08-4afe-8afa-115f278d511f.6f3a0f8e-47f6-402d-ad38-26bd8b99050b" returned: 0 in 0.452s {{(pid=87568) execute /opt/stack/data/venv/lib/python3.12/site-packages/oslo_concurrency/processutils.py:468}}
Jul 22 12:12:25 devstack cinder-volume[87568]: DEBUG oslo_concurrency.processutils [req-060bed3f-b943-4319-93a9-4019cb78067c req-0df3d3e9-80b0-440a-af19-fbd7e4f9a6b2 tempest-VolumesSnapshotsTestJSON-1288019340 None] Running cmd (subprocess): sudo cinder-rootwrap /etc/cinder/rootwrap.conf rm -f /opt/stack/data/cinder/mnt/06f293d3f0b5b865d603527b0f6bdd47/volume-5272a00f-4e08-4afe-8afa-115f278d511f.6f3a0f8e-47f6-402d-ad38-26bd8b99050b {{(pid=87568) execute /opt/stack/data/venv/lib/python3.12/site-packages/oslo_concurrency/processutils.py:440}}
Jul 22 12:12:25 devstack sudo[92880]: quobyte : PWD=/ ; USER=root ; COMMAND=/opt/stack/data/venv/bin/cinder-rootwrap /etc/cinder/rootwrap.conf rm -f /opt/stack/data/cinder/mnt/06f293d3f0b5b865d603527b0f6bdd47/volume-5272a00f-4e08-4afe-8afa-115f278d511f.6f3a0f8e-47f6-402d-ad38-26bd8b99050b
Jul 22 12:12:25 devstack sudo[92880]: pam_unix(sudo:session): session opened for user root(uid=0) by (uid=1000)
Jul 22 12:12:26 devstack sudo[92880]: pam_unix(sudo:session): session closed for user root
Jul 22 12:12:26 devstack cinder-volume[87568]: DEBUG oslo_concurrency.processutils [req-060bed3f-b943-4319-93a9-4019cb78067c req-0df3d3e9-80b0-440a-af19-fbd7e4f9a6b2 tempest-VolumesSnapshotsTestJSON-1288019340 None] CMD "sudo cinder-rootwrap /etc/cinder/rootwrap.conf rm -f /opt/stack/data/cinder/mnt/06f293d3f0b5b865d603527b0f6bdd47/volume-5272a00f-4e08-4afe-8afa-115f278d511f.6f3a0f8e-47f6-402d-ad38-26bd8b99050b" returned: 0 in 0.310s {{(pid=87568) execute /opt/stack/data/venv/lib/python3.12/site-packages/oslo_concurrency/processutils.py:468}}
Jul 22 12:12:26 devstack cinder-volume[87568]: DEBUG cinder.coordination [req-060bed3f-b943-4319-93a9-4019cb78067c req-0df3d3e9-80b0-440a-af19-fbd7e4f9a6b2 tempest-VolumesSnapshotsTestJSON-1288019340 None] Lock "cinder-quobyte-6f3a0f8e-47f6-402d-ad38-26bd8b99050b" released by "_delete_snapshot" :: held 2.128s {{(pid=87568) __release /opt/stack/cinder/cinder/coordination.py:152}}
Jul 22 12:12:26 devstack cinder-volume[87568]: DEBUG cinder.coordination [req-060bed3f-b943-4319-93a9-4019cb78067c req-0df3d3e9-80b0-440a-af19-fbd7e4f9a6b2 tempest-VolumesSnapshotsTestJSON-1288019340 None] Lock "cinder-quobyte-5272a00f-4e08-4afe-8afa-115f278d511f" released by "delete_snapshot" :: held 2.173s {{(pid=87568) __release /opt/stack/cinder/cinder/coordination.py:152}}
Jul 22 12:12:26 devstack cinder-volume[87568]: WARNING cinder.quota [req-060bed3f-b943-4319-93a9-4019cb78067c req-0df3d3e9-80b0-440a-af19-fbd7e4f9a6b2 tempest-VolumesSnapshotsTestJSON-1288019340 None] Deprecated: Default quota for resource: snapshots_QuobyteHD is set by the default quota flag: quota_snapshots_QuobyteHD, it is now deprecated. Please use the default quota class for default quota.
Jul 22 12:12:26 devstack cinder-volume[87568]: DEBUG cinder.quota [req-060bed3f-b943-4319-93a9-4019cb78067c req-0df3d3e9-80b0-440a-af19-fbd7e4f9a6b2 tempest-VolumesSnapshotsTestJSON-1288019340 None] Created reservations ['a713cd52-332b-45f2-9a08-4470e6521997', '1e71108b-8fbb-475d-b5e4-5ff54b5ccc99', '27e5a37d-ddb9-4855-8d05-f73e5fc8910d', '7c0b03eb-8391-426b-8775-bc9ee8ed5e0e'] {{(pid=87568) reserve /opt/stack/cinder/cinder/quota.py:752}}
Jul 22 12:12:26 devstack cinder-volume[87568]: INFO cinder.volume.manager [req-060bed3f-b943-4319-93a9-4019cb78067c req-0df3d3e9-80b0-440a-af19-fbd7e4f9a6b2 tempest-VolumesSnapshotsTestJSON-1288019340 None] Delete snapshot completed successfully.
Jul 22 12:12:26 devstack cinder-volume[87568]: DEBUG cinder.coordination [req-060bed3f-b943-4319-93a9-4019cb78067c req-0df3d3e9-80b0-440a-af19-fbd7e4f9a6b2 tempest-VolumesSnapshotsTestJSON-1288019340 None] Lock "cinder-6f3a0f8e-47f6-402d-ad38-26bd8b99050b-delete_snapshot" released by "delete_snapshot" :: held 2.451s {{(pid=87568) __release /opt/stack/cinder/cinder/coordination.py:152}}
Jul 22 12:12:27 devstack cinder-volume[87568]: DEBUG cinder.coordination [req-4c9cfaaa-f637-4cfe-a521-3542e36d6072 req-c72226ef-3077-497f-b2b0-7f67213cac18 tempest-VolumesSnapshotsTestJSON-1288019340 None] Acquiring lock "cinder-5272a00f-4e08-4afe-8afa-115f278d511f-delete_volume" by "delete_volume" {{(pid=87568) __acquire /opt/stack/cinder/cinder/coordination.py:138}}
Jul 22 12:12:27 devstack cinder-volume[87568]: DEBUG cinder.coordination [req-4c9cfaaa-f637-4cfe-a521-3542e36d6072 req-c72226ef-3077-497f-b2b0-7f67213cac18 tempest-VolumesSnapshotsTestJSON-1288019340 None] Lock "cinder-5272a00f-4e08-4afe-8afa-115f278d511f-delete_volume" acquired by "delete_volume" :: waited 0.033s {{(pid=87568) __acquire /opt/stack/cinder/cinder/coordination.py:141}}
Jul 22 12:12:27 devstack cinder-volume[87568]: DEBUG cinder.coordination [req-4c9cfaaa-f637-4cfe-a521-3542e36d6072 req-c72226ef-3077-497f-b2b0-7f67213cac18 tempest-VolumesSnapshotsTestJSON-1288019340 None] Acquiring lock "cinder-quobyte-5272a00f-4e08-4afe-8afa-115f278d511f" by "delete_volume" {{(pid=87568) __acquire /opt/stack/cinder/cinder/coordination.py:138}}
Jul 22 12:12:27 devstack cinder-volume[87568]: DEBUG cinder.coordination [req-4c9cfaaa-f637-4cfe-a521-3542e36d6072 req-c72226ef-3077-497f-b2b0-7f67213cac18 tempest-VolumesSnapshotsTestJSON-1288019340 None] Lock "cinder-quobyte-5272a00f-4e08-4afe-8afa-115f278d511f" acquired by "delete_volume" :: waited 0.019s {{(pid=87568) __acquire /opt/stack/cinder/cinder/coordination.py:141}}
Jul 22 12:12:27 devstack cinder-volume[87568]: DEBUG oslo.privsep.daemon [-] privsep: reply[5316848d-859f-43d7-be30-af1be4942e5b]: (4, 'qcow2') {{(pid=88798) _call_back /opt/stack/data/venv/lib/python3.12/site-packages/oslo_privsep/daemon.py:580}}
Jul 22 12:12:27 devstack cinder-volume[87568]: DEBUG oslo_concurrency.processutils [req-4c9cfaaa-f637-4cfe-a521-3542e36d6072 req-c72226ef-3077-497f-b2b0-7f67213cac18 tempest-VolumesSnapshotsTestJSON-1288019340 None] Running cmd (subprocess): /opt/stack/data/venv/bin/python3.12 -m oslo_concurrency.prlimit --as=1073741824 --cpu=60 -- sudo cinder-rootwrap /etc/cinder/rootwrap.conf env LC_ALL=C qemu-img info -f qcow2 --output=json --force-share /opt/stack/data/cinder/mnt/06f293d3f0b5b865d603527b0f6bdd47/volume-5272a00f-4e08-4afe-8afa-115f278d511f {{(pid=87568) execute /opt/stack/data/venv/lib/python3.12/site-packages/oslo_concurrency/processutils.py:440}}
Jul 22 12:12:27 devstack sudo[92885]: quobyte : PWD=/ ; USER=root ; COMMAND=/opt/stack/data/venv/bin/cinder-rootwrap /etc/cinder/rootwrap.conf env LC_ALL=C qemu-img info -f qcow2 --output=json --force-share /opt/stack/data/cinder/mnt/06f293d3f0b5b865d603527b0f6bdd47/volume-5272a00f-4e08-4afe-8afa-115f278d511f
Jul 22 12:12:27 devstack sudo[92885]: pam_unix(sudo:session): session opened for user root(uid=0) by (uid=1000)
Jul 22 12:12:28 devstack sudo[92885]: pam_unix(sudo:session): session closed for user root
Jul 22 12:12:28 devstack cinder-volume[87568]: DEBUG oslo_concurrency.processutils [req-4c9cfaaa-f637-4cfe-a521-3542e36d6072 req-c72226ef-3077-497f-b2b0-7f67213cac18 tempest-VolumesSnapshotsTestJSON-1288019340 None] CMD "/opt/stack/data/venv/bin/python3.12 -m oslo_concurrency.prlimit --as=1073741824 --cpu=60 -- sudo cinder-rootwrap /etc/cinder/rootwrap.conf env LC_ALL=C qemu-img info -f qcow2 --output=json --force-share /opt/stack/data/cinder/mnt/06f293d3f0b5b865d603527b0f6bdd47/volume-5272a00f-4e08-4afe-8afa-115f278d511f" returned: 0 in 0.429s {{(pid=87568) execute /opt/stack/data/venv/lib/python3.12/site-packages/oslo_concurrency/processutils.py:468}}
Jul 22 12:12:28 devstack cinder-volume[87568]: DEBUG oslo_concurrency.processutils [req-4c9cfaaa-f637-4cfe-a521-3542e36d6072 req-c72226ef-3077-497f-b2b0-7f67213cac18 tempest-VolumesSnapshotsTestJSON-1288019340 None] Running cmd (subprocess): sudo cinder-rootwrap /etc/cinder/rootwrap.conf rm -f /opt/stack/data/cinder/mnt/06f293d3f0b5b865d603527b0f6bdd47/volume-5272a00f-4e08-4afe-8afa-115f278d511f {{(pid=87568) execute /opt/stack/data/venv/lib/python3.12/site-packages/oslo_concurrency/processutils.py:440}}
Jul 22 12:12:28 devstack sudo[92890]: quobyte : PWD=/ ; USER=root ; COMMAND=/opt/stack/data/venv/bin/cinder-rootwrap /etc/cinder/rootwrap.conf rm -f /opt/stack/data/cinder/mnt/06f293d3f0b5b865d603527b0f6bdd47/volume-5272a00f-4e08-4afe-8afa-115f278d511f
Jul 22 12:12:28 devstack sudo[92890]: pam_unix(sudo:session): session opened for user root(uid=0) by (uid=1000)
Jul 22 12:12:28 devstack sudo[92890]: pam_unix(sudo:session): session closed for user root
Jul 22 12:12:28 devstack cinder-volume[87568]: DEBUG oslo_concurrency.processutils [req-4c9cfaaa-f637-4cfe-a521-3542e36d6072 req-c72226ef-3077-497f-b2b0-7f67213cac18 tempest-VolumesSnapshotsTestJSON-1288019340 None] CMD "sudo cinder-rootwrap /etc/cinder/rootwrap.conf rm -f /opt/stack/data/cinder/mnt/06f293d3f0b5b865d603527b0f6bdd47/volume-5272a00f-4e08-4afe-8afa-115f278d511f" returned: 0 in 0.281s {{(pid=87568) execute /opt/stack/data/venv/lib/python3.12/site-packages/oslo_concurrency/processutils.py:468}}
Jul 22 12:12:28 devstack cinder-volume[87568]: DEBUG cinder.coordination [req-4c9cfaaa-f637-4cfe-a521-3542e36d6072 req-c72226ef-3077-497f-b2b0-7f67213cac18 tempest-VolumesSnapshotsTestJSON-1288019340 None] Lock "cinder-quobyte-5272a00f-4e08-4afe-8afa-115f278d511f" released by "delete_volume" :: held 0.803s {{(pid=87568) __release /opt/stack/cinder/cinder/coordination.py:152}}
Jul 22 12:12:28 devstack cinder-volume[87568]: DEBUG cinder.quota [req-4c9cfaaa-f637-4cfe-a521-3542e36d6072 req-c72226ef-3077-497f-b2b0-7f67213cac18 tempest-VolumesSnapshotsTestJSON-1288019340 None] Created reservations ['1cfc5767-c1cb-4b49-8b66-ba8fabc574c3', '7630cba7-f7ad-444c-a0bd-629fb5382f86', '6c8c50f0-d522-4463-ae78-77e6213863b0', '406fe568-afef-44d5-9b8c-7b9b8b487556'] {{(pid=87568) reserve /opt/stack/cinder/cinder/quota.py:752}}
Jul 22 12:12:28 devstack cinder-volume[87568]: DEBUG oslo_concurrency.lockutils [req-4c9cfaaa-f637-4cfe-a521-3542e36d6072 req-c72226ef-3077-497f-b2b0-7f67213cac18 tempest-VolumesSnapshotsTestJSON-1288019340 None] Acquiring lock "quobyte_ensure" by "cinder.volume.drivers.quobyte.QuobyteDriver._ensure_shares_mounted" {{(pid=87568) inner /opt/stack/data/venv/lib/python3.12/site-packages/oslo_concurrency/lockutils.py:512}}
Jul 22 12:12:28 devstack cinder-volume[87568]: DEBUG oslo_concurrency.lockutils [req-4c9cfaaa-f637-4cfe-a521-3542e36d6072 req-c72226ef-3077-497f-b2b0-7f67213cac18 tempest-VolumesSnapshotsTestJSON-1288019340 None] Lock "quobyte_ensure" acquired by "cinder.volume.drivers.quobyte.QuobyteDriver._ensure_shares_mounted" :: waited 0.001s {{(pid=87568) inner /opt/stack/data/venv/lib/python3.12/site-packages/oslo_concurrency/lockutils.py:525}}
Jul 22 12:12:28 devstack cinder-volume[87568]: DEBUG cinder.volume.drivers.quobyte [req-4c9cfaaa-f637-4cfe-a521-3542e36d6072 req-c72226ef-3077-497f-b2b0-7f67213cac18 tempest-VolumesSnapshotsTestJSON-1288019340 None] Quobyte Volume URL set to: {'osci02.corp.quobyte.com/cinder-vol-c2c9a58a-cd3b-4fc2-82d4-64c8e9e7ae29': None} {{(pid=87568) _load_shares_config /opt/stack/cinder/cinder/volume/drivers/quobyte.py:651}}
Jul 22 12:12:28 devstack cinder-volume[87568]: DEBUG cinder.volume.drivers.quobyte [req-4c9cfaaa-f637-4cfe-a521-3542e36d6072 req-c72226ef-3077-497f-b2b0-7f67213cac18 tempest-VolumesSnapshotsTestJSON-1288019340 None] Available shares ['osci02.corp.quobyte.com/cinder-vol-c2c9a58a-cd3b-4fc2-82d4-64c8e9e7ae29'] {{(pid=87568) _ensure_shares_mounted /opt/stack/cinder/cinder/volume/drivers/quobyte.py:681}}
Jul 22 12:12:28 devstack cinder-volume[87568]: DEBUG oslo_concurrency.lockutils [req-4c9cfaaa-f637-4cfe-a521-3542e36d6072 req-c72226ef-3077-497f-b2b0-7f67213cac18 tempest-VolumesSnapshotsTestJSON-1288019340 None] Lock "quobyte_ensure" "released" by "cinder.volume.drivers.quobyte.QuobyteDriver._ensure_shares_mounted" :: held 0.010s {{(pid=87568) inner /opt/stack/data/venv/lib/python3.12/site-packages/oslo_concurrency/lockutils.py:544}}
Jul 22 12:12:28 devstack cinder-volume[87568]: DEBUG oslo_concurrency.processutils [req-4c9cfaaa-f637-4cfe-a521-3542e36d6072 req-c72226ef-3077-497f-b2b0-7f67213cac18 tempest-VolumesSnapshotsTestJSON-1288019340 None] Running cmd (subprocess): sudo cinder-rootwrap /etc/cinder/rootwrap.conf df --portability --block-size 1 /opt/stack/data/cinder/mnt/06f293d3f0b5b865d603527b0f6bdd47 {{(pid=87568) execute /opt/stack/data/venv/lib/python3.12/site-packages/oslo_concurrency/processutils.py:440}}
Jul 22 12:12:28 devstack sudo[92893]: quobyte : PWD=/ ; USER=root ; COMMAND=/opt/stack/data/venv/bin/cinder-rootwrap /etc/cinder/rootwrap.conf df --portability --block-size 1 /opt/stack/data/cinder/mnt/06f293d3f0b5b865d603527b0f6bdd47
Jul 22 12:12:28 devstack sudo[92893]: pam_unix(sudo:session): session opened for user root(uid=0) by (uid=1000)
Jul 22 12:12:29 devstack sudo[92893]: pam_unix(sudo:session): session closed for user root
Jul 22 12:12:29 devstack cinder-volume[87568]: DEBUG oslo_concurrency.processutils [req-4c9cfaaa-f637-4cfe-a521-3542e36d6072 req-c72226ef-3077-497f-b2b0-7f67213cac18 tempest-VolumesSnapshotsTestJSON-1288019340 None] CMD "sudo cinder-rootwrap /etc/cinder/rootwrap.conf df --portability --block-size 1 /opt/stack/data/cinder/mnt/06f293d3f0b5b865d603527b0f6bdd47" returned: 0 in 0.410s {{(pid=87568) execute /opt/stack/data/venv/lib/python3.12/site-packages/oslo_concurrency/processutils.py:468}}
Jul 22 12:12:29 devstack cinder-volume[87568]: DEBUG cinder.manager [req-4c9cfaaa-f637-4cfe-a521-3542e36d6072 req-c72226ef-3077-497f-b2b0-7f67213cac18 tempest-VolumesSnapshotsTestJSON-1288019340 None] Notifying Schedulers of capabilities ... {{(pid=87568) _publish_service_capabilities /opt/stack/cinder/cinder/manager.py:219}}
Jul 22 12:12:29 devstack cinder-volume[87568]: INFO cinder.volume.manager [req-4c9cfaaa-f637-4cfe-a521-3542e36d6072 req-c72226ef-3077-497f-b2b0-7f67213cac18 tempest-VolumesSnapshotsTestJSON-1288019340 None] Deleted volume successfully.
Jul 22 12:12:29 devstack cinder-volume[87568]: DEBUG cinder.coordination [req-4c9cfaaa-f637-4cfe-a521-3542e36d6072 req-c72226ef-3077-497f-b2b0-7f67213cac18 tempest-VolumesSnapshotsTestJSON-1288019340 None] Lock "cinder-5272a00f-4e08-4afe-8afa-115f278d511f-delete_volume" released by "delete_volume" :: held 1.545s {{(pid=87568) __release /opt/stack/cinder/cinder/coordination.py:152}}
Jul 22 12:12:29 devstack cinder-volume[87568]: DEBUG cinder.volume.flows.manager.create_volume [None req-72257cdd-dcc2-48f4-9bc2-97f918732848 tempest-ServerActionsTestOtherA-869975188 None] Volume reschedule parameters: True retry: {'num_attempts': 1, 'backends': ['devstack@QuobyteHD#QuobyteHD'], 'hosts': ['devstack@QuobyteHD#QuobyteHD']} {{(pid=87568) get_flow /opt/stack/cinder/cinder/volume/flows/manager/create_volume.py:1397}}
Jul 22 12:12:29 devstack cinder-volume[87568]: DEBUG cinder.volume.manager [None req-72257cdd-dcc2-48f4-9bc2-97f918732848 tempest-ServerActionsTestOtherA-869975188 None] Flow 'volume_create_manager' (16f1bf2e-e67e-4763-a25f-4b9d3b20fa48) transitioned into state 'RUNNING' from state 'PENDING' {{(pid=87568) _flow_receiver /opt/stack/data/venv/lib/python3.12/site-packages/taskflow/listeners/logging.py:160}}
Jul 22 12:12:29 devstack cinder-volume[87568]: DEBUG cinder.volume.manager [None req-72257cdd-dcc2-48f4-9bc2-97f918732848 tempest-ServerActionsTestOtherA-869975188 None] Task 'cinder.volume.flows.manager.create_volume.ExtractVolumeRefTask;volume:create' (e11d6652-bb0e-4d60-b7a8-836b4fed951f) transitioned into state 'RUNNING' from state 'PENDING' {{(pid=87568) _task_receiver /opt/stack/data/venv/lib/python3.12/site-packages/taskflow/listeners/logging.py:242}}
Jul 22 12:12:29 devstack cinder-volume[87568]: DEBUG cinder.volume.manager [None req-72257cdd-dcc2-48f4-9bc2-97f918732848 tempest-ServerActionsTestOtherA-869975188 None] Task 'cinder.volume.flows.manager.create_volume.ExtractVolumeRefTask;volume:create' (e11d6652-bb0e-4d60-b7a8-836b4fed951f) transitioned into state 'SUCCESS' from state 'RUNNING' with result 'Volume(_name_id=None,admin_metadata=,attach_status='detached',availability_zone='nova',bootable=False,cluster=,cluster_name=None,consistencygroup=,consistencygroup_id=None,created_at=2026-07-22T10:12:29Z,deleted=False,deleted_at=None,display_description=None,display_name='tempest-ServerActionsTestOtherA-volume-145277099',ec2_id=None,encryption_key_id=None,glance_metadata=,group=,group_id=None,host='devstack@QuobyteHD#QuobyteHD',id=85086688-3d97-480b-93c1-e5f3f196e54a,launched_at=None,metadata={},migration_status=None,multiattach=False,previous_status=None,project_id='808c18e1d9a6494f853210e6eaf874b9',provider_auth=None,provider_geometry=None,provider_id=None,provider_location=None,replication_driver_data=None,replication_extended_status=None,replication_status=None,scheduled_at=2026-07-22T10:12:29Z,service_uuid=None,shared_targets=True,size=1,snapshot_id=None,snapshots=,source_volid=None,status='creating',terminated_at=None,updated_at=2026-07-22T10:12:29Z,use_quota=True,user_id='18c5692091a6499d948142140b3ecf76',volume_attachment=VolumeAttachmentList,volume_type=VolumeType(e585c5b9-8eec-4594-b90f-0f88cebf76e1),volume_type_id=e585c5b9-8eec-4594-b90f-0f88cebf76e1)' {{(pid=87568) _task_receiver /opt/stack/data/venv/lib/python3.12/site-packages/taskflow/listeners/logging.py:218}}
Jul 22 12:12:29 devstack cinder-volume[87568]: DEBUG cinder.volume.manager [None req-72257cdd-dcc2-48f4-9bc2-97f918732848 tempest-ServerActionsTestOtherA-869975188 None] Task 'cinder.volume.flows.manager.create_volume.OnFailureRescheduleTask;volume:create' (d3ca4826-b124-4482-b365-533d67345445) transitioned into state 'RUNNING' from state 'PENDING' {{(pid=87568) _task_receiver /opt/stack/data/venv/lib/python3.12/site-packages/taskflow/listeners/logging.py:242}}
Jul 22 12:12:29 devstack cinder-volume[87568]: DEBUG cinder.volume.manager [None req-72257cdd-dcc2-48f4-9bc2-97f918732848 tempest-ServerActionsTestOtherA-869975188 None] Task 'cinder.volume.flows.manager.create_volume.OnFailureRescheduleTask;volume:create' (d3ca4826-b124-4482-b365-533d67345445) transitioned into state 'SUCCESS' from state 'RUNNING' with result 'None' {{(pid=87568) _task_receiver /opt/stack/data/venv/lib/python3.12/site-packages/taskflow/listeners/logging.py:218}}
Jul 22 12:12:29 devstack cinder-volume[87568]: DEBUG cinder.volume.manager [None req-72257cdd-dcc2-48f4-9bc2-97f918732848 tempest-ServerActionsTestOtherA-869975188 None] Task 'cinder.volume.flows.manager.create_volume.ExtractVolumeSpecTask;volume:create' (d76f73ac-4441-4307-bb8f-e8ec7c63677b) transitioned into state 'RUNNING' from state 'PENDING' {{(pid=87568) _task_receiver /opt/stack/data/venv/lib/python3.12/site-packages/taskflow/listeners/logging.py:242}}
Jul 22 12:12:29 devstack cinder-volume[87568]: DEBUG cinder.volume.manager [None req-72257cdd-dcc2-48f4-9bc2-97f918732848 tempest-ServerActionsTestOtherA-869975188 None] Task 'cinder.volume.flows.manager.create_volume.ExtractVolumeSpecTask;volume:create' (d76f73ac-4441-4307-bb8f-e8ec7c63677b) transitioned into state 'SUCCESS' from state 'RUNNING' with result '{'status': 'creating', 'type': 'raw', 'volume_id': '85086688-3d97-480b-93c1-e5f3f196e54a', 'volume_name': 'volume-85086688-3d97-480b-93c1-e5f3f196e54a', 'volume_size': 1}' {{(pid=87568) _task_receiver /opt/stack/data/venv/lib/python3.12/site-packages/taskflow/listeners/logging.py:218}}
Jul 22 12:12:29 devstack cinder-volume[87568]: DEBUG cinder.volume.manager [None req-72257cdd-dcc2-48f4-9bc2-97f918732848 tempest-ServerActionsTestOtherA-869975188 None] Task 'cinder.volume.flows.manager.create_volume.NotifyVolumeActionTask;volume:create, create.start' (b5d02a73-15fd-4058-84da-4586c9b9c00b) transitioned into state 'RUNNING' from state 'PENDING' {{(pid=87568) _task_receiver /opt/stack/data/venv/lib/python3.12/site-packages/taskflow/listeners/logging.py:242}}
Jul 22 12:12:29 devstack cinder-volume[87568]: DEBUG cinder.volume.manager [None req-72257cdd-dcc2-48f4-9bc2-97f918732848 tempest-ServerActionsTestOtherA-869975188 None] Task 'cinder.volume.flows.manager.create_volume.NotifyVolumeActionTask;volume:create, create.start' (b5d02a73-15fd-4058-84da-4586c9b9c00b) transitioned into state 'SUCCESS' from state 'RUNNING' with result 'None' {{(pid=87568) _task_receiver /opt/stack/data/venv/lib/python3.12/site-packages/taskflow/listeners/logging.py:218}}
Jul 22 12:12:29 devstack cinder-volume[87568]: DEBUG cinder.volume.manager [None req-72257cdd-dcc2-48f4-9bc2-97f918732848 tempest-ServerActionsTestOtherA-869975188 None] Task 'cinder.volume.flows.manager.create_volume.CreateVolumeFromSpecTask;volume:create' (4eec6144-fa83-470f-9a9b-65cff8c3fef4) transitioned into state 'RUNNING' from state 'PENDING' {{(pid=87568) _task_receiver /opt/stack/data/venv/lib/python3.12/site-packages/taskflow/listeners/logging.py:242}}
Jul 22 12:12:29 devstack cinder-volume[87568]: INFO cinder.volume.flows.manager.create_volume [None req-72257cdd-dcc2-48f4-9bc2-97f918732848 tempest-ServerActionsTestOtherA-869975188 None] Volume 85086688-3d97-480b-93c1-e5f3f196e54a: being created as raw with specification: {'status': 'creating', 'volume_name': 'volume-85086688-3d97-480b-93c1-e5f3f196e54a', 'volume_size': 1}
Jul 22 12:12:29 devstack cinder-volume[87568]: DEBUG oslo_concurrency.lockutils [None req-72257cdd-dcc2-48f4-9bc2-97f918732848 tempest-ServerActionsTestOtherA-869975188 None] Acquiring lock "quobyte" by "cinder.volume.drivers.quobyte.QuobyteDriver.create_volume" {{(pid=87568) inner /opt/stack/data/venv/lib/python3.12/site-packages/oslo_concurrency/lockutils.py:512}}
Jul 22 12:12:29 devstack cinder-volume[87568]: DEBUG oslo_concurrency.lockutils [None req-72257cdd-dcc2-48f4-9bc2-97f918732848 tempest-ServerActionsTestOtherA-869975188 None] Lock "quobyte" acquired by "cinder.volume.drivers.quobyte.QuobyteDriver.create_volume" :: waited 0.000s {{(pid=87568) inner /opt/stack/data/venv/lib/python3.12/site-packages/oslo_concurrency/lockutils.py:525}}
