Jun 10 18:07:42 devstack sudo[96767]: pam_unix(sudo:session): session opened for user root(uid=0) by (uid=1000)
Jun 10 18:07:42 devstack cinder-volume[92102]: DEBUG oslo_concurrency.lockutils [None req-3b44d57b-375b-4a7b-aae6-2bbd352f1d64 tempest-SnapshotsActionsTest-1471286773 None] Acquiring lock "quobyte" by "cinder.volume.drivers.quobyte.QuobyteDriver.create_snapshot" {{(pid=92102) inner /opt/stack/data/venv/lib/python3.12/site-packages/oslo_concurrency/lockutils.py:506}}
Jun 10 18:07:42 devstack cinder-volume[92102]: DEBUG oslo_concurrency.lockutils [None req-3b44d57b-375b-4a7b-aae6-2bbd352f1d64 tempest-SnapshotsActionsTest-1471286773 None] Lock "quobyte" acquired by "cinder.volume.drivers.quobyte.QuobyteDriver.create_snapshot" :: waited 0.002s {{(pid=92102) inner /opt/stack/data/venv/lib/python3.12/site-packages/oslo_concurrency/lockutils.py:519}}
Jun 10 18:07:42 devstack cinder-volume[92102]: DEBUG cinder.volume.drivers.remotefs [None req-3b44d57b-375b-4a7b-aae6-2bbd352f1d64 tempest-SnapshotsActionsTest-1471286773 None] Creating offline snapshot 172e716e-d585-4f4b-b973-373c7ec96173 of volume cacac092-4075-4c72-af8d-aaeece5fbecb {{(pid=92102) _create_snapshot /opt/stack/cinder/cinder/volume/drivers/remotefs.py:1816}}
Jun 10 18:07:42 devstack cinder-volume[92102]: DEBUG oslo.privsep.daemon [-] privsep: reply[513bace4-8e6b-401e-a327-c2927fae8ac2]: (4, 'qcow2') {{(pid=93071) _call_back /opt/stack/data/venv/lib/python3.12/site-packages/oslo_privsep/daemon.py:573}}
Jun 10 18:07:42 devstack cinder-volume[92102]: DEBUG oslo_concurrency.processutils [None req-3b44d57b-375b-4a7b-aae6-2bbd352f1d64 tempest-SnapshotsActionsTest-1471286773 None] Running cmd (subprocess): /opt/stack/data/venv/bin/python3.12 -m oslo_concurrency.prlimit --as=1073741824 --cpu=60 -- sudo cinder-rootwrap /etc/cinder/rootwrap.conf env LC_ALL=C qemu-img info -f qcow2 --output=json --force-share /opt/stack/data/cinder/mnt/cbfa006784cf3bed6fe9a9a8c09e5988/volume-cacac092-4075-4c72-af8d-aaeece5fbecb.7ff23801-1329-4efb-b459-56998e9e7221 {{(pid=92102) execute /opt/stack/data/venv/lib/python3.12/site-packages/oslo_concurrency/processutils.py:440}}
Jun 10 18:07:42 devstack sudo[96771]: quobyte : PWD=/ ; USER=root ; COMMAND=/opt/stack/data/venv/bin/cinder-rootwrap /etc/cinder/rootwrap.conf env LC_ALL=C qemu-img info -f qcow2 --output=json --force-share /opt/stack/data/cinder/mnt/cbfa006784cf3bed6fe9a9a8c09e5988/volume-cacac092-4075-4c72-af8d-aaeece5fbecb.7ff23801-1329-4efb-b459-56998e9e7221
Jun 10 18:07:42 devstack sudo[96771]: pam_unix(sudo:session): session opened for user root(uid=0) by (uid=1000)
Jun 10 18:07:43 devstack sudo[96767]: pam_unix(sudo:session): session closed for user root
Jun 10 18:07:43 devstack cinder-volume[92102]: DEBUG oslo_concurrency.processutils [None req-633df748-df17-4b44-a932-8ea785748da6 tempest-VolumesActionsTest-1600097970 None] CMD "sudo cinder-rootwrap /etc/cinder/rootwrap.conf df --portability --block-size 1 /opt/stack/data/cinder/mnt/cbfa006784cf3bed6fe9a9a8c09e5988" returned: 0 in 1.296s {{(pid=92102) execute /opt/stack/data/venv/lib/python3.12/site-packages/oslo_concurrency/processutils.py:468}}
Jun 10 18:07:43 devstack cinder-volume[92102]: DEBUG cinder.manager [None req-633df748-df17-4b44-a932-8ea785748da6 tempest-VolumesActionsTest-1600097970 None] Notifying Schedulers of capabilities ... {{(pid=92102) _publish_service_capabilities /opt/stack/cinder/cinder/manager.py:219}}
Jun 10 18:07:43 devstack cinder-volume[92102]: INFO cinder.volume.manager [None req-633df748-df17-4b44-a932-8ea785748da6 tempest-VolumesActionsTest-1600097970 None] Deleted volume successfully.
Jun 10 18:07:43 devstack cinder-volume[92102]: DEBUG cinder.coordination [None req-633df748-df17-4b44-a932-8ea785748da6 tempest-VolumesActionsTest-1600097970 None] Lock "cinder-e5caaa35-86a7-4b25-a7af-e3a7222acec1-delete_volume" released by "delete_volume" :: held 3.661s {{(pid=92102) __release /opt/stack/cinder/cinder/coordination.py:152}}
Jun 10 18:07:44 devstack sudo[96771]: pam_unix(sudo:session): session closed for user root
Jun 10 18:07:44 devstack cinder-volume[92102]: DEBUG oslo_concurrency.processutils [None req-3b44d57b-375b-4a7b-aae6-2bbd352f1d64 tempest-SnapshotsActionsTest-1471286773 None] CMD "/opt/stack/data/venv/bin/python3.12 -m oslo_concurrency.prlimit --as=1073741824 --cpu=60 -- sudo cinder-rootwrap /etc/cinder/rootwrap.conf env LC_ALL=C qemu-img info -f qcow2 --output=json --force-share /opt/stack/data/cinder/mnt/cbfa006784cf3bed6fe9a9a8c09e5988/volume-cacac092-4075-4c72-af8d-aaeece5fbecb.7ff23801-1329-4efb-b459-56998e9e7221" returned: 0 in 1.293s {{(pid=92102) execute /opt/stack/data/venv/lib/python3.12/site-packages/oslo_concurrency/processutils.py:468}}
Jun 10 18:07:44 devstack cinder-volume[92102]: DEBUG cinder.volume.drivers.remotefs [None req-3b44d57b-375b-4a7b-aae6-2bbd352f1d64 tempest-SnapshotsActionsTest-1471286773 None] Fetching qemu-img info with special backing_file_template: (/opt/stack/data/cinder/mnt/[0-9a-f]+/)?(volume-cacac092-4075-4c72-af8d-aaeece5fbecb(.(tmp-snap-)?[0-9a-f-]+)?|volume_from_snapshot_cache/(tmp-snap-)?[0-9a-f-]+(.(child-|parent-)[0-9a-f-]+)?)$ {{(pid=92102) _qemu_img_info_base /opt/stack/cinder/cinder/volume/drivers/remotefs.py:896}}
Jun 10 18:07:44 devstack cinder-volume[92102]: DEBUG oslo_concurrency.processutils [None req-3b44d57b-375b-4a7b-aae6-2bbd352f1d64 tempest-SnapshotsActionsTest-1471286773 None] Running cmd (subprocess): sudo cinder-rootwrap /etc/cinder/rootwrap.conf qemu-img create -f qcow2 -o backing_file=/opt/stack/data/cinder/mnt/cbfa006784cf3bed6fe9a9a8c09e5988/volume-cacac092-4075-4c72-af8d-aaeece5fbecb.7ff23801-1329-4efb-b459-56998e9e7221,backing_fmt=qcow2 /opt/stack/data/cinder/mnt/cbfa006784cf3bed6fe9a9a8c09e5988/volume-cacac092-4075-4c72-af8d-aaeece5fbecb.172e716e-d585-4f4b-b973-373c7ec96173 1G {{(pid=92102) execute /opt/stack/data/venv/lib/python3.12/site-packages/oslo_concurrency/processutils.py:440}}
Jun 10 18:07:44 devstack sudo[96813]: quobyte : PWD=/ ; USER=root ; COMMAND=/opt/stack/data/venv/bin/cinder-rootwrap /etc/cinder/rootwrap.conf qemu-img create -f qcow2 -o backing_file=/opt/stack/data/cinder/mnt/cbfa006784cf3bed6fe9a9a8c09e5988/volume-cacac092-4075-4c72-af8d-aaeece5fbecb.7ff23801-1329-4efb-b459-56998e9e7221,backing_fmt=qcow2 /opt/stack/data/cinder/mnt/cbfa006784cf3bed6fe9a9a8c09e5988/volume-cacac092-4075-4c72-af8d-aaeece5fbecb.172e716e-d585-4f4b-b973-373c7ec96173 1G
Jun 10 18:07:44 devstack sudo[96813]: pam_unix(sudo:session): session opened for user root(uid=0) by (uid=1000)
Jun 10 18:07:45 devstack sudo[96813]: pam_unix(sudo:session): session closed for user root
Jun 10 18:07:45 devstack cinder-volume[92102]: DEBUG oslo_concurrency.processutils [None req-3b44d57b-375b-4a7b-aae6-2bbd352f1d64 tempest-SnapshotsActionsTest-1471286773 None] CMD "sudo cinder-rootwrap /etc/cinder/rootwrap.conf qemu-img create -f qcow2 -o backing_file=/opt/stack/data/cinder/mnt/cbfa006784cf3bed6fe9a9a8c09e5988/volume-cacac092-4075-4c72-af8d-aaeece5fbecb.7ff23801-1329-4efb-b459-56998e9e7221,backing_fmt=qcow2 /opt/stack/data/cinder/mnt/cbfa006784cf3bed6fe9a9a8c09e5988/volume-cacac092-4075-4c72-af8d-aaeece5fbecb.172e716e-d585-4f4b-b973-373c7ec96173 1G" returned: 0 in 1.374s {{(pid=92102) execute /opt/stack/data/venv/lib/python3.12/site-packages/oslo_concurrency/processutils.py:468}}
Jun 10 18:07:45 devstack cinder-volume[92102]: DEBUG oslo_concurrency.processutils [None req-3b44d57b-375b-4a7b-aae6-2bbd352f1d64 tempest-SnapshotsActionsTest-1471286773 None] Running cmd (subprocess): sudo cinder-rootwrap /etc/cinder/rootwrap.conf qemu-img rebase -u -b volume-cacac092-4075-4c72-af8d-aaeece5fbecb.7ff23801-1329-4efb-b459-56998e9e7221 -F qcow2 /opt/stack/data/cinder/mnt/cbfa006784cf3bed6fe9a9a8c09e5988/volume-cacac092-4075-4c72-af8d-aaeece5fbecb.172e716e-d585-4f4b-b973-373c7ec96173 {{(pid=92102) execute /opt/stack/data/venv/lib/python3.12/site-packages/oslo_concurrency/processutils.py:440}}
Jun 10 18:07:45 devstack sudo[96823]: quobyte : PWD=/ ; USER=root ; COMMAND=/opt/stack/data/venv/bin/cinder-rootwrap /etc/cinder/rootwrap.conf qemu-img rebase -u -b volume-cacac092-4075-4c72-af8d-aaeece5fbecb.7ff23801-1329-4efb-b459-56998e9e7221 -F qcow2 /opt/stack/data/cinder/mnt/cbfa006784cf3bed6fe9a9a8c09e5988/volume-cacac092-4075-4c72-af8d-aaeece5fbecb.172e716e-d585-4f4b-b973-373c7ec96173
Jun 10 18:07:45 devstack sudo[96823]: pam_unix(sudo:session): session opened for user root(uid=0) by (uid=1000)
Jun 10 18:07:46 devstack sudo[96823]: pam_unix(sudo:session): session closed for user root
Jun 10 18:07:46 devstack cinder-volume[92102]: DEBUG oslo_concurrency.processutils [None req-3b44d57b-375b-4a7b-aae6-2bbd352f1d64 tempest-SnapshotsActionsTest-1471286773 None] CMD "sudo cinder-rootwrap /etc/cinder/rootwrap.conf qemu-img rebase -u -b volume-cacac092-4075-4c72-af8d-aaeece5fbecb.7ff23801-1329-4efb-b459-56998e9e7221 -F qcow2 /opt/stack/data/cinder/mnt/cbfa006784cf3bed6fe9a9a8c09e5988/volume-cacac092-4075-4c72-af8d-aaeece5fbecb.172e716e-d585-4f4b-b973-373c7ec96173" returned: 0 in 0.853s {{(pid=92102) execute /opt/stack/data/venv/lib/python3.12/site-packages/oslo_concurrency/processutils.py:468}}
Jun 10 18:07:46 devstack cinder-volume[92102]: WARNING cinder.volume.drivers.remotefs [None req-3b44d57b-375b-4a7b-aae6-2bbd352f1d64 tempest-SnapshotsActionsTest-1471286773 None] /opt/stack/data/cinder/mnt/cbfa006784cf3bed6fe9a9a8c09e5988/volume-cacac092-4075-4c72-af8d-aaeece5fbecb.172e716e-d585-4f4b-b973-373c7ec96173 is being set with open permissions: ugo+rw
Jun 10 18:07:46 devstack cinder-volume[92102]: DEBUG oslo_concurrency.processutils [None req-3b44d57b-375b-4a7b-aae6-2bbd352f1d64 tempest-SnapshotsActionsTest-1471286773 None] Running cmd (subprocess): sudo cinder-rootwrap /etc/cinder/rootwrap.conf chmod ugo+rw /opt/stack/data/cinder/mnt/cbfa006784cf3bed6fe9a9a8c09e5988/volume-cacac092-4075-4c72-af8d-aaeece5fbecb.172e716e-d585-4f4b-b973-373c7ec96173 {{(pid=92102) execute /opt/stack/data/venv/lib/python3.12/site-packages/oslo_concurrency/processutils.py:440}}
Jun 10 18:07:46 devstack sudo[96830]: quobyte : PWD=/ ; USER=root ; COMMAND=/opt/stack/data/venv/bin/cinder-rootwrap /etc/cinder/rootwrap.conf chmod ugo+rw /opt/stack/data/cinder/mnt/cbfa006784cf3bed6fe9a9a8c09e5988/volume-cacac092-4075-4c72-af8d-aaeece5fbecb.172e716e-d585-4f4b-b973-373c7ec96173
Jun 10 18:07:46 devstack sudo[96830]: pam_unix(sudo:session): session opened for user root(uid=0) by (uid=1000)
Jun 10 18:07:47 devstack sudo[96830]: pam_unix(sudo:session): session closed for user root
Jun 10 18:07:47 devstack cinder-volume[92102]: DEBUG oslo_concurrency.processutils [None req-3b44d57b-375b-4a7b-aae6-2bbd352f1d64 tempest-SnapshotsActionsTest-1471286773 None] CMD "sudo cinder-rootwrap /etc/cinder/rootwrap.conf chmod ugo+rw /opt/stack/data/cinder/mnt/cbfa006784cf3bed6fe9a9a8c09e5988/volume-cacac092-4075-4c72-af8d-aaeece5fbecb.172e716e-d585-4f4b-b973-373c7ec96173" returned: 0 in 0.907s {{(pid=92102) execute /opt/stack/data/venv/lib/python3.12/site-packages/oslo_concurrency/processutils.py:468}}
Jun 10 18:07:47 devstack cinder-volume[92102]: DEBUG oslo_concurrency.lockutils [None req-3b44d57b-375b-4a7b-aae6-2bbd352f1d64 tempest-SnapshotsActionsTest-1471286773 None] Lock "quobyte" "released" by "cinder.volume.drivers.quobyte.QuobyteDriver.create_snapshot" :: held 4.611s {{(pid=92102) inner /opt/stack/data/venv/lib/python3.12/site-packages/oslo_concurrency/lockutils.py:538}}
Jun 10 18:07:47 devstack cinder-volume[92102]: INFO cinder.volume.manager [None req-3b44d57b-375b-4a7b-aae6-2bbd352f1d64 tempest-SnapshotsActionsTest-1471286773 None] Create snapshot completed successfully
Jun 10 18:07:48 devstack cinder-volume[92102]: DEBUG cinder.coordination [None req-dc84b6b3-65ea-43b9-a251-effc3c8fadf1 tempest-SnapshotsActionsTest-858779017 None] Acquiring lock "cinder-172e716e-d585-4f4b-b973-373c7ec96173-delete_snapshot" by "delete_snapshot" {{(pid=92102) __acquire /opt/stack/cinder/cinder/coordination.py:138}}
Jun 10 18:07:48 devstack cinder-volume[92102]: DEBUG cinder.coordination [None req-dc84b6b3-65ea-43b9-a251-effc3c8fadf1 tempest-SnapshotsActionsTest-858779017 None] Lock "cinder-172e716e-d585-4f4b-b973-373c7ec96173-delete_snapshot" acquired by "delete_snapshot" :: waited 0.057s {{(pid=92102) __acquire /opt/stack/cinder/cinder/coordination.py:141}}
Jun 10 18:07:48 devstack cinder-volume[92102]: DEBUG cinder.coordination [None req-dc84b6b3-65ea-43b9-a251-effc3c8fadf1 tempest-SnapshotsActionsTest-858779017 None] Acquiring lock "cinder-quobyte-cacac092-4075-4c72-af8d-aaeece5fbecb" by "delete_snapshot" {{(pid=92102) __acquire /opt/stack/cinder/cinder/coordination.py:138}}
Jun 10 18:07:48 devstack cinder-volume[92102]: DEBUG cinder.coordination [None req-dc84b6b3-65ea-43b9-a251-effc3c8fadf1 tempest-SnapshotsActionsTest-858779017 None] Lock "cinder-quobyte-cacac092-4075-4c72-af8d-aaeece5fbecb" acquired by "delete_snapshot" :: waited 0.050s {{(pid=92102) __acquire /opt/stack/cinder/cinder/coordination.py:141}}
Jun 10 18:07:48 devstack cinder-volume[92102]: DEBUG cinder.coordination [None req-dc84b6b3-65ea-43b9-a251-effc3c8fadf1 tempest-SnapshotsActionsTest-858779017 None] Acquiring lock "cinder-quobyte-172e716e-d585-4f4b-b973-373c7ec96173" by "_delete_snapshot" {{(pid=92102) __acquire /opt/stack/cinder/cinder/coordination.py:138}}
Jun 10 18:07:48 devstack cinder-volume[92102]: DEBUG cinder.coordination [None req-dc84b6b3-65ea-43b9-a251-effc3c8fadf1 tempest-SnapshotsActionsTest-858779017 None] Lock "cinder-quobyte-172e716e-d585-4f4b-b973-373c7ec96173" acquired by "_delete_snapshot" :: waited 0.066s {{(pid=92102) __acquire /opt/stack/cinder/cinder/coordination.py:141}}
Jun 10 18:07:48 devstack cinder-volume[92102]: DEBUG cinder.volume.drivers.remotefs [None req-dc84b6b3-65ea-43b9-a251-effc3c8fadf1 tempest-SnapshotsActionsTest-858779017 None] Deleting offline snapshot 172e716e-d585-4f4b-b973-373c7ec96173 of volume cacac092-4075-4c72-af8d-aaeece5fbecb {{(pid=92102) _delete_snapshot /opt/stack/cinder/cinder/volume/drivers/remotefs.py:1288}}
Jun 10 18:07:48 devstack cinder-volume[92102]: DEBUG cinder.volume.drivers.remotefs [None req-dc84b6b3-65ea-43b9-a251-effc3c8fadf1 tempest-SnapshotsActionsTest-858779017 None] snapshot_file for this snap is: volume-cacac092-4075-4c72-af8d-aaeece5fbecb.172e716e-d585-4f4b-b973-373c7ec96173 {{(pid=92102) _delete_snapshot /opt/stack/cinder/cinder/volume/drivers/remotefs.py:1317}}
Jun 10 18:07:48 devstack cinder-volume[92102]: DEBUG oslo.privsep.daemon [-] privsep: reply[073c96f6-c31a-48a2-b5d1-f2048005c4a5]: (4, 'qcow2') {{(pid=93071) _call_back /opt/stack/data/venv/lib/python3.12/site-packages/oslo_privsep/daemon.py:573}}
Jun 10 18:07:48 devstack cinder-volume[92102]: DEBUG oslo_concurrency.processutils [None req-dc84b6b3-65ea-43b9-a251-effc3c8fadf1 tempest-SnapshotsActionsTest-858779017 None] Running cmd (subprocess): /opt/stack/data/venv/bin/python3.12 -m oslo_concurrency.prlimit --as=1073741824 --cpu=60 -- sudo cinder-rootwrap /etc/cinder/rootwrap.conf env LC_ALL=C qemu-img info -f qcow2 --output=json --force-share /opt/stack/data/cinder/mnt/cbfa006784cf3bed6fe9a9a8c09e5988/volume-cacac092-4075-4c72-af8d-aaeece5fbecb.172e716e-d585-4f4b-b973-373c7ec96173 {{(pid=92102) execute /opt/stack/data/venv/lib/python3.12/site-packages/oslo_concurrency/processutils.py:440}}
Jun 10 18:07:48 devstack sudo[96835]: quobyte : PWD=/ ; USER=root ; COMMAND=/opt/stack/data/venv/bin/cinder-rootwrap /etc/cinder/rootwrap.conf env LC_ALL=C qemu-img info -f qcow2 --output=json --force-share /opt/stack/data/cinder/mnt/cbfa006784cf3bed6fe9a9a8c09e5988/volume-cacac092-4075-4c72-af8d-aaeece5fbecb.172e716e-d585-4f4b-b973-373c7ec96173
Jun 10 18:07:48 devstack sudo[96835]: pam_unix(sudo:session): session opened for user root(uid=0) by (uid=1000)
Jun 10 18:07:49 devstack cinder-volume[92102]: DEBUG oslo_concurrency.processutils [None req-dc84b6b3-65ea-43b9-a251-effc3c8fadf1 tempest-SnapshotsActionsTest-858779017 None] CMD "/opt/stack/data/venv/bin/python3.12 -m oslo_concurrency.prlimit --as=1073741824 --cpu=60 -- sudo cinder-rootwrap /etc/cinder/rootwrap.conf env LC_ALL=C qemu-img info -f qcow2 --output=json --force-share /opt/stack/data/cinder/mnt/cbfa006784cf3bed6fe9a9a8c09e5988/volume-cacac092-4075-4c72-af8d-aaeece5fbecb.172e716e-d585-4f4b-b973-373c7ec96173" returned: 0 in 1.115s {{(pid=92102) execute /opt/stack/data/venv/lib/python3.12/site-packages/oslo_concurrency/processutils.py:468}}
Jun 10 18:07:49 devstack cinder-volume[92102]: DEBUG cinder.volume.drivers.remotefs [None req-dc84b6b3-65ea-43b9-a251-effc3c8fadf1 tempest-SnapshotsActionsTest-858779017 None] Fetching qemu-img info with special backing_file_template: (/opt/stack/data/cinder/mnt/[0-9a-f]+/)?(volume-cacac092-4075-4c72-af8d-aaeece5fbecb(.(tmp-snap-)?[0-9a-f-]+)?|volume_from_snapshot_cache/(tmp-snap-)?[0-9a-f-]+(.(child-|parent-)[0-9a-f-]+)?)$ {{(pid=92102) _qemu_img_info_base /opt/stack/cinder/cinder/volume/drivers/remotefs.py:896}}
Jun 10 18:07:49 devstack sudo[96835]: pam_unix(sudo:session): session closed for user root
Jun 10 18:07:49 devstack cinder-volume[92102]: DEBUG oslo.privsep.daemon [-] privsep: reply[3e77d9ef-bf2a-41d5-b479-6d8657d08afb]: (4, 'qcow2') {{(pid=93071) _call_back /opt/stack/data/venv/lib/python3.12/site-packages/oslo_privsep/daemon.py:573}}
Jun 10 18:07:49 devstack cinder-volume[92102]: DEBUG oslo_concurrency.processutils [None req-dc84b6b3-65ea-43b9-a251-effc3c8fadf1 tempest-SnapshotsActionsTest-858779017 None] Running cmd (subprocess): /opt/stack/data/venv/bin/python3.12 -m oslo_concurrency.prlimit --as=1073741824 --cpu=60 -- sudo cinder-rootwrap /etc/cinder/rootwrap.conf env LC_ALL=C qemu-img info -f qcow2 --output=json --force-share /opt/stack/data/cinder/mnt/cbfa006784cf3bed6fe9a9a8c09e5988/volume-cacac092-4075-4c72-af8d-aaeece5fbecb.7ff23801-1329-4efb-b459-56998e9e7221 {{(pid=92102) execute /opt/stack/data/venv/lib/python3.12/site-packages/oslo_concurrency/processutils.py:440}}
Jun 10 18:07:49 devstack sudo[96842]: quobyte : PWD=/ ; USER=root ; COMMAND=/opt/stack/data/venv/bin/cinder-rootwrap /etc/cinder/rootwrap.conf env LC_ALL=C qemu-img info -f qcow2 --output=json --force-share /opt/stack/data/cinder/mnt/cbfa006784cf3bed6fe9a9a8c09e5988/volume-cacac092-4075-4c72-af8d-aaeece5fbecb.7ff23801-1329-4efb-b459-56998e9e7221
Jun 10 18:07:49 devstack sudo[96842]: pam_unix(sudo:session): session opened for user root(uid=0) by (uid=1000)
Jun 10 18:07:50 devstack cinder-volume[92102]: DEBUG oslo_service.periodic_task [None req-ed925394-91b2-4f73-9cf3-dc83397b0cbb None None] Running periodic task VolumeManager.publish_service_capabilities {{(pid=92102) run_periodic_tasks /opt/stack/data/venv/lib/python3.12/site-packages/oslo_service/periodic_task.py:210}}
Jun 10 18:07:50 devstack cinder-volume[92102]: DEBUG oslo_concurrency.lockutils [None req-ed925394-91b2-4f73-9cf3-dc83397b0cbb None None] Acquiring lock "quobyte_ensure" by "cinder.volume.drivers.quobyte.QuobyteDriver._ensure_shares_mounted" {{(pid=92102) inner /opt/stack/data/venv/lib/python3.12/site-packages/oslo_concurrency/lockutils.py:506}}
Jun 10 18:07:50 devstack cinder-volume[92102]: DEBUG oslo_concurrency.lockutils [None req-ed925394-91b2-4f73-9cf3-dc83397b0cbb None None] Lock "quobyte_ensure" acquired by "cinder.volume.drivers.quobyte.QuobyteDriver._ensure_shares_mounted" :: waited 0.000s {{(pid=92102) inner /opt/stack/data/venv/lib/python3.12/site-packages/oslo_concurrency/lockutils.py:519}}
Jun 10 18:07:50 devstack cinder-volume[92102]: DEBUG cinder.volume.drivers.quobyte [None req-ed925394-91b2-4f73-9cf3-dc83397b0cbb None None] Quobyte Volume URL set to: {'osci02.corp.quobyte.com/cinder-vol-f3ea1ba9-7007-4782-b51b-8a38577276b6': None} {{(pid=92102) _load_shares_config /opt/stack/cinder/cinder/volume/drivers/quobyte.py:617}}
Jun 10 18:07:50 devstack cinder-volume[92102]: DEBUG cinder.volume.drivers.quobyte [None req-ed925394-91b2-4f73-9cf3-dc83397b0cbb None None] Available shares ['osci02.corp.quobyte.com/cinder-vol-f3ea1ba9-7007-4782-b51b-8a38577276b6'] {{(pid=92102) _ensure_shares_mounted /opt/stack/cinder/cinder/volume/drivers/quobyte.py:647}}
Jun 10 18:07:50 devstack cinder-volume[92102]: DEBUG oslo_concurrency.lockutils [None req-ed925394-91b2-4f73-9cf3-dc83397b0cbb None None] Lock "quobyte_ensure" "released" by "cinder.volume.drivers.quobyte.QuobyteDriver._ensure_shares_mounted" :: held 0.012s {{(pid=92102) inner /opt/stack/data/venv/lib/python3.12/site-packages/oslo_concurrency/lockutils.py:538}}
Jun 10 18:07:50 devstack cinder-volume[92102]: DEBUG oslo_concurrency.processutils [None req-ed925394-91b2-4f73-9cf3-dc83397b0cbb None None] Running cmd (subprocess): sudo cinder-rootwrap /etc/cinder/rootwrap.conf df --portability --block-size 1 /opt/stack/data/cinder/mnt/cbfa006784cf3bed6fe9a9a8c09e5988 {{(pid=92102) execute /opt/stack/data/venv/lib/python3.12/site-packages/oslo_concurrency/processutils.py:440}}
Jun 10 18:07:50 devstack sudo[96844]: quobyte : PWD=/ ; USER=root ; COMMAND=/opt/stack/data/venv/bin/cinder-rootwrap /etc/cinder/rootwrap.conf df --portability --block-size 1 /opt/stack/data/cinder/mnt/cbfa006784cf3bed6fe9a9a8c09e5988
Jun 10 18:07:50 devstack sudo[96844]: pam_unix(sudo:session): session opened for user root(uid=0) by (uid=1000)
Jun 10 18:07:50 devstack sudo[96844]: pam_unix(sudo:session): session closed for user root
Jun 10 18:07:50 devstack cinder-volume[92102]: DEBUG oslo_concurrency.processutils [None req-ed925394-91b2-4f73-9cf3-dc83397b0cbb None None] CMD "sudo cinder-rootwrap /etc/cinder/rootwrap.conf df --portability --block-size 1 /opt/stack/data/cinder/mnt/cbfa006784cf3bed6fe9a9a8c09e5988" returned: 0 in 0.802s {{(pid=92102) execute /opt/stack/data/venv/lib/python3.12/site-packages/oslo_concurrency/processutils.py:468}}
Jun 10 18:07:50 devstack cinder-volume[92102]: DEBUG cinder.manager [None req-ed925394-91b2-4f73-9cf3-dc83397b0cbb None None] Notifying Schedulers of capabilities ... {{(pid=92102) _publish_service_capabilities /opt/stack/cinder/cinder/manager.py:219}}
Jun 10 18:07:50 devstack cinder-volume[92102]: DEBUG oslo_service.periodic_task [None req-ed925394-91b2-4f73-9cf3-dc83397b0cbb None None] Running periodic task VolumeManager._thread_info {{(pid=92102) run_periodic_tasks /opt/stack/data/venv/lib/python3.12/site-packages/oslo_service/periodic_task.py:210}}
Jun 10 18:07:50 devstack cinder-volume[92102]: DEBUG cinder.volume.manager [None req-ed925394-91b2-4f73-9cf3-dc83397b0cbb None None] thread count: 8 {{(pid=92102) _thread_info /opt/stack/cinder/cinder/volume/manager.py:5472}}
Jun 10 18:07:50 devstack cinder-volume[92102]: DEBUG cinder.volume.manager [None req-ed925394-91b2-4f73-9cf3-dc83397b0cbb None None] thread info: [<_MainThread(MainThread, started 131948479938688)>, , , , , , , ] {{(pid=92102) _thread_info /opt/stack/cinder/cinder/volume/manager.py:5473}}
Jun 10 18:07:51 devstack sudo[96842]: pam_unix(sudo:session): session closed for user root
Jun 10 18:07:51 devstack cinder-volume[92102]: DEBUG oslo_concurrency.processutils [None req-dc84b6b3-65ea-43b9-a251-effc3c8fadf1 tempest-SnapshotsActionsTest-858779017 None] CMD "/opt/stack/data/venv/bin/python3.12 -m oslo_concurrency.prlimit --as=1073741824 --cpu=60 -- sudo cinder-rootwrap /etc/cinder/rootwrap.conf env LC_ALL=C qemu-img info -f qcow2 --output=json --force-share /opt/stack/data/cinder/mnt/cbfa006784cf3bed6fe9a9a8c09e5988/volume-cacac092-4075-4c72-af8d-aaeece5fbecb.7ff23801-1329-4efb-b459-56998e9e7221" returned: 0 in 1.442s {{(pid=92102) execute /opt/stack/data/venv/lib/python3.12/site-packages/oslo_concurrency/processutils.py:468}}
Jun 10 18:07:51 devstack cinder-volume[92102]: DEBUG cinder.volume.drivers.remotefs [None req-dc84b6b3-65ea-43b9-a251-effc3c8fadf1 tempest-SnapshotsActionsTest-858779017 None] Fetching qemu-img info with special backing_file_template: (/opt/stack/data/cinder/mnt/[0-9a-f]+/)?(volume-cacac092-4075-4c72-af8d-aaeece5fbecb(.(tmp-snap-)?[0-9a-f-]+)?|volume_from_snapshot_cache/(tmp-snap-)?[0-9a-f-]+(.(child-|parent-)[0-9a-f-]+)?)$ {{(pid=92102) _qemu_img_info_base /opt/stack/cinder/cinder/volume/drivers/remotefs.py:896}}
Jun 10 18:07:51 devstack cinder-volume[92102]: DEBUG oslo_concurrency.processutils [None req-dc84b6b3-65ea-43b9-a251-effc3c8fadf1 tempest-SnapshotsActionsTest-858779017 None] Running cmd (subprocess): sudo cinder-rootwrap /etc/cinder/rootwrap.conf qemu-img commit -d /opt/stack/data/cinder/mnt/cbfa006784cf3bed6fe9a9a8c09e5988/volume-cacac092-4075-4c72-af8d-aaeece5fbecb.172e716e-d585-4f4b-b973-373c7ec96173 {{(pid=92102) execute /opt/stack/data/venv/lib/python3.12/site-packages/oslo_concurrency/processutils.py:440}}
Jun 10 18:07:51 devstack sudo[96851]: quobyte : PWD=/ ; USER=root ; COMMAND=/opt/stack/data/venv/bin/cinder-rootwrap /etc/cinder/rootwrap.conf qemu-img commit -d /opt/stack/data/cinder/mnt/cbfa006784cf3bed6fe9a9a8c09e5988/volume-cacac092-4075-4c72-af8d-aaeece5fbecb.172e716e-d585-4f4b-b973-373c7ec96173
Jun 10 18:07:51 devstack sudo[96851]: pam_unix(sudo:session): session opened for user root(uid=0) by (uid=1000)
Jun 10 18:07:52 devstack sudo[96851]: pam_unix(sudo:session): session closed for user root
Jun 10 18:07:52 devstack cinder-volume[92102]: DEBUG oslo_concurrency.processutils [None req-dc84b6b3-65ea-43b9-a251-effc3c8fadf1 tempest-SnapshotsActionsTest-858779017 None] CMD "sudo cinder-rootwrap /etc/cinder/rootwrap.conf qemu-img commit -d /opt/stack/data/cinder/mnt/cbfa006784cf3bed6fe9a9a8c09e5988/volume-cacac092-4075-4c72-af8d-aaeece5fbecb.172e716e-d585-4f4b-b973-373c7ec96173" returned: 0 in 1.120s {{(pid=92102) execute /opt/stack/data/venv/lib/python3.12/site-packages/oslo_concurrency/processutils.py:468}}
Jun 10 18:07:52 devstack cinder-volume[92102]: DEBUG oslo_concurrency.processutils [None req-dc84b6b3-65ea-43b9-a251-effc3c8fadf1 tempest-SnapshotsActionsTest-858779017 None] Running cmd (subprocess): sudo cinder-rootwrap /etc/cinder/rootwrap.conf rm -f /opt/stack/data/cinder/mnt/cbfa006784cf3bed6fe9a9a8c09e5988/volume-cacac092-4075-4c72-af8d-aaeece5fbecb.172e716e-d585-4f4b-b973-373c7ec96173 {{(pid=92102) execute /opt/stack/data/venv/lib/python3.12/site-packages/oslo_concurrency/processutils.py:440}}
Jun 10 18:07:52 devstack sudo[96858]: quobyte : PWD=/ ; USER=root ; COMMAND=/opt/stack/data/venv/bin/cinder-rootwrap /etc/cinder/rootwrap.conf rm -f /opt/stack/data/cinder/mnt/cbfa006784cf3bed6fe9a9a8c09e5988/volume-cacac092-4075-4c72-af8d-aaeece5fbecb.172e716e-d585-4f4b-b973-373c7ec96173
Jun 10 18:07:52 devstack sudo[96858]: pam_unix(sudo:session): session opened for user root(uid=0) by (uid=1000)
Jun 10 18:07:53 devstack sudo[96858]: pam_unix(sudo:session): session closed for user root
Jun 10 18:07:53 devstack cinder-volume[92102]: DEBUG oslo_concurrency.processutils [None req-dc84b6b3-65ea-43b9-a251-effc3c8fadf1 tempest-SnapshotsActionsTest-858779017 None] CMD "sudo cinder-rootwrap /etc/cinder/rootwrap.conf rm -f /opt/stack/data/cinder/mnt/cbfa006784cf3bed6fe9a9a8c09e5988/volume-cacac092-4075-4c72-af8d-aaeece5fbecb.172e716e-d585-4f4b-b973-373c7ec96173" returned: 0 in 0.998s {{(pid=92102) execute /opt/stack/data/venv/lib/python3.12/site-packages/oslo_concurrency/processutils.py:468}}
Jun 10 18:07:53 devstack cinder-volume[92102]: DEBUG cinder.coordination [None req-dc84b6b3-65ea-43b9-a251-effc3c8fadf1 tempest-SnapshotsActionsTest-858779017 None] Lock "cinder-quobyte-172e716e-d585-4f4b-b973-373c7ec96173" released by "_delete_snapshot" :: held 4.883s {{(pid=92102) __release /opt/stack/cinder/cinder/coordination.py:152}}
Jun 10 18:07:53 devstack cinder-volume[92102]: DEBUG cinder.coordination [None req-dc84b6b3-65ea-43b9-a251-effc3c8fadf1 tempest-SnapshotsActionsTest-858779017 None] Lock "cinder-quobyte-cacac092-4075-4c72-af8d-aaeece5fbecb" released by "delete_snapshot" :: held 4.961s {{(pid=92102) __release /opt/stack/cinder/cinder/coordination.py:152}}
Jun 10 18:07:53 devstack cinder-volume[92102]: DEBUG cinder.quota [None req-dc84b6b3-65ea-43b9-a251-effc3c8fadf1 tempest-SnapshotsActionsTest-858779017 None] Created reservations ['68397af0-97a3-499e-8b0f-66ca263b450f', 'de0873c8-069a-4e7f-9d0f-e31b604b20d2', '21247f88-f872-408d-a5e8-13306c5b9463', '354b5e6f-61d8-4390-8b15-36e5dffc21e1'] {{(pid=92102) reserve /opt/stack/cinder/cinder/quota.py:752}}
Jun 10 18:07:53 devstack cinder-volume[92102]: INFO cinder.volume.manager [None req-dc84b6b3-65ea-43b9-a251-effc3c8fadf1 tempest-SnapshotsActionsTest-858779017 None] Delete snapshot completed successfully.
Jun 10 18:07:53 devstack cinder-volume[92102]: DEBUG cinder.coordination [None req-dc84b6b3-65ea-43b9-a251-effc3c8fadf1 tempest-SnapshotsActionsTest-858779017 None] Lock "cinder-172e716e-d585-4f4b-b973-373c7ec96173-delete_snapshot" released by "delete_snapshot" :: held 5.185s {{(pid=92102) __release /opt/stack/cinder/cinder/coordination.py:152}}
Jun 10 18:07:53 devstack cinder-volume[92102]: DEBUG oslo_concurrency.lockutils [None req-ec8f6c21-ac2c-4ddd-b232-9f60d54b0736 tempest-SnapshotsActionsTest-1471286773 None] Acquiring lock "quobyte" by "cinder.volume.drivers.quobyte.QuobyteDriver.create_snapshot" {{(pid=92102) inner /opt/stack/data/venv/lib/python3.12/site-packages/oslo_concurrency/lockutils.py:506}}
Jun 10 18:07:53 devstack cinder-volume[92102]: DEBUG oslo_concurrency.lockutils [None req-ec8f6c21-ac2c-4ddd-b232-9f60d54b0736 tempest-SnapshotsActionsTest-1471286773 None] Lock "quobyte" acquired by "cinder.volume.drivers.quobyte.QuobyteDriver.create_snapshot" :: waited 0.001s {{(pid=92102) inner /opt/stack/data/venv/lib/python3.12/site-packages/oslo_concurrency/lockutils.py:519}}
Jun 10 18:07:53 devstack cinder-volume[92102]: DEBUG cinder.volume.drivers.remotefs [None req-ec8f6c21-ac2c-4ddd-b232-9f60d54b0736 tempest-SnapshotsActionsTest-1471286773 None] Creating offline snapshot a4bf7ee4-c010-4803-809d-e352d09f24e5 of volume cacac092-4075-4c72-af8d-aaeece5fbecb {{(pid=92102) _create_snapshot /opt/stack/cinder/cinder/volume/drivers/remotefs.py:1816}}
Jun 10 18:07:54 devstack cinder-volume[92102]: DEBUG oslo.privsep.daemon [-] privsep: reply[d550b622-4ba4-4307-bcfd-f7374ac0c60a]: (4, 'qcow2') {{(pid=93071) _call_back /opt/stack/data/venv/lib/python3.12/site-packages/oslo_privsep/daemon.py:573}}
Jun 10 18:07:54 devstack cinder-volume[92102]: DEBUG oslo_concurrency.processutils [None req-ec8f6c21-ac2c-4ddd-b232-9f60d54b0736 tempest-SnapshotsActionsTest-1471286773 None] Running cmd (subprocess): /opt/stack/data/venv/bin/python3.12 -m oslo_concurrency.prlimit --as=1073741824 --cpu=60 -- sudo cinder-rootwrap /etc/cinder/rootwrap.conf env LC_ALL=C qemu-img info -f qcow2 --output=json --force-share /opt/stack/data/cinder/mnt/cbfa006784cf3bed6fe9a9a8c09e5988/volume-cacac092-4075-4c72-af8d-aaeece5fbecb.7ff23801-1329-4efb-b459-56998e9e7221 {{(pid=92102) execute /opt/stack/data/venv/lib/python3.12/site-packages/oslo_concurrency/processutils.py:440}}
Jun 10 18:07:54 devstack sudo[96880]: quobyte : PWD=/ ; USER=root ; COMMAND=/opt/stack/data/venv/bin/cinder-rootwrap /etc/cinder/rootwrap.conf env LC_ALL=C qemu-img info -f qcow2 --output=json --force-share /opt/stack/data/cinder/mnt/cbfa006784cf3bed6fe9a9a8c09e5988/volume-cacac092-4075-4c72-af8d-aaeece5fbecb.7ff23801-1329-4efb-b459-56998e9e7221
Jun 10 18:07:54 devstack sudo[96880]: pam_unix(sudo:session): session opened for user root(uid=0) by (uid=1000)
Jun 10 18:07:54 devstack sudo[96880]: pam_unix(sudo:session): session closed for user root
Jun 10 18:07:54 devstack cinder-volume[92102]: DEBUG oslo_concurrency.processutils [None req-ec8f6c21-ac2c-4ddd-b232-9f60d54b0736 tempest-SnapshotsActionsTest-1471286773 None] CMD "/opt/stack/data/venv/bin/python3.12 -m oslo_concurrency.prlimit --as=1073741824 --cpu=60 -- sudo cinder-rootwrap /etc/cinder/rootwrap.conf env LC_ALL=C qemu-img info -f qcow2 --output=json --force-share /opt/stack/data/cinder/mnt/cbfa006784cf3bed6fe9a9a8c09e5988/volume-cacac092-4075-4c72-af8d-aaeece5fbecb.7ff23801-1329-4efb-b459-56998e9e7221" returned: 0 in 0.908s {{(pid=92102) execute /opt/stack/data/venv/lib/python3.12/site-packages/oslo_concurrency/processutils.py:468}}
Jun 10 18:07:54 devstack cinder-volume[92102]: DEBUG cinder.volume.drivers.remotefs [None req-ec8f6c21-ac2c-4ddd-b232-9f60d54b0736 tempest-SnapshotsActionsTest-1471286773 None] Fetching qemu-img info with special backing_file_template: (/opt/stack/data/cinder/mnt/[0-9a-f]+/)?(volume-cacac092-4075-4c72-af8d-aaeece5fbecb(.(tmp-snap-)?[0-9a-f-]+)?|volume_from_snapshot_cache/(tmp-snap-)?[0-9a-f-]+(.(child-|parent-)[0-9a-f-]+)?)$ {{(pid=92102) _qemu_img_info_base /opt/stack/cinder/cinder/volume/drivers/remotefs.py:896}}
Jun 10 18:07:54 devstack cinder-volume[92102]: DEBUG oslo_concurrency.processutils [None req-ec8f6c21-ac2c-4ddd-b232-9f60d54b0736 tempest-SnapshotsActionsTest-1471286773 None] Running cmd (subprocess): sudo cinder-rootwrap /etc/cinder/rootwrap.conf qemu-img create -f qcow2 -o backing_file=/opt/stack/data/cinder/mnt/cbfa006784cf3bed6fe9a9a8c09e5988/volume-cacac092-4075-4c72-af8d-aaeece5fbecb.7ff23801-1329-4efb-b459-56998e9e7221,backing_fmt=qcow2 /opt/stack/data/cinder/mnt/cbfa006784cf3bed6fe9a9a8c09e5988/volume-cacac092-4075-4c72-af8d-aaeece5fbecb.a4bf7ee4-c010-4803-809d-e352d09f24e5 1G {{(pid=92102) execute /opt/stack/data/venv/lib/python3.12/site-packages/oslo_concurrency/processutils.py:440}}
Jun 10 18:07:54 devstack sudo[96885]: quobyte : PWD=/ ; USER=root ; COMMAND=/opt/stack/data/venv/bin/cinder-rootwrap /etc/cinder/rootwrap.conf qemu-img create -f qcow2 -o backing_file=/opt/stack/data/cinder/mnt/cbfa006784cf3bed6fe9a9a8c09e5988/volume-cacac092-4075-4c72-af8d-aaeece5fbecb.7ff23801-1329-4efb-b459-56998e9e7221,backing_fmt=qcow2 /opt/stack/data/cinder/mnt/cbfa006784cf3bed6fe9a9a8c09e5988/volume-cacac092-4075-4c72-af8d-aaeece5fbecb.a4bf7ee4-c010-4803-809d-e352d09f24e5 1G
Jun 10 18:07:54 devstack sudo[96885]: pam_unix(sudo:session): session opened for user root(uid=0) by (uid=1000)
Jun 10 18:07:55 devstack sudo[96885]: pam_unix(sudo:session): session closed for user root
Jun 10 18:07:55 devstack cinder-volume[92102]: DEBUG oslo_concurrency.processutils [None req-ec8f6c21-ac2c-4ddd-b232-9f60d54b0736 tempest-SnapshotsActionsTest-1471286773 None] CMD "sudo cinder-rootwrap /etc/cinder/rootwrap.conf qemu-img create -f qcow2 -o backing_file=/opt/stack/data/cinder/mnt/cbfa006784cf3bed6fe9a9a8c09e5988/volume-cacac092-4075-4c72-af8d-aaeece5fbecb.7ff23801-1329-4efb-b459-56998e9e7221,backing_fmt=qcow2 /opt/stack/data/cinder/mnt/cbfa006784cf3bed6fe9a9a8c09e5988/volume-cacac092-4075-4c72-af8d-aaeece5fbecb.a4bf7ee4-c010-4803-809d-e352d09f24e5 1G" returned: 0 in 0.999s {{(pid=92102) execute /opt/stack/data/venv/lib/python3.12/site-packages/oslo_concurrency/processutils.py:468}}
Jun 10 18:07:55 devstack cinder-volume[92102]: DEBUG oslo_concurrency.processutils [None req-ec8f6c21-ac2c-4ddd-b232-9f60d54b0736 tempest-SnapshotsActionsTest-1471286773 None] Running cmd (subprocess): sudo cinder-rootwrap /etc/cinder/rootwrap.conf qemu-img rebase -u -b volume-cacac092-4075-4c72-af8d-aaeece5fbecb.7ff23801-1329-4efb-b459-56998e9e7221 -F qcow2 /opt/stack/data/cinder/mnt/cbfa006784cf3bed6fe9a9a8c09e5988/volume-cacac092-4075-4c72-af8d-aaeece5fbecb.a4bf7ee4-c010-4803-809d-e352d09f24e5 {{(pid=92102) execute /opt/stack/data/venv/lib/python3.12/site-packages/oslo_concurrency/processutils.py:440}}
Jun 10 18:07:55 devstack sudo[96920]: quobyte : PWD=/ ; USER=root ; COMMAND=/opt/stack/data/venv/bin/cinder-rootwrap /etc/cinder/rootwrap.conf qemu-img rebase -u -b volume-cacac092-4075-4c72-af8d-aaeece5fbecb.7ff23801-1329-4efb-b459-56998e9e7221 -F qcow2 /opt/stack/data/cinder/mnt/cbfa006784cf3bed6fe9a9a8c09e5988/volume-cacac092-4075-4c72-af8d-aaeece5fbecb.a4bf7ee4-c010-4803-809d-e352d09f24e5
Jun 10 18:07:55 devstack sudo[96920]: pam_unix(sudo:session): session opened for user root(uid=0) by (uid=1000)
Jun 10 18:07:56 devstack sudo[96920]: pam_unix(sudo:session): session closed for user root
Jun 10 18:07:56 devstack cinder-volume[92102]: DEBUG oslo_concurrency.processutils [None req-ec8f6c21-ac2c-4ddd-b232-9f60d54b0736 tempest-SnapshotsActionsTest-1471286773 None] CMD "sudo cinder-rootwrap /etc/cinder/rootwrap.conf qemu-img rebase -u -b volume-cacac092-4075-4c72-af8d-aaeece5fbecb.7ff23801-1329-4efb-b459-56998e9e7221 -F qcow2 /opt/stack/data/cinder/mnt/cbfa006784cf3bed6fe9a9a8c09e5988/volume-cacac092-4075-4c72-af8d-aaeece5fbecb.a4bf7ee4-c010-4803-809d-e352d09f24e5" returned: 0 in 0.688s {{(pid=92102) execute /opt/stack/data/venv/lib/python3.12/site-packages/oslo_concurrency/processutils.py:468}}
Jun 10 18:07:56 devstack cinder-volume[92102]: WARNING cinder.volume.drivers.remotefs [None req-ec8f6c21-ac2c-4ddd-b232-9f60d54b0736 tempest-SnapshotsActionsTest-1471286773 None] /opt/stack/data/cinder/mnt/cbfa006784cf3bed6fe9a9a8c09e5988/volume-cacac092-4075-4c72-af8d-aaeece5fbecb.a4bf7ee4-c010-4803-809d-e352d09f24e5 is being set with open permissions: ugo+rw
Jun 10 18:07:56 devstack cinder-volume[92102]: DEBUG oslo_concurrency.processutils [None req-ec8f6c21-ac2c-4ddd-b232-9f60d54b0736 tempest-SnapshotsActionsTest-1471286773 None] Running cmd (subprocess): sudo cinder-rootwrap /etc/cinder/rootwrap.conf chmod ugo+rw /opt/stack/data/cinder/mnt/cbfa006784cf3bed6fe9a9a8c09e5988/volume-cacac092-4075-4c72-af8d-aaeece5fbecb.a4bf7ee4-c010-4803-809d-e352d09f24e5 {{(pid=92102) execute /opt/stack/data/venv/lib/python3.12/site-packages/oslo_concurrency/processutils.py:440}}
Jun 10 18:07:56 devstack sudo[96926]: quobyte : PWD=/ ; USER=root ; COMMAND=/opt/stack/data/venv/bin/cinder-rootwrap /etc/cinder/rootwrap.conf chmod ugo+rw /opt/stack/data/cinder/mnt/cbfa006784cf3bed6fe9a9a8c09e5988/volume-cacac092-4075-4c72-af8d-aaeece5fbecb.a4bf7ee4-c010-4803-809d-e352d09f24e5
Jun 10 18:07:56 devstack sudo[96926]: pam_unix(sudo:session): session opened for user root(uid=0) by (uid=1000)
Jun 10 18:07:57 devstack sudo[96926]: pam_unix(sudo:session): session closed for user root
Jun 10 18:07:57 devstack cinder-volume[92102]: DEBUG oslo_concurrency.processutils [None req-ec8f6c21-ac2c-4ddd-b232-9f60d54b0736 tempest-SnapshotsActionsTest-1471286773 None] CMD "sudo cinder-rootwrap /etc/cinder/rootwrap.conf chmod ugo+rw /opt/stack/data/cinder/mnt/cbfa006784cf3bed6fe9a9a8c09e5988/volume-cacac092-4075-4c72-af8d-aaeece5fbecb.a4bf7ee4-c010-4803-809d-e352d09f24e5" returned: 0 in 0.669s {{(pid=92102) execute /opt/stack/data/venv/lib/python3.12/site-packages/oslo_concurrency/processutils.py:468}}
Jun 10 18:07:57 devstack cinder-volume[92102]: DEBUG oslo_concurrency.lockutils [None req-ec8f6c21-ac2c-4ddd-b232-9f60d54b0736 tempest-SnapshotsActionsTest-1471286773 None] Lock "quobyte" "released" by "cinder.volume.drivers.quobyte.QuobyteDriver.create_snapshot" :: held 3.378s {{(pid=92102) inner /opt/stack/data/venv/lib/python3.12/site-packages/oslo_concurrency/lockutils.py:538}}
Jun 10 18:07:57 devstack cinder-volume[92102]: INFO cinder.volume.manager [None req-ec8f6c21-ac2c-4ddd-b232-9f60d54b0736 tempest-SnapshotsActionsTest-1471286773 None] Create snapshot completed successfully
Jun 10 18:07:58 devstack cinder-volume[92102]: DEBUG cinder.coordination [None req-d32583ad-1132-4650-8459-705de77860c1 tempest-SnapshotsActionsTest-858779017 None] Acquiring lock "cinder-a4bf7ee4-c010-4803-809d-e352d09f24e5-delete_snapshot" by "delete_snapshot" {{(pid=92102) __acquire /opt/stack/cinder/cinder/coordination.py:138}}
Jun 10 18:07:58 devstack cinder-volume[92102]: DEBUG cinder.coordination [None req-d32583ad-1132-4650-8459-705de77860c1 tempest-SnapshotsActionsTest-858779017 None] Lock "cinder-a4bf7ee4-c010-4803-809d-e352d09f24e5-delete_snapshot" acquired by "delete_snapshot" :: waited 0.018s {{(pid=92102) __acquire /opt/stack/cinder/cinder/coordination.py:141}}
Jun 10 18:07:58 devstack cinder-volume[92102]: DEBUG cinder.coordination [None req-d32583ad-1132-4650-8459-705de77860c1 tempest-SnapshotsActionsTest-858779017 None] Acquiring lock "cinder-quobyte-cacac092-4075-4c72-af8d-aaeece5fbecb" by "delete_snapshot" {{(pid=92102) __acquire /opt/stack/cinder/cinder/coordination.py:138}}
Jun 10 18:07:58 devstack cinder-volume[92102]: DEBUG cinder.coordination [None req-d32583ad-1132-4650-8459-705de77860c1 tempest-SnapshotsActionsTest-858779017 None] Lock "cinder-quobyte-cacac092-4075-4c72-af8d-aaeece5fbecb" acquired by "delete_snapshot" :: waited 0.018s {{(pid=92102) __acquire /opt/stack/cinder/cinder/coordination.py:141}}
Jun 10 18:07:58 devstack cinder-volume[92102]: DEBUG cinder.coordination [None req-d32583ad-1132-4650-8459-705de77860c1 tempest-SnapshotsActionsTest-858779017 None] Acquiring lock "cinder-quobyte-a4bf7ee4-c010-4803-809d-e352d09f24e5" by "_delete_snapshot" {{(pid=92102) __acquire /opt/stack/cinder/cinder/coordination.py:138}}
Jun 10 18:07:58 devstack cinder-volume[92102]: DEBUG cinder.coordination [None req-d32583ad-1132-4650-8459-705de77860c1 tempest-SnapshotsActionsTest-858779017 None] Lock "cinder-quobyte-a4bf7ee4-c010-4803-809d-e352d09f24e5" acquired by "_delete_snapshot" :: waited 0.020s {{(pid=92102) __acquire /opt/stack/cinder/cinder/coordination.py:141}}
Jun 10 18:07:58 devstack cinder-volume[92102]: DEBUG cinder.volume.drivers.remotefs [None req-d32583ad-1132-4650-8459-705de77860c1 tempest-SnapshotsActionsTest-858779017 None] Deleting offline snapshot a4bf7ee4-c010-4803-809d-e352d09f24e5 of volume cacac092-4075-4c72-af8d-aaeece5fbecb {{(pid=92102) _delete_snapshot /opt/stack/cinder/cinder/volume/drivers/remotefs.py:1288}}
Jun 10 18:07:58 devstack cinder-volume[92102]: DEBUG cinder.volume.drivers.remotefs [None req-d32583ad-1132-4650-8459-705de77860c1 tempest-SnapshotsActionsTest-858779017 None] snapshot_file for this snap is: volume-cacac092-4075-4c72-af8d-aaeece5fbecb.a4bf7ee4-c010-4803-809d-e352d09f24e5 {{(pid=92102) _delete_snapshot /opt/stack/cinder/cinder/volume/drivers/remotefs.py:1317}}
Jun 10 18:07:58 devstack cinder-volume[92102]: DEBUG oslo.privsep.daemon [-] privsep: reply[31581c36-d5c0-4155-876e-1c66baa543b2]: (4, 'qcow2') {{(pid=93071) _call_back /opt/stack/data/venv/lib/python3.12/site-packages/oslo_privsep/daemon.py:573}}
Jun 10 18:07:58 devstack cinder-volume[92102]: DEBUG oslo_concurrency.processutils [None req-d32583ad-1132-4650-8459-705de77860c1 tempest-SnapshotsActionsTest-858779017 None] Running cmd (subprocess): /opt/stack/data/venv/bin/python3.12 -m oslo_concurrency.prlimit --as=1073741824 --cpu=60 -- sudo cinder-rootwrap /etc/cinder/rootwrap.conf env LC_ALL=C qemu-img info -f qcow2 --output=json --force-share /opt/stack/data/cinder/mnt/cbfa006784cf3bed6fe9a9a8c09e5988/volume-cacac092-4075-4c72-af8d-aaeece5fbecb.a4bf7ee4-c010-4803-809d-e352d09f24e5 {{(pid=92102) execute /opt/stack/data/venv/lib/python3.12/site-packages/oslo_concurrency/processutils.py:440}}
Jun 10 18:07:58 devstack sudo[96934]: quobyte : PWD=/ ; USER=root ; COMMAND=/opt/stack/data/venv/bin/cinder-rootwrap /etc/cinder/rootwrap.conf env LC_ALL=C qemu-img info -f qcow2 --output=json --force-share /opt/stack/data/cinder/mnt/cbfa006784cf3bed6fe9a9a8c09e5988/volume-cacac092-4075-4c72-af8d-aaeece5fbecb.a4bf7ee4-c010-4803-809d-e352d09f24e5
Jun 10 18:07:58 devstack sudo[96934]: pam_unix(sudo:session): session opened for user root(uid=0) by (uid=1000)
Jun 10 18:07:59 devstack sudo[96934]: pam_unix(sudo:session): session closed for user root
Jun 10 18:07:59 devstack cinder-volume[92102]: DEBUG oslo_concurrency.processutils [None req-d32583ad-1132-4650-8459-705de77860c1 tempest-SnapshotsActionsTest-858779017 None] CMD "/opt/stack/data/venv/bin/python3.12 -m oslo_concurrency.prlimit --as=1073741824 --cpu=60 -- sudo cinder-rootwrap /etc/cinder/rootwrap.conf env LC_ALL=C qemu-img info -f qcow2 --output=json --force-share /opt/stack/data/cinder/mnt/cbfa006784cf3bed6fe9a9a8c09e5988/volume-cacac092-4075-4c72-af8d-aaeece5fbecb.a4bf7ee4-c010-4803-809d-e352d09f24e5" returned: 0 in 1.149s {{(pid=92102) execute /opt/stack/data/venv/lib/python3.12/site-packages/oslo_concurrency/processutils.py:468}}
Jun 10 18:07:59 devstack cinder-volume[92102]: DEBUG cinder.volume.drivers.remotefs [None req-d32583ad-1132-4650-8459-705de77860c1 tempest-SnapshotsActionsTest-858779017 None] Fetching qemu-img info with special backing_file_template: (/opt/stack/data/cinder/mnt/[0-9a-f]+/)?(volume-cacac092-4075-4c72-af8d-aaeece5fbecb(.(tmp-snap-)?[0-9a-f-]+)?|volume_from_snapshot_cache/(tmp-snap-)?[0-9a-f-]+(.(child-|parent-)[0-9a-f-]+)?)$ {{(pid=92102) _qemu_img_info_base /opt/stack/cinder/cinder/volume/drivers/remotefs.py:896}}
Jun 10 18:07:59 devstack cinder-volume[92102]: DEBUG oslo.privsep.daemon [-] privsep: reply[53f85127-d5b4-4be5-9126-eb9431f220aa]: (4, 'qcow2') {{(pid=93071) _call_back /opt/stack/data/venv/lib/python3.12/site-packages/oslo_privsep/daemon.py:573}}
Jun 10 18:07:59 devstack cinder-volume[92102]: DEBUG oslo_concurrency.processutils [None req-d32583ad-1132-4650-8459-705de77860c1 tempest-SnapshotsActionsTest-858779017 None] Running cmd (subprocess): /opt/stack/data/venv/bin/python3.12 -m oslo_concurrency.prlimit --as=1073741824 --cpu=60 -- sudo cinder-rootwrap /etc/cinder/rootwrap.conf env LC_ALL=C qemu-img info -f qcow2 --output=json --force-share /opt/stack/data/cinder/mnt/cbfa006784cf3bed6fe9a9a8c09e5988/volume-cacac092-4075-4c72-af8d-aaeece5fbecb.7ff23801-1329-4efb-b459-56998e9e7221 {{(pid=92102) execute /opt/stack/data/venv/lib/python3.12/site-packages/oslo_concurrency/processutils.py:440}}
Jun 10 18:07:59 devstack sudo[96997]: quobyte : PWD=/ ; USER=root ; COMMAND=/opt/stack/data/venv/bin/cinder-rootwrap /etc/cinder/rootwrap.conf env LC_ALL=C qemu-img info -f qcow2 --output=json --force-share /opt/stack/data/cinder/mnt/cbfa006784cf3bed6fe9a9a8c09e5988/volume-cacac092-4075-4c72-af8d-aaeece5fbecb.7ff23801-1329-4efb-b459-56998e9e7221
Jun 10 18:07:59 devstack sudo[96997]: pam_unix(sudo:session): session opened for user root(uid=0) by (uid=1000)
Jun 10 18:08:00 devstack cinder-volume[92102]: DEBUG cinder.volume.flows.manager.create_volume [None req-55df6fe9-b307-4762-a034-64407e58235a tempest-VolumesMetadataTest-375520638 None] Volume reschedule parameters: True retry: {'num_attempts': 1, 'backends': ['devstack@QuobyteHD#QuobyteHD'], 'hosts': ['devstack@QuobyteHD#QuobyteHD']} {{(pid=92102) get_flow /opt/stack/cinder/cinder/volume/flows/manager/create_volume.py:1397}}
Jun 10 18:08:00 devstack cinder-volume[92102]: DEBUG cinder.volume.manager [None req-55df6fe9-b307-4762-a034-64407e58235a tempest-VolumesMetadataTest-375520638 None] Flow 'volume_create_manager' (04c73f89-21d6-42f6-8acd-84a532c8b1ef) transitioned into state 'RUNNING' from state 'PENDING' {{(pid=92102) _flow_receiver /opt/stack/data/venv/lib/python3.12/site-packages/taskflow/listeners/logging.py:145}}
Jun 10 18:08:00 devstack cinder-volume[92102]: DEBUG cinder.volume.manager [None req-55df6fe9-b307-4762-a034-64407e58235a tempest-VolumesMetadataTest-375520638 None] Task 'cinder.volume.flows.manager.create_volume.ExtractVolumeRefTask;volume:create' (b0e1acd1-063b-4929-84cc-f8f821c330a2) transitioned into state 'RUNNING' from state 'PENDING' {{(pid=92102) _task_receiver /opt/stack/data/venv/lib/python3.12/site-packages/taskflow/listeners/logging.py:194}}
Jun 10 18:08:00 devstack cinder-volume[92102]: DEBUG cinder.volume.manager [None req-55df6fe9-b307-4762-a034-64407e58235a tempest-VolumesMetadataTest-375520638 None] Task 'cinder.volume.flows.manager.create_volume.ExtractVolumeRefTask;volume:create' (b0e1acd1-063b-4929-84cc-f8f821c330a2) transitioned into state 'SUCCESS' from state 'RUNNING' with result 'Volume(_name_id=None,admin_metadata=,attach_status='detached',availability_zone='nova',bootable=False,cluster=,cluster_name=None,consistencygroup=,consistencygroup_id=None,created_at=2026-06-10T16:08:00Z,deleted=False,deleted_at=None,display_description=None,display_name='tempest-VolumesMetadataTest-Volume-1960216050',ec2_id=None,encryption_key_id=None,glance_metadata=,group=,group_id=None,host='devstack@QuobyteHD#QuobyteHD',id=13ba3a17-2d8d-49d1-a8b8-a92aa290b564,launched_at=None,metadata={},migration_status=None,multiattach=False,previous_status=None,project_id='9e40d9eeed304a85828670ba5a3949e7',provider_auth=None,provider_geometry=None,provider_id=None,provider_location=None,replication_driver_data=None,replication_extended_status=None,replication_status=None,scheduled_at=2026-06-10T16:08:00Z,service_uuid=None,shared_targets=True,size=1,snapshot_id=None,snapshots=,source_volid=None,status='creating',terminated_at=None,updated_at=2026-06-10T16:08:00Z,use_quota=True,user_id='86b79478121f425cbbe1bdd2faf69bd5',volume_attachment=VolumeAttachmentList,volume_type=VolumeType(30f77401-2508-40e8-af14-49db0a4c2e51),volume_type_id=30f77401-2508-40e8-af14-49db0a4c2e51)' {{(pid=92102) _task_receiver /opt/stack/data/venv/lib/python3.12/site-packages/taskflow/listeners/logging.py:182}}
Jun 10 18:08:00 devstack cinder-volume[92102]: DEBUG cinder.volume.manager [None req-55df6fe9-b307-4762-a034-64407e58235a tempest-VolumesMetadataTest-375520638 None] Task 'cinder.volume.flows.manager.create_volume.OnFailureRescheduleTask;volume:create' (ee22aa97-a5f8-4c80-a7df-5914edecc1ee) transitioned into state 'RUNNING' from state 'PENDING' {{(pid=92102) _task_receiver /opt/stack/data/venv/lib/python3.12/site-packages/taskflow/listeners/logging.py:194}}
Jun 10 18:08:00 devstack cinder-volume[92102]: DEBUG cinder.volume.manager [None req-55df6fe9-b307-4762-a034-64407e58235a tempest-VolumesMetadataTest-375520638 None] Task 'cinder.volume.flows.manager.create_volume.OnFailureRescheduleTask;volume:create' (ee22aa97-a5f8-4c80-a7df-5914edecc1ee) transitioned into state 'SUCCESS' from state 'RUNNING' with result 'None' {{(pid=92102) _task_receiver /opt/stack/data/venv/lib/python3.12/site-packages/taskflow/listeners/logging.py:182}}
