Aug 21 17:26:54 devstack devstack@g-api.service[84149]: DEBUG glance.common.config [None req-4af07971-fdeb-4ba7-9cad-1e9ed866c423 None None] barbican_service_user.certfile = None {{(pid=84149) log_opt_values /opt/stack/data/venv/lib/python3.12/site-packages/oslo_config/cfg.py:3560}}
Aug 21 17:26:54 devstack devstack@g-api.service[84149]: DEBUG glance.common.config [None req-4af07971-fdeb-4ba7-9cad-1e9ed866c423 None None] barbican_service_user.collect_timing = False {{(pid=84149) log_opt_values /opt/stack/data/venv/lib/python3.12/site-packages/oslo_config/cfg.py:3560}}
Aug 21 17:26:54 devstack devstack@g-api.service[84149]: DEBUG glance.common.config [None req-4af07971-fdeb-4ba7-9cad-1e9ed866c423 None None] barbican_service_user.insecure = False {{(pid=84149) log_opt_values /opt/stack/data/venv/lib/python3.12/site-packages/oslo_config/cfg.py:3560}}
Aug 21 17:26:54 devstack devstack@g-api.service[84149]: DEBUG glance.common.config [None req-4af07971-fdeb-4ba7-9cad-1e9ed866c423 None None] barbican_service_user.keyfile = None {{(pid=84149) log_opt_values /opt/stack/data/venv/lib/python3.12/site-packages/oslo_config/cfg.py:3560}}
Aug 21 17:26:54 devstack devstack@g-api.service[84149]: DEBUG glance.common.config [None req-4af07971-fdeb-4ba7-9cad-1e9ed866c423 None None] barbican_service_user.split_loggers = False {{(pid=84149) log_opt_values /opt/stack/data/venv/lib/python3.12/site-packages/oslo_config/cfg.py:3560}}
Aug 21 17:26:54 devstack devstack@g-api.service[84149]: DEBUG glance.common.config [None req-4af07971-fdeb-4ba7-9cad-1e9ed866c423 None None] barbican_service_user.timeout = None {{(pid=84149) log_opt_values /opt/stack/data/venv/lib/python3.12/site-packages/oslo_config/cfg.py:3560}}
Aug 21 17:26:54 devstack devstack@g-api.service[84149]: DEBUG glance.common.config [None req-4af07971-fdeb-4ba7-9cad-1e9ed866c423 None None] database.asyncio_connection = **** {{(pid=84149) log_opt_values /opt/stack/data/venv/lib/python3.12/site-packages/oslo_config/cfg.py:3560}}
Aug 21 17:26:54 devstack devstack@g-api.service[84149]: DEBUG glance.common.config [None req-4af07971-fdeb-4ba7-9cad-1e9ed866c423 None None] database.asyncio_slave_connection = **** {{(pid=84149) log_opt_values /opt/stack/data/venv/lib/python3.12/site-packages/oslo_config/cfg.py:3560}}
Aug 21 17:26:54 devstack devstack@g-api.service[84149]: DEBUG glance.common.config [None req-4af07971-fdeb-4ba7-9cad-1e9ed866c423 None None] database.backend = sqlalchemy {{(pid=84149) log_opt_values /opt/stack/data/venv/lib/python3.12/site-packages/oslo_config/cfg.py:3560}}
Aug 21 17:26:54 devstack devstack@g-api.service[84149]: DEBUG glance.common.config [None req-4af07971-fdeb-4ba7-9cad-1e9ed866c423 None None] database.connection = **** {{(pid=84149) log_opt_values /opt/stack/data/venv/lib/python3.12/site-packages/oslo_config/cfg.py:3560}}
Aug 21 17:26:54 devstack devstack@g-api.service[84149]: DEBUG glance.common.config [None req-4af07971-fdeb-4ba7-9cad-1e9ed866c423 None None] database.connection_debug = 0 {{(pid=84149) log_opt_values /opt/stack/data/venv/lib/python3.12/site-packages/oslo_config/cfg.py:3560}}
Aug 21 17:26:54 devstack devstack@g-api.service[84149]: DEBUG glance.common.config [None req-4af07971-fdeb-4ba7-9cad-1e9ed866c423 None None] database.connection_parameters = {{(pid=84149) log_opt_values /opt/stack/data/venv/lib/python3.12/site-packages/oslo_config/cfg.py:3560}}
Aug 21 17:26:54 devstack devstack@g-api.service[84149]: DEBUG glance.common.config [None req-4af07971-fdeb-4ba7-9cad-1e9ed866c423 None None] database.connection_recycle_time = 3600 {{(pid=84149) log_opt_values /opt/stack/data/venv/lib/python3.12/site-packages/oslo_config/cfg.py:3560}}
Aug 21 17:26:54 devstack devstack@g-api.service[84149]: DEBUG glance.common.config [None req-4af07971-fdeb-4ba7-9cad-1e9ed866c423 None None] database.connection_trace = False {{(pid=84149) log_opt_values /opt/stack/data/venv/lib/python3.12/site-packages/oslo_config/cfg.py:3560}}
Aug 21 17:26:54 devstack devstack@g-api.service[84149]: DEBUG glance.common.config [None req-4af07971-fdeb-4ba7-9cad-1e9ed866c423 None None] database.db_inc_retry_interval = True {{(pid=84149) log_opt_values /opt/stack/data/venv/lib/python3.12/site-packages/oslo_config/cfg.py:3560}}
Aug 21 17:26:54 devstack devstack@g-api.service[84149]: DEBUG glance.common.config [None req-4af07971-fdeb-4ba7-9cad-1e9ed866c423 None None] database.db_max_retries = 20 {{(pid=84149) log_opt_values /opt/stack/data/venv/lib/python3.12/site-packages/oslo_config/cfg.py:3560}}
Aug 21 17:26:54 devstack devstack@g-api.service[84149]: DEBUG glance.common.config [None req-4af07971-fdeb-4ba7-9cad-1e9ed866c423 None None] database.db_max_retry_interval = 10 {{(pid=84149) log_opt_values /opt/stack/data/venv/lib/python3.12/site-packages/oslo_config/cfg.py:3560}}
Aug 21 17:26:54 devstack devstack@g-api.service[84149]: DEBUG glance.common.config [None req-4af07971-fdeb-4ba7-9cad-1e9ed866c423 None None] database.db_retry_interval = 1 {{(pid=84149) log_opt_values /opt/stack/data/venv/lib/python3.12/site-packages/oslo_config/cfg.py:3560}}
Aug 21 17:26:54 devstack devstack@g-api.service[84149]: DEBUG glance.common.config [None req-4af07971-fdeb-4ba7-9cad-1e9ed866c423 None None] database.max_overflow = 50 {{(pid=84149) log_opt_values /opt/stack/data/venv/lib/python3.12/site-packages/oslo_config/cfg.py:3560}}
Aug 21 17:26:54 devstack devstack@g-api.service[84149]: DEBUG glance.common.config [None req-4af07971-fdeb-4ba7-9cad-1e9ed866c423 None None] database.max_pool_size = 5 {{(pid=84149) log_opt_values /opt/stack/data/venv/lib/python3.12/site-packages/oslo_config/cfg.py:3560}}
Aug 21 17:26:54 devstack devstack@g-api.service[84149]: DEBUG glance.common.config [None req-4af07971-fdeb-4ba7-9cad-1e9ed866c423 None None] database.max_retries = 10 {{(pid=84149) log_opt_values /opt/stack/data/venv/lib/python3.12/site-packages/oslo_config/cfg.py:3560}}
Aug 21 17:26:54 devstack devstack@g-api.service[84149]: DEBUG glance.common.config [None req-4af07971-fdeb-4ba7-9cad-1e9ed866c423 None None] database.mysql_sql_mode = TRADITIONAL {{(pid=84149) log_opt_values /opt/stack/data/venv/lib/python3.12/site-packages/oslo_config/cfg.py:3560}}
Aug 21 17:26:54 devstack devstack@g-api.service[84149]: DEBUG glance.common.config [None req-4af07971-fdeb-4ba7-9cad-1e9ed866c423 None None] database.mysql_wsrep_sync_wait = None {{(pid=84149) log_opt_values /opt/stack/data/venv/lib/python3.12/site-packages/oslo_config/cfg.py:3560}}
Aug 21 17:26:54 devstack devstack@g-api.service[84149]: DEBUG glance.common.config [None req-4af07971-fdeb-4ba7-9cad-1e9ed866c423 None None] database.pool_timeout = None {{(pid=84149) log_opt_values /opt/stack/data/venv/lib/python3.12/site-packages/oslo_config/cfg.py:3560}}
Aug 21 17:26:54 devstack devstack@g-api.service[84149]: DEBUG glance.common.config [None req-4af07971-fdeb-4ba7-9cad-1e9ed866c423 None None] database.retry_interval = 10 {{(pid=84149) log_opt_values /opt/stack/data/venv/lib/python3.12/site-packages/oslo_config/cfg.py:3560}}
Aug 21 17:26:54 devstack devstack@g-api.service[84149]: DEBUG glance.common.config [None req-4af07971-fdeb-4ba7-9cad-1e9ed866c423 None None] database.slave_connection = **** {{(pid=84149) log_opt_values /opt/stack/data/venv/lib/python3.12/site-packages/oslo_config/cfg.py:3560}}
Aug 21 17:26:54 devstack devstack@g-api.service[84149]: DEBUG glance.common.config [None req-4af07971-fdeb-4ba7-9cad-1e9ed866c423 None None] database.sqlite_synchronous = True {{(pid=84149) log_opt_values /opt/stack/data/venv/lib/python3.12/site-packages/oslo_config/cfg.py:3560}}
Aug 21 17:26:54 devstack devstack@g-api.service[84149]: DEBUG glance.common.config [None req-4af07971-fdeb-4ba7-9cad-1e9ed866c423 None None] database.synchronous_reader = True {{(pid=84149) log_opt_values /opt/stack/data/venv/lib/python3.12/site-packages/oslo_config/cfg.py:3560}}
Aug 21 17:26:54 devstack devstack@g-api.service[84149]: DEBUG glance.common.config [None req-4af07971-fdeb-4ba7-9cad-1e9ed866c423 None None] database.use_db_reconnect = False {{(pid=84149) log_opt_values /opt/stack/data/venv/lib/python3.12/site-packages/oslo_config/cfg.py:3560}}
Aug 21 17:26:54 devstack devstack@g-api.service[84149]: DEBUG glance.common.config [None req-4af07971-fdeb-4ba7-9cad-1e9ed866c423 None None] healthcheck.allowed_source_ranges = [] {{(pid=84149) log_opt_values /opt/stack/data/venv/lib/python3.12/site-packages/oslo_config/cfg.py:3560}}
Aug 21 17:26:54 devstack devstack@g-api.service[84149]: DEBUG glance.common.config [None req-4af07971-fdeb-4ba7-9cad-1e9ed866c423 None None] healthcheck.backends = ['disable_by_file'] {{(pid=84149) log_opt_values /opt/stack/data/venv/lib/python3.12/site-packages/oslo_config/cfg.py:3560}}
Aug 21 17:26:54 devstack devstack@g-api.service[84149]: DEBUG glance.common.config [None req-4af07971-fdeb-4ba7-9cad-1e9ed866c423 None None] healthcheck.detailed = False {{(pid=84149) log_opt_values /opt/stack/data/venv/lib/python3.12/site-packages/oslo_config/cfg.py:3560}}
Aug 21 17:26:54 devstack devstack@g-api.service[84149]: DEBUG glance.common.config [None req-4af07971-fdeb-4ba7-9cad-1e9ed866c423 None None] healthcheck.disable_by_file_path = None {{(pid=84149) log_opt_values /opt/stack/data/venv/lib/python3.12/site-packages/oslo_config/cfg.py:3560}}
Aug 21 17:26:54 devstack devstack@g-api.service[84149]: DEBUG glance.common.config [None req-4af07971-fdeb-4ba7-9cad-1e9ed866c423 None None] healthcheck.ignore_proxied_requests = False {{(pid=84149) log_opt_values /opt/stack/data/venv/lib/python3.12/site-packages/oslo_config/cfg.py:3560}}
Aug 21 17:26:54 devstack devstack@g-api.service[84149]: DEBUG glance.common.config [None req-4af07971-fdeb-4ba7-9cad-1e9ed866c423 None None] ******************************************************************************** {{(pid=84149) log_opt_values /opt/stack/data/venv/lib/python3.12/site-packages/oslo_config/cfg.py:3567}}
Aug 21 17:26:54 devstack devstack@g-api.service[84149]: WSGI app 0 (mountpoint='') ready in 6 seconds on interpreter 0x7510792a4668 pid: 84149 (default app)
Aug 21 17:26:58 devstack devstack@g-api.service[84148]: DEBUG glance.api.middleware.version_negotiation [None req-2f363e76-1bea-4d45-871c-5e96ffbc8874 None None] Determining version of request: GET / Accept: application/json {{(pid=84148) process_request /opt/stack/glance/glance/api/middleware/version_negotiation.py:44}}
Aug 21 17:26:58 devstack devstack@g-api.service[84148]: DEBUG glance.api.middleware.version_negotiation [None req-2f363e76-1bea-4d45-871c-5e96ffbc8874 None None] Using url versioning {{(pid=84148) process_request /opt/stack/glance/glance/api/middleware/version_negotiation.py:57}}
Aug 21 17:26:58 devstack devstack@g-api.service[84148]: DEBUG glance.api.middleware.version_negotiation [None req-2f363e76-1bea-4d45-871c-5e96ffbc8874 None None] Unknown version. Returning version choices. {{(pid=84148) process_request /opt/stack/glance/glance/api/middleware/version_negotiation.py:64}}
Aug 21 17:26:58 devstack devstack@g-api.service[84148]: [pid: 84148|app: 0|req: 2/2] 127.0.0.1 () {34 vars in 519 bytes} [Fri Aug 21 17:26:58 2026] GET / => generated 1571 bytes in 4 msecs (HTTP/1.1 300) 3 headers in 106 bytes (1 switches on core 0)
Aug 21 17:26:58 devstack devstack@g-api.service[84149]: DEBUG glance.api.middleware.version_negotiation [None req-4af07971-fdeb-4ba7-9cad-1e9ed866c423 None None] Determining version of request: POST /v2/images Accept: */* {{(pid=84149) process_request /opt/stack/glance/glance/api/middleware/version_negotiation.py:44}}
Aug 21 17:26:58 devstack devstack@g-api.service[84149]: DEBUG glance.api.middleware.version_negotiation [None req-4af07971-fdeb-4ba7-9cad-1e9ed866c423 None None] Using url versioning {{(pid=84149) process_request /opt/stack/glance/glance/api/middleware/version_negotiation.py:57}}
Aug 21 17:26:58 devstack devstack@g-api.service[84149]: DEBUG glance.api.middleware.version_negotiation [None req-4af07971-fdeb-4ba7-9cad-1e9ed866c423 None None] Matched version: v2 {{(pid=84149) process_request /opt/stack/glance/glance/api/middleware/version_negotiation.py:69}}
Aug 21 17:26:58 devstack devstack@g-api.service[84149]: DEBUG glance.api.middleware.version_negotiation [None req-4af07971-fdeb-4ba7-9cad-1e9ed866c423 None None] new path /v2/images {{(pid=84149) process_request /opt/stack/glance/glance/api/middleware/version_negotiation.py:70}}
Aug 21 17:27:00 devstack devstack@g-api.service[84149]: [pid: 84149|app: 0|req: 1/3] 127.0.0.1 () {40 vars in 782 bytes} [Fri Aug 21 17:26:58 2026] POST /v2/images => generated 807 bytes in 1474 msecs (HTTP/1.1 201) 6 headers in 314 bytes (1 switches on core 0)
Aug 21 17:27:00 devstack devstack@g-api.service[84148]: DEBUG glance.api.middleware.version_negotiation [None req-2f363e76-1bea-4d45-871c-5e96ffbc8874 None None] Determining version of request: PUT /v2/images/1e7ac137-df82-4b4a-abd4-adc7157ba052/file Accept: {{(pid=84148) process_request /opt/stack/glance/glance/api/middleware/version_negotiation.py:44}}
Aug 21 17:27:00 devstack devstack@g-api.service[84148]: DEBUG glance.api.middleware.version_negotiation [None req-2f363e76-1bea-4d45-871c-5e96ffbc8874 None None] Using url versioning {{(pid=84148) process_request /opt/stack/glance/glance/api/middleware/version_negotiation.py:57}}
Aug 21 17:27:00 devstack devstack@g-api.service[84148]: DEBUG glance.api.middleware.version_negotiation [None req-2f363e76-1bea-4d45-871c-5e96ffbc8874 None None] Matched version: v2 {{(pid=84148) process_request /opt/stack/glance/glance/api/middleware/version_negotiation.py:69}}
Aug 21 17:27:00 devstack devstack@g-api.service[84148]: DEBUG glance.api.middleware.version_negotiation [None req-2f363e76-1bea-4d45-871c-5e96ffbc8874 None None] new path /v2/images/1e7ac137-df82-4b4a-abd4-adc7157ba052/file {{(pid=84148) process_request /opt/stack/glance/glance/api/middleware/version_negotiation.py:70}}
Aug 21 17:27:01 devstack devstack@g-api.service[84148]: INFO glance.api.v2.image_data [None req-fe36bb65-be7b-4658-a675-c2899933c2d7 admin admin] Unable to create trust: no such option collect_timing in group [keystone_authtoken] Use the existing user token.
Aug 21 17:27:01 devstack devstack@g-api.service[84148]: DEBUG glance.location [None req-fe36bb65-be7b-4658-a675-c2899933c2d7 admin admin] Enabling in-flight format inspection for qcow2 {{(pid=84148) set_data /opt/stack/glance/glance/location.py:596}}
Aug 21 17:27:01 devstack devstack@g-api.service[84148]: DEBUG oslo_utils.imageutils.format_inspector [None req-fe36bb65-be7b-4658-a675-c2899933c2d7 admin admin] Format inspector for vmdk does not match, excluding from consideration (Signature KDMV not found: b'QFI\xfb') {{(pid=84148) _process_chunk /opt/stack/data/venv/lib/python3.12/site-packages/oslo_utils/imageutils/format_inspector.py:1758}}
Aug 21 17:27:01 devstack devstack@g-api.service[84148]: DEBUG oslo_utils.imageutils.format_inspector [None req-fe36bb65-be7b-4658-a675-c2899933c2d7 admin admin] Format inspector for vhdx does not match, excluding from consideration (Region signature not found at 30000) {{(pid=84148) _process_chunk /opt/stack/data/venv/lib/python3.12/site-packages/oslo_utils/imageutils/format_inspector.py:1758}}
Aug 21 17:27:02 devstack devstack@g-api.service[84148]: DEBUG glance_store._drivers.filesystem [None req-fe36bb65-be7b-4658-a675-c2899933c2d7 admin admin] Wrote 21692416 bytes to /opt/stack/data/glance/images/1e7ac137-df82-4b4a-abd4-adc7157ba052 with checksum 87617e24a5e30cb3b87fda8c0764838f and multihash 9a9bce0083a00939ec17c11febbfc767aa211aaa54f51e75c5a8b271a9b5637c77205a518b7a2007cb391d23cceb01e0e4e8d64832317151bc85b734b92a7be0 {{(pid=84148) add /opt/stack/data/venv/lib/python3.12/site-packages/glance_store/_drivers/filesystem.py:899}}
Aug 21 17:27:02 devstack devstack@g-api.service[84148]: INFO glance.location [None req-fe36bb65-be7b-4658-a675-c2899933c2d7 admin admin] Image format matched and virtual size computed: 117440512
Aug 21 17:27:02 devstack devstack@g-api.service[84148]: DEBUG glance_store.backend [None req-fe36bb65-be7b-4658-a675-c2899933c2d7 admin admin] Skipping store.set_acls... not implemented. {{(pid=84148) set_acls /opt/stack/data/venv/lib/python3.12/site-packages/glance_store/backend.py:507}}
Aug 21 17:27:02 devstack devstack@g-api.service[84148]: [pid: 84148|app: 0|req: 3/4] 127.0.0.1 () {42 vars in 914 bytes} [Fri Aug 21 17:27:00 2026] PUT /v2/images/1e7ac137-df82-4b4a-abd4-adc7157ba052/file => generated 0 bytes in 2091 msecs (HTTP/1.1 204) 4 headers in 171 bytes (1 switches on core 0)
Aug 21 17:27:02 devstack devstack@g-api.service[84149]: DEBUG glance.api.middleware.version_negotiation [None req-1673a10e-209d-4d6e-a95b-b2bbf8ca958d admin admin] Determining version of request: GET /v2/images/1e7ac137-df82-4b4a-abd4-adc7157ba052 Accept: */* {{(pid=84149) process_request /opt/stack/glance/glance/api/middleware/version_negotiation.py:44}}
Aug 21 17:27:02 devstack devstack@g-api.service[84149]: DEBUG glance.api.middleware.version_negotiation [None req-1673a10e-209d-4d6e-a95b-b2bbf8ca958d admin admin] Using url versioning {{(pid=84149) process_request /opt/stack/glance/glance/api/middleware/version_negotiation.py:57}}
Aug 21 17:27:02 devstack devstack@g-api.service[84149]: DEBUG glance.api.middleware.version_negotiation [None req-1673a10e-209d-4d6e-a95b-b2bbf8ca958d admin admin] Matched version: v2 {{(pid=84149) process_request /opt/stack/glance/glance/api/middleware/version_negotiation.py:69}}
Aug 21 17:27:02 devstack devstack@g-api.service[84149]: DEBUG glance.api.middleware.version_negotiation [None req-1673a10e-209d-4d6e-a95b-b2bbf8ca958d admin admin] new path /v2/images/1e7ac137-df82-4b4a-abd4-adc7157ba052 {{(pid=84149) process_request /opt/stack/glance/glance/api/middleware/version_negotiation.py:70}}
Aug 21 17:27:02 devstack devstack@g-api.service[84149]: [pid: 84149|app: 0|req: 2/5] 127.0.0.1 () {36 vars in 802 bytes} [Fri Aug 21 17:27:02 2026] GET /v2/images/1e7ac137-df82-4b4a-abd4-adc7157ba052 => generated 976 bytes in 21 msecs (HTTP/1.1 200) 4 headers in 157 bytes (1 switches on core 0)
Aug 21 17:27:12 devstack devstack@g-api.service[84148]: DEBUG dbcounter [-] [84148] Writing DB stats glance:INSERT=5,glance:SELECT=16,glance:UPDATE=2 {{(pid=84148) stat_writer /opt/stack/data/venv/lib/python3.12/site-packages/dbcounter.py:115}}
Aug 21 17:27:12 devstack devstack@g-api.service[84149]: DEBUG dbcounter [-] [84149] Writing DB stats glance:INSERT=9,glance:SELECT=6 {{(pid=84149) stat_writer /opt/stack/data/venv/lib/python3.12/site-packages/dbcounter.py:115}}
Aug 21 17:27:46 devstack devstack@g-api.service[84148]: DEBUG glance.api.middleware.version_negotiation [None req-fe36bb65-be7b-4658-a675-c2899933c2d7 admin admin] Determining version of request: GET / Accept: application/json {{(pid=84148) process_request /opt/stack/glance/glance/api/middleware/version_negotiation.py:44}}
Aug 21 17:27:46 devstack devstack@g-api.service[84148]: DEBUG glance.api.middleware.version_negotiation [None req-fe36bb65-be7b-4658-a675-c2899933c2d7 admin admin] Using url versioning {{(pid=84148) process_request /opt/stack/glance/glance/api/middleware/version_negotiation.py:57}}
Aug 21 17:27:46 devstack devstack@g-api.service[84148]: DEBUG glance.api.middleware.version_negotiation [None req-fe36bb65-be7b-4658-a675-c2899933c2d7 admin admin] Unknown version. Returning version choices. {{(pid=84148) process_request /opt/stack/glance/glance/api/middleware/version_negotiation.py:64}}
Aug 21 17:27:46 devstack devstack@g-api.service[84148]: [pid: 84148|app: 0|req: 4/6] 127.0.0.1 () {34 vars in 519 bytes} [Fri Aug 21 17:27:46 2026] GET / => generated 1571 bytes in 4 msecs (HTTP/1.1 300) 3 headers in 106 bytes (1 switches on core 0)
Aug 21 17:27:46 devstack devstack@g-api.service[84149]: DEBUG glance.api.middleware.version_negotiation [None req-d26dff5e-70d2-4c46-961b-f681405525a0 admin admin] Determining version of request: GET /v2/images Accept: application/json {{(pid=84149) process_request /opt/stack/glance/glance/api/middleware/version_negotiation.py:44}}
Aug 21 17:27:46 devstack devstack@g-api.service[84149]: DEBUG glance.api.middleware.version_negotiation [None req-d26dff5e-70d2-4c46-961b-f681405525a0 admin admin] Using url versioning {{(pid=84149) process_request /opt/stack/glance/glance/api/middleware/version_negotiation.py:57}}
Aug 21 17:27:46 devstack devstack@g-api.service[84149]: DEBUG glance.api.middleware.version_negotiation [None req-d26dff5e-70d2-4c46-961b-f681405525a0 admin admin] Matched version: v2 {{(pid=84149) process_request /opt/stack/glance/glance/api/middleware/version_negotiation.py:69}}
Aug 21 17:27:46 devstack devstack@g-api.service[84149]: DEBUG glance.api.middleware.version_negotiation [None req-d26dff5e-70d2-4c46-961b-f681405525a0 admin admin] new path /v2/images {{(pid=84149) process_request /opt/stack/glance/glance/api/middleware/version_negotiation.py:70}}
Aug 21 17:27:46 devstack devstack@g-api.service[84149]: [pid: 84149|app: 0|req: 3/7] 127.0.0.1 () {36 vars in 741 bytes} [Fri Aug 21 17:27:46 2026] GET /v2/images => generated 1045 bytes in 104 msecs (HTTP/1.1 200) 4 headers in 158 bytes (1 switches on core 0)
Aug 21 17:27:56 devstack devstack@g-api.service[84149]: DEBUG dbcounter [-] [84149] Writing DB stats glance:SELECT=1 {{(pid=84149) stat_writer /opt/stack/data/venv/lib/python3.12/site-packages/dbcounter.py:115}}
Aug 21 17:27:56 devstack devstack@g-api.service[84148]: DEBUG glance.api.middleware.version_negotiation [None req-fe36bb65-be7b-4658-a675-c2899933c2d7 admin admin] Determining version of request: GET / Accept: application/json {{(pid=84148) process_request /opt/stack/glance/glance/api/middleware/version_negotiation.py:44}}
Aug 21 17:27:56 devstack devstack@g-api.service[84148]: DEBUG glance.api.middleware.version_negotiation [None req-fe36bb65-be7b-4658-a675-c2899933c2d7 admin admin] Using url versioning {{(pid=84148) process_request /opt/stack/glance/glance/api/middleware/version_negotiation.py:57}}
Aug 21 17:27:56 devstack devstack@g-api.service[84148]: DEBUG glance.api.middleware.version_negotiation [None req-fe36bb65-be7b-4658-a675-c2899933c2d7 admin admin] Unknown version. Returning version choices. {{(pid=84148) process_request /opt/stack/glance/glance/api/middleware/version_negotiation.py:64}}
Aug 21 17:27:56 devstack devstack@g-api.service[84148]: [pid: 84148|app: 0|req: 5/8] 127.0.0.1 () {34 vars in 519 bytes} [Fri Aug 21 17:27:56 2026] GET / => generated 1571 bytes in 3 msecs (HTTP/1.1 300) 3 headers in 106 bytes (1 switches on core 0)
Aug 21 17:27:56 devstack devstack@g-api.service[84149]: DEBUG glance.api.middleware.version_negotiation [None req-29954c3f-6b92-4f29-a30d-ab7ad71dc72f admin admin] Determining version of request: GET /v2/images/1e7ac137-df82-4b4a-abd4-adc7157ba052 Accept: */* {{(pid=84149) process_request /opt/stack/glance/glance/api/middleware/version_negotiation.py:44}}
Aug 21 17:27:56 devstack devstack@g-api.service[84149]: DEBUG glance.api.middleware.version_negotiation [None req-29954c3f-6b92-4f29-a30d-ab7ad71dc72f admin admin] Using url versioning {{(pid=84149) process_request /opt/stack/glance/glance/api/middleware/version_negotiation.py:57}}
Aug 21 17:27:56 devstack devstack@g-api.service[84149]: DEBUG glance.api.middleware.version_negotiation [None req-29954c3f-6b92-4f29-a30d-ab7ad71dc72f admin admin] Matched version: v2 {{(pid=84149) process_request /opt/stack/glance/glance/api/middleware/version_negotiation.py:69}}
Aug 21 17:27:56 devstack devstack@g-api.service[84149]: DEBUG glance.api.middleware.version_negotiation [None req-29954c3f-6b92-4f29-a30d-ab7ad71dc72f admin admin] new path /v2/images/1e7ac137-df82-4b4a-abd4-adc7157ba052 {{(pid=84149) process_request /opt/stack/glance/glance/api/middleware/version_negotiation.py:70}}
Aug 21 17:27:56 devstack devstack@g-api.service[84149]: [pid: 84149|app: 0|req: 4/9] 127.0.0.1 () {36 vars in 802 bytes} [Fri Aug 21 17:27:56 2026] GET /v2/images/1e7ac137-df82-4b4a-abd4-adc7157ba052 => generated 976 bytes in 86 msecs (HTTP/1.1 200) 4 headers in 157 bytes (1 switches on core 0)
Aug 21 17:28:03 devstack devstack@g-api.service[84148]: DEBUG glance.api.middleware.version_negotiation [None req-fe36bb65-be7b-4658-a675-c2899933c2d7 admin admin] Determining version of request: GET / Accept: application/json {{(pid=84148) process_request /opt/stack/glance/glance/api/middleware/version_negotiation.py:44}}
Aug 21 17:28:03 devstack devstack@g-api.service[84148]: DEBUG glance.api.middleware.version_negotiation [None req-fe36bb65-be7b-4658-a675-c2899933c2d7 admin admin] Using url versioning {{(pid=84148) process_request /opt/stack/glance/glance/api/middleware/version_negotiation.py:57}}
Aug 21 17:28:03 devstack devstack@g-api.service[84148]: DEBUG glance.api.middleware.version_negotiation [None req-fe36bb65-be7b-4658-a675-c2899933c2d7 admin admin] Unknown version. Returning version choices. {{(pid=84148) process_request /opt/stack/glance/glance/api/middleware/version_negotiation.py:64}}
Aug 21 17:28:03 devstack devstack@g-api.service[84148]: [pid: 84148|app: 0|req: 6/10] 127.0.0.1 () {34 vars in 519 bytes} [Fri Aug 21 17:28:03 2026] GET / => generated 1571 bytes in 2 msecs (HTTP/1.1 300) 3 headers in 106 bytes (1 switches on core 0)
Aug 21 17:28:03 devstack devstack@g-api.service[84149]: DEBUG glance.api.middleware.version_negotiation [None req-505092a3-1729-4f1a-bf89-bc16b58b7004 admin admin] Determining version of request: GET /v2/images/1e7ac137-df82-4b4a-abd4-adc7157ba052 Accept: */* {{(pid=84149) process_request /opt/stack/glance/glance/api/middleware/version_negotiation.py:44}}
Aug 21 17:28:03 devstack devstack@g-api.service[84149]: DEBUG glance.api.middleware.version_negotiation [None req-505092a3-1729-4f1a-bf89-bc16b58b7004 admin admin] Using url versioning {{(pid=84149) process_request /opt/stack/glance/glance/api/middleware/version_negotiation.py:57}}
Aug 21 17:28:03 devstack devstack@g-api.service[84149]: DEBUG glance.api.middleware.version_negotiation [None req-505092a3-1729-4f1a-bf89-bc16b58b7004 admin admin] Matched version: v2 {{(pid=84149) process_request /opt/stack/glance/glance/api/middleware/version_negotiation.py:69}}
Aug 21 17:28:03 devstack devstack@g-api.service[84149]: DEBUG glance.api.middleware.version_negotiation [None req-505092a3-1729-4f1a-bf89-bc16b58b7004 admin admin] new path /v2/images/1e7ac137-df82-4b4a-abd4-adc7157ba052 {{(pid=84149) process_request /opt/stack/glance/glance/api/middleware/version_negotiation.py:70}}
Aug 21 17:28:03 devstack devstack@g-api.service[84149]: [pid: 84149|app: 0|req: 5/11] 127.0.0.1 () {36 vars in 802 bytes} [Fri Aug 21 17:28:03 2026] GET /v2/images/1e7ac137-df82-4b4a-abd4-adc7157ba052 => generated 976 bytes in 94 msecs (HTTP/1.1 200) 4 headers in 157 bytes (1 switches on core 0)
Aug 21 17:28:13 devstack devstack@g-api.service[84149]: DEBUG dbcounter [-] [84149] Writing DB stats glance:SELECT=4 {{(pid=84149) stat_writer /opt/stack/data/venv/lib/python3.12/site-packages/dbcounter.py:115}}
Aug 21 17:29:25 devstack devstack@g-api.service[84148]: DEBUG glance.api.middleware.version_negotiation [None req-fe36bb65-be7b-4658-a675-c2899933c2d7 admin admin] Determining version of request: GET / Accept: application/json {{(pid=84148) process_request /opt/stack/glance/glance/api/middleware/version_negotiation.py:44}}
Aug 21 17:29:25 devstack devstack@g-api.service[84148]: DEBUG glance.api.middleware.version_negotiation [None req-fe36bb65-be7b-4658-a675-c2899933c2d7 admin admin] Using url versioning {{(pid=84148) process_request /opt/stack/glance/glance/api/middleware/version_negotiation.py:57}}
Aug 21 17:29:25 devstack devstack@g-api.service[84148]: DEBUG glance.api.middleware.version_negotiation [None req-fe36bb65-be7b-4658-a675-c2899933c2d7 admin admin] Unknown version. Returning version choices. {{(pid=84148) process_request /opt/stack/glance/glance/api/middleware/version_negotiation.py:64}}
Aug 21 17:29:25 devstack devstack@g-api.service[84148]: [pid: 84148|app: 0|req: 7/12] 127.0.0.1 () {36 vars in 488 bytes} [Fri Aug 21 17:29:25 2026] GET / => generated 1571 bytes in 3 msecs (HTTP/1.1 300) 3 headers in 106 bytes (1 switches on core 0)
Aug 21 17:32:30 devstack devstack@g-api.service[84149]: DEBUG glance.api.middleware.version_negotiation [None req-91e7b115-026a-41e8-a2eb-5256b5d0d722 admin admin] Determining version of request: GET / Accept: application/json {{(pid=84149) process_request /opt/stack/glance/glance/api/middleware/version_negotiation.py:44}}
Aug 21 17:32:30 devstack devstack@g-api.service[84149]: DEBUG glance.api.middleware.version_negotiation [None req-91e7b115-026a-41e8-a2eb-5256b5d0d722 admin admin] Using url versioning {{(pid=84149) process_request /opt/stack/glance/glance/api/middleware/version_negotiation.py:57}}
Aug 21 17:32:30 devstack devstack@g-api.service[84149]: DEBUG glance.api.middleware.version_negotiation [None req-91e7b115-026a-41e8-a2eb-5256b5d0d722 admin admin] Unknown version. Returning version choices. {{(pid=84149) process_request /opt/stack/glance/glance/api/middleware/version_negotiation.py:64}}
Aug 21 17:32:30 devstack devstack@g-api.service[84149]: [pid: 84149|app: 0|req: 6/13] 127.0.0.1 () {34 vars in 505 bytes} [Fri Aug 21 17:32:30 2026] GET / => generated 1571 bytes in 2 msecs (HTTP/1.1 300) 3 headers in 106 bytes (1 switches on core 0)
Aug 21 17:32:30 devstack devstack@g-api.service[84148]: DEBUG glance.api.middleware.version_negotiation [None req-fe36bb65-be7b-4658-a675-c2899933c2d7 admin admin] Determining version of request: GET /v2/images/1e7ac137-df82-4b4a-abd4-adc7157ba052 Accept: */* {{(pid=84148) process_request /opt/stack/glance/glance/api/middleware/version_negotiation.py:44}}
Aug 21 17:32:30 devstack devstack@g-api.service[84148]: DEBUG glance.api.middleware.version_negotiation [None req-fe36bb65-be7b-4658-a675-c2899933c2d7 admin admin] Using url versioning {{(pid=84148) process_request /opt/stack/glance/glance/api/middleware/version_negotiation.py:57}}
Aug 21 17:32:30 devstack devstack@g-api.service[84148]: DEBUG glance.api.middleware.version_negotiation [None req-fe36bb65-be7b-4658-a675-c2899933c2d7 admin admin] Matched version: v2 {{(pid=84148) process_request /opt/stack/glance/glance/api/middleware/version_negotiation.py:69}}
Aug 21 17:32:30 devstack devstack@g-api.service[84148]: DEBUG glance.api.middleware.version_negotiation [None req-fe36bb65-be7b-4658-a675-c2899933c2d7 admin admin] new path /v2/images/1e7ac137-df82-4b4a-abd4-adc7157ba052 {{(pid=84148) process_request /opt/stack/glance/glance/api/middleware/version_negotiation.py:70}}
Aug 21 17:32:31 devstack devstack@g-api.service[84148]: [pid: 84148|app: 0|req: 8/14] 127.0.0.1 () {42 vars in 1061 bytes} [Fri Aug 21 17:32:30 2026] GET /v2/images/1e7ac137-df82-4b4a-abd4-adc7157ba052 => generated 976 bytes in 454 msecs (HTTP/1.1 200) 4 headers in 157 bytes (1 switches on core 0)
Aug 21 17:32:31 devstack devstack@g-api.service[84149]: DEBUG glance.api.middleware.version_negotiation [None req-91e7b115-026a-41e8-a2eb-5256b5d0d722 admin admin] Determining version of request: GET /v2/schemas/image Accept: */* {{(pid=84149) process_request /opt/stack/glance/glance/api/middleware/version_negotiation.py:44}}
Aug 21 17:32:31 devstack devstack@g-api.service[84149]: DEBUG glance.api.middleware.version_negotiation [None req-91e7b115-026a-41e8-a2eb-5256b5d0d722 admin admin] Using url versioning {{(pid=84149) process_request /opt/stack/glance/glance/api/middleware/version_negotiation.py:57}}
Aug 21 17:32:31 devstack devstack@g-api.service[84149]: DEBUG glance.api.middleware.version_negotiation [None req-91e7b115-026a-41e8-a2eb-5256b5d0d722 admin admin] Matched version: v2 {{(pid=84149) process_request /opt/stack/glance/glance/api/middleware/version_negotiation.py:69}}
Aug 21 17:32:31 devstack devstack@g-api.service[84149]: DEBUG glance.api.middleware.version_negotiation [None req-91e7b115-026a-41e8-a2eb-5256b5d0d722 admin admin] new path /v2/schemas/image {{(pid=84149) process_request /opt/stack/glance/glance/api/middleware/version_negotiation.py:70}}
Aug 21 17:32:31 devstack devstack@g-api.service[84149]: [pid: 84149|app: 0|req: 7/15] 127.0.0.1 () {42 vars in 1001 bytes} [Fri Aug 21 17:32:31 2026] GET /v2/schemas/image => generated 6083 bytes in 11 msecs (HTTP/1.1 200) 4 headers in 158 bytes (1 switches on core 0)
Aug 21 17:32:38 devstack devstack@g-api.service[84148]: DEBUG glance.api.middleware.version_negotiation [None req-a27b9479-4d27-44ce-8d22-c42e30faabad tempest-DeleteServersTestJSON-603186069 tempest-DeleteServersTestJSON-603186069-project-member] Determining version of request: GET / Accept: application/json {{(pid=84148) process_request /opt/stack/glance/glance/api/middleware/version_negotiation.py:44}}
Aug 21 17:32:38 devstack devstack@g-api.service[84148]: DEBUG glance.api.middleware.version_negotiation [None req-a27b9479-4d27-44ce-8d22-c42e30faabad tempest-DeleteServersTestJSON-603186069 tempest-DeleteServersTestJSON-603186069-project-member] Using url versioning {{(pid=84148) process_request /opt/stack/glance/glance/api/middleware/version_negotiation.py:57}}
Aug 21 17:32:38 devstack devstack@g-api.service[84148]: DEBUG glance.api.middleware.version_negotiation [None req-a27b9479-4d27-44ce-8d22-c42e30faabad tempest-DeleteServersTestJSON-603186069 tempest-DeleteServersTestJSON-603186069-project-member] Unknown version. Returning version choices. {{(pid=84148) process_request /opt/stack/glance/glance/api/middleware/version_negotiation.py:64}}
Aug 21 17:32:38 devstack devstack@g-api.service[84148]: [pid: 84148|app: 0|req: 9/16] 127.0.0.1 () {34 vars in 505 bytes} [Fri Aug 21 17:32:38 2026] GET / => generated 1571 bytes in 6 msecs (HTTP/1.1 300) 3 headers in 106 bytes (1 switches on core 0)
Aug 21 17:32:38 devstack devstack@g-api.service[84149]: DEBUG glance.api.middleware.version_negotiation [None req-a27b9479-4d27-44ce-8d22-c42e30faabad tempest-DeleteServersTestJSON-603186069 tempest-DeleteServersTestJSON-603186069-project-member] Determining version of request: GET /v2/images/1e7ac137-df82-4b4a-abd4-adc7157ba052 Accept: */* {{(pid=84149) process_request /opt/stack/glance/glance/api/middleware/version_negotiation.py:44}}
Aug 21 17:32:38 devstack devstack@g-api.service[84149]: DEBUG glance.api.middleware.version_negotiation [None req-a27b9479-4d27-44ce-8d22-c42e30faabad tempest-DeleteServersTestJSON-603186069 tempest-DeleteServersTestJSON-603186069-project-member] Using url versioning {{(pid=84149) process_request /opt/stack/glance/glance/api/middleware/version_negotiation.py:57}}
Aug 21 17:32:38 devstack devstack@g-api.service[84149]: DEBUG glance.api.middleware.version_negotiation [None req-a27b9479-4d27-44ce-8d22-c42e30faabad tempest-DeleteServersTestJSON-603186069 tempest-DeleteServersTestJSON-603186069-project-member] Matched version: v2 {{(pid=84149) process_request /opt/stack/glance/glance/api/middleware/version_negotiation.py:69}}
Aug 21 17:32:38 devstack devstack@g-api.service[84149]: DEBUG glance.api.middleware.version_negotiation [None req-a27b9479-4d27-44ce-8d22-c42e30faabad tempest-DeleteServersTestJSON-603186069 tempest-DeleteServersTestJSON-603186069-project-member] new path /v2/images/1e7ac137-df82-4b4a-abd4-adc7157ba052 {{(pid=84149) process_request /opt/stack/glance/glance/api/middleware/version_negotiation.py:70}}
Aug 21 17:32:38 devstack devstack@g-api.service[84149]: [pid: 84149|app: 0|req: 8/17] 127.0.0.1 () {42 vars in 1061 bytes} [Fri Aug 21 17:32:38 2026] GET /v2/images/1e7ac137-df82-4b4a-abd4-adc7157ba052 => generated 976 bytes in 232 msecs (HTTP/1.1 200) 4 headers in 157 bytes (1 switches on core 0)
Aug 21 17:32:38 devstack devstack@g-api.service[84148]: DEBUG glance.api.middleware.version_negotiation [None req-a27b9479-4d27-44ce-8d22-c42e30faabad tempest-DeleteServersTestJSON-603186069 tempest-DeleteServersTestJSON-603186069-project-member] Determining version of request: GET /v2/schemas/image Accept: */* {{(pid=84148) process_request /opt/stack/glance/glance/api/middleware/version_negotiation.py:44}}
Aug 21 17:32:38 devstack devstack@g-api.service[84148]: DEBUG glance.api.middleware.version_negotiation [None req-a27b9479-4d27-44ce-8d22-c42e30faabad tempest-DeleteServersTestJSON-603186069 tempest-DeleteServersTestJSON-603186069-project-member] Using url versioning {{(pid=84148) process_request /opt/stack/glance/glance/api/middleware/version_negotiation.py:57}}
Aug 21 17:32:38 devstack devstack@g-api.service[84148]: DEBUG glance.api.middleware.version_negotiation [None req-a27b9479-4d27-44ce-8d22-c42e30faabad tempest-DeleteServersTestJSON-603186069 tempest-DeleteServersTestJSON-603186069-project-member] Matched version: v2 {{(pid=84148) process_request /opt/stack/glance/glance/api/middleware/version_negotiation.py:69}}
Aug 21 17:32:38 devstack devstack@g-api.service[84148]: DEBUG glance.api.middleware.version_negotiation [None req-a27b9479-4d27-44ce-8d22-c42e30faabad tempest-DeleteServersTestJSON-603186069 tempest-DeleteServersTestJSON-603186069-project-member] new path /v2/schemas/image {{(pid=84148) process_request /opt/stack/glance/glance/api/middleware/version_negotiation.py:70}}
Aug 21 17:32:38 devstack devstack@g-api.service[84148]: [pid: 84148|app: 0|req: 10/18] 127.0.0.1 () {42 vars in 1001 bytes} [Fri Aug 21 17:32:38 2026] GET /v2/schemas/image => generated 6083 bytes in 11 msecs (HTTP/1.1 200) 4 headers in 158 bytes (1 switches on core 0)
Aug 21 17:32:41 devstack devstack@g-api.service[84148]: DEBUG dbcounter [-] [84148] Writing DB stats glance:SELECT=2 {{(pid=84148) stat_writer /opt/stack/data/venv/lib/python3.12/site-packages/dbcounter.py:115}}
Aug 21 17:32:47 devstack devstack@g-api.service[84149]: DEBUG glance.api.middleware.version_negotiation [None req-58ab5c42-f49a-49bb-b87e-7b97c98fcf61 tempest-ServersNegativeTestJSON-691441305 tempest-ServersNegativeTestJSON-691441305-project-member] Determining version of request: GET /v2/images/1e7ac137-df82-4b4a-abd4-adc7157ba052 Accept: */* {{(pid=84149) process_request /opt/stack/glance/glance/api/middleware/version_negotiation.py:44}}
Aug 21 17:32:47 devstack devstack@g-api.service[84149]: DEBUG glance.api.middleware.version_negotiation [None req-58ab5c42-f49a-49bb-b87e-7b97c98fcf61 tempest-ServersNegativeTestJSON-691441305 tempest-ServersNegativeTestJSON-691441305-project-member] Using url versioning {{(pid=84149) process_request /opt/stack/glance/glance/api/middleware/version_negotiation.py:57}}
Aug 21 17:32:47 devstack devstack@g-api.service[84149]: DEBUG glance.api.middleware.version_negotiation [None req-58ab5c42-f49a-49bb-b87e-7b97c98fcf61 tempest-ServersNegativeTestJSON-691441305 tempest-ServersNegativeTestJSON-691441305-project-member] Matched version: v2 {{(pid=84149) process_request /opt/stack/glance/glance/api/middleware/version_negotiation.py:69}}
Aug 21 17:32:47 devstack devstack@g-api.service[84149]: DEBUG glance.api.middleware.version_negotiation [None req-58ab5c42-f49a-49bb-b87e-7b97c98fcf61 tempest-ServersNegativeTestJSON-691441305 tempest-ServersNegativeTestJSON-691441305-project-member] new path /v2/images/1e7ac137-df82-4b4a-abd4-adc7157ba052 {{(pid=84149) process_request /opt/stack/glance/glance/api/middleware/version_negotiation.py:70}}
Aug 21 17:32:47 devstack devstack@g-api.service[84149]: [pid: 84149|app: 0|req: 9/19] 127.0.0.1 () {42 vars in 1061 bytes} [Fri Aug 21 17:32:47 2026] GET /v2/images/1e7ac137-df82-4b4a-abd4-adc7157ba052 => generated 976 bytes in 254 msecs (HTTP/1.1 200) 4 headers in 157 bytes (1 switches on core 0)
Aug 21 17:32:47 devstack devstack@g-api.service[84148]: DEBUG glance.api.middleware.version_negotiation [None req-58ab5c42-f49a-49bb-b87e-7b97c98fcf61 tempest-ServersNegativeTestJSON-691441305 tempest-ServersNegativeTestJSON-691441305-project-member] Determining version of request: GET /v2/images/1e7ac137-df82-4b4a-abd4-adc7157ba052/file Accept: */* {{(pid=84148) process_request /opt/stack/glance/glance/api/middleware/version_negotiation.py:44}}
Aug 21 17:32:47 devstack devstack@g-api.service[84148]: DEBUG glance.api.middleware.version_negotiation [None req-58ab5c42-f49a-49bb-b87e-7b97c98fcf61 tempest-ServersNegativeTestJSON-691441305 tempest-ServersNegativeTestJSON-691441305-project-member] Using url versioning {{(pid=84148) process_request /opt/stack/glance/glance/api/middleware/version_negotiation.py:57}}
Aug 21 17:32:47 devstack devstack@g-api.service[84148]: DEBUG glance.api.middleware.version_negotiation [None req-58ab5c42-f49a-49bb-b87e-7b97c98fcf61 tempest-ServersNegativeTestJSON-691441305 tempest-ServersNegativeTestJSON-691441305-project-member] Matched version: v2 {{(pid=84148) process_request /opt/stack/glance/glance/api/middleware/version_negotiation.py:69}}
Aug 21 17:32:47 devstack devstack@g-api.service[84148]: DEBUG glance.api.middleware.version_negotiation [None req-58ab5c42-f49a-49bb-b87e-7b97c98fcf61 tempest-ServersNegativeTestJSON-691441305 tempest-ServersNegativeTestJSON-691441305-project-member] new path /v2/images/1e7ac137-df82-4b4a-abd4-adc7157ba052/file {{(pid=84148) process_request /opt/stack/glance/glance/api/middleware/version_negotiation.py:70}}
Aug 21 17:32:47 devstack devstack@g-api.service[84148]: DEBUG glance_store._drivers.filesystem [None req-a27b9479-4d27-44ce-8d22-c42e30faabad tempest-DeleteServersTestJSON-603186069 tempest-DeleteServersTestJSON-603186069-project-member] Found image at /opt/stack/data/glance/images/1e7ac137-df82-4b4a-abd4-adc7157ba052. Returning in ChunkedFile. {{(pid=84148) get /opt/stack/data/venv/lib/python3.12/site-packages/glance_store/_drivers/filesystem.py:724}}
Aug 21 17:32:47 devstack devstack@g-api.service[84148]: DEBUG glance.image_cache [None req-a27b9479-4d27-44ce-8d22-c42e30faabad tempest-DeleteServersTestJSON-603186069 tempest-DeleteServersTestJSON-603186069-project-member] Tee'ing image '1e7ac137-df82-4b4a-abd4-adc7157ba052' into cache {{(pid=84148) get_caching_iter /opt/stack/glance/glance/image_cache/__init__.py:356}}
Aug 21 17:32:47 devstack devstack@g-api.service[84148]: DEBUG glance.image_cache.drivers.centralized_db [None req-a27b9479-4d27-44ce-8d22-c42e30faabad tempest-DeleteServersTestJSON-603186069 tempest-DeleteServersTestJSON-603186069-project-member] Fetch finished, moving '/opt/stack/data/glance/cache/incomplete/1e7ac137-df82-4b4a-abd4-adc7157ba052' to '/opt/stack/data/glance/cache/1e7ac137-df82-4b4a-abd4-adc7157ba052' {{(pid=84148) commit /opt/stack/glance/glance/image_cache/drivers/centralized_db.py:243}}
Aug 21 17:32:47 devstack devstack@g-api.service[84148]: DEBUG glance.image_cache.drivers.centralized_db [None req-a27b9479-4d27-44ce-8d22-c42e30faabad tempest-DeleteServersTestJSON-603186069 tempest-DeleteServersTestJSON-603186069-project-member] Image cached successfully. {{(pid=84148) commit /opt/stack/glance/glance/image_cache/drivers/centralized_db.py:258}}
Aug 21 17:32:47 devstack devstack@g-api.service[84148]: [pid: 84148|app: 0|req: 11/20] 127.0.0.1 () {42 vars in 1071 bytes} [Fri Aug 21 17:32:47 2026] GET /v2/images/1e7ac137-df82-4b4a-abd4-adc7157ba052/file => generated 21692416 bytes in 477 msecs (HTTP/1.1 200) 4 headers in 191 bytes (334 switches on core 0)
Aug 21 17:32:48 devstack devstack@g-api.service[84149]: DEBUG glance.api.middleware.version_negotiation [None req-a27b9479-4d27-44ce-8d22-c42e30faabad tempest-DeleteServersTestJSON-603186069 tempest-DeleteServersTestJSON-603186069-project-member] Determining version of request: GET /v2/images/1e7ac137-df82-4b4a-abd4-adc7157ba052 Accept: */* {{(pid=84149) process_request /opt/stack/glance/glance/api/middleware/version_negotiation.py:44}}
Aug 21 17:32:48 devstack devstack@g-api.service[84149]: DEBUG glance.api.middleware.version_negotiation [None req-a27b9479-4d27-44ce-8d22-c42e30faabad tempest-DeleteServersTestJSON-603186069 tempest-DeleteServersTestJSON-603186069-project-member] Using url versioning {{(pid=84149) process_request /opt/stack/glance/glance/api/middleware/version_negotiation.py:57}}
Aug 21 17:32:48 devstack devstack@g-api.service[84149]: DEBUG glance.api.middleware.version_negotiation [None req-a27b9479-4d27-44ce-8d22-c42e30faabad tempest-DeleteServersTestJSON-603186069 tempest-DeleteServersTestJSON-603186069-project-member] Matched version: v2 {{(pid=84149) process_request /opt/stack/glance/glance/api/middleware/version_negotiation.py:69}}
Aug 21 17:32:48 devstack devstack@g-api.service[84149]: DEBUG glance.api.middleware.version_negotiation [None req-a27b9479-4d27-44ce-8d22-c42e30faabad tempest-DeleteServersTestJSON-603186069 tempest-DeleteServersTestJSON-603186069-project-member] new path /v2/images/1e7ac137-df82-4b4a-abd4-adc7157ba052 {{(pid=84149) process_request /opt/stack/glance/glance/api/middleware/version_negotiation.py:70}}
Aug 21 17:32:48 devstack devstack@g-api.service[84149]: [pid: 84149|app: 0|req: 10/21] 127.0.0.1 () {42 vars in 1061 bytes} [Fri Aug 21 17:32:48 2026] GET /v2/images/1e7ac137-df82-4b4a-abd4-adc7157ba052 => generated 976 bytes in 34 msecs (HTTP/1.1 200) 4 headers in 157 bytes (1 switches on core 0)
Aug 21 17:32:48 devstack devstack@g-api.service[84148]: DEBUG glance.api.middleware.version_negotiation [None req-a27b9479-4d27-44ce-8d22-c42e30faabad tempest-DeleteServersTestJSON-603186069 tempest-DeleteServersTestJSON-603186069-project-member] Determining version of request: GET /v2/schemas/image Accept: */* {{(pid=84148) process_request /opt/stack/glance/glance/api/middleware/version_negotiation.py:44}}
Aug 21 17:32:48 devstack devstack@g-api.service[84148]: DEBUG glance.api.middleware.version_negotiation [None req-a27b9479-4d27-44ce-8d22-c42e30faabad tempest-DeleteServersTestJSON-603186069 tempest-DeleteServersTestJSON-603186069-project-member] Using url versioning {{(pid=84148) process_request /opt/stack/glance/glance/api/middleware/version_negotiation.py:57}}
Aug 21 17:32:48 devstack devstack@g-api.service[84148]: DEBUG glance.api.middleware.version_negotiation [None req-a27b9479-4d27-44ce-8d22-c42e30faabad tempest-DeleteServersTestJSON-603186069 tempest-DeleteServersTestJSON-603186069-project-member] Matched version: v2 {{(pid=84148) process_request /opt/stack/glance/glance/api/middleware/version_negotiation.py:69}}
Aug 21 17:32:48 devstack devstack@g-api.service[84148]: DEBUG glance.api.middleware.version_negotiation [None req-a27b9479-4d27-44ce-8d22-c42e30faabad tempest-DeleteServersTestJSON-603186069 tempest-DeleteServersTestJSON-603186069-project-member] new path /v2/schemas/image {{(pid=84148) process_request /opt/stack/glance/glance/api/middleware/version_negotiation.py:70}}
Aug 21 17:32:48 devstack devstack@g-api.service[84148]: [pid: 84148|app: 0|req: 12/22] 127.0.0.1 () {42 vars in 1001 bytes} [Fri Aug 21 17:32:48 2026] GET /v2/schemas/image => generated 6083 bytes in 15 msecs (HTTP/1.1 200) 4 headers in 158 bytes (1 switches on core 0)
Aug 21 17:32:57 devstack devstack@g-api.service[84148]: DEBUG dbcounter [-] [84148] Writing DB stats glance:SELECT=5,glance:INSERT=1 {{(pid=84148) stat_writer /opt/stack/data/venv/lib/python3.12/site-packages/dbcounter.py:115}}
Aug 21 17:32:58 devstack devstack@g-api.service[84149]: DEBUG dbcounter [-] [84149] Writing DB stats glance:SELECT=6 {{(pid=84149) stat_writer /opt/stack/data/venv/lib/python3.12/site-packages/dbcounter.py:115}}
Aug 21 17:33:20 devstack devstack@g-api.service[84149]: DEBUG glance.api.middleware.version_negotiation [None req-a27b9479-4d27-44ce-8d22-c42e30faabad tempest-DeleteServersTestJSON-603186069 tempest-DeleteServersTestJSON-603186069-project-member] Determining version of request: GET /v2/images/1e7ac137-df82-4b4a-abd4-adc7157ba052 Accept: */* {{(pid=84149) process_request /opt/stack/glance/glance/api/middleware/version_negotiation.py:44}}
Aug 21 17:33:20 devstack devstack@g-api.service[84149]: DEBUG glance.api.middleware.version_negotiation [None req-a27b9479-4d27-44ce-8d22-c42e30faabad tempest-DeleteServersTestJSON-603186069 tempest-DeleteServersTestJSON-603186069-project-member] Using url versioning {{(pid=84149) process_request /opt/stack/glance/glance/api/middleware/version_negotiation.py:57}}
Aug 21 17:33:20 devstack devstack@g-api.service[84149]: DEBUG glance.api.middleware.version_negotiation [None req-a27b9479-4d27-44ce-8d22-c42e30faabad tempest-DeleteServersTestJSON-603186069 tempest-DeleteServersTestJSON-603186069-project-member] Matched version: v2 {{(pid=84149) process_request /opt/stack/glance/glance/api/middleware/version_negotiation.py:69}}
Aug 21 17:33:20 devstack devstack@g-api.service[84149]: DEBUG glance.api.middleware.version_negotiation [None req-a27b9479-4d27-44ce-8d22-c42e30faabad tempest-DeleteServersTestJSON-603186069 tempest-DeleteServersTestJSON-603186069-project-member] new path /v2/images/1e7ac137-df82-4b4a-abd4-adc7157ba052 {{(pid=84149) process_request /opt/stack/glance/glance/api/middleware/version_negotiation.py:70}}
Aug 21 17:33:20 devstack devstack@g-api.service[84149]: [pid: 84149|app: 0|req: 11/23] 127.0.0.1 () {42 vars in 1061 bytes} [Fri Aug 21 17:33:20 2026] GET /v2/images/1e7ac137-df82-4b4a-abd4-adc7157ba052 => generated 976 bytes in 41 msecs (HTTP/1.1 200) 4 headers in 157 bytes (1 switches on core 0)
Aug 21 17:33:20 devstack devstack@g-api.service[84148]: DEBUG glance.api.middleware.version_negotiation [None req-a27b9479-4d27-44ce-8d22-c42e30faabad tempest-DeleteServersTestJSON-603186069 tempest-DeleteServersTestJSON-603186069-project-member] Determining version of request: GET /v2/schemas/image Accept: */* {{(pid=84148) process_request /opt/stack/glance/glance/api/middleware/version_negotiation.py:44}}
Aug 21 17:33:20 devstack devstack@g-api.service[84148]: DEBUG glance.api.middleware.version_negotiation [None req-a27b9479-4d27-44ce-8d22-c42e30faabad tempest-DeleteServersTestJSON-603186069 tempest-DeleteServersTestJSON-603186069-project-member] Using url versioning {{(pid=84148) process_request /opt/stack/glance/glance/api/middleware/version_negotiation.py:57}}
