Jun 29 11:50:06 devstack cinder-volume[93369]: DEBUG oslo_concurrency.processutils [None req-64a4f4fe-3617-4596-b663-ead1211f5788 tempest-VolumesTestJSON-230202149 None] Running cmd (subprocess): sudo cinder-rootwrap /etc/cinder/rootwrap.conf chmod ugo+rw /opt/stack/data/cinder/mnt/a0a9f4873b15557e65f8eba51e64ed24/volume-c477ddc6-60e5-4fc2-82fe-3b0913f07324 {{(pid=93369) execute /opt/stack/data/venv/lib/python3.12/site-packages/oslo_concurrency/processutils.py:440}}
Jun 29 11:50:06 devstack sudo[99808]: quobyte : PWD=/ ; USER=root ; COMMAND=/opt/stack/data/venv/bin/cinder-rootwrap /etc/cinder/rootwrap.conf chmod ugo+rw /opt/stack/data/cinder/mnt/a0a9f4873b15557e65f8eba51e64ed24/volume-c477ddc6-60e5-4fc2-82fe-3b0913f07324
Jun 29 11:50:06 devstack sudo[99808]: pam_unix(sudo:session): session opened for user root(uid=0) by (uid=1000)
Jun 29 11:50:06 devstack cinder-volume[93369]: INFO cinder.volume.manager [None req-3fdbe74c-2f1f-4c86-965b-6b68c4a12cab tempest-GroupSnapshotsTest-445051126 None] Update group completed successfully.
Jun 29 11:50:06 devstack cinder-volume[93369]: DEBUG cinder.coordination [None req-e2c4e5d2-ac1d-4590-8bc7-5baa46c7517b tempest-VolumesMetadataTest-1396348598 None] Acquiring lock "cinder-9f06bc15-fab6-4e81-a7fc-32f301bc61b6-delete_volume" by "delete_volume" {{(pid=93369) __acquire /opt/stack/cinder/cinder/coordination.py:138}}
Jun 29 11:50:06 devstack cinder-volume[93369]: DEBUG cinder.coordination [None req-e2c4e5d2-ac1d-4590-8bc7-5baa46c7517b tempest-VolumesMetadataTest-1396348598 None] Lock "cinder-9f06bc15-fab6-4e81-a7fc-32f301bc61b6-delete_volume" acquired by "delete_volume" :: waited 0.021s {{(pid=93369) __acquire /opt/stack/cinder/cinder/coordination.py:141}}
Jun 29 11:50:06 devstack cinder-volume[93369]: DEBUG cinder.coordination [None req-e2c4e5d2-ac1d-4590-8bc7-5baa46c7517b tempest-VolumesMetadataTest-1396348598 None] Acquiring lock "cinder-quobyte-9f06bc15-fab6-4e81-a7fc-32f301bc61b6" by "delete_volume" {{(pid=93369) __acquire /opt/stack/cinder/cinder/coordination.py:138}}
Jun 29 11:50:06 devstack cinder-volume[93369]: DEBUG cinder.coordination [None req-e2c4e5d2-ac1d-4590-8bc7-5baa46c7517b tempest-VolumesMetadataTest-1396348598 None] Lock "cinder-quobyte-9f06bc15-fab6-4e81-a7fc-32f301bc61b6" acquired by "delete_volume" :: waited 0.014s {{(pid=93369) __acquire /opt/stack/cinder/cinder/coordination.py:141}}
Jun 29 11:50:06 devstack cinder-volume[93369]: DEBUG oslo.privsep.daemon [-] privsep: reply[0866f14d-f99a-44ef-b030-e59024ec09df]: (4, 'qcow2') {{(pid=94511) _call_back /opt/stack/data/venv/lib/python3.12/site-packages/oslo_privsep/daemon.py:580}}
Jun 29 11:50:06 devstack cinder-volume[93369]: DEBUG oslo_concurrency.processutils [None req-e2c4e5d2-ac1d-4590-8bc7-5baa46c7517b tempest-VolumesMetadataTest-1396348598 None] Running cmd (subprocess): /opt/stack/data/venv/bin/python3.12 -m oslo_concurrency.prlimit --as=1073741824 --cpu=60 -- sudo cinder-rootwrap /etc/cinder/rootwrap.conf env LC_ALL=C qemu-img info -f qcow2 --output=json --force-share /opt/stack/data/cinder/mnt/a0a9f4873b15557e65f8eba51e64ed24/volume-9f06bc15-fab6-4e81-a7fc-32f301bc61b6 {{(pid=93369) execute /opt/stack/data/venv/lib/python3.12/site-packages/oslo_concurrency/processutils.py:440}}
Jun 29 11:50:06 devstack sudo[99810]: quobyte : PWD=/ ; USER=root ; COMMAND=/opt/stack/data/venv/bin/cinder-rootwrap /etc/cinder/rootwrap.conf env LC_ALL=C qemu-img info -f qcow2 --output=json --force-share /opt/stack/data/cinder/mnt/a0a9f4873b15557e65f8eba51e64ed24/volume-9f06bc15-fab6-4e81-a7fc-32f301bc61b6
Jun 29 11:50:06 devstack sudo[99810]: pam_unix(sudo:session): session opened for user root(uid=0) by (uid=1000)
Jun 29 11:50:06 devstack sudo[99808]: pam_unix(sudo:session): session closed for user root
Jun 29 11:50:06 devstack cinder-volume[93369]: DEBUG oslo_concurrency.processutils [None req-64a4f4fe-3617-4596-b663-ead1211f5788 tempest-VolumesTestJSON-230202149 None] CMD "sudo cinder-rootwrap /etc/cinder/rootwrap.conf chmod ugo+rw /opt/stack/data/cinder/mnt/a0a9f4873b15557e65f8eba51e64ed24/volume-c477ddc6-60e5-4fc2-82fe-3b0913f07324" returned: 0 in 0.695s {{(pid=93369) execute /opt/stack/data/venv/lib/python3.12/site-packages/oslo_concurrency/processutils.py:468}}
Jun 29 11:50:06 devstack cinder-volume[93369]: DEBUG cinder.volume.drivers.quobyte [None req-64a4f4fe-3617-4596-b663-ead1211f5788 tempest-VolumesTestJSON-230202149 None] <== create_volume: return (1615ms) {'provider_location': 'osci02.corp.quobyte.com/cinder-vol-8529f9ae-cde9-42cd-8044-e5d169e6ee57'} {{(pid=93369) trace_logging_wrapper /opt/stack/cinder/cinder/volume/volume_utils.py:1522}}
Jun 29 11:50:06 devstack cinder-volume[93369]: DEBUG oslo_concurrency.lockutils [None req-64a4f4fe-3617-4596-b663-ead1211f5788 tempest-VolumesTestJSON-230202149 None] Lock "quobyte" "released" by "cinder.volume.drivers.quobyte.QuobyteDriver.create_volume" :: held 1.619s {{(pid=93369) inner /opt/stack/data/venv/lib/python3.12/site-packages/oslo_concurrency/lockutils.py:543}}
Jun 29 11:50:06 devstack cinder-volume[93369]: DEBUG cinder.volume.manager [None req-64a4f4fe-3617-4596-b663-ead1211f5788 tempest-VolumesTestJSON-230202149 None] Task 'cinder.volume.flows.manager.create_volume.CreateVolumeFromSpecTask;volume:create' (69e5d3df-1e11-407e-8cc7-712173ef7bb0) transitioned into state 'SUCCESS' from state 'RUNNING' with result '{'status': 'creating', 'volume_name': 'volume-c477ddc6-60e5-4fc2-82fe-3b0913f07324', 'volume_size': 1}' {{(pid=93369) _task_receiver /opt/stack/data/venv/lib/python3.12/site-packages/taskflow/listeners/logging.py:218}}
Jun 29 11:50:06 devstack cinder-volume[93369]: DEBUG cinder.volume.manager [None req-64a4f4fe-3617-4596-b663-ead1211f5788 tempest-VolumesTestJSON-230202149 None] Task 'cinder.volume.flows.manager.create_volume.CreateVolumeOnFinishTask;volume:create, create.end' (96614610-58ec-4826-a22f-8b08b72f837b) transitioned into state 'RUNNING' from state 'PENDING' {{(pid=93369) _task_receiver /opt/stack/data/venv/lib/python3.12/site-packages/taskflow/listeners/logging.py:242}}
Jun 29 11:50:06 devstack cinder-volume[93369]: INFO cinder.volume.flows.manager.create_volume [None req-64a4f4fe-3617-4596-b663-ead1211f5788 tempest-VolumesTestJSON-230202149 None] Volume volume-c477ddc6-60e5-4fc2-82fe-3b0913f07324 (c477ddc6-60e5-4fc2-82fe-3b0913f07324): created successfully
Jun 29 11:50:06 devstack cinder-volume[93369]: DEBUG cinder.volume.manager [None req-64a4f4fe-3617-4596-b663-ead1211f5788 tempest-VolumesTestJSON-230202149 None] Task 'cinder.volume.flows.manager.create_volume.CreateVolumeOnFinishTask;volume:create, create.end' (96614610-58ec-4826-a22f-8b08b72f837b) transitioned into state 'SUCCESS' from state 'RUNNING' with result 'None' {{(pid=93369) _task_receiver /opt/stack/data/venv/lib/python3.12/site-packages/taskflow/listeners/logging.py:218}}
Jun 29 11:50:06 devstack cinder-volume[93369]: DEBUG cinder.volume.manager [None req-64a4f4fe-3617-4596-b663-ead1211f5788 tempest-VolumesTestJSON-230202149 None] Flow 'volume_create_manager' (77590431-3055-4e04-bfd8-315f93ee7cc4) transitioned into state 'SUCCESS' from state 'RUNNING' {{(pid=93369) _flow_receiver /opt/stack/data/venv/lib/python3.12/site-packages/taskflow/listeners/logging.py:160}}
Jun 29 11:50:06 devstack cinder-volume[93369]: INFO cinder.volume.manager [None req-64a4f4fe-3617-4596-b663-ead1211f5788 tempest-VolumesTestJSON-230202149 None] Created volume successfully.
Jun 29 11:50:07 devstack sudo[99810]: pam_unix(sudo:session): session closed for user root
Jun 29 11:50:07 devstack cinder-volume[93369]: DEBUG oslo_concurrency.processutils [None req-e2c4e5d2-ac1d-4590-8bc7-5baa46c7517b tempest-VolumesMetadataTest-1396348598 None] CMD "/opt/stack/data/venv/bin/python3.12 -m oslo_concurrency.prlimit --as=1073741824 --cpu=60 -- sudo cinder-rootwrap /etc/cinder/rootwrap.conf env LC_ALL=C qemu-img info -f qcow2 --output=json --force-share /opt/stack/data/cinder/mnt/a0a9f4873b15557e65f8eba51e64ed24/volume-9f06bc15-fab6-4e81-a7fc-32f301bc61b6" returned: 0 in 0.831s {{(pid=93369) execute /opt/stack/data/venv/lib/python3.12/site-packages/oslo_concurrency/processutils.py:468}}
Jun 29 11:50:07 devstack cinder-volume[93369]: DEBUG oslo_concurrency.processutils [None req-e2c4e5d2-ac1d-4590-8bc7-5baa46c7517b tempest-VolumesMetadataTest-1396348598 None] Running cmd (subprocess): sudo cinder-rootwrap /etc/cinder/rootwrap.conf rm -f /opt/stack/data/cinder/mnt/a0a9f4873b15557e65f8eba51e64ed24/volume-9f06bc15-fab6-4e81-a7fc-32f301bc61b6 {{(pid=93369) execute /opt/stack/data/venv/lib/python3.12/site-packages/oslo_concurrency/processutils.py:440}}
Jun 29 11:50:07 devstack sudo[99817]: quobyte : PWD=/ ; USER=root ; COMMAND=/opt/stack/data/venv/bin/cinder-rootwrap /etc/cinder/rootwrap.conf rm -f /opt/stack/data/cinder/mnt/a0a9f4873b15557e65f8eba51e64ed24/volume-9f06bc15-fab6-4e81-a7fc-32f301bc61b6
Jun 29 11:50:07 devstack sudo[99817]: pam_unix(sudo:session): session opened for user root(uid=0) by (uid=1000)
Jun 29 11:50:07 devstack cinder-volume[93369]: INFO cinder.volume.manager [None req-a3260b08-8ea6-496d-a86e-f6d0dfcb89b9 tempest-GroupSnapshotsTest-445051126 None] GroupSnapshot f96244a3-5486-4c7b-b3a0-11a5f2920274: creating.
Jun 29 11:50:07 devstack cinder-volume[93369]: DEBUG cinder.volume.manager [None req-a3260b08-8ea6-496d-a86e-f6d0dfcb89b9 tempest-GroupSnapshotsTest-445051126 None] Group snapshot f96244a3-5486-4c7b-b3a0-11a5f2920274: creating. {{(pid=93369) create_group_snapshot /opt/stack/cinder/cinder/volume/manager.py:4175}}
Jun 29 11:50:08 devstack cinder-volume[93369]: DEBUG oslo_concurrency.lockutils [None req-a3260b08-8ea6-496d-a86e-f6d0dfcb89b9 tempest-GroupSnapshotsTest-445051126 None] Acquiring lock "quobyte" by "cinder.volume.drivers.quobyte.QuobyteDriver.create_snapshot" {{(pid=93369) inner /opt/stack/data/venv/lib/python3.12/site-packages/oslo_concurrency/lockutils.py:511}}
Jun 29 11:50:08 devstack cinder-volume[93369]: DEBUG oslo_concurrency.lockutils [None req-a3260b08-8ea6-496d-a86e-f6d0dfcb89b9 tempest-GroupSnapshotsTest-445051126 None] Lock "quobyte" acquired by "cinder.volume.drivers.quobyte.QuobyteDriver.create_snapshot" :: waited 0.003s {{(pid=93369) inner /opt/stack/data/venv/lib/python3.12/site-packages/oslo_concurrency/lockutils.py:524}}
Jun 29 11:50:08 devstack cinder-volume[93369]: DEBUG cinder.volume.drivers.remotefs [None req-a3260b08-8ea6-496d-a86e-f6d0dfcb89b9 tempest-GroupSnapshotsTest-445051126 None] Creating offline snapshot 2ccf9704-640d-4f81-a6a0-3dda24b444de of volume 97e10d95-fa11-43f7-88df-b539b0ef05a2 {{(pid=93369) _create_snapshot /opt/stack/cinder/cinder/volume/drivers/remotefs.py:1816}}
Jun 29 11:50:08 devstack cinder-volume[93369]: DEBUG oslo.privsep.daemon [-] privsep: reply[7ca98905-a75f-41f8-8b51-bfe87435b9ac]: (4, 'qcow2') {{(pid=94511) _call_back /opt/stack/data/venv/lib/python3.12/site-packages/oslo_privsep/daemon.py:580}}
Jun 29 11:50:08 devstack cinder-volume[93369]: DEBUG oslo_concurrency.processutils [None req-a3260b08-8ea6-496d-a86e-f6d0dfcb89b9 tempest-GroupSnapshotsTest-445051126 None] Running cmd (subprocess): /opt/stack/data/venv/bin/python3.12 -m oslo_concurrency.prlimit --as=1073741824 --cpu=60 -- sudo cinder-rootwrap /etc/cinder/rootwrap.conf env LC_ALL=C qemu-img info -f qcow2 --output=json --force-share /opt/stack/data/cinder/mnt/a0a9f4873b15557e65f8eba51e64ed24/volume-97e10d95-fa11-43f7-88df-b539b0ef05a2 {{(pid=93369) execute /opt/stack/data/venv/lib/python3.12/site-packages/oslo_concurrency/processutils.py:440}}
Jun 29 11:50:08 devstack sudo[99820]: quobyte : PWD=/ ; USER=root ; COMMAND=/opt/stack/data/venv/bin/cinder-rootwrap /etc/cinder/rootwrap.conf env LC_ALL=C qemu-img info -f qcow2 --output=json --force-share /opt/stack/data/cinder/mnt/a0a9f4873b15557e65f8eba51e64ed24/volume-97e10d95-fa11-43f7-88df-b539b0ef05a2
Jun 29 11:50:08 devstack sudo[99820]: pam_unix(sudo:session): session opened for user root(uid=0) by (uid=1000)
Jun 29 11:50:08 devstack sudo[99817]: pam_unix(sudo:session): session closed for user root
Jun 29 11:50:08 devstack cinder-volume[93369]: DEBUG oslo_concurrency.processutils [None req-e2c4e5d2-ac1d-4590-8bc7-5baa46c7517b tempest-VolumesMetadataTest-1396348598 None] CMD "sudo cinder-rootwrap /etc/cinder/rootwrap.conf rm -f /opt/stack/data/cinder/mnt/a0a9f4873b15557e65f8eba51e64ed24/volume-9f06bc15-fab6-4e81-a7fc-32f301bc61b6" returned: 0 in 1.039s {{(pid=93369) execute /opt/stack/data/venv/lib/python3.12/site-packages/oslo_concurrency/processutils.py:468}}
Jun 29 11:50:08 devstack cinder-volume[93369]: DEBUG cinder.coordination [None req-e2c4e5d2-ac1d-4590-8bc7-5baa46c7517b tempest-VolumesMetadataTest-1396348598 None] Lock "cinder-quobyte-9f06bc15-fab6-4e81-a7fc-32f301bc61b6" released by "delete_volume" :: held 1.933s {{(pid=93369) __release /opt/stack/cinder/cinder/coordination.py:152}}
Jun 29 11:50:08 devstack cinder-volume[93369]: DEBUG cinder.quota [None req-e2c4e5d2-ac1d-4590-8bc7-5baa46c7517b tempest-VolumesMetadataTest-1396348598 None] Created reservations ['0f1b0f66-59b4-432c-be31-a4e9d9bf8f25', '76eaad45-d557-41e6-85fc-ef226e08d42c', '5d85e518-38ae-4819-965e-bb555b7c53e8', '34748d67-cd5d-4691-93e2-622669de60b6'] {{(pid=93369) reserve /opt/stack/cinder/cinder/quota.py:752}}
Jun 29 11:50:08 devstack cinder-volume[93369]: DEBUG oslo_concurrency.lockutils [None req-e2c4e5d2-ac1d-4590-8bc7-5baa46c7517b tempest-VolumesMetadataTest-1396348598 None] Acquiring lock "quobyte_ensure" by "cinder.volume.drivers.quobyte.QuobyteDriver._ensure_shares_mounted" {{(pid=93369) inner /opt/stack/data/venv/lib/python3.12/site-packages/oslo_concurrency/lockutils.py:511}}
Jun 29 11:50:08 devstack cinder-volume[93369]: DEBUG oslo_concurrency.lockutils [None req-e2c4e5d2-ac1d-4590-8bc7-5baa46c7517b tempest-VolumesMetadataTest-1396348598 None] Lock "quobyte_ensure" acquired by "cinder.volume.drivers.quobyte.QuobyteDriver._ensure_shares_mounted" :: waited 0.001s {{(pid=93369) inner /opt/stack/data/venv/lib/python3.12/site-packages/oslo_concurrency/lockutils.py:524}}
Jun 29 11:50:08 devstack cinder-volume[93369]: DEBUG cinder.volume.drivers.quobyte [None req-e2c4e5d2-ac1d-4590-8bc7-5baa46c7517b tempest-VolumesMetadataTest-1396348598 None] Quobyte Volume URL set to: {'osci02.corp.quobyte.com/cinder-vol-8529f9ae-cde9-42cd-8044-e5d169e6ee57': None} {{(pid=93369) _load_shares_config /opt/stack/cinder/cinder/volume/drivers/quobyte.py:617}}
Jun 29 11:50:08 devstack cinder-volume[93369]: DEBUG cinder.volume.drivers.quobyte [None req-e2c4e5d2-ac1d-4590-8bc7-5baa46c7517b tempest-VolumesMetadataTest-1396348598 None] Available shares ['osci02.corp.quobyte.com/cinder-vol-8529f9ae-cde9-42cd-8044-e5d169e6ee57'] {{(pid=93369) _ensure_shares_mounted /opt/stack/cinder/cinder/volume/drivers/quobyte.py:647}}
Jun 29 11:50:08 devstack cinder-volume[93369]: DEBUG oslo_concurrency.lockutils [None req-e2c4e5d2-ac1d-4590-8bc7-5baa46c7517b tempest-VolumesMetadataTest-1396348598 None] Lock "quobyte_ensure" "released" by "cinder.volume.drivers.quobyte.QuobyteDriver._ensure_shares_mounted" :: held 0.011s {{(pid=93369) inner /opt/stack/data/venv/lib/python3.12/site-packages/oslo_concurrency/lockutils.py:543}}
Jun 29 11:50:08 devstack cinder-volume[93369]: DEBUG oslo_concurrency.processutils [None req-e2c4e5d2-ac1d-4590-8bc7-5baa46c7517b tempest-VolumesMetadataTest-1396348598 None] Running cmd (subprocess): sudo cinder-rootwrap /etc/cinder/rootwrap.conf df --portability --block-size 1 /opt/stack/data/cinder/mnt/a0a9f4873b15557e65f8eba51e64ed24 {{(pid=93369) execute /opt/stack/data/venv/lib/python3.12/site-packages/oslo_concurrency/processutils.py:440}}
Jun 29 11:50:08 devstack sudo[99823]: quobyte : PWD=/ ; USER=root ; COMMAND=/opt/stack/data/venv/bin/cinder-rootwrap /etc/cinder/rootwrap.conf df --portability --block-size 1 /opt/stack/data/cinder/mnt/a0a9f4873b15557e65f8eba51e64ed24
Jun 29 11:50:08 devstack sudo[99823]: pam_unix(sudo:session): session opened for user root(uid=0) by (uid=1000)
Jun 29 11:50:08 devstack cinder-volume[93369]: DEBUG cinder.volume.flows.manager.create_volume [None req-aa95f299-94a1-4ea2-b800-e432cffcf8a0 tempest-VolumesTestJSON-230202149 None] Volume reschedule parameters: True retry: {'num_attempts': 1, 'backends': ['devstack@QuobyteHD#QuobyteHD'], 'hosts': ['devstack@QuobyteHD#QuobyteHD']} {{(pid=93369) get_flow /opt/stack/cinder/cinder/volume/flows/manager/create_volume.py:1397}}
Jun 29 11:50:08 devstack cinder-volume[93369]: DEBUG cinder.volume.manager [None req-aa95f299-94a1-4ea2-b800-e432cffcf8a0 tempest-VolumesTestJSON-230202149 None] Flow 'volume_create_manager' (38efc252-f780-426e-8131-fc5a7e07a9ec) transitioned into state 'RUNNING' from state 'PENDING' {{(pid=93369) _flow_receiver /opt/stack/data/venv/lib/python3.12/site-packages/taskflow/listeners/logging.py:160}}
Jun 29 11:50:08 devstack cinder-volume[93369]: DEBUG cinder.volume.manager [None req-aa95f299-94a1-4ea2-b800-e432cffcf8a0 tempest-VolumesTestJSON-230202149 None] Task 'cinder.volume.flows.manager.create_volume.ExtractVolumeRefTask;volume:create' (20c8f5c7-f82f-4cc5-a908-6931bbd1b547) transitioned into state 'RUNNING' from state 'PENDING' {{(pid=93369) _task_receiver /opt/stack/data/venv/lib/python3.12/site-packages/taskflow/listeners/logging.py:242}}
Jun 29 11:50:08 devstack cinder-volume[93369]: DEBUG cinder.volume.manager [None req-aa95f299-94a1-4ea2-b800-e432cffcf8a0 tempest-VolumesTestJSON-230202149 None] Task 'cinder.volume.flows.manager.create_volume.ExtractVolumeRefTask;volume:create' (20c8f5c7-f82f-4cc5-a908-6931bbd1b547) transitioned into state 'SUCCESS' from state 'RUNNING' with result 'Volume(_name_id=None,admin_metadata=,attach_status='detached',availability_zone='nova',bootable=False,cluster=,cluster_name=None,consistencygroup=,consistencygroup_id=None,created_at=2026-06-29T09:50:08Z,deleted=False,deleted_at=None,display_description=None,display_name='tempest-VolumesTestJSON-volume-741183835',ec2_id=None,encryption_key_id=None,glance_metadata=,group=,group_id=None,host='devstack@QuobyteHD#QuobyteHD',id=fe83df9d-0b37-4d53-91a9-23882d5b63e1,launched_at=None,metadata={Type='work'},migration_status=None,multiattach=False,previous_status=None,project_id='dabf1fdaefe64ba380a063f9144a1e0e',provider_auth=None,provider_geometry=None,provider_id=None,provider_location=None,replication_driver_data=None,replication_extended_status=None,replication_status=None,scheduled_at=2026-06-29T09:50:09Z,service_uuid=None,shared_targets=True,size=1,snapshot_id=None,snapshots=,source_volid=None,status='creating',terminated_at=None,updated_at=2026-06-29T09:50:09Z,use_quota=True,user_id='af5885d6c2864b248563ec796326bbe8',volume_attachment=VolumeAttachmentList,volume_type=VolumeType(7d606332-cee6-45c6-b2c0-2b7fb8ee3b65),volume_type_id=7d606332-cee6-45c6-b2c0-2b7fb8ee3b65)' {{(pid=93369) _task_receiver /opt/stack/data/venv/lib/python3.12/site-packages/taskflow/listeners/logging.py:218}}
Jun 29 11:50:08 devstack cinder-volume[93369]: DEBUG cinder.volume.manager [None req-aa95f299-94a1-4ea2-b800-e432cffcf8a0 tempest-VolumesTestJSON-230202149 None] Task 'cinder.volume.flows.manager.create_volume.OnFailureRescheduleTask;volume:create' (2aecc940-32e1-41d3-8cc6-cecedaf2b94d) transitioned into state 'RUNNING' from state 'PENDING' {{(pid=93369) _task_receiver /opt/stack/data/venv/lib/python3.12/site-packages/taskflow/listeners/logging.py:242}}
Jun 29 11:50:08 devstack cinder-volume[93369]: DEBUG cinder.volume.manager [None req-aa95f299-94a1-4ea2-b800-e432cffcf8a0 tempest-VolumesTestJSON-230202149 None] Task 'cinder.volume.flows.manager.create_volume.OnFailureRescheduleTask;volume:create' (2aecc940-32e1-41d3-8cc6-cecedaf2b94d) transitioned into state 'SUCCESS' from state 'RUNNING' with result 'None' {{(pid=93369) _task_receiver /opt/stack/data/venv/lib/python3.12/site-packages/taskflow/listeners/logging.py:218}}
Jun 29 11:50:08 devstack cinder-volume[93369]: DEBUG cinder.volume.manager [None req-aa95f299-94a1-4ea2-b800-e432cffcf8a0 tempest-VolumesTestJSON-230202149 None] Task 'cinder.volume.flows.manager.create_volume.ExtractVolumeSpecTask;volume:create' (dae81a36-d8b4-4adc-9c40-be733f207a4d) transitioned into state 'RUNNING' from state 'PENDING' {{(pid=93369) _task_receiver /opt/stack/data/venv/lib/python3.12/site-packages/taskflow/listeners/logging.py:242}}
Jun 29 11:50:08 devstack cinder-volume[93369]: DEBUG cinder.volume.manager [None req-aa95f299-94a1-4ea2-b800-e432cffcf8a0 tempest-VolumesTestJSON-230202149 None] Task 'cinder.volume.flows.manager.create_volume.ExtractVolumeSpecTask;volume:create' (dae81a36-d8b4-4adc-9c40-be733f207a4d) transitioned into state 'SUCCESS' from state 'RUNNING' with result '{'status': 'creating', 'type': 'raw', 'volume_id': 'fe83df9d-0b37-4d53-91a9-23882d5b63e1', 'volume_name': 'volume-fe83df9d-0b37-4d53-91a9-23882d5b63e1', 'volume_size': 1}' {{(pid=93369) _task_receiver /opt/stack/data/venv/lib/python3.12/site-packages/taskflow/listeners/logging.py:218}}
Jun 29 11:50:08 devstack cinder-volume[93369]: DEBUG cinder.volume.manager [None req-aa95f299-94a1-4ea2-b800-e432cffcf8a0 tempest-VolumesTestJSON-230202149 None] Task 'cinder.volume.flows.manager.create_volume.NotifyVolumeActionTask;volume:create, create.start' (7bea932d-36f9-497e-bd1d-7c40c7591954) transitioned into state 'RUNNING' from state 'PENDING' {{(pid=93369) _task_receiver /opt/stack/data/venv/lib/python3.12/site-packages/taskflow/listeners/logging.py:242}}
Jun 29 11:50:08 devstack cinder-volume[93369]: DEBUG cinder.volume.manager [None req-aa95f299-94a1-4ea2-b800-e432cffcf8a0 tempest-VolumesTestJSON-230202149 None] Task 'cinder.volume.flows.manager.create_volume.NotifyVolumeActionTask;volume:create, create.start' (7bea932d-36f9-497e-bd1d-7c40c7591954) transitioned into state 'SUCCESS' from state 'RUNNING' with result 'None' {{(pid=93369) _task_receiver /opt/stack/data/venv/lib/python3.12/site-packages/taskflow/listeners/logging.py:218}}
Jun 29 11:50:08 devstack cinder-volume[93369]: DEBUG cinder.volume.manager [None req-aa95f299-94a1-4ea2-b800-e432cffcf8a0 tempest-VolumesTestJSON-230202149 None] Task 'cinder.volume.flows.manager.create_volume.CreateVolumeFromSpecTask;volume:create' (edf674c8-78df-43a3-8543-fc4d89c1122c) transitioned into state 'RUNNING' from state 'PENDING' {{(pid=93369) _task_receiver /opt/stack/data/venv/lib/python3.12/site-packages/taskflow/listeners/logging.py:242}}
Jun 29 11:50:08 devstack cinder-volume[93369]: INFO cinder.volume.flows.manager.create_volume [None req-aa95f299-94a1-4ea2-b800-e432cffcf8a0 tempest-VolumesTestJSON-230202149 None] Volume fe83df9d-0b37-4d53-91a9-23882d5b63e1: being created as raw with specification: {'status': 'creating', 'volume_name': 'volume-fe83df9d-0b37-4d53-91a9-23882d5b63e1', 'volume_size': 1}
Jun 29 11:50:08 devstack cinder-volume[93369]: DEBUG oslo_concurrency.lockutils [None req-aa95f299-94a1-4ea2-b800-e432cffcf8a0 tempest-VolumesTestJSON-230202149 None] Acquiring lock "quobyte" by "cinder.volume.drivers.quobyte.QuobyteDriver.create_volume" {{(pid=93369) inner /opt/stack/data/venv/lib/python3.12/site-packages/oslo_concurrency/lockutils.py:511}}
Jun 29 11:50:09 devstack sudo[99820]: pam_unix(sudo:session): session closed for user root
Jun 29 11:50:09 devstack cinder-volume[93369]: DEBUG oslo_concurrency.processutils [None req-a3260b08-8ea6-496d-a86e-f6d0dfcb89b9 tempest-GroupSnapshotsTest-445051126 None] CMD "/opt/stack/data/venv/bin/python3.12 -m oslo_concurrency.prlimit --as=1073741824 --cpu=60 -- sudo cinder-rootwrap /etc/cinder/rootwrap.conf env LC_ALL=C qemu-img info -f qcow2 --output=json --force-share /opt/stack/data/cinder/mnt/a0a9f4873b15557e65f8eba51e64ed24/volume-97e10d95-fa11-43f7-88df-b539b0ef05a2" returned: 0 in 1.132s {{(pid=93369) execute /opt/stack/data/venv/lib/python3.12/site-packages/oslo_concurrency/processutils.py:468}}
Jun 29 11:50:09 devstack cinder-volume[93369]: DEBUG oslo_concurrency.processutils [None req-a3260b08-8ea6-496d-a86e-f6d0dfcb89b9 tempest-GroupSnapshotsTest-445051126 None] Running cmd (subprocess): sudo cinder-rootwrap /etc/cinder/rootwrap.conf qemu-img create -f qcow2 -o backing_file=/opt/stack/data/cinder/mnt/a0a9f4873b15557e65f8eba51e64ed24/volume-97e10d95-fa11-43f7-88df-b539b0ef05a2,backing_fmt=qcow2 /opt/stack/data/cinder/mnt/a0a9f4873b15557e65f8eba51e64ed24/volume-97e10d95-fa11-43f7-88df-b539b0ef05a2.2ccf9704-640d-4f81-a6a0-3dda24b444de 1G {{(pid=93369) execute /opt/stack/data/venv/lib/python3.12/site-packages/oslo_concurrency/processutils.py:440}}
Jun 29 11:50:09 devstack sudo[99832]: quobyte : PWD=/ ; USER=root ; COMMAND=/opt/stack/data/venv/bin/cinder-rootwrap /etc/cinder/rootwrap.conf qemu-img create -f qcow2 -o backing_file=/opt/stack/data/cinder/mnt/a0a9f4873b15557e65f8eba51e64ed24/volume-97e10d95-fa11-43f7-88df-b539b0ef05a2,backing_fmt=qcow2 /opt/stack/data/cinder/mnt/a0a9f4873b15557e65f8eba51e64ed24/volume-97e10d95-fa11-43f7-88df-b539b0ef05a2.2ccf9704-640d-4f81-a6a0-3dda24b444de 1G
Jun 29 11:50:09 devstack sudo[99832]: pam_unix(sudo:session): session opened for user root(uid=0) by (uid=1000)
Jun 29 11:50:09 devstack sudo[99823]: pam_unix(sudo:session): session closed for user root
Jun 29 11:50:09 devstack cinder-volume[93369]: DEBUG oslo_concurrency.processutils [None req-e2c4e5d2-ac1d-4590-8bc7-5baa46c7517b tempest-VolumesMetadataTest-1396348598 None] CMD "sudo cinder-rootwrap /etc/cinder/rootwrap.conf df --portability --block-size 1 /opt/stack/data/cinder/mnt/a0a9f4873b15557e65f8eba51e64ed24" returned: 0 in 1.107s {{(pid=93369) execute /opt/stack/data/venv/lib/python3.12/site-packages/oslo_concurrency/processutils.py:468}}
Jun 29 11:50:09 devstack cinder-volume[93369]: DEBUG cinder.manager [None req-e2c4e5d2-ac1d-4590-8bc7-5baa46c7517b tempest-VolumesMetadataTest-1396348598 None] Notifying Schedulers of capabilities ... {{(pid=93369) _publish_service_capabilities /opt/stack/cinder/cinder/manager.py:219}}
Jun 29 11:50:09 devstack cinder-volume[93369]: INFO cinder.volume.manager [None req-e2c4e5d2-ac1d-4590-8bc7-5baa46c7517b tempest-VolumesMetadataTest-1396348598 None] Deleted volume successfully.
Jun 29 11:50:09 devstack cinder-volume[93369]: DEBUG cinder.coordination [None req-e2c4e5d2-ac1d-4590-8bc7-5baa46c7517b tempest-VolumesMetadataTest-1396348598 None] Lock "cinder-9f06bc15-fab6-4e81-a7fc-32f301bc61b6-delete_volume" released by "delete_volume" :: held 3.416s {{(pid=93369) __release /opt/stack/cinder/cinder/coordination.py:152}}
Jun 29 11:50:10 devstack sudo[99832]: pam_unix(sudo:session): session closed for user root
Jun 29 11:50:10 devstack cinder-volume[93369]: DEBUG oslo_concurrency.processutils [None req-a3260b08-8ea6-496d-a86e-f6d0dfcb89b9 tempest-GroupSnapshotsTest-445051126 None] CMD "sudo cinder-rootwrap /etc/cinder/rootwrap.conf qemu-img create -f qcow2 -o backing_file=/opt/stack/data/cinder/mnt/a0a9f4873b15557e65f8eba51e64ed24/volume-97e10d95-fa11-43f7-88df-b539b0ef05a2,backing_fmt=qcow2 /opt/stack/data/cinder/mnt/a0a9f4873b15557e65f8eba51e64ed24/volume-97e10d95-fa11-43f7-88df-b539b0ef05a2.2ccf9704-640d-4f81-a6a0-3dda24b444de 1G" returned: 0 in 1.147s {{(pid=93369) execute /opt/stack/data/venv/lib/python3.12/site-packages/oslo_concurrency/processutils.py:468}}
Jun 29 11:50:10 devstack cinder-volume[93369]: DEBUG oslo_concurrency.processutils [None req-a3260b08-8ea6-496d-a86e-f6d0dfcb89b9 tempest-GroupSnapshotsTest-445051126 None] Running cmd (subprocess): sudo cinder-rootwrap /etc/cinder/rootwrap.conf qemu-img rebase -u -b volume-97e10d95-fa11-43f7-88df-b539b0ef05a2 -F qcow2 /opt/stack/data/cinder/mnt/a0a9f4873b15557e65f8eba51e64ed24/volume-97e10d95-fa11-43f7-88df-b539b0ef05a2.2ccf9704-640d-4f81-a6a0-3dda24b444de {{(pid=93369) execute /opt/stack/data/venv/lib/python3.12/site-packages/oslo_concurrency/processutils.py:440}}
Jun 29 11:50:10 devstack sudo[99854]: quobyte : PWD=/ ; USER=root ; COMMAND=/opt/stack/data/venv/bin/cinder-rootwrap /etc/cinder/rootwrap.conf qemu-img rebase -u -b volume-97e10d95-fa11-43f7-88df-b539b0ef05a2 -F qcow2 /opt/stack/data/cinder/mnt/a0a9f4873b15557e65f8eba51e64ed24/volume-97e10d95-fa11-43f7-88df-b539b0ef05a2.2ccf9704-640d-4f81-a6a0-3dda24b444de
Jun 29 11:50:10 devstack sudo[99854]: pam_unix(sudo:session): session opened for user root(uid=0) by (uid=1000)
Jun 29 11:50:11 devstack sudo[99854]: pam_unix(sudo:session): session closed for user root
Jun 29 11:50:11 devstack cinder-volume[93369]: DEBUG oslo_concurrency.processutils [None req-a3260b08-8ea6-496d-a86e-f6d0dfcb89b9 tempest-GroupSnapshotsTest-445051126 None] CMD "sudo cinder-rootwrap /etc/cinder/rootwrap.conf qemu-img rebase -u -b volume-97e10d95-fa11-43f7-88df-b539b0ef05a2 -F qcow2 /opt/stack/data/cinder/mnt/a0a9f4873b15557e65f8eba51e64ed24/volume-97e10d95-fa11-43f7-88df-b539b0ef05a2.2ccf9704-640d-4f81-a6a0-3dda24b444de" returned: 0 in 0.705s {{(pid=93369) execute /opt/stack/data/venv/lib/python3.12/site-packages/oslo_concurrency/processutils.py:468}}
Jun 29 11:50:11 devstack cinder-volume[93369]: WARNING cinder.volume.drivers.remotefs [None req-a3260b08-8ea6-496d-a86e-f6d0dfcb89b9 tempest-GroupSnapshotsTest-445051126 None] /opt/stack/data/cinder/mnt/a0a9f4873b15557e65f8eba51e64ed24/volume-97e10d95-fa11-43f7-88df-b539b0ef05a2.2ccf9704-640d-4f81-a6a0-3dda24b444de is being set with open permissions: ugo+rw: NotImplementedError
Jun 29 11:50:11 devstack cinder-volume[93369]: DEBUG oslo_concurrency.processutils [None req-a3260b08-8ea6-496d-a86e-f6d0dfcb89b9 tempest-GroupSnapshotsTest-445051126 None] Running cmd (subprocess): sudo cinder-rootwrap /etc/cinder/rootwrap.conf chmod ugo+rw /opt/stack/data/cinder/mnt/a0a9f4873b15557e65f8eba51e64ed24/volume-97e10d95-fa11-43f7-88df-b539b0ef05a2.2ccf9704-640d-4f81-a6a0-3dda24b444de {{(pid=93369) execute /opt/stack/data/venv/lib/python3.12/site-packages/oslo_concurrency/processutils.py:440}}
Jun 29 11:50:11 devstack sudo[99859]: quobyte : PWD=/ ; USER=root ; COMMAND=/opt/stack/data/venv/bin/cinder-rootwrap /etc/cinder/rootwrap.conf chmod ugo+rw /opt/stack/data/cinder/mnt/a0a9f4873b15557e65f8eba51e64ed24/volume-97e10d95-fa11-43f7-88df-b539b0ef05a2.2ccf9704-640d-4f81-a6a0-3dda24b444de
Jun 29 11:50:11 devstack sudo[99859]: pam_unix(sudo:session): session opened for user root(uid=0) by (uid=1000)
Jun 29 11:50:11 devstack sudo[99859]: pam_unix(sudo:session): session closed for user root
Jun 29 11:50:11 devstack cinder-volume[93369]: DEBUG oslo_concurrency.processutils [None req-a3260b08-8ea6-496d-a86e-f6d0dfcb89b9 tempest-GroupSnapshotsTest-445051126 None] CMD "sudo cinder-rootwrap /etc/cinder/rootwrap.conf chmod ugo+rw /opt/stack/data/cinder/mnt/a0a9f4873b15557e65f8eba51e64ed24/volume-97e10d95-fa11-43f7-88df-b539b0ef05a2.2ccf9704-640d-4f81-a6a0-3dda24b444de" returned: 0 in 0.668s {{(pid=93369) execute /opt/stack/data/venv/lib/python3.12/site-packages/oslo_concurrency/processutils.py:468}}
Jun 29 11:50:11 devstack cinder-volume[93369]: DEBUG oslo_concurrency.processutils [None req-a3260b08-8ea6-496d-a86e-f6d0dfcb89b9 tempest-GroupSnapshotsTest-445051126 None] Running cmd (subprocess): sudo cinder-rootwrap /etc/cinder/rootwrap.conf truncate -s0 /opt/stack/data/cinder/mnt/a0a9f4873b15557e65f8eba51e64ed24/volume-97e10d95-fa11-43f7-88df-b539b0ef05a2.info {{(pid=93369) execute /opt/stack/data/venv/lib/python3.12/site-packages/oslo_concurrency/processutils.py:440}}
Jun 29 11:50:11 devstack sudo[99862]: quobyte : PWD=/ ; USER=root ; COMMAND=/opt/stack/data/venv/bin/cinder-rootwrap /etc/cinder/rootwrap.conf truncate -s0 /opt/stack/data/cinder/mnt/a0a9f4873b15557e65f8eba51e64ed24/volume-97e10d95-fa11-43f7-88df-b539b0ef05a2.info
Jun 29 11:50:11 devstack sudo[99862]: pam_unix(sudo:session): session opened for user root(uid=0) by (uid=1000)
Jun 29 11:50:12 devstack sudo[99862]: pam_unix(sudo:session): session closed for user root
Jun 29 11:50:12 devstack cinder-volume[93369]: DEBUG oslo_concurrency.processutils [None req-a3260b08-8ea6-496d-a86e-f6d0dfcb89b9 tempest-GroupSnapshotsTest-445051126 None] CMD "sudo cinder-rootwrap /etc/cinder/rootwrap.conf truncate -s0 /opt/stack/data/cinder/mnt/a0a9f4873b15557e65f8eba51e64ed24/volume-97e10d95-fa11-43f7-88df-b539b0ef05a2.info" returned: 0 in 0.712s {{(pid=93369) execute /opt/stack/data/venv/lib/python3.12/site-packages/oslo_concurrency/processutils.py:468}}
Jun 29 11:50:12 devstack cinder-volume[93369]: WARNING cinder.volume.drivers.remotefs [None req-a3260b08-8ea6-496d-a86e-f6d0dfcb89b9 tempest-GroupSnapshotsTest-445051126 None] /opt/stack/data/cinder/mnt/a0a9f4873b15557e65f8eba51e64ed24/volume-97e10d95-fa11-43f7-88df-b539b0ef05a2.info is being set with open permissions: ugo+rw: NotImplementedError
Jun 29 11:50:12 devstack cinder-volume[93369]: DEBUG oslo_concurrency.processutils [None req-a3260b08-8ea6-496d-a86e-f6d0dfcb89b9 tempest-GroupSnapshotsTest-445051126 None] Running cmd (subprocess): sudo cinder-rootwrap /etc/cinder/rootwrap.conf chmod ugo+rw /opt/stack/data/cinder/mnt/a0a9f4873b15557e65f8eba51e64ed24/volume-97e10d95-fa11-43f7-88df-b539b0ef05a2.info {{(pid=93369) execute /opt/stack/data/venv/lib/python3.12/site-packages/oslo_concurrency/processutils.py:440}}
Jun 29 11:50:12 devstack sudo[99865]: quobyte : PWD=/ ; USER=root ; COMMAND=/opt/stack/data/venv/bin/cinder-rootwrap /etc/cinder/rootwrap.conf chmod ugo+rw /opt/stack/data/cinder/mnt/a0a9f4873b15557e65f8eba51e64ed24/volume-97e10d95-fa11-43f7-88df-b539b0ef05a2.info
Jun 29 11:50:12 devstack sudo[99865]: pam_unix(sudo:session): session opened for user root(uid=0) by (uid=1000)
Jun 29 11:50:13 devstack sudo[99865]: pam_unix(sudo:session): session closed for user root
Jun 29 11:50:13 devstack cinder-volume[93369]: DEBUG oslo_concurrency.processutils [None req-a3260b08-8ea6-496d-a86e-f6d0dfcb89b9 tempest-GroupSnapshotsTest-445051126 None] CMD "sudo cinder-rootwrap /etc/cinder/rootwrap.conf chmod ugo+rw /opt/stack/data/cinder/mnt/a0a9f4873b15557e65f8eba51e64ed24/volume-97e10d95-fa11-43f7-88df-b539b0ef05a2.info" returned: 0 in 0.765s {{(pid=93369) execute /opt/stack/data/venv/lib/python3.12/site-packages/oslo_concurrency/processutils.py:468}}
Jun 29 11:50:13 devstack cinder-volume[93369]: DEBUG oslo_concurrency.lockutils [None req-a3260b08-8ea6-496d-a86e-f6d0dfcb89b9 tempest-GroupSnapshotsTest-445051126 None] Lock "quobyte" "released" by "cinder.volume.drivers.quobyte.QuobyteDriver.create_snapshot" :: held 5.254s {{(pid=93369) inner /opt/stack/data/venv/lib/python3.12/site-packages/oslo_concurrency/lockutils.py:543}}
Jun 29 11:50:13 devstack cinder-volume[93369]: DEBUG oslo_concurrency.lockutils [None req-a3260b08-8ea6-496d-a86e-f6d0dfcb89b9 tempest-GroupSnapshotsTest-445051126 None] Acquiring lock "quobyte" by "cinder.volume.drivers.quobyte.QuobyteDriver.create_snapshot" {{(pid=93369) inner /opt/stack/data/venv/lib/python3.12/site-packages/oslo_concurrency/lockutils.py:511}}
Jun 29 11:50:13 devstack cinder-volume[93369]: DEBUG oslo_concurrency.lockutils [None req-a3260b08-8ea6-496d-a86e-f6d0dfcb89b9 tempest-GroupSnapshotsTest-445051126 None] Lock "quobyte" acquired by "cinder.volume.drivers.quobyte.QuobyteDriver.create_snapshot" :: waited 0.000s {{(pid=93369) inner /opt/stack/data/venv/lib/python3.12/site-packages/oslo_concurrency/lockutils.py:524}}
Jun 29 11:50:13 devstack cinder-volume[93369]: DEBUG cinder.volume.drivers.remotefs [None req-a3260b08-8ea6-496d-a86e-f6d0dfcb89b9 tempest-GroupSnapshotsTest-445051126 None] Creating offline snapshot d1b8d250-e8da-419c-b170-57f530ae3f4c of volume c6514d35-49f5-49fd-9aa7-512a6970acfe {{(pid=93369) _create_snapshot /opt/stack/cinder/cinder/volume/drivers/remotefs.py:1816}}
Jun 29 11:50:13 devstack cinder-volume[93369]: DEBUG oslo.privsep.daemon [-] privsep: reply[16a2aef8-8378-4420-a94f-c3ccecbc61e6]: (4, 'qcow2') {{(pid=94511) _call_back /opt/stack/data/venv/lib/python3.12/site-packages/oslo_privsep/daemon.py:580}}
Jun 29 11:50:13 devstack cinder-volume[93369]: DEBUG oslo_concurrency.processutils [None req-a3260b08-8ea6-496d-a86e-f6d0dfcb89b9 tempest-GroupSnapshotsTest-445051126 None] Running cmd (subprocess): /opt/stack/data/venv/bin/python3.12 -m oslo_concurrency.prlimit --as=1073741824 --cpu=60 -- sudo cinder-rootwrap /etc/cinder/rootwrap.conf env LC_ALL=C qemu-img info -f qcow2 --output=json --force-share /opt/stack/data/cinder/mnt/a0a9f4873b15557e65f8eba51e64ed24/volume-c6514d35-49f5-49fd-9aa7-512a6970acfe {{(pid=93369) execute /opt/stack/data/venv/lib/python3.12/site-packages/oslo_concurrency/processutils.py:440}}
Jun 29 11:50:13 devstack sudo[99868]: quobyte : PWD=/ ; USER=root ; COMMAND=/opt/stack/data/venv/bin/cinder-rootwrap /etc/cinder/rootwrap.conf env LC_ALL=C qemu-img info -f qcow2 --output=json --force-share /opt/stack/data/cinder/mnt/a0a9f4873b15557e65f8eba51e64ed24/volume-c6514d35-49f5-49fd-9aa7-512a6970acfe
Jun 29 11:50:13 devstack sudo[99868]: pam_unix(sudo:session): session opened for user root(uid=0) by (uid=1000)
Jun 29 11:50:14 devstack sudo[99868]: pam_unix(sudo:session): session closed for user root
Jun 29 11:50:14 devstack cinder-volume[93369]: DEBUG oslo_concurrency.processutils [None req-a3260b08-8ea6-496d-a86e-f6d0dfcb89b9 tempest-GroupSnapshotsTest-445051126 None] CMD "/opt/stack/data/venv/bin/python3.12 -m oslo_concurrency.prlimit --as=1073741824 --cpu=60 -- sudo cinder-rootwrap /etc/cinder/rootwrap.conf env LC_ALL=C qemu-img info -f qcow2 --output=json --force-share /opt/stack/data/cinder/mnt/a0a9f4873b15557e65f8eba51e64ed24/volume-c6514d35-49f5-49fd-9aa7-512a6970acfe" returned: 0 in 0.827s {{(pid=93369) execute /opt/stack/data/venv/lib/python3.12/site-packages/oslo_concurrency/processutils.py:468}}
Jun 29 11:50:14 devstack cinder-volume[93369]: DEBUG oslo_concurrency.processutils [None req-a3260b08-8ea6-496d-a86e-f6d0dfcb89b9 tempest-GroupSnapshotsTest-445051126 None] Running cmd (subprocess): sudo cinder-rootwrap /etc/cinder/rootwrap.conf qemu-img create -f qcow2 -o backing_file=/opt/stack/data/cinder/mnt/a0a9f4873b15557e65f8eba51e64ed24/volume-c6514d35-49f5-49fd-9aa7-512a6970acfe,backing_fmt=qcow2 /opt/stack/data/cinder/mnt/a0a9f4873b15557e65f8eba51e64ed24/volume-c6514d35-49f5-49fd-9aa7-512a6970acfe.d1b8d250-e8da-419c-b170-57f530ae3f4c 1G {{(pid=93369) execute /opt/stack/data/venv/lib/python3.12/site-packages/oslo_concurrency/processutils.py:440}}
Jun 29 11:50:14 devstack sudo[99876]: quobyte : PWD=/ ; USER=root ; COMMAND=/opt/stack/data/venv/bin/cinder-rootwrap /etc/cinder/rootwrap.conf qemu-img create -f qcow2 -o backing_file=/opt/stack/data/cinder/mnt/a0a9f4873b15557e65f8eba51e64ed24/volume-c6514d35-49f5-49fd-9aa7-512a6970acfe,backing_fmt=qcow2 /opt/stack/data/cinder/mnt/a0a9f4873b15557e65f8eba51e64ed24/volume-c6514d35-49f5-49fd-9aa7-512a6970acfe.d1b8d250-e8da-419c-b170-57f530ae3f4c 1G
Jun 29 11:50:14 devstack sudo[99876]: pam_unix(sudo:session): session opened for user root(uid=0) by (uid=1000)
Jun 29 11:50:15 devstack sudo[99876]: pam_unix(sudo:session): session closed for user root
Jun 29 11:50:15 devstack cinder-volume[93369]: DEBUG oslo_concurrency.processutils [None req-a3260b08-8ea6-496d-a86e-f6d0dfcb89b9 tempest-GroupSnapshotsTest-445051126 None] CMD "sudo cinder-rootwrap /etc/cinder/rootwrap.conf qemu-img create -f qcow2 -o backing_file=/opt/stack/data/cinder/mnt/a0a9f4873b15557e65f8eba51e64ed24/volume-c6514d35-49f5-49fd-9aa7-512a6970acfe,backing_fmt=qcow2 /opt/stack/data/cinder/mnt/a0a9f4873b15557e65f8eba51e64ed24/volume-c6514d35-49f5-49fd-9aa7-512a6970acfe.d1b8d250-e8da-419c-b170-57f530ae3f4c 1G" returned: 0 in 0.874s {{(pid=93369) execute /opt/stack/data/venv/lib/python3.12/site-packages/oslo_concurrency/processutils.py:468}}
Jun 29 11:50:15 devstack cinder-volume[93369]: DEBUG oslo_concurrency.processutils [None req-a3260b08-8ea6-496d-a86e-f6d0dfcb89b9 tempest-GroupSnapshotsTest-445051126 None] Running cmd (subprocess): sudo cinder-rootwrap /etc/cinder/rootwrap.conf qemu-img rebase -u -b volume-c6514d35-49f5-49fd-9aa7-512a6970acfe -F qcow2 /opt/stack/data/cinder/mnt/a0a9f4873b15557e65f8eba51e64ed24/volume-c6514d35-49f5-49fd-9aa7-512a6970acfe.d1b8d250-e8da-419c-b170-57f530ae3f4c {{(pid=93369) execute /opt/stack/data/venv/lib/python3.12/site-packages/oslo_concurrency/processutils.py:440}}
Jun 29 11:50:15 devstack sudo[99881]: quobyte : PWD=/ ; USER=root ; COMMAND=/opt/stack/data/venv/bin/cinder-rootwrap /etc/cinder/rootwrap.conf qemu-img rebase -u -b volume-c6514d35-49f5-49fd-9aa7-512a6970acfe -F qcow2 /opt/stack/data/cinder/mnt/a0a9f4873b15557e65f8eba51e64ed24/volume-c6514d35-49f5-49fd-9aa7-512a6970acfe.d1b8d250-e8da-419c-b170-57f530ae3f4c
Jun 29 11:50:15 devstack sudo[99881]: pam_unix(sudo:session): session opened for user root(uid=0) by (uid=1000)
Jun 29 11:50:15 devstack sudo[99881]: pam_unix(sudo:session): session closed for user root
Jun 29 11:50:15 devstack cinder-volume[93369]: DEBUG oslo_concurrency.processutils [None req-a3260b08-8ea6-496d-a86e-f6d0dfcb89b9 tempest-GroupSnapshotsTest-445051126 None] CMD "sudo cinder-rootwrap /etc/cinder/rootwrap.conf qemu-img rebase -u -b volume-c6514d35-49f5-49fd-9aa7-512a6970acfe -F qcow2 /opt/stack/data/cinder/mnt/a0a9f4873b15557e65f8eba51e64ed24/volume-c6514d35-49f5-49fd-9aa7-512a6970acfe.d1b8d250-e8da-419c-b170-57f530ae3f4c" returned: 0 in 0.733s {{(pid=93369) execute /opt/stack/data/venv/lib/python3.12/site-packages/oslo_concurrency/processutils.py:468}}
Jun 29 11:50:15 devstack cinder-volume[93369]: WARNING cinder.volume.drivers.remotefs [None req-a3260b08-8ea6-496d-a86e-f6d0dfcb89b9 tempest-GroupSnapshotsTest-445051126 None] /opt/stack/data/cinder/mnt/a0a9f4873b15557e65f8eba51e64ed24/volume-c6514d35-49f5-49fd-9aa7-512a6970acfe.d1b8d250-e8da-419c-b170-57f530ae3f4c is being set with open permissions: ugo+rw: NotImplementedError
Jun 29 11:50:15 devstack cinder-volume[93369]: DEBUG oslo_concurrency.processutils [None req-a3260b08-8ea6-496d-a86e-f6d0dfcb89b9 tempest-GroupSnapshotsTest-445051126 None] Running cmd (subprocess): sudo cinder-rootwrap /etc/cinder/rootwrap.conf chmod ugo+rw /opt/stack/data/cinder/mnt/a0a9f4873b15557e65f8eba51e64ed24/volume-c6514d35-49f5-49fd-9aa7-512a6970acfe.d1b8d250-e8da-419c-b170-57f530ae3f4c {{(pid=93369) execute /opt/stack/data/venv/lib/python3.12/site-packages/oslo_concurrency/processutils.py:440}}
Jun 29 11:50:15 devstack sudo[99902]: quobyte : PWD=/ ; USER=root ; COMMAND=/opt/stack/data/venv/bin/cinder-rootwrap /etc/cinder/rootwrap.conf chmod ugo+rw /opt/stack/data/cinder/mnt/a0a9f4873b15557e65f8eba51e64ed24/volume-c6514d35-49f5-49fd-9aa7-512a6970acfe.d1b8d250-e8da-419c-b170-57f530ae3f4c
Jun 29 11:50:15 devstack sudo[99902]: pam_unix(sudo:session): session opened for user root(uid=0) by (uid=1000)
Jun 29 11:50:17 devstack sudo[99902]: pam_unix(sudo:session): session closed for user root
Jun 29 11:50:17 devstack cinder-volume[93369]: DEBUG oslo_concurrency.processutils [None req-a3260b08-8ea6-496d-a86e-f6d0dfcb89b9 tempest-GroupSnapshotsTest-445051126 None] CMD "sudo cinder-rootwrap /etc/cinder/rootwrap.conf chmod ugo+rw /opt/stack/data/cinder/mnt/a0a9f4873b15557e65f8eba51e64ed24/volume-c6514d35-49f5-49fd-9aa7-512a6970acfe.d1b8d250-e8da-419c-b170-57f530ae3f4c" returned: 0 in 1.373s {{(pid=93369) execute /opt/stack/data/venv/lib/python3.12/site-packages/oslo_concurrency/processutils.py:468}}
Jun 29 11:50:17 devstack cinder-volume[93369]: DEBUG oslo_concurrency.processutils [None req-a3260b08-8ea6-496d-a86e-f6d0dfcb89b9 tempest-GroupSnapshotsTest-445051126 None] Running cmd (subprocess): sudo cinder-rootwrap /etc/cinder/rootwrap.conf truncate -s0 /opt/stack/data/cinder/mnt/a0a9f4873b15557e65f8eba51e64ed24/volume-c6514d35-49f5-49fd-9aa7-512a6970acfe.info {{(pid=93369) execute /opt/stack/data/venv/lib/python3.12/site-packages/oslo_concurrency/processutils.py:440}}
Jun 29 11:50:17 devstack sudo[99967]: quobyte : PWD=/ ; USER=root ; COMMAND=/opt/stack/data/venv/bin/cinder-rootwrap /etc/cinder/rootwrap.conf truncate -s0 /opt/stack/data/cinder/mnt/a0a9f4873b15557e65f8eba51e64ed24/volume-c6514d35-49f5-49fd-9aa7-512a6970acfe.info
Jun 29 11:50:17 devstack sudo[99967]: pam_unix(sudo:session): session opened for user root(uid=0) by (uid=1000)
Jun 29 11:50:18 devstack sudo[99967]: pam_unix(sudo:session): session closed for user root
Jun 29 11:50:18 devstack cinder-volume[93369]: DEBUG oslo_concurrency.processutils [None req-a3260b08-8ea6-496d-a86e-f6d0dfcb89b9 tempest-GroupSnapshotsTest-445051126 None] CMD "sudo cinder-rootwrap /etc/cinder/rootwrap.conf truncate -s0 /opt/stack/data/cinder/mnt/a0a9f4873b15557e65f8eba51e64ed24/volume-c6514d35-49f5-49fd-9aa7-512a6970acfe.info" returned: 0 in 1.158s {{(pid=93369) execute /opt/stack/data/venv/lib/python3.12/site-packages/oslo_concurrency/processutils.py:468}}
Jun 29 11:50:18 devstack cinder-volume[93369]: WARNING cinder.volume.drivers.remotefs [None req-a3260b08-8ea6-496d-a86e-f6d0dfcb89b9 tempest-GroupSnapshotsTest-445051126 None] /opt/stack/data/cinder/mnt/a0a9f4873b15557e65f8eba51e64ed24/volume-c6514d35-49f5-49fd-9aa7-512a6970acfe.info is being set with open permissions: ugo+rw: NotImplementedError
Jun 29 11:50:18 devstack cinder-volume[93369]: DEBUG oslo_concurrency.processutils [None req-a3260b08-8ea6-496d-a86e-f6d0dfcb89b9 tempest-GroupSnapshotsTest-445051126 None] Running cmd (subprocess): sudo cinder-rootwrap /etc/cinder/rootwrap.conf chmod ugo+rw /opt/stack/data/cinder/mnt/a0a9f4873b15557e65f8eba51e64ed24/volume-c6514d35-49f5-49fd-9aa7-512a6970acfe.info {{(pid=93369) execute /opt/stack/data/venv/lib/python3.12/site-packages/oslo_concurrency/processutils.py:440}}
Jun 29 11:50:18 devstack sudo[99975]: quobyte : PWD=/ ; USER=root ; COMMAND=/opt/stack/data/venv/bin/cinder-rootwrap /etc/cinder/rootwrap.conf chmod ugo+rw /opt/stack/data/cinder/mnt/a0a9f4873b15557e65f8eba51e64ed24/volume-c6514d35-49f5-49fd-9aa7-512a6970acfe.info
Jun 29 11:50:18 devstack sudo[99975]: pam_unix(sudo:session): session opened for user root(uid=0) by (uid=1000)
Jun 29 11:50:19 devstack sudo[99975]: pam_unix(sudo:session): session closed for user root
Jun 29 11:50:19 devstack cinder-volume[93369]: DEBUG oslo_concurrency.processutils [None req-a3260b08-8ea6-496d-a86e-f6d0dfcb89b9 tempest-GroupSnapshotsTest-445051126 None] CMD "sudo cinder-rootwrap /etc/cinder/rootwrap.conf chmod ugo+rw /opt/stack/data/cinder/mnt/a0a9f4873b15557e65f8eba51e64ed24/volume-c6514d35-49f5-49fd-9aa7-512a6970acfe.info" returned: 0 in 0.748s {{(pid=93369) execute /opt/stack/data/venv/lib/python3.12/site-packages/oslo_concurrency/processutils.py:468}}
Jun 29 11:50:19 devstack cinder-volume[93369]: DEBUG oslo_concurrency.lockutils [None req-a3260b08-8ea6-496d-a86e-f6d0dfcb89b9 tempest-GroupSnapshotsTest-445051126 None] Lock "quobyte" "released" by "cinder.volume.drivers.quobyte.QuobyteDriver.create_snapshot" :: held 5.846s {{(pid=93369) inner /opt/stack/data/venv/lib/python3.12/site-packages/oslo_concurrency/lockutils.py:543}}
Jun 29 11:50:19 devstack cinder-volume[93369]: DEBUG oslo_concurrency.lockutils [None req-aa95f299-94a1-4ea2-b800-e432cffcf8a0 tempest-VolumesTestJSON-230202149 None] Lock "quobyte" acquired by "cinder.volume.drivers.quobyte.QuobyteDriver.create_volume" :: waited 10.310s {{(pid=93369) inner /opt/stack/data/venv/lib/python3.12/site-packages/oslo_concurrency/lockutils.py:524}}
Jun 29 11:50:19 devstack cinder-volume[93369]: DEBUG cinder.volume.drivers.quobyte [None req-aa95f299-94a1-4ea2-b800-e432cffcf8a0 tempest-VolumesTestJSON-230202149 None] ==> create_volume: call "{'self': , 'volume': Volume(_name_id=None,admin_metadata=,attach_status='detached',availability_zone='nova',bootable=False,cluster=,cluster_name=None,consistencygroup=,consistencygroup_id=None,created_at=2026-06-29T09:50:08Z,deleted=False,deleted_at=None,display_description=None,display_name='tempest-VolumesTestJSON-volume-741183835',ec2_id=None,encryption_key_id=None,glance_metadata=,group=,group_id=None,host='devstack@QuobyteHD#QuobyteHD',id=fe83df9d-0b37-4d53-91a9-23882d5b63e1,launched_at=None,metadata={Type='work'},migration_status=None,multiattach=False,previous_status=None,project_id='dabf1fdaefe64ba380a063f9144a1e0e',provider_auth=None,provider_geometry=None,provider_id=None,provider_location=None,replication_driver_data=None,replication_extended_status=None,replication_status=None,scheduled_at=2026-06-29T09:50:09Z,service_uuid=None,shared_targets=True,size=1,snapshot_id=None,snapshots=,source_volid=None,status='creating',terminated_at=None,updated_at=2026-06-29T09:50:09Z,use_quota=True,user_id='af5885d6c2864b248563ec796326bbe8',volume_attachment=VolumeAttachmentList,volume_type=VolumeType(7d606332-cee6-45c6-b2c0-2b7fb8ee3b65),volume_type_id=7d606332-cee6-45c6-b2c0-2b7fb8ee3b65)}" {{(pid=93369) trace_logging_wrapper /opt/stack/cinder/cinder/volume/volume_utils.py:1497}}
Jun 29 11:50:19 devstack cinder-volume[93369]: DEBUG cinder.volume.drivers.remotefs [None req-aa95f299-94a1-4ea2-b800-e432cffcf8a0 tempest-VolumesTestJSON-230202149 None] Creating volume fe83df9d-0b37-4d53-91a9-23882d5b63e1 {{(pid=93369) create_volume /opt/stack/cinder/cinder/volume/drivers/remotefs.py:292}}
Jun 29 11:50:19 devstack cinder-volume[93369]: DEBUG oslo_concurrency.lockutils [None req-aa95f299-94a1-4ea2-b800-e432cffcf8a0 tempest-VolumesTestJSON-230202149 None] Acquiring lock "quobyte_ensure" by "cinder.volume.drivers.quobyte.QuobyteDriver._ensure_shares_mounted" {{(pid=93369) inner /opt/stack/data/venv/lib/python3.12/site-packages/oslo_concurrency/lockutils.py:511}}
Jun 29 11:50:19 devstack cinder-volume[93369]: DEBUG oslo_concurrency.lockutils [None req-aa95f299-94a1-4ea2-b800-e432cffcf8a0 tempest-VolumesTestJSON-230202149 None] Lock "quobyte_ensure" acquired by "cinder.volume.drivers.quobyte.QuobyteDriver._ensure_shares_mounted" :: waited 0.000s {{(pid=93369) inner /opt/stack/data/venv/lib/python3.12/site-packages/oslo_concurrency/lockutils.py:524}}
Jun 29 11:50:19 devstack cinder-volume[93369]: DEBUG cinder.volume.drivers.quobyte [None req-aa95f299-94a1-4ea2-b800-e432cffcf8a0 tempest-VolumesTestJSON-230202149 None] Quobyte Volume URL set to: {'osci02.corp.quobyte.com/cinder-vol-8529f9ae-cde9-42cd-8044-e5d169e6ee57': None} {{(pid=93369) _load_shares_config /opt/stack/cinder/cinder/volume/drivers/quobyte.py:617}}
