Jan 19 15:10:09 devstack devstack@g-api.service[74343]: DEBUG glance.common.config [None req-ae93dfc2-8a9b-4b51-b648-7a396fd98a0c None None] barbican_service_user.auth_type = None {{(pid=74343) log_opt_values /opt/stack/data/venv/lib/python3.10/site-packages/oslo_config/cfg.py:2824}}
Jan 19 15:10:09 devstack devstack@g-api.service[74343]: DEBUG glance.common.config [None req-ae93dfc2-8a9b-4b51-b648-7a396fd98a0c None None] barbican_service_user.cafile = None {{(pid=74343) log_opt_values /opt/stack/data/venv/lib/python3.10/site-packages/oslo_config/cfg.py:2824}}
Jan 19 15:10:09 devstack devstack@g-api.service[74343]: DEBUG glance.common.config [None req-ae93dfc2-8a9b-4b51-b648-7a396fd98a0c None None] barbican_service_user.certfile = None {{(pid=74343) log_opt_values /opt/stack/data/venv/lib/python3.10/site-packages/oslo_config/cfg.py:2824}}
Jan 19 15:10:09 devstack devstack@g-api.service[74343]: DEBUG glance.common.config [None req-ae93dfc2-8a9b-4b51-b648-7a396fd98a0c None None] barbican_service_user.collect_timing = False {{(pid=74343) log_opt_values /opt/stack/data/venv/lib/python3.10/site-packages/oslo_config/cfg.py:2824}}
Jan 19 15:10:09 devstack devstack@g-api.service[74343]: DEBUG glance.common.config [None req-ae93dfc2-8a9b-4b51-b648-7a396fd98a0c None None] barbican_service_user.insecure = False {{(pid=74343) log_opt_values /opt/stack/data/venv/lib/python3.10/site-packages/oslo_config/cfg.py:2824}}
Jan 19 15:10:09 devstack devstack@g-api.service[74343]: DEBUG glance.common.config [None req-ae93dfc2-8a9b-4b51-b648-7a396fd98a0c None None] barbican_service_user.keyfile = None {{(pid=74343) log_opt_values /opt/stack/data/venv/lib/python3.10/site-packages/oslo_config/cfg.py:2824}}
Jan 19 15:10:09 devstack devstack@g-api.service[74343]: DEBUG glance.common.config [None req-ae93dfc2-8a9b-4b51-b648-7a396fd98a0c None None] barbican_service_user.split_loggers = False {{(pid=74343) log_opt_values /opt/stack/data/venv/lib/python3.10/site-packages/oslo_config/cfg.py:2824}}
Jan 19 15:10:09 devstack devstack@g-api.service[74343]: DEBUG glance.common.config [None req-ae93dfc2-8a9b-4b51-b648-7a396fd98a0c None None] barbican_service_user.timeout = None {{(pid=74343) log_opt_values /opt/stack/data/venv/lib/python3.10/site-packages/oslo_config/cfg.py:2824}}
Jan 19 15:10:09 devstack devstack@g-api.service[74343]: DEBUG glance.common.config [None req-ae93dfc2-8a9b-4b51-b648-7a396fd98a0c None None] database.asyncio_connection = **** {{(pid=74343) log_opt_values /opt/stack/data/venv/lib/python3.10/site-packages/oslo_config/cfg.py:2824}}
Jan 19 15:10:09 devstack devstack@g-api.service[74343]: DEBUG glance.common.config [None req-ae93dfc2-8a9b-4b51-b648-7a396fd98a0c None None] database.asyncio_slave_connection = **** {{(pid=74343) log_opt_values /opt/stack/data/venv/lib/python3.10/site-packages/oslo_config/cfg.py:2824}}
Jan 19 15:10:09 devstack devstack@g-api.service[74343]: DEBUG glance.common.config [None req-ae93dfc2-8a9b-4b51-b648-7a396fd98a0c None None] database.backend = sqlalchemy {{(pid=74343) log_opt_values /opt/stack/data/venv/lib/python3.10/site-packages/oslo_config/cfg.py:2824}}
Jan 19 15:10:09 devstack devstack@g-api.service[74343]: DEBUG glance.common.config [None req-ae93dfc2-8a9b-4b51-b648-7a396fd98a0c None None] database.connection = **** {{(pid=74343) log_opt_values /opt/stack/data/venv/lib/python3.10/site-packages/oslo_config/cfg.py:2824}}
Jan 19 15:10:09 devstack devstack@g-api.service[74343]: DEBUG glance.common.config [None req-ae93dfc2-8a9b-4b51-b648-7a396fd98a0c None None] database.connection_debug = 0 {{(pid=74343) log_opt_values /opt/stack/data/venv/lib/python3.10/site-packages/oslo_config/cfg.py:2824}}
Jan 19 15:10:09 devstack devstack@g-api.service[74343]: DEBUG glance.common.config [None req-ae93dfc2-8a9b-4b51-b648-7a396fd98a0c None None] database.connection_parameters = {{(pid=74343) log_opt_values /opt/stack/data/venv/lib/python3.10/site-packages/oslo_config/cfg.py:2824}}
Jan 19 15:10:09 devstack devstack@g-api.service[74343]: DEBUG glance.common.config [None req-ae93dfc2-8a9b-4b51-b648-7a396fd98a0c None None] database.connection_recycle_time = 3600 {{(pid=74343) log_opt_values /opt/stack/data/venv/lib/python3.10/site-packages/oslo_config/cfg.py:2824}}
Jan 19 15:10:09 devstack devstack@g-api.service[74343]: DEBUG glance.common.config [None req-ae93dfc2-8a9b-4b51-b648-7a396fd98a0c None None] database.connection_trace = False {{(pid=74343) log_opt_values /opt/stack/data/venv/lib/python3.10/site-packages/oslo_config/cfg.py:2824}}
Jan 19 15:10:09 devstack devstack@g-api.service[74343]: DEBUG glance.common.config [None req-ae93dfc2-8a9b-4b51-b648-7a396fd98a0c None None] database.db_inc_retry_interval = True {{(pid=74343) log_opt_values /opt/stack/data/venv/lib/python3.10/site-packages/oslo_config/cfg.py:2824}}
Jan 19 15:10:09 devstack devstack@g-api.service[74343]: DEBUG glance.common.config [None req-ae93dfc2-8a9b-4b51-b648-7a396fd98a0c None None] database.db_max_retries = 20 {{(pid=74343) log_opt_values /opt/stack/data/venv/lib/python3.10/site-packages/oslo_config/cfg.py:2824}}
Jan 19 15:10:09 devstack devstack@g-api.service[74343]: DEBUG glance.common.config [None req-ae93dfc2-8a9b-4b51-b648-7a396fd98a0c None None] database.db_max_retry_interval = 10 {{(pid=74343) log_opt_values /opt/stack/data/venv/lib/python3.10/site-packages/oslo_config/cfg.py:2824}}
Jan 19 15:10:09 devstack devstack@g-api.service[74343]: DEBUG glance.common.config [None req-ae93dfc2-8a9b-4b51-b648-7a396fd98a0c None None] database.db_retry_interval = 1 {{(pid=74343) log_opt_values /opt/stack/data/venv/lib/python3.10/site-packages/oslo_config/cfg.py:2824}}
Jan 19 15:10:09 devstack devstack@g-api.service[74343]: DEBUG glance.common.config [None req-ae93dfc2-8a9b-4b51-b648-7a396fd98a0c None None] database.max_overflow = 50 {{(pid=74343) log_opt_values /opt/stack/data/venv/lib/python3.10/site-packages/oslo_config/cfg.py:2824}}
Jan 19 15:10:09 devstack devstack@g-api.service[74343]: DEBUG glance.common.config [None req-ae93dfc2-8a9b-4b51-b648-7a396fd98a0c None None] database.max_pool_size = 5 {{(pid=74343) log_opt_values /opt/stack/data/venv/lib/python3.10/site-packages/oslo_config/cfg.py:2824}}
Jan 19 15:10:09 devstack devstack@g-api.service[74343]: DEBUG glance.common.config [None req-ae93dfc2-8a9b-4b51-b648-7a396fd98a0c None None] database.max_retries = 10 {{(pid=74343) log_opt_values /opt/stack/data/venv/lib/python3.10/site-packages/oslo_config/cfg.py:2824}}
Jan 19 15:10:09 devstack devstack@g-api.service[74343]: DEBUG glance.common.config [None req-ae93dfc2-8a9b-4b51-b648-7a396fd98a0c None None] database.mysql_sql_mode = TRADITIONAL {{(pid=74343) log_opt_values /opt/stack/data/venv/lib/python3.10/site-packages/oslo_config/cfg.py:2824}}
Jan 19 15:10:09 devstack devstack@g-api.service[74343]: DEBUG glance.common.config [None req-ae93dfc2-8a9b-4b51-b648-7a396fd98a0c None None] database.mysql_wsrep_sync_wait = None {{(pid=74343) log_opt_values /opt/stack/data/venv/lib/python3.10/site-packages/oslo_config/cfg.py:2824}}
Jan 19 15:10:09 devstack devstack@g-api.service[74343]: DEBUG glance.common.config [None req-ae93dfc2-8a9b-4b51-b648-7a396fd98a0c None None] database.pool_timeout = None {{(pid=74343) log_opt_values /opt/stack/data/venv/lib/python3.10/site-packages/oslo_config/cfg.py:2824}}
Jan 19 15:10:09 devstack devstack@g-api.service[74343]: DEBUG glance.common.config [None req-ae93dfc2-8a9b-4b51-b648-7a396fd98a0c None None] database.retry_interval = 10 {{(pid=74343) log_opt_values /opt/stack/data/venv/lib/python3.10/site-packages/oslo_config/cfg.py:2824}}
Jan 19 15:10:09 devstack devstack@g-api.service[74343]: DEBUG glance.common.config [None req-ae93dfc2-8a9b-4b51-b648-7a396fd98a0c None None] database.slave_connection = **** {{(pid=74343) log_opt_values /opt/stack/data/venv/lib/python3.10/site-packages/oslo_config/cfg.py:2824}}
Jan 19 15:10:09 devstack devstack@g-api.service[74343]: DEBUG glance.common.config [None req-ae93dfc2-8a9b-4b51-b648-7a396fd98a0c None None] database.sqlite_synchronous = True {{(pid=74343) log_opt_values /opt/stack/data/venv/lib/python3.10/site-packages/oslo_config/cfg.py:2824}}
Jan 19 15:10:09 devstack devstack@g-api.service[74343]: DEBUG glance.common.config [None req-ae93dfc2-8a9b-4b51-b648-7a396fd98a0c None None] database.use_db_reconnect = False {{(pid=74343) log_opt_values /opt/stack/data/venv/lib/python3.10/site-packages/oslo_config/cfg.py:2824}}
Jan 19 15:10:09 devstack devstack@g-api.service[74343]: DEBUG glance.common.config [None req-ae93dfc2-8a9b-4b51-b648-7a396fd98a0c None None] healthcheck.allowed_source_ranges = [] {{(pid=74343) log_opt_values /opt/stack/data/venv/lib/python3.10/site-packages/oslo_config/cfg.py:2824}}
Jan 19 15:10:09 devstack devstack@g-api.service[74343]: DEBUG glance.common.config [None req-ae93dfc2-8a9b-4b51-b648-7a396fd98a0c None None] healthcheck.backends = ['disable_by_file'] {{(pid=74343) log_opt_values /opt/stack/data/venv/lib/python3.10/site-packages/oslo_config/cfg.py:2824}}
Jan 19 15:10:09 devstack devstack@g-api.service[74343]: DEBUG glance.common.config [None req-ae93dfc2-8a9b-4b51-b648-7a396fd98a0c None None] healthcheck.detailed = False {{(pid=74343) log_opt_values /opt/stack/data/venv/lib/python3.10/site-packages/oslo_config/cfg.py:2824}}
Jan 19 15:10:09 devstack devstack@g-api.service[74343]: DEBUG glance.common.config [None req-ae93dfc2-8a9b-4b51-b648-7a396fd98a0c None None] healthcheck.disable_by_file_path = None {{(pid=74343) log_opt_values /opt/stack/data/venv/lib/python3.10/site-packages/oslo_config/cfg.py:2824}}
Jan 19 15:10:09 devstack devstack@g-api.service[74343]: DEBUG glance.common.config [None req-ae93dfc2-8a9b-4b51-b648-7a396fd98a0c None None] healthcheck.ignore_proxied_requests = False {{(pid=74343) log_opt_values /opt/stack/data/venv/lib/python3.10/site-packages/oslo_config/cfg.py:2824}}
Jan 19 15:10:09 devstack devstack@g-api.service[74343]: DEBUG glance.common.config [None req-ae93dfc2-8a9b-4b51-b648-7a396fd98a0c None None] ******************************************************************************** {{(pid=74343) log_opt_values /opt/stack/data/venv/lib/python3.10/site-packages/oslo_config/cfg.py:2828}}
Jan 19 15:10:09 devstack devstack@g-api.service[74343]: WSGI app 0 (mountpoint='') ready in 4 seconds on interpreter 0x559166f276a0 pid: 74343 (default app)
Jan 19 15:10:12 devstack devstack@g-api.service[74344]: DEBUG glance.api.middleware.version_negotiation [None req-a23d7bb5-f769-41ef-904e-259f555ca405 None None] Determining version of request: GET / Accept: application/json {{(pid=74344) process_request /opt/stack/glance/glance/api/middleware/version_negotiation.py:44}}
Jan 19 15:10:12 devstack devstack@g-api.service[74344]: DEBUG glance.api.middleware.version_negotiation [None req-a23d7bb5-f769-41ef-904e-259f555ca405 None None] Using url versioning {{(pid=74344) process_request /opt/stack/glance/glance/api/middleware/version_negotiation.py:57}}
Jan 19 15:10:12 devstack devstack@g-api.service[74344]: DEBUG glance.api.middleware.version_negotiation [None req-a23d7bb5-f769-41ef-904e-259f555ca405 None None] Unknown version. Returning version choices. {{(pid=74344) process_request /opt/stack/glance/glance/api/middleware/version_negotiation.py:64}}
Jan 19 15:10:12 devstack devstack@g-api.service[74344]: [pid: 74344|app: 0|req: 2/2] 127.0.0.1 () {34 vars in 519 bytes} [Mon Jan 19 15:10:12 2026] GET / => generated 1459 bytes in 2 msecs (HTTP/1.1 300) 3 headers in 106 bytes (1 switches on core 0)
Jan 19 15:10:12 devstack devstack@g-api.service[74343]: DEBUG glance.api.middleware.version_negotiation [None req-ae93dfc2-8a9b-4b51-b648-7a396fd98a0c None None] Determining version of request: POST /v2/images Accept: */* {{(pid=74343) process_request /opt/stack/glance/glance/api/middleware/version_negotiation.py:44}}
Jan 19 15:10:12 devstack devstack@g-api.service[74343]: DEBUG glance.api.middleware.version_negotiation [None req-ae93dfc2-8a9b-4b51-b648-7a396fd98a0c None None] Using url versioning {{(pid=74343) process_request /opt/stack/glance/glance/api/middleware/version_negotiation.py:57}}
Jan 19 15:10:12 devstack devstack@g-api.service[74343]: DEBUG glance.api.middleware.version_negotiation [None req-ae93dfc2-8a9b-4b51-b648-7a396fd98a0c None None] Matched version: v2 {{(pid=74343) process_request /opt/stack/glance/glance/api/middleware/version_negotiation.py:69}}
Jan 19 15:10:12 devstack devstack@g-api.service[74343]: DEBUG glance.api.middleware.version_negotiation [None req-ae93dfc2-8a9b-4b51-b648-7a396fd98a0c None None] new path /v2/images {{(pid=74343) process_request /opt/stack/glance/glance/api/middleware/version_negotiation.py:70}}
Jan 19 15:10:13 devstack devstack@g-api.service[74343]: [pid: 74343|app: 0|req: 1/3] 127.0.0.1 () {40 vars in 782 bytes} [Mon Jan 19 15:10:12 2026] POST /v2/images => generated 807 bytes in 901 msecs (HTTP/1.1 201) 6 headers in 314 bytes (1 switches on core 0)
Jan 19 15:10:13 devstack devstack@g-api.service[74344]: DEBUG glance.api.middleware.version_negotiation [None req-a23d7bb5-f769-41ef-904e-259f555ca405 None None] Determining version of request: PUT /v2/images/4a391fcc-aea6-45f4-aa31-11b8fb2ba7e4/file Accept: {{(pid=74344) process_request /opt/stack/glance/glance/api/middleware/version_negotiation.py:44}}
Jan 19 15:10:13 devstack devstack@g-api.service[74344]: DEBUG glance.api.middleware.version_negotiation [None req-a23d7bb5-f769-41ef-904e-259f555ca405 None None] Using url versioning {{(pid=74344) process_request /opt/stack/glance/glance/api/middleware/version_negotiation.py:57}}
Jan 19 15:10:13 devstack devstack@g-api.service[74344]: DEBUG glance.api.middleware.version_negotiation [None req-a23d7bb5-f769-41ef-904e-259f555ca405 None None] Matched version: v2 {{(pid=74344) process_request /opt/stack/glance/glance/api/middleware/version_negotiation.py:69}}
Jan 19 15:10:13 devstack devstack@g-api.service[74344]: DEBUG glance.api.middleware.version_negotiation [None req-a23d7bb5-f769-41ef-904e-259f555ca405 None None] new path /v2/images/4a391fcc-aea6-45f4-aa31-11b8fb2ba7e4/file {{(pid=74344) process_request /opt/stack/glance/glance/api/middleware/version_negotiation.py:70}}
Jan 19 15:10:13 devstack devstack@g-api.service[74344]: INFO glance.api.v2.image_data [None req-c6496f11-0112-4ebb-b28d-025a610771ac admin admin] Unable to create trust: no such option collect_timing in group [keystone_authtoken] Use the existing user token.
Jan 19 15:10:14 devstack devstack@g-api.service[74344]: DEBUG glance.location [None req-c6496f11-0112-4ebb-b28d-025a610771ac admin admin] Enabling in-flight format inspection for qcow2 {{(pid=74344) set_data /opt/stack/glance/glance/location.py:616}}
Jan 19 15:10:14 devstack devstack@g-api.service[74344]: DEBUG oslo_utils.imageutils.format_inspector [None req-c6496f11-0112-4ebb-b28d-025a610771ac admin admin] Format inspector for vmdk does not match, excluding from consideration (Signature KDMV not found: b'QFI\xfb') {{(pid=74344) _process_chunk /opt/stack/data/venv/lib/python3.10/site-packages/oslo_utils/imageutils/format_inspector.py:1537}}
Jan 19 15:10:14 devstack devstack@g-api.service[74344]: DEBUG oslo_utils.imageutils.format_inspector [None req-c6496f11-0112-4ebb-b28d-025a610771ac admin admin] Format inspector for vhdx does not match, excluding from consideration (Region signature not found at 30000) {{(pid=74344) _process_chunk /opt/stack/data/venv/lib/python3.10/site-packages/oslo_utils/imageutils/format_inspector.py:1537}}
Jan 19 15:10:14 devstack devstack@g-api.service[74344]: DEBUG glance_store._drivers.filesystem [None req-c6496f11-0112-4ebb-b28d-025a610771ac admin admin] Wrote 21692416 bytes to /opt/stack/data/glance/images/4a391fcc-aea6-45f4-aa31-11b8fb2ba7e4 with checksum 87617e24a5e30cb3b87fda8c0764838f and multihash 9a9bce0083a00939ec17c11febbfc767aa211aaa54f51e75c5a8b271a9b5637c77205a518b7a2007cb391d23cceb01e0e4e8d64832317151bc85b734b92a7be0 {{(pid=74344) add /opt/stack/data/venv/lib/python3.10/site-packages/glance_store/_drivers/filesystem.py:794}}
Jan 19 15:10:14 devstack devstack@g-api.service[74344]: INFO glance.location [None req-c6496f11-0112-4ebb-b28d-025a610771ac admin admin] Image format matched and virtual size computed: 117440512
Jan 19 15:10:14 devstack devstack@g-api.service[74344]: DEBUG glance_store.backend [None req-c6496f11-0112-4ebb-b28d-025a610771ac admin admin] Skipping store.set_acls... not implemented. {{(pid=74344) set_acls /opt/stack/data/venv/lib/python3.10/site-packages/glance_store/backend.py:507}}
Jan 19 15:10:14 devstack devstack@g-api.service[74344]: [pid: 74344|app: 0|req: 3/4] 127.0.0.1 () {40 vars in 875 bytes} [Mon Jan 19 15:10:13 2026] PUT /v2/images/4a391fcc-aea6-45f4-aa31-11b8fb2ba7e4/file => generated 0 bytes in 1308 msecs (HTTP/1.1 204) 4 headers in 171 bytes (1 switches on core 0)
Jan 19 15:10:14 devstack devstack@g-api.service[74343]: DEBUG glance.api.middleware.version_negotiation [None req-0ac20ae0-6478-466a-a8b1-d20dd48ff98f admin admin] Determining version of request: GET /v2/images/4a391fcc-aea6-45f4-aa31-11b8fb2ba7e4 Accept: */* {{(pid=74343) process_request /opt/stack/glance/glance/api/middleware/version_negotiation.py:44}}
Jan 19 15:10:14 devstack devstack@g-api.service[74343]: DEBUG glance.api.middleware.version_negotiation [None req-0ac20ae0-6478-466a-a8b1-d20dd48ff98f admin admin] Using url versioning {{(pid=74343) process_request /opt/stack/glance/glance/api/middleware/version_negotiation.py:57}}
Jan 19 15:10:14 devstack devstack@g-api.service[74343]: DEBUG glance.api.middleware.version_negotiation [None req-0ac20ae0-6478-466a-a8b1-d20dd48ff98f admin admin] Matched version: v2 {{(pid=74343) process_request /opt/stack/glance/glance/api/middleware/version_negotiation.py:69}}
Jan 19 15:10:14 devstack devstack@g-api.service[74343]: DEBUG glance.api.middleware.version_negotiation [None req-0ac20ae0-6478-466a-a8b1-d20dd48ff98f admin admin] new path /v2/images/4a391fcc-aea6-45f4-aa31-11b8fb2ba7e4 {{(pid=74343) process_request /opt/stack/glance/glance/api/middleware/version_negotiation.py:70}}
Jan 19 15:10:14 devstack devstack@g-api.service[74343]: [pid: 74343|app: 0|req: 2/5] 127.0.0.1 () {36 vars in 802 bytes} [Mon Jan 19 15:10:14 2026] GET /v2/images/4a391fcc-aea6-45f4-aa31-11b8fb2ba7e4 => generated 976 bytes in 20 msecs (HTTP/1.1 200) 4 headers in 157 bytes (1 switches on core 0)
Jan 19 15:10:24 devstack devstack@g-api.service[74344]: DEBUG dbcounter [-] [74344] Writing DB stats glance:INSERT=5,glance:SELECT=16,glance:UPDATE=2 {{(pid=74344) stat_writer /opt/stack/data/venv/lib/python3.10/site-packages/dbcounter.py:115}}
Jan 19 15:10:24 devstack devstack@g-api.service[74343]: DEBUG dbcounter [-] [74343] Writing DB stats glance:INSERT=9,glance:SELECT=6 {{(pid=74343) stat_writer /opt/stack/data/venv/lib/python3.10/site-packages/dbcounter.py:115}}
Jan 19 15:10:53 devstack devstack@g-api.service[74344]: DEBUG glance.api.middleware.version_negotiation [None req-c6496f11-0112-4ebb-b28d-025a610771ac admin admin] Determining version of request: GET / Accept: application/json {{(pid=74344) process_request /opt/stack/glance/glance/api/middleware/version_negotiation.py:44}}
Jan 19 15:10:53 devstack devstack@g-api.service[74344]: DEBUG glance.api.middleware.version_negotiation [None req-c6496f11-0112-4ebb-b28d-025a610771ac admin admin] Using url versioning {{(pid=74344) process_request /opt/stack/glance/glance/api/middleware/version_negotiation.py:57}}
Jan 19 15:10:53 devstack devstack@g-api.service[74344]: DEBUG glance.api.middleware.version_negotiation [None req-c6496f11-0112-4ebb-b28d-025a610771ac admin admin] Unknown version. Returning version choices. {{(pid=74344) process_request /opt/stack/glance/glance/api/middleware/version_negotiation.py:64}}
Jan 19 15:10:53 devstack devstack@g-api.service[74344]: [pid: 74344|app: 0|req: 4/6] 127.0.0.1 () {34 vars in 515 bytes} [Mon Jan 19 15:10:53 2026] GET / => generated 1459 bytes in 2 msecs (HTTP/1.1 300) 3 headers in 106 bytes (1 switches on core 0)
Jan 19 15:10:53 devstack devstack@g-api.service[74343]: DEBUG glance.api.middleware.version_negotiation [None req-b871a028-fdf5-4592-8641-c2c72fe81c5b admin admin] Determining version of request: GET /v2/images Accept: application/json {{(pid=74343) process_request /opt/stack/glance/glance/api/middleware/version_negotiation.py:44}}
Jan 19 15:10:53 devstack devstack@g-api.service[74343]: DEBUG glance.api.middleware.version_negotiation [None req-b871a028-fdf5-4592-8641-c2c72fe81c5b admin admin] Using url versioning {{(pid=74343) process_request /opt/stack/glance/glance/api/middleware/version_negotiation.py:57}}
Jan 19 15:10:53 devstack devstack@g-api.service[74343]: DEBUG glance.api.middleware.version_negotiation [None req-b871a028-fdf5-4592-8641-c2c72fe81c5b admin admin] Matched version: v2 {{(pid=74343) process_request /opt/stack/glance/glance/api/middleware/version_negotiation.py:69}}
Jan 19 15:10:53 devstack devstack@g-api.service[74343]: DEBUG glance.api.middleware.version_negotiation [None req-b871a028-fdf5-4592-8641-c2c72fe81c5b admin admin] new path /v2/images {{(pid=74343) process_request /opt/stack/glance/glance/api/middleware/version_negotiation.py:70}}
Jan 19 15:10:53 devstack devstack@g-api.service[74343]: [pid: 74343|app: 0|req: 3/7] 127.0.0.1 () {36 vars in 737 bytes} [Mon Jan 19 15:10:53 2026] GET /v2/images => generated 1045 bytes in 65 msecs (HTTP/1.1 200) 4 headers in 158 bytes (1 switches on core 0)
Jan 19 15:10:59 devstack devstack@g-api.service[74344]: DEBUG glance.api.middleware.version_negotiation [None req-c6496f11-0112-4ebb-b28d-025a610771ac admin admin] Determining version of request: GET / Accept: application/json {{(pid=74344) process_request /opt/stack/glance/glance/api/middleware/version_negotiation.py:44}}
Jan 19 15:10:59 devstack devstack@g-api.service[74344]: DEBUG glance.api.middleware.version_negotiation [None req-c6496f11-0112-4ebb-b28d-025a610771ac admin admin] Using url versioning {{(pid=74344) process_request /opt/stack/glance/glance/api/middleware/version_negotiation.py:57}}
Jan 19 15:10:59 devstack devstack@g-api.service[74344]: DEBUG glance.api.middleware.version_negotiation [None req-c6496f11-0112-4ebb-b28d-025a610771ac admin admin] Unknown version. Returning version choices. {{(pid=74344) process_request /opt/stack/glance/glance/api/middleware/version_negotiation.py:64}}
Jan 19 15:10:59 devstack devstack@g-api.service[74344]: [pid: 74344|app: 0|req: 5/8] 127.0.0.1 () {34 vars in 515 bytes} [Mon Jan 19 15:10:59 2026] GET / => generated 1459 bytes in 2 msecs (HTTP/1.1 300) 3 headers in 106 bytes (1 switches on core 0)
Jan 19 15:10:59 devstack devstack@g-api.service[74343]: DEBUG glance.api.middleware.version_negotiation [None req-5229d05d-4b77-4144-8e53-5405a44a8961 admin admin] Determining version of request: GET /v2/images/4a391fcc-aea6-45f4-aa31-11b8fb2ba7e4 Accept: */* {{(pid=74343) process_request /opt/stack/glance/glance/api/middleware/version_negotiation.py:44}}
Jan 19 15:10:59 devstack devstack@g-api.service[74343]: DEBUG glance.api.middleware.version_negotiation [None req-5229d05d-4b77-4144-8e53-5405a44a8961 admin admin] Using url versioning {{(pid=74343) process_request /opt/stack/glance/glance/api/middleware/version_negotiation.py:57}}
Jan 19 15:10:59 devstack devstack@g-api.service[74343]: DEBUG glance.api.middleware.version_negotiation [None req-5229d05d-4b77-4144-8e53-5405a44a8961 admin admin] Matched version: v2 {{(pid=74343) process_request /opt/stack/glance/glance/api/middleware/version_negotiation.py:69}}
Jan 19 15:10:59 devstack devstack@g-api.service[74343]: DEBUG glance.api.middleware.version_negotiation [None req-5229d05d-4b77-4144-8e53-5405a44a8961 admin admin] new path /v2/images/4a391fcc-aea6-45f4-aa31-11b8fb2ba7e4 {{(pid=74343) process_request /opt/stack/glance/glance/api/middleware/version_negotiation.py:70}}
Jan 19 15:10:59 devstack devstack@g-api.service[74343]: [pid: 74343|app: 0|req: 4/9] 127.0.0.1 () {36 vars in 798 bytes} [Mon Jan 19 15:10:59 2026] GET /v2/images/4a391fcc-aea6-45f4-aa31-11b8fb2ba7e4 => generated 976 bytes in 46 msecs (HTTP/1.1 200) 4 headers in 157 bytes (1 switches on core 0)
Jan 19 15:11:03 devstack devstack@g-api.service[74344]: DEBUG glance.api.middleware.version_negotiation [None req-c6496f11-0112-4ebb-b28d-025a610771ac admin admin] Determining version of request: GET / Accept: application/json {{(pid=74344) process_request /opt/stack/glance/glance/api/middleware/version_negotiation.py:44}}
Jan 19 15:11:03 devstack devstack@g-api.service[74344]: DEBUG glance.api.middleware.version_negotiation [None req-c6496f11-0112-4ebb-b28d-025a610771ac admin admin] Using url versioning {{(pid=74344) process_request /opt/stack/glance/glance/api/middleware/version_negotiation.py:57}}
Jan 19 15:11:03 devstack devstack@g-api.service[74344]: DEBUG glance.api.middleware.version_negotiation [None req-c6496f11-0112-4ebb-b28d-025a610771ac admin admin] Unknown version. Returning version choices. {{(pid=74344) process_request /opt/stack/glance/glance/api/middleware/version_negotiation.py:64}}
Jan 19 15:11:03 devstack devstack@g-api.service[74344]: [pid: 74344|app: 0|req: 6/10] 127.0.0.1 () {34 vars in 515 bytes} [Mon Jan 19 15:11:03 2026] GET / => generated 1459 bytes in 2 msecs (HTTP/1.1 300) 3 headers in 106 bytes (1 switches on core 0)
Jan 19 15:11:03 devstack devstack@g-api.service[74343]: DEBUG glance.api.middleware.version_negotiation [None req-4959961a-174e-4b78-beb3-1d5ff8c98145 admin admin] Determining version of request: GET /v2/images/4a391fcc-aea6-45f4-aa31-11b8fb2ba7e4 Accept: */* {{(pid=74343) process_request /opt/stack/glance/glance/api/middleware/version_negotiation.py:44}}
Jan 19 15:11:03 devstack devstack@g-api.service[74343]: DEBUG glance.api.middleware.version_negotiation [None req-4959961a-174e-4b78-beb3-1d5ff8c98145 admin admin] Using url versioning {{(pid=74343) process_request /opt/stack/glance/glance/api/middleware/version_negotiation.py:57}}
Jan 19 15:11:03 devstack devstack@g-api.service[74343]: DEBUG glance.api.middleware.version_negotiation [None req-4959961a-174e-4b78-beb3-1d5ff8c98145 admin admin] Matched version: v2 {{(pid=74343) process_request /opt/stack/glance/glance/api/middleware/version_negotiation.py:69}}
Jan 19 15:11:03 devstack devstack@g-api.service[74343]: DEBUG glance.api.middleware.version_negotiation [None req-4959961a-174e-4b78-beb3-1d5ff8c98145 admin admin] new path /v2/images/4a391fcc-aea6-45f4-aa31-11b8fb2ba7e4 {{(pid=74343) process_request /opt/stack/glance/glance/api/middleware/version_negotiation.py:70}}
Jan 19 15:11:03 devstack devstack@g-api.service[74343]: [pid: 74343|app: 0|req: 5/11] 127.0.0.1 () {36 vars in 798 bytes} [Mon Jan 19 15:11:03 2026] GET /v2/images/4a391fcc-aea6-45f4-aa31-11b8fb2ba7e4 => generated 976 bytes in 44 msecs (HTTP/1.1 200) 4 headers in 157 bytes (1 switches on core 0)
Jan 19 15:11:13 devstack devstack@g-api.service[74343]: DEBUG dbcounter [-] [74343] Writing DB stats glance:SELECT=5 {{(pid=74343) stat_writer /opt/stack/data/venv/lib/python3.10/site-packages/dbcounter.py:115}}
Jan 19 15:12:27 devstack devstack@g-api.service[74344]: DEBUG glance.api.middleware.version_negotiation [None req-c6496f11-0112-4ebb-b28d-025a610771ac admin admin] Determining version of request: GET / Accept: application/json {{(pid=74344) process_request /opt/stack/glance/glance/api/middleware/version_negotiation.py:44}}
Jan 19 15:12:27 devstack devstack@g-api.service[74344]: DEBUG glance.api.middleware.version_negotiation [None req-c6496f11-0112-4ebb-b28d-025a610771ac admin admin] Using url versioning {{(pid=74344) process_request /opt/stack/glance/glance/api/middleware/version_negotiation.py:57}}
Jan 19 15:12:27 devstack devstack@g-api.service[74344]: DEBUG glance.api.middleware.version_negotiation [None req-c6496f11-0112-4ebb-b28d-025a610771ac admin admin] Unknown version. Returning version choices. {{(pid=74344) process_request /opt/stack/glance/glance/api/middleware/version_negotiation.py:64}}
Jan 19 15:12:27 devstack devstack@g-api.service[74344]: [pid: 74344|app: 0|req: 7/12] 127.0.0.1 () {36 vars in 486 bytes} [Mon Jan 19 15:12:27 2026] GET / => generated 1459 bytes in 2 msecs (HTTP/1.1 300) 3 headers in 106 bytes (1 switches on core 0)
Jan 19 15:13:46 devstack devstack@g-api.service[74343]: DEBUG glance.api.middleware.version_negotiation [None req-f9db4a2a-9670-45f7-85b2-bd0e3260c2b5 admin admin] Determining version of request: GET /v2/images/4a391fcc-aea6-45f4-aa31-11b8fb2ba7e4 Accept: */* {{(pid=74343) process_request /opt/stack/glance/glance/api/middleware/version_negotiation.py:44}}
Jan 19 15:13:46 devstack devstack@g-api.service[74343]: DEBUG glance.api.middleware.version_negotiation [None req-f9db4a2a-9670-45f7-85b2-bd0e3260c2b5 admin admin] Using url versioning {{(pid=74343) process_request /opt/stack/glance/glance/api/middleware/version_negotiation.py:57}}
Jan 19 15:13:46 devstack devstack@g-api.service[74343]: DEBUG glance.api.middleware.version_negotiation [None req-f9db4a2a-9670-45f7-85b2-bd0e3260c2b5 admin admin] Matched version: v2 {{(pid=74343) process_request /opt/stack/glance/glance/api/middleware/version_negotiation.py:69}}
Jan 19 15:13:46 devstack devstack@g-api.service[74343]: DEBUG glance.api.middleware.version_negotiation [None req-f9db4a2a-9670-45f7-85b2-bd0e3260c2b5 admin admin] new path /v2/images/4a391fcc-aea6-45f4-aa31-11b8fb2ba7e4 {{(pid=74343) process_request /opt/stack/glance/glance/api/middleware/version_negotiation.py:70}}
Jan 19 15:13:46 devstack devstack@g-api.service[74343]: WARNING keystonemiddleware.auth_token [None req-f9db4a2a-9670-45f7-85b2-bd0e3260c2b5 admin admin] A valid token was submitted as a service token, but it was not a valid service token. This is incorrect but backwards compatible behaviour. This will be removed in future releases.
Jan 19 15:13:46 devstack devstack@g-api.service[74343]: [pid: 74343|app: 0|req: 6/13] 127.0.0.1 () {42 vars in 1057 bytes} [Mon Jan 19 15:13:46 2026] GET /v2/images/4a391fcc-aea6-45f4-aa31-11b8fb2ba7e4 => generated 976 bytes in 191 msecs (HTTP/1.1 200) 4 headers in 157 bytes (1 switches on core 0)
Jan 19 15:13:46 devstack devstack@g-api.service[74344]: DEBUG glance.api.middleware.version_negotiation [None req-c6496f11-0112-4ebb-b28d-025a610771ac admin admin] Determining version of request: GET /v2/schemas/image Accept: */* {{(pid=74344) process_request /opt/stack/glance/glance/api/middleware/version_negotiation.py:44}}
Jan 19 15:13:46 devstack devstack@g-api.service[74344]: DEBUG glance.api.middleware.version_negotiation [None req-c6496f11-0112-4ebb-b28d-025a610771ac admin admin] Using url versioning {{(pid=74344) process_request /opt/stack/glance/glance/api/middleware/version_negotiation.py:57}}
Jan 19 15:13:46 devstack devstack@g-api.service[74344]: DEBUG glance.api.middleware.version_negotiation [None req-c6496f11-0112-4ebb-b28d-025a610771ac admin admin] Matched version: v2 {{(pid=74344) process_request /opt/stack/glance/glance/api/middleware/version_negotiation.py:69}}
Jan 19 15:13:46 devstack devstack@g-api.service[74344]: DEBUG glance.api.middleware.version_negotiation [None req-c6496f11-0112-4ebb-b28d-025a610771ac admin admin] new path /v2/schemas/image {{(pid=74344) process_request /opt/stack/glance/glance/api/middleware/version_negotiation.py:70}}
Jan 19 15:13:46 devstack devstack@g-api.service[74344]: WARNING keystonemiddleware.auth_token [None req-c6496f11-0112-4ebb-b28d-025a610771ac admin admin] A valid token was submitted as a service token, but it was not a valid service token. This is incorrect but backwards compatible behaviour. This will be removed in future releases.
Jan 19 15:13:46 devstack devstack@g-api.service[74344]: [pid: 74344|app: 0|req: 8/14] 127.0.0.1 () {42 vars in 997 bytes} [Mon Jan 19 15:13:46 2026] GET /v2/schemas/image => generated 6083 bytes in 9 msecs (HTTP/1.1 200) 4 headers in 158 bytes (1 switches on core 0)
Jan 19 15:13:46 devstack devstack@g-api.service[74343]: DEBUG glance.api.middleware.version_negotiation [None req-d5c8a61c-4ffa-499d-9854-58939c98c1bb tempest-TaggedBootDevicesTest-1260314381 tempest-TaggedBootDevicesTest-1260314381-project-member] Determining version of request: GET /v2/schemas/image Accept: */* {{(pid=74343) process_request /opt/stack/glance/glance/api/middleware/version_negotiation.py:44}}
Jan 19 15:13:46 devstack devstack@g-api.service[74343]: DEBUG glance.api.middleware.version_negotiation [None req-d5c8a61c-4ffa-499d-9854-58939c98c1bb tempest-TaggedBootDevicesTest-1260314381 tempest-TaggedBootDevicesTest-1260314381-project-member] Using url versioning {{(pid=74343) process_request /opt/stack/glance/glance/api/middleware/version_negotiation.py:57}}
Jan 19 15:13:46 devstack devstack@g-api.service[74343]: DEBUG glance.api.middleware.version_negotiation [None req-d5c8a61c-4ffa-499d-9854-58939c98c1bb tempest-TaggedBootDevicesTest-1260314381 tempest-TaggedBootDevicesTest-1260314381-project-member] Matched version: v2 {{(pid=74343) process_request /opt/stack/glance/glance/api/middleware/version_negotiation.py:69}}
Jan 19 15:13:46 devstack devstack@g-api.service[74343]: DEBUG glance.api.middleware.version_negotiation [None req-d5c8a61c-4ffa-499d-9854-58939c98c1bb tempest-TaggedBootDevicesTest-1260314381 tempest-TaggedBootDevicesTest-1260314381-project-member] new path /v2/schemas/image {{(pid=74343) process_request /opt/stack/glance/glance/api/middleware/version_negotiation.py:70}}
Jan 19 15:13:46 devstack devstack@g-api.service[74343]: [pid: 74343|app: 0|req: 7/15] 127.0.0.1 () {42 vars in 997 bytes} [Mon Jan 19 15:13:46 2026] GET /v2/schemas/image => generated 6083 bytes in 8 msecs (HTTP/1.1 200) 4 headers in 158 bytes (1 switches on core 0)
Jan 19 15:13:46 devstack devstack@g-api.service[74344]: DEBUG glance.api.middleware.version_negotiation [None req-d5c8a61c-4ffa-499d-9854-58939c98c1bb tempest-TaggedBootDevicesTest-1260314381 tempest-TaggedBootDevicesTest-1260314381-project-member] Determining version of request: GET /v2/images/4a391fcc-aea6-45f4-aa31-11b8fb2ba7e4 Accept: */* {{(pid=74344) process_request /opt/stack/glance/glance/api/middleware/version_negotiation.py:44}}
Jan 19 15:13:46 devstack devstack@g-api.service[74344]: DEBUG glance.api.middleware.version_negotiation [None req-d5c8a61c-4ffa-499d-9854-58939c98c1bb tempest-TaggedBootDevicesTest-1260314381 tempest-TaggedBootDevicesTest-1260314381-project-member] Using url versioning {{(pid=74344) process_request /opt/stack/glance/glance/api/middleware/version_negotiation.py:57}}
Jan 19 15:13:46 devstack devstack@g-api.service[74344]: DEBUG glance.api.middleware.version_negotiation [None req-d5c8a61c-4ffa-499d-9854-58939c98c1bb tempest-TaggedBootDevicesTest-1260314381 tempest-TaggedBootDevicesTest-1260314381-project-member] Matched version: v2 {{(pid=74344) process_request /opt/stack/glance/glance/api/middleware/version_negotiation.py:69}}
Jan 19 15:13:46 devstack devstack@g-api.service[74344]: DEBUG glance.api.middleware.version_negotiation [None req-d5c8a61c-4ffa-499d-9854-58939c98c1bb tempest-TaggedBootDevicesTest-1260314381 tempest-TaggedBootDevicesTest-1260314381-project-member] new path /v2/images/4a391fcc-aea6-45f4-aa31-11b8fb2ba7e4 {{(pid=74344) process_request /opt/stack/glance/glance/api/middleware/version_negotiation.py:70}}
Jan 19 15:13:46 devstack devstack@g-api.service[74344]: [pid: 74344|app: 0|req: 9/16] 127.0.0.1 () {42 vars in 1057 bytes} [Mon Jan 19 15:13:46 2026] GET /v2/images/4a391fcc-aea6-45f4-aa31-11b8fb2ba7e4 => generated 976 bytes in 46 msecs (HTTP/1.1 200) 4 headers in 157 bytes (1 switches on core 0)
Jan 19 15:13:46 devstack devstack@g-api.service[74343]: DEBUG glance.api.middleware.version_negotiation [None req-d5c8a61c-4ffa-499d-9854-58939c98c1bb tempest-TaggedBootDevicesTest-1260314381 tempest-TaggedBootDevicesTest-1260314381-project-member] Determining version of request: GET /v2/schemas/image Accept: */* {{(pid=74343) process_request /opt/stack/glance/glance/api/middleware/version_negotiation.py:44}}
Jan 19 15:13:46 devstack devstack@g-api.service[74343]: DEBUG glance.api.middleware.version_negotiation [None req-d5c8a61c-4ffa-499d-9854-58939c98c1bb tempest-TaggedBootDevicesTest-1260314381 tempest-TaggedBootDevicesTest-1260314381-project-member] Using url versioning {{(pid=74343) process_request /opt/stack/glance/glance/api/middleware/version_negotiation.py:57}}
Jan 19 15:13:46 devstack devstack@g-api.service[74343]: DEBUG glance.api.middleware.version_negotiation [None req-d5c8a61c-4ffa-499d-9854-58939c98c1bb tempest-TaggedBootDevicesTest-1260314381 tempest-TaggedBootDevicesTest-1260314381-project-member] Matched version: v2 {{(pid=74343) process_request /opt/stack/glance/glance/api/middleware/version_negotiation.py:69}}
Jan 19 15:13:46 devstack devstack@g-api.service[74343]: DEBUG glance.api.middleware.version_negotiation [None req-d5c8a61c-4ffa-499d-9854-58939c98c1bb tempest-TaggedBootDevicesTest-1260314381 tempest-TaggedBootDevicesTest-1260314381-project-member] new path /v2/schemas/image {{(pid=74343) process_request /opt/stack/glance/glance/api/middleware/version_negotiation.py:70}}
Jan 19 15:13:46 devstack devstack@g-api.service[74343]: [pid: 74343|app: 0|req: 8/17] 127.0.0.1 () {42 vars in 997 bytes} [Mon Jan 19 15:13:46 2026] GET /v2/schemas/image => generated 6083 bytes in 6 msecs (HTTP/1.1 200) 4 headers in 158 bytes (1 switches on core 0)
Jan 19 15:13:46 devstack devstack@g-api.service[74344]: DEBUG glance.api.middleware.version_negotiation [None req-d5c8a61c-4ffa-499d-9854-58939c98c1bb tempest-TaggedBootDevicesTest-1260314381 tempest-TaggedBootDevicesTest-1260314381-project-member] Determining version of request: GET /v2/schemas/image Accept: */* {{(pid=74344) process_request /opt/stack/glance/glance/api/middleware/version_negotiation.py:44}}
Jan 19 15:13:46 devstack devstack@g-api.service[74344]: DEBUG glance.api.middleware.version_negotiation [None req-d5c8a61c-4ffa-499d-9854-58939c98c1bb tempest-TaggedBootDevicesTest-1260314381 tempest-TaggedBootDevicesTest-1260314381-project-member] Using url versioning {{(pid=74344) process_request /opt/stack/glance/glance/api/middleware/version_negotiation.py:57}}
Jan 19 15:13:46 devstack devstack@g-api.service[74344]: DEBUG glance.api.middleware.version_negotiation [None req-d5c8a61c-4ffa-499d-9854-58939c98c1bb tempest-TaggedBootDevicesTest-1260314381 tempest-TaggedBootDevicesTest-1260314381-project-member] Matched version: v2 {{(pid=74344) process_request /opt/stack/glance/glance/api/middleware/version_negotiation.py:69}}
Jan 19 15:13:46 devstack devstack@g-api.service[74344]: DEBUG glance.api.middleware.version_negotiation [None req-d5c8a61c-4ffa-499d-9854-58939c98c1bb tempest-TaggedBootDevicesTest-1260314381 tempest-TaggedBootDevicesTest-1260314381-project-member] new path /v2/schemas/image {{(pid=74344) process_request /opt/stack/glance/glance/api/middleware/version_negotiation.py:70}}
Jan 19 15:13:46 devstack devstack@g-api.service[74344]: [pid: 74344|app: 0|req: 10/18] 127.0.0.1 () {42 vars in 997 bytes} [Mon Jan 19 15:13:46 2026] GET /v2/schemas/image => generated 6083 bytes in 9 msecs (HTTP/1.1 200) 4 headers in 158 bytes (1 switches on core 0)
Jan 19 15:13:46 devstack devstack@g-api.service[74343]: DEBUG glance.api.middleware.version_negotiation [None req-d5c8a61c-4ffa-499d-9854-58939c98c1bb tempest-TaggedBootDevicesTest-1260314381 tempest-TaggedBootDevicesTest-1260314381-project-member] Determining version of request: GET /v2/images/4a391fcc-aea6-45f4-aa31-11b8fb2ba7e4 Accept: */* {{(pid=74343) process_request /opt/stack/glance/glance/api/middleware/version_negotiation.py:44}}
Jan 19 15:13:46 devstack devstack@g-api.service[74343]: DEBUG glance.api.middleware.version_negotiation [None req-d5c8a61c-4ffa-499d-9854-58939c98c1bb tempest-TaggedBootDevicesTest-1260314381 tempest-TaggedBootDevicesTest-1260314381-project-member] Using url versioning {{(pid=74343) process_request /opt/stack/glance/glance/api/middleware/version_negotiation.py:57}}
Jan 19 15:13:46 devstack devstack@g-api.service[74343]: DEBUG glance.api.middleware.version_negotiation [None req-d5c8a61c-4ffa-499d-9854-58939c98c1bb tempest-TaggedBootDevicesTest-1260314381 tempest-TaggedBootDevicesTest-1260314381-project-member] Matched version: v2 {{(pid=74343) process_request /opt/stack/glance/glance/api/middleware/version_negotiation.py:69}}
Jan 19 15:13:46 devstack devstack@g-api.service[74343]: DEBUG glance.api.middleware.version_negotiation [None req-d5c8a61c-4ffa-499d-9854-58939c98c1bb tempest-TaggedBootDevicesTest-1260314381 tempest-TaggedBootDevicesTest-1260314381-project-member] new path /v2/images/4a391fcc-aea6-45f4-aa31-11b8fb2ba7e4 {{(pid=74343) process_request /opt/stack/glance/glance/api/middleware/version_negotiation.py:70}}
Jan 19 15:13:46 devstack devstack@g-api.service[74343]: [pid: 74343|app: 0|req: 9/19] 127.0.0.1 () {42 vars in 1057 bytes} [Mon Jan 19 15:13:46 2026] GET /v2/images/4a391fcc-aea6-45f4-aa31-11b8fb2ba7e4 => generated 976 bytes in 20 msecs (HTTP/1.1 200) 4 headers in 157 bytes (1 switches on core 0)
Jan 19 15:13:46 devstack devstack@g-api.service[74344]: DEBUG glance.api.middleware.version_negotiation [None req-d5c8a61c-4ffa-499d-9854-58939c98c1bb tempest-TaggedBootDevicesTest-1260314381 tempest-TaggedBootDevicesTest-1260314381-project-member] Determining version of request: GET /v2/schemas/image Accept: */* {{(pid=74344) process_request /opt/stack/glance/glance/api/middleware/version_negotiation.py:44}}
Jan 19 15:13:46 devstack devstack@g-api.service[74344]: DEBUG glance.api.middleware.version_negotiation [None req-d5c8a61c-4ffa-499d-9854-58939c98c1bb tempest-TaggedBootDevicesTest-1260314381 tempest-TaggedBootDevicesTest-1260314381-project-member] Using url versioning {{(pid=74344) process_request /opt/stack/glance/glance/api/middleware/version_negotiation.py:57}}
Jan 19 15:13:46 devstack devstack@g-api.service[74344]: DEBUG glance.api.middleware.version_negotiation [None req-d5c8a61c-4ffa-499d-9854-58939c98c1bb tempest-TaggedBootDevicesTest-1260314381 tempest-TaggedBootDevicesTest-1260314381-project-member] Matched version: v2 {{(pid=74344) process_request /opt/stack/glance/glance/api/middleware/version_negotiation.py:69}}
Jan 19 15:13:46 devstack devstack@g-api.service[74344]: DEBUG glance.api.middleware.version_negotiation [None req-d5c8a61c-4ffa-499d-9854-58939c98c1bb tempest-TaggedBootDevicesTest-1260314381 tempest-TaggedBootDevicesTest-1260314381-project-member] new path /v2/schemas/image {{(pid=74344) process_request /opt/stack/glance/glance/api/middleware/version_negotiation.py:70}}
Jan 19 15:13:46 devstack devstack@g-api.service[74344]: [pid: 74344|app: 0|req: 11/20] 127.0.0.1 () {42 vars in 997 bytes} [Mon Jan 19 15:13:46 2026] GET /v2/schemas/image => generated 6083 bytes in 8 msecs (HTTP/1.1 200) 4 headers in 158 bytes (1 switches on core 0)
Jan 19 15:13:46 devstack devstack@g-api.service[74343]: DEBUG glance.api.middleware.version_negotiation [None req-d5c8a61c-4ffa-499d-9854-58939c98c1bb tempest-TaggedBootDevicesTest-1260314381 tempest-TaggedBootDevicesTest-1260314381-project-member] Determining version of request: GET /v2/schemas/image Accept: */* {{(pid=74343) process_request /opt/stack/glance/glance/api/middleware/version_negotiation.py:44}}
Jan 19 15:13:46 devstack devstack@g-api.service[74343]: DEBUG glance.api.middleware.version_negotiation [None req-d5c8a61c-4ffa-499d-9854-58939c98c1bb tempest-TaggedBootDevicesTest-1260314381 tempest-TaggedBootDevicesTest-1260314381-project-member] Using url versioning {{(pid=74343) process_request /opt/stack/glance/glance/api/middleware/version_negotiation.py:57}}
Jan 19 15:13:46 devstack devstack@g-api.service[74343]: DEBUG glance.api.middleware.version_negotiation [None req-d5c8a61c-4ffa-499d-9854-58939c98c1bb tempest-TaggedBootDevicesTest-1260314381 tempest-TaggedBootDevicesTest-1260314381-project-member] Matched version: v2 {{(pid=74343) process_request /opt/stack/glance/glance/api/middleware/version_negotiation.py:69}}
Jan 19 15:13:46 devstack devstack@g-api.service[74343]: DEBUG glance.api.middleware.version_negotiation [None req-d5c8a61c-4ffa-499d-9854-58939c98c1bb tempest-TaggedBootDevicesTest-1260314381 tempest-TaggedBootDevicesTest-1260314381-project-member] new path /v2/schemas/image {{(pid=74343) process_request /opt/stack/glance/glance/api/middleware/version_negotiation.py:70}}
Jan 19 15:13:46 devstack devstack@g-api.service[74343]: [pid: 74343|app: 0|req: 10/21] 127.0.0.1 () {42 vars in 997 bytes} [Mon Jan 19 15:13:46 2026] GET /v2/schemas/image => generated 6083 bytes in 7 msecs (HTTP/1.1 200) 4 headers in 158 bytes (1 switches on core 0)
Jan 19 15:13:49 devstack devstack@g-api.service[74344]: DEBUG glance.api.middleware.version_negotiation [None req-d5c8a61c-4ffa-499d-9854-58939c98c1bb tempest-TaggedBootDevicesTest-1260314381 tempest-TaggedBootDevicesTest-1260314381-project-member] Determining version of request: GET /v2/images/4a391fcc-aea6-45f4-aa31-11b8fb2ba7e4 Accept: application/json {{(pid=74344) process_request /opt/stack/glance/glance/api/middleware/version_negotiation.py:44}}
Jan 19 15:13:49 devstack devstack@g-api.service[74344]: DEBUG glance.api.middleware.version_negotiation [None req-d5c8a61c-4ffa-499d-9854-58939c98c1bb tempest-TaggedBootDevicesTest-1260314381 tempest-TaggedBootDevicesTest-1260314381-project-member] Using url versioning {{(pid=74344) process_request /opt/stack/glance/glance/api/middleware/version_negotiation.py:57}}
Jan 19 15:13:49 devstack devstack@g-api.service[74344]: DEBUG glance.api.middleware.version_negotiation [None req-d5c8a61c-4ffa-499d-9854-58939c98c1bb tempest-TaggedBootDevicesTest-1260314381 tempest-TaggedBootDevicesTest-1260314381-project-member] Matched version: v2 {{(pid=74344) process_request /opt/stack/glance/glance/api/middleware/version_negotiation.py:69}}
Jan 19 15:13:49 devstack devstack@g-api.service[74344]: DEBUG glance.api.middleware.version_negotiation [None req-d5c8a61c-4ffa-499d-9854-58939c98c1bb tempest-TaggedBootDevicesTest-1260314381 tempest-TaggedBootDevicesTest-1260314381-project-member] new path /v2/images/4a391fcc-aea6-45f4-aa31-11b8fb2ba7e4 {{(pid=74344) process_request /opt/stack/glance/glance/api/middleware/version_negotiation.py:70}}
Jan 19 15:13:49 devstack devstack@g-api.service[74344]: [pid: 74344|app: 0|req: 12/22] 127.0.0.1 () {38 vars in 782 bytes} [Mon Jan 19 15:13:49 2026] GET /v2/images/4a391fcc-aea6-45f4-aa31-11b8fb2ba7e4 => generated 976 bytes in 135 msecs (HTTP/1.1 200) 4 headers in 157 bytes (1 switches on core 0)
Jan 19 15:13:49 devstack devstack@g-api.service[74343]: DEBUG glance.api.middleware.version_negotiation [None req-d5c8a61c-4ffa-499d-9854-58939c98c1bb tempest-TaggedBootDevicesTest-1260314381 tempest-TaggedBootDevicesTest-1260314381-project-member] Determining version of request: GET /v2/images/4a391fcc-aea6-45f4-aa31-11b8fb2ba7e4/file Accept: application/json {{(pid=74343) process_request /opt/stack/glance/glance/api/middleware/version_negotiation.py:44}}
Jan 19 15:13:49 devstack devstack@g-api.service[74343]: DEBUG glance.api.middleware.version_negotiation [None req-d5c8a61c-4ffa-499d-9854-58939c98c1bb tempest-TaggedBootDevicesTest-1260314381 tempest-TaggedBootDevicesTest-1260314381-project-member] Using url versioning {{(pid=74343) process_request /opt/stack/glance/glance/api/middleware/version_negotiation.py:57}}
Jan 19 15:13:49 devstack devstack@g-api.service[74343]: DEBUG glance.api.middleware.version_negotiation [None req-d5c8a61c-4ffa-499d-9854-58939c98c1bb tempest-TaggedBootDevicesTest-1260314381 tempest-TaggedBootDevicesTest-1260314381-project-member] Matched version: v2 {{(pid=74343) process_request /opt/stack/glance/glance/api/middleware/version_negotiation.py:69}}
Jan 19 15:13:49 devstack devstack@g-api.service[74343]: DEBUG glance.api.middleware.version_negotiation [None req-d5c8a61c-4ffa-499d-9854-58939c98c1bb tempest-TaggedBootDevicesTest-1260314381 tempest-TaggedBootDevicesTest-1260314381-project-member] new path /v2/images/4a391fcc-aea6-45f4-aa31-11b8fb2ba7e4/file {{(pid=74343) process_request /opt/stack/glance/glance/api/middleware/version_negotiation.py:70}}
Jan 19 15:13:49 devstack devstack@g-api.service[74343]: DEBUG glance_store._drivers.filesystem [None req-4c8f220c-9be3-48f8-a4e8-4bde78db71ca tempest-AttachSCSIVolumeTestJSON-622287953 tempest-AttachSCSIVolumeTestJSON-622287953-project-admin] Found image at /opt/stack/data/glance/images/4a391fcc-aea6-45f4-aa31-11b8fb2ba7e4. Returning in ChunkedFile. {{(pid=74343) get /opt/stack/data/venv/lib/python3.10/site-packages/glance_store/_drivers/filesystem.py:618}}
Jan 19 15:13:49 devstack devstack@g-api.service[74343]: DEBUG glance.image_cache [None req-4c8f220c-9be3-48f8-a4e8-4bde78db71ca tempest-AttachSCSIVolumeTestJSON-622287953 tempest-AttachSCSIVolumeTestJSON-622287953-project-admin] Tee'ing image '4a391fcc-aea6-45f4-aa31-11b8fb2ba7e4' into cache {{(pid=74343) get_caching_iter /opt/stack/glance/glance/image_cache/__init__.py:350}}
Jan 19 15:13:49 devstack devstack@g-api.service[74344]: DEBUG glance.api.middleware.version_negotiation [None req-13021c37-4eb5-4d09-9b1a-af3dcea50879 tempest-AttachSCSIVolumeTestJSON-622287953 tempest-AttachSCSIVolumeTestJSON-622287953-project-admin] Determining version of request: POST /v2/images Accept: application/json {{(pid=74344) process_request /opt/stack/glance/glance/api/middleware/version_negotiation.py:44}}
Jan 19 15:13:49 devstack devstack@g-api.service[74344]: DEBUG glance.api.middleware.version_negotiation [None req-13021c37-4eb5-4d09-9b1a-af3dcea50879 tempest-AttachSCSIVolumeTestJSON-622287953 tempest-AttachSCSIVolumeTestJSON-622287953-project-admin] Using url versioning {{(pid=74344) process_request /opt/stack/glance/glance/api/middleware/version_negotiation.py:57}}
