Jul 02 08:36:51 devstack cinder-volume[86098]: DEBUG cinder.volume.manager [None req-ae4fc574-4ae6-4c5c-99be-2419941f22ce tempest-ServerActionsTestOtherA-376015573 None] Task 'cinder.volume.flows.manager.create_volume.NotifyVolumeActionTask;volume:create, create.start' (024e84f6-fa1a-4f0c-b3c3-dd4ba8d7c9fc) transitioned into state 'RUNNING' from state 'PENDING' {{(pid=86098) _task_receiver /opt/stack/data/venv/lib/python3.12/site-packages/taskflow/listeners/logging.py:242}}
Jul 02 08:36:51 devstack cinder-volume[86098]: DEBUG cinder.volume.manager [None req-ae4fc574-4ae6-4c5c-99be-2419941f22ce tempest-ServerActionsTestOtherA-376015573 None] Task 'cinder.volume.flows.manager.create_volume.NotifyVolumeActionTask;volume:create, create.start' (024e84f6-fa1a-4f0c-b3c3-dd4ba8d7c9fc) transitioned into state 'SUCCESS' from state 'RUNNING' with result 'None' {{(pid=86098) _task_receiver /opt/stack/data/venv/lib/python3.12/site-packages/taskflow/listeners/logging.py:218}}
Jul 02 08:36:51 devstack cinder-volume[86098]: DEBUG cinder.volume.manager [None req-ae4fc574-4ae6-4c5c-99be-2419941f22ce tempest-ServerActionsTestOtherA-376015573 None] Task 'cinder.volume.flows.manager.create_volume.CreateVolumeFromSpecTask;volume:create' (5c57b2a6-2d4f-417f-aaaf-aea93481d095) transitioned into state 'RUNNING' from state 'PENDING' {{(pid=86098) _task_receiver /opt/stack/data/venv/lib/python3.12/site-packages/taskflow/listeners/logging.py:242}}
Jul 02 08:36:51 devstack cinder-volume[86098]: INFO cinder.volume.flows.manager.create_volume [None req-ae4fc574-4ae6-4c5c-99be-2419941f22ce tempest-ServerActionsTestOtherA-376015573 None] Volume a3a8cf83-fc46-4ee6-95ab-d279e70e159e: being created as raw with specification: {'status': 'creating', 'volume_name': 'volume-a3a8cf83-fc46-4ee6-95ab-d279e70e159e', 'volume_size': 1}
Jul 02 08:36:51 devstack cinder-volume[86098]: DEBUG oslo_concurrency.lockutils [None req-ae4fc574-4ae6-4c5c-99be-2419941f22ce tempest-ServerActionsTestOtherA-376015573 None] Acquiring lock "quobyte" by "cinder.volume.drivers.quobyte.QuobyteDriver.create_volume" {{(pid=86098) inner /opt/stack/data/venv/lib/python3.12/site-packages/oslo_concurrency/lockutils.py:511}}
Jul 02 08:36:52 devstack sudo[89547]: pam_unix(sudo:session): session closed for user root
Jul 02 08:36:52 devstack cinder-volume[86098]: DEBUG oslo_concurrency.processutils [None req-839c13ea-6e51-44ab-bf84-b908ef812412 tempest-SnapshotsActionsTest-631169078 None] CMD "/opt/stack/data/venv/bin/python3.12 -m oslo_concurrency.prlimit --as=1073741824 --cpu=60 -- sudo cinder-rootwrap /etc/cinder/rootwrap.conf env LC_ALL=C qemu-img info -f qcow2 --output=json --force-share /opt/stack/data/cinder/mnt/2cd8b072f4401e8313e5e81c9804a7ea/volume-cbf45596-c643-4076-bebf-853abed0da98" returned: 0 in 1.050s {{(pid=86098) execute /opt/stack/data/venv/lib/python3.12/site-packages/oslo_concurrency/processutils.py:468}}
Jul 02 08:36:52 devstack cinder-volume[86098]: DEBUG oslo_concurrency.processutils [None req-839c13ea-6e51-44ab-bf84-b908ef812412 tempest-SnapshotsActionsTest-631169078 None] Running cmd (subprocess): sudo cinder-rootwrap /etc/cinder/rootwrap.conf qemu-img create -f qcow2 -o backing_file=/opt/stack/data/cinder/mnt/2cd8b072f4401e8313e5e81c9804a7ea/volume-cbf45596-c643-4076-bebf-853abed0da98,backing_fmt=qcow2 /opt/stack/data/cinder/mnt/2cd8b072f4401e8313e5e81c9804a7ea/volume-cbf45596-c643-4076-bebf-853abed0da98.6bc0a941-fbe3-446f-8b6c-7ff7e6568b5c 1G {{(pid=86098) execute /opt/stack/data/venv/lib/python3.12/site-packages/oslo_concurrency/processutils.py:440}}
Jul 02 08:36:52 devstack sudo[89552]: quobyte : PWD=/ ; USER=root ; COMMAND=/opt/stack/data/venv/bin/cinder-rootwrap /etc/cinder/rootwrap.conf qemu-img create -f qcow2 -o backing_file=/opt/stack/data/cinder/mnt/2cd8b072f4401e8313e5e81c9804a7ea/volume-cbf45596-c643-4076-bebf-853abed0da98,backing_fmt=qcow2 /opt/stack/data/cinder/mnt/2cd8b072f4401e8313e5e81c9804a7ea/volume-cbf45596-c643-4076-bebf-853abed0da98.6bc0a941-fbe3-446f-8b6c-7ff7e6568b5c 1G
Jul 02 08:36:52 devstack sudo[89552]: pam_unix(sudo:session): session opened for user root(uid=0) by (uid=1000)
Jul 02 08:36:53 devstack sudo[89552]: pam_unix(sudo:session): session closed for user root
Jul 02 08:36:53 devstack cinder-volume[86098]: DEBUG oslo_concurrency.processutils [None req-839c13ea-6e51-44ab-bf84-b908ef812412 tempest-SnapshotsActionsTest-631169078 None] CMD "sudo cinder-rootwrap /etc/cinder/rootwrap.conf qemu-img create -f qcow2 -o backing_file=/opt/stack/data/cinder/mnt/2cd8b072f4401e8313e5e81c9804a7ea/volume-cbf45596-c643-4076-bebf-853abed0da98,backing_fmt=qcow2 /opt/stack/data/cinder/mnt/2cd8b072f4401e8313e5e81c9804a7ea/volume-cbf45596-c643-4076-bebf-853abed0da98.6bc0a941-fbe3-446f-8b6c-7ff7e6568b5c 1G" returned: 0 in 1.041s {{(pid=86098) execute /opt/stack/data/venv/lib/python3.12/site-packages/oslo_concurrency/processutils.py:468}}
Jul 02 08:36:53 devstack cinder-volume[86098]: DEBUG oslo_concurrency.processutils [None req-839c13ea-6e51-44ab-bf84-b908ef812412 tempest-SnapshotsActionsTest-631169078 None] Running cmd (subprocess): sudo cinder-rootwrap /etc/cinder/rootwrap.conf qemu-img rebase -u -b volume-cbf45596-c643-4076-bebf-853abed0da98 -F qcow2 /opt/stack/data/cinder/mnt/2cd8b072f4401e8313e5e81c9804a7ea/volume-cbf45596-c643-4076-bebf-853abed0da98.6bc0a941-fbe3-446f-8b6c-7ff7e6568b5c {{(pid=86098) execute /opt/stack/data/venv/lib/python3.12/site-packages/oslo_concurrency/processutils.py:440}}
Jul 02 08:36:53 devstack sudo[89558]: quobyte : PWD=/ ; USER=root ; COMMAND=/opt/stack/data/venv/bin/cinder-rootwrap /etc/cinder/rootwrap.conf qemu-img rebase -u -b volume-cbf45596-c643-4076-bebf-853abed0da98 -F qcow2 /opt/stack/data/cinder/mnt/2cd8b072f4401e8313e5e81c9804a7ea/volume-cbf45596-c643-4076-bebf-853abed0da98.6bc0a941-fbe3-446f-8b6c-7ff7e6568b5c
Jul 02 08:36:53 devstack sudo[89558]: pam_unix(sudo:session): session opened for user root(uid=0) by (uid=1000)
Jul 02 08:36:53 devstack sudo[89558]: pam_unix(sudo:session): session closed for user root
Jul 02 08:36:53 devstack cinder-volume[86098]: DEBUG oslo_concurrency.processutils [None req-839c13ea-6e51-44ab-bf84-b908ef812412 tempest-SnapshotsActionsTest-631169078 None] CMD "sudo cinder-rootwrap /etc/cinder/rootwrap.conf qemu-img rebase -u -b volume-cbf45596-c643-4076-bebf-853abed0da98 -F qcow2 /opt/stack/data/cinder/mnt/2cd8b072f4401e8313e5e81c9804a7ea/volume-cbf45596-c643-4076-bebf-853abed0da98.6bc0a941-fbe3-446f-8b6c-7ff7e6568b5c" returned: 0 in 0.782s {{(pid=86098) execute /opt/stack/data/venv/lib/python3.12/site-packages/oslo_concurrency/processutils.py:468}}
Jul 02 08:36:53 devstack cinder-volume[86098]: WARNING cinder.volume.drivers.remotefs [None req-839c13ea-6e51-44ab-bf84-b908ef812412 tempest-SnapshotsActionsTest-631169078 None] /opt/stack/data/cinder/mnt/2cd8b072f4401e8313e5e81c9804a7ea/volume-cbf45596-c643-4076-bebf-853abed0da98.6bc0a941-fbe3-446f-8b6c-7ff7e6568b5c is being set with open permissions: ugo+rw
Jul 02 08:36:53 devstack cinder-volume[86098]: DEBUG oslo_concurrency.processutils [None req-839c13ea-6e51-44ab-bf84-b908ef812412 tempest-SnapshotsActionsTest-631169078 None] Running cmd (subprocess): sudo cinder-rootwrap /etc/cinder/rootwrap.conf chmod ugo+rw /opt/stack/data/cinder/mnt/2cd8b072f4401e8313e5e81c9804a7ea/volume-cbf45596-c643-4076-bebf-853abed0da98.6bc0a941-fbe3-446f-8b6c-7ff7e6568b5c {{(pid=86098) execute /opt/stack/data/venv/lib/python3.12/site-packages/oslo_concurrency/processutils.py:440}}
Jul 02 08:36:53 devstack sudo[89563]: quobyte : PWD=/ ; USER=root ; COMMAND=/opt/stack/data/venv/bin/cinder-rootwrap /etc/cinder/rootwrap.conf chmod ugo+rw /opt/stack/data/cinder/mnt/2cd8b072f4401e8313e5e81c9804a7ea/volume-cbf45596-c643-4076-bebf-853abed0da98.6bc0a941-fbe3-446f-8b6c-7ff7e6568b5c
Jul 02 08:36:53 devstack sudo[89563]: pam_unix(sudo:session): session opened for user root(uid=0) by (uid=1000)
Jul 02 08:36:54 devstack sudo[89563]: pam_unix(sudo:session): session closed for user root
Jul 02 08:36:54 devstack cinder-volume[86098]: DEBUG oslo_concurrency.processutils [None req-839c13ea-6e51-44ab-bf84-b908ef812412 tempest-SnapshotsActionsTest-631169078 None] CMD "sudo cinder-rootwrap /etc/cinder/rootwrap.conf chmod ugo+rw /opt/stack/data/cinder/mnt/2cd8b072f4401e8313e5e81c9804a7ea/volume-cbf45596-c643-4076-bebf-853abed0da98.6bc0a941-fbe3-446f-8b6c-7ff7e6568b5c" returned: 0 in 0.814s {{(pid=86098) execute /opt/stack/data/venv/lib/python3.12/site-packages/oslo_concurrency/processutils.py:468}}
Jul 02 08:36:54 devstack cinder-volume[86098]: DEBUG oslo_concurrency.processutils [None req-839c13ea-6e51-44ab-bf84-b908ef812412 tempest-SnapshotsActionsTest-631169078 None] Running cmd (subprocess): sudo cinder-rootwrap /etc/cinder/rootwrap.conf truncate -s0 /opt/stack/data/cinder/mnt/2cd8b072f4401e8313e5e81c9804a7ea/volume-cbf45596-c643-4076-bebf-853abed0da98.info {{(pid=86098) execute /opt/stack/data/venv/lib/python3.12/site-packages/oslo_concurrency/processutils.py:440}}
Jul 02 08:36:54 devstack sudo[89566]: quobyte : PWD=/ ; USER=root ; COMMAND=/opt/stack/data/venv/bin/cinder-rootwrap /etc/cinder/rootwrap.conf truncate -s0 /opt/stack/data/cinder/mnt/2cd8b072f4401e8313e5e81c9804a7ea/volume-cbf45596-c643-4076-bebf-853abed0da98.info
Jul 02 08:36:54 devstack sudo[89566]: pam_unix(sudo:session): session opened for user root(uid=0) by (uid=1000)
Jul 02 08:36:55 devstack sudo[89566]: pam_unix(sudo:session): session closed for user root
Jul 02 08:36:55 devstack cinder-volume[86098]: DEBUG oslo_concurrency.processutils [None req-839c13ea-6e51-44ab-bf84-b908ef812412 tempest-SnapshotsActionsTest-631169078 None] CMD "sudo cinder-rootwrap /etc/cinder/rootwrap.conf truncate -s0 /opt/stack/data/cinder/mnt/2cd8b072f4401e8313e5e81c9804a7ea/volume-cbf45596-c643-4076-bebf-853abed0da98.info" returned: 0 in 0.845s {{(pid=86098) execute /opt/stack/data/venv/lib/python3.12/site-packages/oslo_concurrency/processutils.py:468}}
Jul 02 08:36:55 devstack cinder-volume[86098]: WARNING cinder.volume.drivers.remotefs [None req-839c13ea-6e51-44ab-bf84-b908ef812412 tempest-SnapshotsActionsTest-631169078 None] /opt/stack/data/cinder/mnt/2cd8b072f4401e8313e5e81c9804a7ea/volume-cbf45596-c643-4076-bebf-853abed0da98.info is being set with open permissions: ugo+rw
Jul 02 08:36:55 devstack cinder-volume[86098]: DEBUG oslo_concurrency.processutils [None req-839c13ea-6e51-44ab-bf84-b908ef812412 tempest-SnapshotsActionsTest-631169078 None] Running cmd (subprocess): sudo cinder-rootwrap /etc/cinder/rootwrap.conf chmod ugo+rw /opt/stack/data/cinder/mnt/2cd8b072f4401e8313e5e81c9804a7ea/volume-cbf45596-c643-4076-bebf-853abed0da98.info {{(pid=86098) execute /opt/stack/data/venv/lib/python3.12/site-packages/oslo_concurrency/processutils.py:440}}
Jul 02 08:36:55 devstack sudo[89569]: quobyte : PWD=/ ; USER=root ; COMMAND=/opt/stack/data/venv/bin/cinder-rootwrap /etc/cinder/rootwrap.conf chmod ugo+rw /opt/stack/data/cinder/mnt/2cd8b072f4401e8313e5e81c9804a7ea/volume-cbf45596-c643-4076-bebf-853abed0da98.info
Jul 02 08:36:55 devstack sudo[89569]: pam_unix(sudo:session): session opened for user root(uid=0) by (uid=1000)
Jul 02 08:36:56 devstack sudo[89569]: pam_unix(sudo:session): session closed for user root
Jul 02 08:36:56 devstack cinder-volume[86098]: DEBUG oslo_concurrency.processutils [None req-839c13ea-6e51-44ab-bf84-b908ef812412 tempest-SnapshotsActionsTest-631169078 None] CMD "sudo cinder-rootwrap /etc/cinder/rootwrap.conf chmod ugo+rw /opt/stack/data/cinder/mnt/2cd8b072f4401e8313e5e81c9804a7ea/volume-cbf45596-c643-4076-bebf-853abed0da98.info" returned: 0 in 0.829s {{(pid=86098) execute /opt/stack/data/venv/lib/python3.12/site-packages/oslo_concurrency/processutils.py:468}}
Jul 02 08:36:56 devstack cinder-volume[86098]: DEBUG oslo_concurrency.lockutils [None req-839c13ea-6e51-44ab-bf84-b908ef812412 tempest-SnapshotsActionsTest-631169078 None] Lock "quobyte" "released" by "cinder.volume.drivers.quobyte.QuobyteDriver.create_snapshot" :: held 5.509s {{(pid=86098) inner /opt/stack/data/venv/lib/python3.12/site-packages/oslo_concurrency/lockutils.py:543}}
Jul 02 08:36:56 devstack cinder-volume[86098]: DEBUG oslo_concurrency.lockutils [None req-ae4fc574-4ae6-4c5c-99be-2419941f22ce tempest-ServerActionsTestOtherA-376015573 None] Lock "quobyte" acquired by "cinder.volume.drivers.quobyte.QuobyteDriver.create_volume" :: waited 4.727s {{(pid=86098) inner /opt/stack/data/venv/lib/python3.12/site-packages/oslo_concurrency/lockutils.py:524}}
Jul 02 08:36:56 devstack cinder-volume[86098]: DEBUG cinder.volume.drivers.quobyte [None req-ae4fc574-4ae6-4c5c-99be-2419941f22ce tempest-ServerActionsTestOtherA-376015573 None] ==> create_volume: call "{'self': , 'volume': Volume(_name_id=None,admin_metadata=,attach_status='detached',availability_zone='nova',bootable=False,cluster=,cluster_name=None,consistencygroup=,consistencygroup_id=None,created_at=2026-07-02T06:36:51Z,deleted=False,deleted_at=None,display_description=None,display_name='tempest-ServerActionsTestOtherA-volume-691656340',ec2_id=None,encryption_key_id=None,glance_metadata=,group=,group_id=None,host='devstack@QuobyteHD#QuobyteHD',id=a3a8cf83-fc46-4ee6-95ab-d279e70e159e,launched_at=None,metadata={},migration_status=None,multiattach=False,previous_status=None,project_id='4eba4811219a4a368f7c3e8ff7b383b7',provider_auth=None,provider_geometry=None,provider_id=None,provider_location=None,replication_driver_data=None,replication_extended_status=None,replication_status=None,scheduled_at=2026-07-02T06:36:52Z,service_uuid=None,shared_targets=True,size=1,snapshot_id=None,snapshots=,source_volid=None,status='creating',terminated_at=None,updated_at=2026-07-02T06:36:52Z,use_quota=True,user_id='c5da794bed8645e5bc7e56d4e8f1eb8f',volume_attachment=VolumeAttachmentList,volume_type=VolumeType(a38d4620-d6e5-494d-a3f5-25608951dddf),volume_type_id=a38d4620-d6e5-494d-a3f5-25608951dddf)}" {{(pid=86098) trace_logging_wrapper /opt/stack/cinder/cinder/volume/volume_utils.py:1497}}
Jul 02 08:36:56 devstack cinder-volume[86098]: DEBUG cinder.volume.drivers.remotefs [None req-ae4fc574-4ae6-4c5c-99be-2419941f22ce tempest-ServerActionsTestOtherA-376015573 None] Creating volume a3a8cf83-fc46-4ee6-95ab-d279e70e159e {{(pid=86098) create_volume /opt/stack/cinder/cinder/volume/drivers/remotefs.py:292}}
Jul 02 08:36:56 devstack cinder-volume[86098]: DEBUG oslo_concurrency.lockutils [None req-ae4fc574-4ae6-4c5c-99be-2419941f22ce tempest-ServerActionsTestOtherA-376015573 None] Acquiring lock "quobyte_ensure" by "cinder.volume.drivers.quobyte.QuobyteDriver._ensure_shares_mounted" {{(pid=86098) inner /opt/stack/data/venv/lib/python3.12/site-packages/oslo_concurrency/lockutils.py:511}}
Jul 02 08:36:56 devstack cinder-volume[86098]: DEBUG oslo_concurrency.lockutils [None req-ae4fc574-4ae6-4c5c-99be-2419941f22ce tempest-ServerActionsTestOtherA-376015573 None] Lock "quobyte_ensure" acquired by "cinder.volume.drivers.quobyte.QuobyteDriver._ensure_shares_mounted" :: waited 0.001s {{(pid=86098) inner /opt/stack/data/venv/lib/python3.12/site-packages/oslo_concurrency/lockutils.py:524}}
Jul 02 08:36:56 devstack cinder-volume[86098]: DEBUG cinder.volume.drivers.quobyte [None req-ae4fc574-4ae6-4c5c-99be-2419941f22ce tempest-ServerActionsTestOtherA-376015573 None] Quobyte Volume URL set to: {'osci02.corp.quobyte.com/cinder-vol-900121b1-93ab-4038-8e4f-58bad442792a': None} {{(pid=86098) _load_shares_config /opt/stack/cinder/cinder/volume/drivers/quobyte.py:617}}
Jul 02 08:36:56 devstack cinder-volume[86098]: DEBUG cinder.volume.drivers.quobyte [None req-ae4fc574-4ae6-4c5c-99be-2419941f22ce tempest-ServerActionsTestOtherA-376015573 None] Available shares ['osci02.corp.quobyte.com/cinder-vol-900121b1-93ab-4038-8e4f-58bad442792a'] {{(pid=86098) _ensure_shares_mounted /opt/stack/cinder/cinder/volume/drivers/quobyte.py:647}}
Jul 02 08:36:56 devstack cinder-volume[86098]: DEBUG oslo_concurrency.lockutils [None req-ae4fc574-4ae6-4c5c-99be-2419941f22ce tempest-ServerActionsTestOtherA-376015573 None] Lock "quobyte_ensure" "released" by "cinder.volume.drivers.quobyte.QuobyteDriver._ensure_shares_mounted" :: held 0.019s {{(pid=86098) inner /opt/stack/data/venv/lib/python3.12/site-packages/oslo_concurrency/lockutils.py:543}}
Jul 02 08:36:56 devstack cinder-volume[86098]: DEBUG cinder.volume.drivers.quobyte [None req-ae4fc574-4ae6-4c5c-99be-2419941f22ce tempest-ServerActionsTestOtherA-376015573 None] Selected osci02.corp.quobyte.com/cinder-vol-900121b1-93ab-4038-8e4f-58bad442792a as target Quobyte volume. {{(pid=86098) _find_share /opt/stack/cinder/cinder/volume/drivers/quobyte.py:668}}
Jul 02 08:36:56 devstack cinder-volume[86098]: INFO cinder.volume.drivers.remotefs [None req-ae4fc574-4ae6-4c5c-99be-2419941f22ce tempest-ServerActionsTestOtherA-376015573 None] casted to osci02.corp.quobyte.com/cinder-vol-900121b1-93ab-4038-8e4f-58bad442792a
Jul 02 08:36:56 devstack cinder-volume[86098]: DEBUG oslo_concurrency.processutils [None req-ae4fc574-4ae6-4c5c-99be-2419941f22ce tempest-ServerActionsTestOtherA-376015573 None] Running cmd (subprocess): sudo cinder-rootwrap /etc/cinder/rootwrap.conf qemu-img create -f qcow2 -o preallocation=metadata /opt/stack/data/cinder/mnt/2cd8b072f4401e8313e5e81c9804a7ea/volume-a3a8cf83-fc46-4ee6-95ab-d279e70e159e 1073741824 {{(pid=86098) execute /opt/stack/data/venv/lib/python3.12/site-packages/oslo_concurrency/processutils.py:440}}
Jul 02 08:36:56 devstack sudo[89572]: quobyte : PWD=/ ; USER=root ; COMMAND=/opt/stack/data/venv/bin/cinder-rootwrap /etc/cinder/rootwrap.conf qemu-img create -f qcow2 -o preallocation=metadata /opt/stack/data/cinder/mnt/2cd8b072f4401e8313e5e81c9804a7ea/volume-a3a8cf83-fc46-4ee6-95ab-d279e70e159e 1073741824
Jul 02 08:36:56 devstack sudo[89572]: pam_unix(sudo:session): session opened for user root(uid=0) by (uid=1000)
Jul 02 08:36:56 devstack cinder-volume[86098]: INFO cinder.volume.manager [None req-839c13ea-6e51-44ab-bf84-b908ef812412 tempest-SnapshotsActionsTest-631169078 None] Create snapshot completed successfully
Jul 02 08:36:57 devstack sudo[89572]: pam_unix(sudo:session): session closed for user root
Jul 02 08:36:57 devstack cinder-volume[86098]: DEBUG oslo_concurrency.processutils [None req-ae4fc574-4ae6-4c5c-99be-2419941f22ce tempest-ServerActionsTestOtherA-376015573 None] CMD "sudo cinder-rootwrap /etc/cinder/rootwrap.conf qemu-img create -f qcow2 -o preallocation=metadata /opt/stack/data/cinder/mnt/2cd8b072f4401e8313e5e81c9804a7ea/volume-a3a8cf83-fc46-4ee6-95ab-d279e70e159e 1073741824" returned: 0 in 1.218s {{(pid=86098) execute /opt/stack/data/venv/lib/python3.12/site-packages/oslo_concurrency/processutils.py:468}}
Jul 02 08:36:57 devstack cinder-volume[86098]: DEBUG oslo_concurrency.processutils [None req-ae4fc574-4ae6-4c5c-99be-2419941f22ce tempest-ServerActionsTestOtherA-376015573 None] Running cmd (subprocess): sudo cinder-rootwrap /etc/cinder/rootwrap.conf chmod ugo+rw /opt/stack/data/cinder/mnt/2cd8b072f4401e8313e5e81c9804a7ea/volume-a3a8cf83-fc46-4ee6-95ab-d279e70e159e {{(pid=86098) execute /opt/stack/data/venv/lib/python3.12/site-packages/oslo_concurrency/processutils.py:440}}
Jul 02 08:36:57 devstack sudo[89583]: quobyte : PWD=/ ; USER=root ; COMMAND=/opt/stack/data/venv/bin/cinder-rootwrap /etc/cinder/rootwrap.conf chmod ugo+rw /opt/stack/data/cinder/mnt/2cd8b072f4401e8313e5e81c9804a7ea/volume-a3a8cf83-fc46-4ee6-95ab-d279e70e159e
Jul 02 08:36:57 devstack sudo[89583]: pam_unix(sudo:session): session opened for user root(uid=0) by (uid=1000)
Jul 02 08:36:58 devstack cinder-volume[86098]: DEBUG oslo_concurrency.lockutils [None req-4031dd18-c3b1-4fd0-bb77-547d58f9a360 tempest-SnapshotsActionsTest-631169078 None] Acquiring lock "quobyte" by "cinder.volume.drivers.quobyte.QuobyteDriver.create_snapshot" {{(pid=86098) inner /opt/stack/data/venv/lib/python3.12/site-packages/oslo_concurrency/lockutils.py:511}}
Jul 02 08:36:58 devstack sudo[89583]: pam_unix(sudo:session): session closed for user root
Jul 02 08:36:58 devstack cinder-volume[86098]: DEBUG oslo_concurrency.processutils [None req-ae4fc574-4ae6-4c5c-99be-2419941f22ce tempest-ServerActionsTestOtherA-376015573 None] CMD "sudo cinder-rootwrap /etc/cinder/rootwrap.conf chmod ugo+rw /opt/stack/data/cinder/mnt/2cd8b072f4401e8313e5e81c9804a7ea/volume-a3a8cf83-fc46-4ee6-95ab-d279e70e159e" returned: 0 in 1.012s {{(pid=86098) execute /opt/stack/data/venv/lib/python3.12/site-packages/oslo_concurrency/processutils.py:468}}
Jul 02 08:36:58 devstack cinder-volume[86098]: DEBUG cinder.volume.drivers.quobyte [None req-ae4fc574-4ae6-4c5c-99be-2419941f22ce tempest-ServerActionsTestOtherA-376015573 None] <== create_volume: return (2329ms) {'provider_location': 'osci02.corp.quobyte.com/cinder-vol-900121b1-93ab-4038-8e4f-58bad442792a'} {{(pid=86098) trace_logging_wrapper /opt/stack/cinder/cinder/volume/volume_utils.py:1522}}
Jul 02 08:36:58 devstack cinder-volume[86098]: DEBUG oslo_concurrency.lockutils [None req-ae4fc574-4ae6-4c5c-99be-2419941f22ce tempest-ServerActionsTestOtherA-376015573 None] Lock "quobyte" "released" by "cinder.volume.drivers.quobyte.QuobyteDriver.create_volume" :: held 2.335s {{(pid=86098) inner /opt/stack/data/venv/lib/python3.12/site-packages/oslo_concurrency/lockutils.py:543}}
Jul 02 08:36:58 devstack cinder-volume[86098]: DEBUG oslo_concurrency.lockutils [None req-4031dd18-c3b1-4fd0-bb77-547d58f9a360 tempest-SnapshotsActionsTest-631169078 None] Lock "quobyte" acquired by "cinder.volume.drivers.quobyte.QuobyteDriver.create_snapshot" :: waited 0.420s {{(pid=86098) inner /opt/stack/data/venv/lib/python3.12/site-packages/oslo_concurrency/lockutils.py:524}}
Jul 02 08:36:58 devstack cinder-volume[86098]: DEBUG cinder.volume.manager [None req-ae4fc574-4ae6-4c5c-99be-2419941f22ce tempest-ServerActionsTestOtherA-376015573 None] Task 'cinder.volume.flows.manager.create_volume.CreateVolumeFromSpecTask;volume:create' (5c57b2a6-2d4f-417f-aaaf-aea93481d095) transitioned into state 'SUCCESS' from state 'RUNNING' with result '{'status': 'creating', 'volume_name': 'volume-a3a8cf83-fc46-4ee6-95ab-d279e70e159e', 'volume_size': 1}' {{(pid=86098) _task_receiver /opt/stack/data/venv/lib/python3.12/site-packages/taskflow/listeners/logging.py:218}}
Jul 02 08:36:58 devstack cinder-volume[86098]: DEBUG cinder.volume.manager [None req-ae4fc574-4ae6-4c5c-99be-2419941f22ce tempest-ServerActionsTestOtherA-376015573 None] Task 'cinder.volume.flows.manager.create_volume.CreateVolumeOnFinishTask;volume:create, create.end' (0fe2cc6c-404b-41da-83a3-8e8d6e82c46a) transitioned into state 'RUNNING' from state 'PENDING' {{(pid=86098) _task_receiver /opt/stack/data/venv/lib/python3.12/site-packages/taskflow/listeners/logging.py:242}}
Jul 02 08:36:58 devstack cinder-volume[86098]: DEBUG cinder.volume.drivers.remotefs [None req-4031dd18-c3b1-4fd0-bb77-547d58f9a360 tempest-SnapshotsActionsTest-631169078 None] Creating offline snapshot 0ff500e9-82e2-40aa-a2f5-bc6f0ca61cdd of volume cbf45596-c643-4076-bebf-853abed0da98 {{(pid=86098) _create_snapshot /opt/stack/cinder/cinder/volume/drivers/remotefs.py:1816}}
Jul 02 08:36:58 devstack cinder-volume[86098]: INFO cinder.volume.flows.manager.create_volume [None req-ae4fc574-4ae6-4c5c-99be-2419941f22ce tempest-ServerActionsTestOtherA-376015573 None] Volume volume-a3a8cf83-fc46-4ee6-95ab-d279e70e159e (a3a8cf83-fc46-4ee6-95ab-d279e70e159e): created successfully
Jul 02 08:36:58 devstack cinder-volume[86098]: DEBUG cinder.volume.manager [None req-ae4fc574-4ae6-4c5c-99be-2419941f22ce tempest-ServerActionsTestOtherA-376015573 None] Task 'cinder.volume.flows.manager.create_volume.CreateVolumeOnFinishTask;volume:create, create.end' (0fe2cc6c-404b-41da-83a3-8e8d6e82c46a) transitioned into state 'SUCCESS' from state 'RUNNING' with result 'None' {{(pid=86098) _task_receiver /opt/stack/data/venv/lib/python3.12/site-packages/taskflow/listeners/logging.py:218}}
Jul 02 08:36:58 devstack cinder-volume[86098]: DEBUG cinder.volume.manager [None req-ae4fc574-4ae6-4c5c-99be-2419941f22ce tempest-ServerActionsTestOtherA-376015573 None] Flow 'volume_create_manager' (74d1cf7b-1c8f-4abf-82b1-2fbab07c33fc) transitioned into state 'SUCCESS' from state 'RUNNING' {{(pid=86098) _flow_receiver /opt/stack/data/venv/lib/python3.12/site-packages/taskflow/listeners/logging.py:160}}
Jul 02 08:36:58 devstack cinder-volume[86098]: DEBUG oslo.privsep.daemon [-] privsep: reply[a88974fb-2649-49cb-b53a-a8cf3d233513]: (4, 'qcow2') {{(pid=87004) _call_back /opt/stack/data/venv/lib/python3.12/site-packages/oslo_privsep/daemon.py:580}}
Jul 02 08:36:58 devstack cinder-volume[86098]: DEBUG oslo_concurrency.processutils [None req-4031dd18-c3b1-4fd0-bb77-547d58f9a360 tempest-SnapshotsActionsTest-631169078 None] Running cmd (subprocess): /opt/stack/data/venv/bin/python3.12 -m oslo_concurrency.prlimit --as=1073741824 --cpu=60 -- sudo cinder-rootwrap /etc/cinder/rootwrap.conf env LC_ALL=C qemu-img info -f qcow2 --output=json --force-share /opt/stack/data/cinder/mnt/2cd8b072f4401e8313e5e81c9804a7ea/volume-cbf45596-c643-4076-bebf-853abed0da98.6bc0a941-fbe3-446f-8b6c-7ff7e6568b5c {{(pid=86098) execute /opt/stack/data/venv/lib/python3.12/site-packages/oslo_concurrency/processutils.py:440}}
Jul 02 08:36:58 devstack cinder-volume[86098]: INFO cinder.volume.manager [None req-ae4fc574-4ae6-4c5c-99be-2419941f22ce tempest-ServerActionsTestOtherA-376015573 None] Created volume successfully.
Jul 02 08:36:59 devstack sudo[89601]: quobyte : PWD=/ ; USER=root ; COMMAND=/opt/stack/data/venv/bin/cinder-rootwrap /etc/cinder/rootwrap.conf env LC_ALL=C qemu-img info -f qcow2 --output=json --force-share /opt/stack/data/cinder/mnt/2cd8b072f4401e8313e5e81c9804a7ea/volume-cbf45596-c643-4076-bebf-853abed0da98.6bc0a941-fbe3-446f-8b6c-7ff7e6568b5c
Jul 02 08:36:59 devstack sudo[89601]: pam_unix(sudo:session): session opened for user root(uid=0) by (uid=1000)
Jul 02 08:36:59 devstack sudo[89601]: pam_unix(sudo:session): session closed for user root
Jul 02 08:36:59 devstack cinder-volume[86098]: DEBUG oslo_concurrency.processutils [None req-4031dd18-c3b1-4fd0-bb77-547d58f9a360 tempest-SnapshotsActionsTest-631169078 None] CMD "/opt/stack/data/venv/bin/python3.12 -m oslo_concurrency.prlimit --as=1073741824 --cpu=60 -- sudo cinder-rootwrap /etc/cinder/rootwrap.conf env LC_ALL=C qemu-img info -f qcow2 --output=json --force-share /opt/stack/data/cinder/mnt/2cd8b072f4401e8313e5e81c9804a7ea/volume-cbf45596-c643-4076-bebf-853abed0da98.6bc0a941-fbe3-446f-8b6c-7ff7e6568b5c" returned: 0 in 0.845s {{(pid=86098) execute /opt/stack/data/venv/lib/python3.12/site-packages/oslo_concurrency/processutils.py:468}}
Jul 02 08:36:59 devstack cinder-volume[86098]: DEBUG cinder.volume.drivers.remotefs [None req-4031dd18-c3b1-4fd0-bb77-547d58f9a360 tempest-SnapshotsActionsTest-631169078 None] Fetching qemu-img info with special backing_file_template: (/opt/stack/data/cinder/mnt/[0-9a-f]+/)?(volume-cbf45596-c643-4076-bebf-853abed0da98(.(tmp-snap-)?[0-9a-f-]+)?|volume_from_snapshot_cache/(tmp-snap-)?[0-9a-f-]+(.(child-|parent-)[0-9a-f-]+)?)$ {{(pid=86098) _qemu_img_info_base /opt/stack/cinder/cinder/volume/drivers/remotefs.py:896}}
Jul 02 08:36:59 devstack cinder-volume[86098]: DEBUG oslo_concurrency.processutils [None req-4031dd18-c3b1-4fd0-bb77-547d58f9a360 tempest-SnapshotsActionsTest-631169078 None] Running cmd (subprocess): sudo cinder-rootwrap /etc/cinder/rootwrap.conf qemu-img create -f qcow2 -o backing_file=/opt/stack/data/cinder/mnt/2cd8b072f4401e8313e5e81c9804a7ea/volume-cbf45596-c643-4076-bebf-853abed0da98.6bc0a941-fbe3-446f-8b6c-7ff7e6568b5c,backing_fmt=qcow2 /opt/stack/data/cinder/mnt/2cd8b072f4401e8313e5e81c9804a7ea/volume-cbf45596-c643-4076-bebf-853abed0da98.0ff500e9-82e2-40aa-a2f5-bc6f0ca61cdd 1G {{(pid=86098) execute /opt/stack/data/venv/lib/python3.12/site-packages/oslo_concurrency/processutils.py:440}}
Jul 02 08:36:59 devstack sudo[89606]: quobyte : PWD=/ ; USER=root ; COMMAND=/opt/stack/data/venv/bin/cinder-rootwrap /etc/cinder/rootwrap.conf qemu-img create -f qcow2 -o backing_file=/opt/stack/data/cinder/mnt/2cd8b072f4401e8313e5e81c9804a7ea/volume-cbf45596-c643-4076-bebf-853abed0da98.6bc0a941-fbe3-446f-8b6c-7ff7e6568b5c,backing_fmt=qcow2 /opt/stack/data/cinder/mnt/2cd8b072f4401e8313e5e81c9804a7ea/volume-cbf45596-c643-4076-bebf-853abed0da98.0ff500e9-82e2-40aa-a2f5-bc6f0ca61cdd 1G
Jul 02 08:36:59 devstack sudo[89606]: pam_unix(sudo:session): session opened for user root(uid=0) by (uid=1000)
Jul 02 08:37:00 devstack sudo[89606]: pam_unix(sudo:session): session closed for user root
Jul 02 08:37:00 devstack cinder-volume[86098]: DEBUG oslo_concurrency.processutils [None req-4031dd18-c3b1-4fd0-bb77-547d58f9a360 tempest-SnapshotsActionsTest-631169078 None] CMD "sudo cinder-rootwrap /etc/cinder/rootwrap.conf qemu-img create -f qcow2 -o backing_file=/opt/stack/data/cinder/mnt/2cd8b072f4401e8313e5e81c9804a7ea/volume-cbf45596-c643-4076-bebf-853abed0da98.6bc0a941-fbe3-446f-8b6c-7ff7e6568b5c,backing_fmt=qcow2 /opt/stack/data/cinder/mnt/2cd8b072f4401e8313e5e81c9804a7ea/volume-cbf45596-c643-4076-bebf-853abed0da98.0ff500e9-82e2-40aa-a2f5-bc6f0ca61cdd 1G" returned: 0 in 1.150s {{(pid=86098) execute /opt/stack/data/venv/lib/python3.12/site-packages/oslo_concurrency/processutils.py:468}}
Jul 02 08:37:00 devstack cinder-volume[86098]: DEBUG oslo_concurrency.processutils [None req-4031dd18-c3b1-4fd0-bb77-547d58f9a360 tempest-SnapshotsActionsTest-631169078 None] Running cmd (subprocess): sudo cinder-rootwrap /etc/cinder/rootwrap.conf qemu-img rebase -u -b volume-cbf45596-c643-4076-bebf-853abed0da98.6bc0a941-fbe3-446f-8b6c-7ff7e6568b5c -F qcow2 /opt/stack/data/cinder/mnt/2cd8b072f4401e8313e5e81c9804a7ea/volume-cbf45596-c643-4076-bebf-853abed0da98.0ff500e9-82e2-40aa-a2f5-bc6f0ca61cdd {{(pid=86098) execute /opt/stack/data/venv/lib/python3.12/site-packages/oslo_concurrency/processutils.py:440}}
Jul 02 08:37:00 devstack sudo[89615]: quobyte : PWD=/ ; USER=root ; COMMAND=/opt/stack/data/venv/bin/cinder-rootwrap /etc/cinder/rootwrap.conf qemu-img rebase -u -b volume-cbf45596-c643-4076-bebf-853abed0da98.6bc0a941-fbe3-446f-8b6c-7ff7e6568b5c -F qcow2 /opt/stack/data/cinder/mnt/2cd8b072f4401e8313e5e81c9804a7ea/volume-cbf45596-c643-4076-bebf-853abed0da98.0ff500e9-82e2-40aa-a2f5-bc6f0ca61cdd
Jul 02 08:37:00 devstack sudo[89615]: pam_unix(sudo:session): session opened for user root(uid=0) by (uid=1000)
Jul 02 08:37:01 devstack sudo[89615]: pam_unix(sudo:session): session closed for user root
Jul 02 08:37:01 devstack cinder-volume[86098]: DEBUG oslo_concurrency.processutils [None req-4031dd18-c3b1-4fd0-bb77-547d58f9a360 tempest-SnapshotsActionsTest-631169078 None] CMD "sudo cinder-rootwrap /etc/cinder/rootwrap.conf qemu-img rebase -u -b volume-cbf45596-c643-4076-bebf-853abed0da98.6bc0a941-fbe3-446f-8b6c-7ff7e6568b5c -F qcow2 /opt/stack/data/cinder/mnt/2cd8b072f4401e8313e5e81c9804a7ea/volume-cbf45596-c643-4076-bebf-853abed0da98.0ff500e9-82e2-40aa-a2f5-bc6f0ca61cdd" returned: 0 in 0.850s {{(pid=86098) execute /opt/stack/data/venv/lib/python3.12/site-packages/oslo_concurrency/processutils.py:468}}
Jul 02 08:37:01 devstack cinder-volume[86098]: WARNING cinder.volume.drivers.remotefs [None req-4031dd18-c3b1-4fd0-bb77-547d58f9a360 tempest-SnapshotsActionsTest-631169078 None] /opt/stack/data/cinder/mnt/2cd8b072f4401e8313e5e81c9804a7ea/volume-cbf45596-c643-4076-bebf-853abed0da98.0ff500e9-82e2-40aa-a2f5-bc6f0ca61cdd is being set with open permissions: ugo+rw
Jul 02 08:37:01 devstack cinder-volume[86098]: DEBUG oslo_concurrency.processutils [None req-4031dd18-c3b1-4fd0-bb77-547d58f9a360 tempest-SnapshotsActionsTest-631169078 None] Running cmd (subprocess): sudo cinder-rootwrap /etc/cinder/rootwrap.conf chmod ugo+rw /opt/stack/data/cinder/mnt/2cd8b072f4401e8313e5e81c9804a7ea/volume-cbf45596-c643-4076-bebf-853abed0da98.0ff500e9-82e2-40aa-a2f5-bc6f0ca61cdd {{(pid=86098) execute /opt/stack/data/venv/lib/python3.12/site-packages/oslo_concurrency/processutils.py:440}}
Jul 02 08:37:01 devstack sudo[89624]: quobyte : PWD=/ ; USER=root ; COMMAND=/opt/stack/data/venv/bin/cinder-rootwrap /etc/cinder/rootwrap.conf chmod ugo+rw /opt/stack/data/cinder/mnt/2cd8b072f4401e8313e5e81c9804a7ea/volume-cbf45596-c643-4076-bebf-853abed0da98.0ff500e9-82e2-40aa-a2f5-bc6f0ca61cdd
Jul 02 08:37:01 devstack sudo[89624]: pam_unix(sudo:session): session opened for user root(uid=0) by (uid=1000)
Jul 02 08:37:02 devstack sudo[89624]: pam_unix(sudo:session): session closed for user root
Jul 02 08:37:02 devstack cinder-volume[86098]: DEBUG oslo_concurrency.processutils [None req-4031dd18-c3b1-4fd0-bb77-547d58f9a360 tempest-SnapshotsActionsTest-631169078 None] CMD "sudo cinder-rootwrap /etc/cinder/rootwrap.conf chmod ugo+rw /opt/stack/data/cinder/mnt/2cd8b072f4401e8313e5e81c9804a7ea/volume-cbf45596-c643-4076-bebf-853abed0da98.0ff500e9-82e2-40aa-a2f5-bc6f0ca61cdd" returned: 0 in 0.752s {{(pid=86098) execute /opt/stack/data/venv/lib/python3.12/site-packages/oslo_concurrency/processutils.py:468}}
Jul 02 08:37:02 devstack cinder-volume[86098]: DEBUG oslo_concurrency.lockutils [None req-4031dd18-c3b1-4fd0-bb77-547d58f9a360 tempest-SnapshotsActionsTest-631169078 None] Lock "quobyte" "released" by "cinder.volume.drivers.quobyte.QuobyteDriver.create_snapshot" :: held 3.766s {{(pid=86098) inner /opt/stack/data/venv/lib/python3.12/site-packages/oslo_concurrency/lockutils.py:543}}
Jul 02 08:37:02 devstack cinder-volume[86098]: INFO cinder.volume.manager [None req-4031dd18-c3b1-4fd0-bb77-547d58f9a360 tempest-SnapshotsActionsTest-631169078 None] Create snapshot completed successfully
Jul 02 08:37:03 devstack cinder-volume[86098]: DEBUG cinder.coordination [None req-193def01-acbc-4007-af70-763ecc4d43af tempest-SnapshotsActionsTest-747075511 None] Acquiring lock "cinder-0ff500e9-82e2-40aa-a2f5-bc6f0ca61cdd-delete_snapshot" by "delete_snapshot" {{(pid=86098) __acquire /opt/stack/cinder/cinder/coordination.py:138}}
Jul 02 08:37:03 devstack cinder-volume[86098]: DEBUG cinder.coordination [None req-193def01-acbc-4007-af70-763ecc4d43af tempest-SnapshotsActionsTest-747075511 None] Lock "cinder-0ff500e9-82e2-40aa-a2f5-bc6f0ca61cdd-delete_snapshot" acquired by "delete_snapshot" :: waited 0.030s {{(pid=86098) __acquire /opt/stack/cinder/cinder/coordination.py:141}}
Jul 02 08:37:03 devstack cinder-volume[86098]: DEBUG cinder.coordination [None req-193def01-acbc-4007-af70-763ecc4d43af tempest-SnapshotsActionsTest-747075511 None] Acquiring lock "cinder-quobyte-cbf45596-c643-4076-bebf-853abed0da98" by "delete_snapshot" {{(pid=86098) __acquire /opt/stack/cinder/cinder/coordination.py:138}}
Jul 02 08:37:03 devstack cinder-volume[86098]: DEBUG cinder.coordination [None req-193def01-acbc-4007-af70-763ecc4d43af tempest-SnapshotsActionsTest-747075511 None] Lock "cinder-quobyte-cbf45596-c643-4076-bebf-853abed0da98" acquired by "delete_snapshot" :: waited 0.018s {{(pid=86098) __acquire /opt/stack/cinder/cinder/coordination.py:141}}
Jul 02 08:37:03 devstack cinder-volume[86098]: DEBUG cinder.coordination [None req-193def01-acbc-4007-af70-763ecc4d43af tempest-SnapshotsActionsTest-747075511 None] Acquiring lock "cinder-quobyte-0ff500e9-82e2-40aa-a2f5-bc6f0ca61cdd" by "_delete_snapshot" {{(pid=86098) __acquire /opt/stack/cinder/cinder/coordination.py:138}}
Jul 02 08:37:03 devstack cinder-volume[86098]: DEBUG cinder.coordination [None req-193def01-acbc-4007-af70-763ecc4d43af tempest-SnapshotsActionsTest-747075511 None] Lock "cinder-quobyte-0ff500e9-82e2-40aa-a2f5-bc6f0ca61cdd" acquired by "_delete_snapshot" :: waited 0.021s {{(pid=86098) __acquire /opt/stack/cinder/cinder/coordination.py:141}}
Jul 02 08:37:03 devstack cinder-volume[86098]: DEBUG cinder.volume.drivers.remotefs [None req-193def01-acbc-4007-af70-763ecc4d43af tempest-SnapshotsActionsTest-747075511 None] Deleting offline snapshot 0ff500e9-82e2-40aa-a2f5-bc6f0ca61cdd of volume cbf45596-c643-4076-bebf-853abed0da98 {{(pid=86098) _delete_snapshot /opt/stack/cinder/cinder/volume/drivers/remotefs.py:1288}}
Jul 02 08:37:03 devstack cinder-volume[86098]: DEBUG cinder.volume.drivers.remotefs [None req-193def01-acbc-4007-af70-763ecc4d43af tempest-SnapshotsActionsTest-747075511 None] snapshot_file for this snap is: volume-cbf45596-c643-4076-bebf-853abed0da98.0ff500e9-82e2-40aa-a2f5-bc6f0ca61cdd {{(pid=86098) _delete_snapshot /opt/stack/cinder/cinder/volume/drivers/remotefs.py:1317}}
Jul 02 08:37:03 devstack cinder-volume[86098]: DEBUG oslo.privsep.daemon [-] privsep: reply[8c7cdc5f-6cfa-4004-ab7d-e1590637c322]: (4, 'qcow2') {{(pid=87004) _call_back /opt/stack/data/venv/lib/python3.12/site-packages/oslo_privsep/daemon.py:580}}
Jul 02 08:37:03 devstack cinder-volume[86098]: DEBUG oslo_concurrency.processutils [None req-193def01-acbc-4007-af70-763ecc4d43af tempest-SnapshotsActionsTest-747075511 None] Running cmd (subprocess): /opt/stack/data/venv/bin/python3.12 -m oslo_concurrency.prlimit --as=1073741824 --cpu=60 -- sudo cinder-rootwrap /etc/cinder/rootwrap.conf env LC_ALL=C qemu-img info -f qcow2 --output=json --force-share /opt/stack/data/cinder/mnt/2cd8b072f4401e8313e5e81c9804a7ea/volume-cbf45596-c643-4076-bebf-853abed0da98.0ff500e9-82e2-40aa-a2f5-bc6f0ca61cdd {{(pid=86098) execute /opt/stack/data/venv/lib/python3.12/site-packages/oslo_concurrency/processutils.py:440}}
Jul 02 08:37:04 devstack sudo[89646]: quobyte : PWD=/ ; USER=root ; COMMAND=/opt/stack/data/venv/bin/cinder-rootwrap /etc/cinder/rootwrap.conf env LC_ALL=C qemu-img info -f qcow2 --output=json --force-share /opt/stack/data/cinder/mnt/2cd8b072f4401e8313e5e81c9804a7ea/volume-cbf45596-c643-4076-bebf-853abed0da98.0ff500e9-82e2-40aa-a2f5-bc6f0ca61cdd
Jul 02 08:37:04 devstack sudo[89646]: pam_unix(sudo:session): session opened for user root(uid=0) by (uid=1000)
Jul 02 08:37:04 devstack sudo[89646]: pam_unix(sudo:session): session closed for user root
Jul 02 08:37:04 devstack cinder-volume[86098]: DEBUG oslo_concurrency.processutils [None req-193def01-acbc-4007-af70-763ecc4d43af tempest-SnapshotsActionsTest-747075511 None] CMD "/opt/stack/data/venv/bin/python3.12 -m oslo_concurrency.prlimit --as=1073741824 --cpu=60 -- sudo cinder-rootwrap /etc/cinder/rootwrap.conf env LC_ALL=C qemu-img info -f qcow2 --output=json --force-share /opt/stack/data/cinder/mnt/2cd8b072f4401e8313e5e81c9804a7ea/volume-cbf45596-c643-4076-bebf-853abed0da98.0ff500e9-82e2-40aa-a2f5-bc6f0ca61cdd" returned: 0 in 0.975s {{(pid=86098) execute /opt/stack/data/venv/lib/python3.12/site-packages/oslo_concurrency/processutils.py:468}}
Jul 02 08:37:04 devstack cinder-volume[86098]: DEBUG cinder.volume.drivers.remotefs [None req-193def01-acbc-4007-af70-763ecc4d43af tempest-SnapshotsActionsTest-747075511 None] Fetching qemu-img info with special backing_file_template: (/opt/stack/data/cinder/mnt/[0-9a-f]+/)?(volume-cbf45596-c643-4076-bebf-853abed0da98(.(tmp-snap-)?[0-9a-f-]+)?|volume_from_snapshot_cache/(tmp-snap-)?[0-9a-f-]+(.(child-|parent-)[0-9a-f-]+)?)$ {{(pid=86098) _qemu_img_info_base /opt/stack/cinder/cinder/volume/drivers/remotefs.py:896}}
Jul 02 08:37:04 devstack cinder-volume[86098]: DEBUG oslo.privsep.daemon [-] privsep: reply[82aa3167-869f-48a0-b48a-934eaf3270f6]: (4, 'qcow2') {{(pid=87004) _call_back /opt/stack/data/venv/lib/python3.12/site-packages/oslo_privsep/daemon.py:580}}
Jul 02 08:37:04 devstack cinder-volume[86098]: DEBUG oslo_concurrency.processutils [None req-193def01-acbc-4007-af70-763ecc4d43af tempest-SnapshotsActionsTest-747075511 None] Running cmd (subprocess): /opt/stack/data/venv/bin/python3.12 -m oslo_concurrency.prlimit --as=1073741824 --cpu=60 -- sudo cinder-rootwrap /etc/cinder/rootwrap.conf env LC_ALL=C qemu-img info -f qcow2 --output=json --force-share /opt/stack/data/cinder/mnt/2cd8b072f4401e8313e5e81c9804a7ea/volume-cbf45596-c643-4076-bebf-853abed0da98.6bc0a941-fbe3-446f-8b6c-7ff7e6568b5c {{(pid=86098) execute /opt/stack/data/venv/lib/python3.12/site-packages/oslo_concurrency/processutils.py:440}}
Jul 02 08:37:05 devstack sudo[89652]: quobyte : PWD=/ ; USER=root ; COMMAND=/opt/stack/data/venv/bin/cinder-rootwrap /etc/cinder/rootwrap.conf env LC_ALL=C qemu-img info -f qcow2 --output=json --force-share /opt/stack/data/cinder/mnt/2cd8b072f4401e8313e5e81c9804a7ea/volume-cbf45596-c643-4076-bebf-853abed0da98.6bc0a941-fbe3-446f-8b6c-7ff7e6568b5c
Jul 02 08:37:05 devstack sudo[89652]: pam_unix(sudo:session): session opened for user root(uid=0) by (uid=1000)
Jul 02 08:37:05 devstack sudo[89652]: pam_unix(sudo:session): session closed for user root
Jul 02 08:37:05 devstack cinder-volume[86098]: DEBUG oslo_concurrency.processutils [None req-193def01-acbc-4007-af70-763ecc4d43af tempest-SnapshotsActionsTest-747075511 None] CMD "/opt/stack/data/venv/bin/python3.12 -m oslo_concurrency.prlimit --as=1073741824 --cpu=60 -- sudo cinder-rootwrap /etc/cinder/rootwrap.conf env LC_ALL=C qemu-img info -f qcow2 --output=json --force-share /opt/stack/data/cinder/mnt/2cd8b072f4401e8313e5e81c9804a7ea/volume-cbf45596-c643-4076-bebf-853abed0da98.6bc0a941-fbe3-446f-8b6c-7ff7e6568b5c" returned: 0 in 0.889s {{(pid=86098) execute /opt/stack/data/venv/lib/python3.12/site-packages/oslo_concurrency/processutils.py:468}}
Jul 02 08:37:05 devstack cinder-volume[86098]: DEBUG cinder.volume.drivers.remotefs [None req-193def01-acbc-4007-af70-763ecc4d43af tempest-SnapshotsActionsTest-747075511 None] Fetching qemu-img info with special backing_file_template: (/opt/stack/data/cinder/mnt/[0-9a-f]+/)?(volume-cbf45596-c643-4076-bebf-853abed0da98(.(tmp-snap-)?[0-9a-f-]+)?|volume_from_snapshot_cache/(tmp-snap-)?[0-9a-f-]+(.(child-|parent-)[0-9a-f-]+)?)$ {{(pid=86098) _qemu_img_info_base /opt/stack/cinder/cinder/volume/drivers/remotefs.py:896}}
Jul 02 08:37:05 devstack cinder-volume[86098]: DEBUG oslo_concurrency.processutils [None req-193def01-acbc-4007-af70-763ecc4d43af tempest-SnapshotsActionsTest-747075511 None] Running cmd (subprocess): sudo cinder-rootwrap /etc/cinder/rootwrap.conf qemu-img commit -d /opt/stack/data/cinder/mnt/2cd8b072f4401e8313e5e81c9804a7ea/volume-cbf45596-c643-4076-bebf-853abed0da98.0ff500e9-82e2-40aa-a2f5-bc6f0ca61cdd {{(pid=86098) execute /opt/stack/data/venv/lib/python3.12/site-packages/oslo_concurrency/processutils.py:440}}
Jul 02 08:37:05 devstack sudo[89658]: quobyte : PWD=/ ; USER=root ; COMMAND=/opt/stack/data/venv/bin/cinder-rootwrap /etc/cinder/rootwrap.conf qemu-img commit -d /opt/stack/data/cinder/mnt/2cd8b072f4401e8313e5e81c9804a7ea/volume-cbf45596-c643-4076-bebf-853abed0da98.0ff500e9-82e2-40aa-a2f5-bc6f0ca61cdd
Jul 02 08:37:05 devstack sudo[89658]: pam_unix(sudo:session): session opened for user root(uid=0) by (uid=1000)
Jul 02 08:37:06 devstack sudo[89658]: pam_unix(sudo:session): session closed for user root
Jul 02 08:37:06 devstack cinder-volume[86098]: DEBUG oslo_concurrency.processutils [None req-193def01-acbc-4007-af70-763ecc4d43af tempest-SnapshotsActionsTest-747075511 None] CMD "sudo cinder-rootwrap /etc/cinder/rootwrap.conf qemu-img commit -d /opt/stack/data/cinder/mnt/2cd8b072f4401e8313e5e81c9804a7ea/volume-cbf45596-c643-4076-bebf-853abed0da98.0ff500e9-82e2-40aa-a2f5-bc6f0ca61cdd" returned: 0 in 0.810s {{(pid=86098) execute /opt/stack/data/venv/lib/python3.12/site-packages/oslo_concurrency/processutils.py:468}}
Jul 02 08:37:06 devstack cinder-volume[86098]: DEBUG oslo_concurrency.processutils [None req-193def01-acbc-4007-af70-763ecc4d43af tempest-SnapshotsActionsTest-747075511 None] Running cmd (subprocess): sudo cinder-rootwrap /etc/cinder/rootwrap.conf rm -f /opt/stack/data/cinder/mnt/2cd8b072f4401e8313e5e81c9804a7ea/volume-cbf45596-c643-4076-bebf-853abed0da98.0ff500e9-82e2-40aa-a2f5-bc6f0ca61cdd {{(pid=86098) execute /opt/stack/data/venv/lib/python3.12/site-packages/oslo_concurrency/processutils.py:440}}
Jul 02 08:37:06 devstack sudo[89664]: quobyte : PWD=/ ; USER=root ; COMMAND=/opt/stack/data/venv/bin/cinder-rootwrap /etc/cinder/rootwrap.conf rm -f /opt/stack/data/cinder/mnt/2cd8b072f4401e8313e5e81c9804a7ea/volume-cbf45596-c643-4076-bebf-853abed0da98.0ff500e9-82e2-40aa-a2f5-bc6f0ca61cdd
Jul 02 08:37:06 devstack sudo[89664]: pam_unix(sudo:session): session opened for user root(uid=0) by (uid=1000)
Jul 02 08:37:07 devstack sudo[89664]: pam_unix(sudo:session): session closed for user root
Jul 02 08:37:07 devstack cinder-volume[86098]: DEBUG oslo_concurrency.processutils [None req-193def01-acbc-4007-af70-763ecc4d43af tempest-SnapshotsActionsTest-747075511 None] CMD "sudo cinder-rootwrap /etc/cinder/rootwrap.conf rm -f /opt/stack/data/cinder/mnt/2cd8b072f4401e8313e5e81c9804a7ea/volume-cbf45596-c643-4076-bebf-853abed0da98.0ff500e9-82e2-40aa-a2f5-bc6f0ca61cdd" returned: 0 in 0.644s {{(pid=86098) execute /opt/stack/data/venv/lib/python3.12/site-packages/oslo_concurrency/processutils.py:468}}
Jul 02 08:37:07 devstack cinder-volume[86098]: DEBUG cinder.coordination [None req-193def01-acbc-4007-af70-763ecc4d43af tempest-SnapshotsActionsTest-747075511 None] Lock "cinder-quobyte-0ff500e9-82e2-40aa-a2f5-bc6f0ca61cdd" released by "_delete_snapshot" :: held 3.464s {{(pid=86098) __release /opt/stack/cinder/cinder/coordination.py:152}}
Jul 02 08:37:07 devstack cinder-volume[86098]: DEBUG cinder.coordination [None req-193def01-acbc-4007-af70-763ecc4d43af tempest-SnapshotsActionsTest-747075511 None] Lock "cinder-quobyte-cbf45596-c643-4076-bebf-853abed0da98" released by "delete_snapshot" :: held 3.493s {{(pid=86098) __release /opt/stack/cinder/cinder/coordination.py:152}}
Jul 02 08:37:07 devstack cinder-volume[86098]: WARNING cinder.quota [None req-193def01-acbc-4007-af70-763ecc4d43af tempest-SnapshotsActionsTest-747075511 None] Deprecated: Default quota for resource: snapshots_QuobyteHD is set by the default quota flag: quota_snapshots_QuobyteHD, it is now deprecated. Please use the default quota class for default quota.
Jul 02 08:37:07 devstack cinder-volume[86098]: DEBUG cinder.quota [None req-193def01-acbc-4007-af70-763ecc4d43af tempest-SnapshotsActionsTest-747075511 None] Created reservations ['6386f598-028e-4f7d-9adc-e104cc7054c7', 'f06f13a3-7e82-47a7-9971-490269f48759', 'a0dd0ea6-2989-416a-a12d-547189515165', 'caa760f4-1b1a-458e-9188-6d17253c87e4'] {{(pid=86098) reserve /opt/stack/cinder/cinder/quota.py:752}}
Jul 02 08:37:07 devstack cinder-volume[86098]: INFO cinder.volume.manager [None req-193def01-acbc-4007-af70-763ecc4d43af tempest-SnapshotsActionsTest-747075511 None] Delete snapshot completed successfully.
Jul 02 08:37:07 devstack cinder-volume[86098]: DEBUG cinder.coordination [None req-193def01-acbc-4007-af70-763ecc4d43af tempest-SnapshotsActionsTest-747075511 None] Lock "cinder-0ff500e9-82e2-40aa-a2f5-bc6f0ca61cdd-delete_snapshot" released by "delete_snapshot" :: held 3.662s {{(pid=86098) __release /opt/stack/cinder/cinder/coordination.py:152}}
Jul 02 08:37:08 devstack cinder-volume[86098]: DEBUG oslo_concurrency.lockutils [None req-60478790-6d13-4a2b-a954-d2f0402348ec tempest-SnapshotsActionsTest-631169078 None] Acquiring lock "quobyte" by "cinder.volume.drivers.quobyte.QuobyteDriver.create_snapshot" {{(pid=86098) inner /opt/stack/data/venv/lib/python3.12/site-packages/oslo_concurrency/lockutils.py:511}}
Jul 02 08:37:08 devstack cinder-volume[86098]: DEBUG oslo_concurrency.lockutils [None req-60478790-6d13-4a2b-a954-d2f0402348ec tempest-SnapshotsActionsTest-631169078 None] Lock "quobyte" acquired by "cinder.volume.drivers.quobyte.QuobyteDriver.create_snapshot" :: waited 0.001s {{(pid=86098) inner /opt/stack/data/venv/lib/python3.12/site-packages/oslo_concurrency/lockutils.py:524}}
Jul 02 08:37:08 devstack cinder-volume[86098]: DEBUG cinder.volume.drivers.remotefs [None req-60478790-6d13-4a2b-a954-d2f0402348ec tempest-SnapshotsActionsTest-631169078 None] Creating offline snapshot 824e2cab-e690-4cbf-834b-848832f988de of volume cbf45596-c643-4076-bebf-853abed0da98 {{(pid=86098) _create_snapshot /opt/stack/cinder/cinder/volume/drivers/remotefs.py:1816}}
Jul 02 08:37:08 devstack cinder-volume[86098]: DEBUG oslo.privsep.daemon [-] privsep: reply[fd025049-2b62-454a-b2b5-46eac9550fad]: (4, 'qcow2') {{(pid=87004) _call_back /opt/stack/data/venv/lib/python3.12/site-packages/oslo_privsep/daemon.py:580}}
Jul 02 08:37:08 devstack cinder-volume[86098]: DEBUG oslo_concurrency.processutils [None req-60478790-6d13-4a2b-a954-d2f0402348ec tempest-SnapshotsActionsTest-631169078 None] Running cmd (subprocess): /opt/stack/data/venv/bin/python3.12 -m oslo_concurrency.prlimit --as=1073741824 --cpu=60 -- sudo cinder-rootwrap /etc/cinder/rootwrap.conf env LC_ALL=C qemu-img info -f qcow2 --output=json --force-share /opt/stack/data/cinder/mnt/2cd8b072f4401e8313e5e81c9804a7ea/volume-cbf45596-c643-4076-bebf-853abed0da98.6bc0a941-fbe3-446f-8b6c-7ff7e6568b5c {{(pid=86098) execute /opt/stack/data/venv/lib/python3.12/site-packages/oslo_concurrency/processutils.py:440}}
Jul 02 08:37:09 devstack sudo[89719]: quobyte : PWD=/ ; USER=root ; COMMAND=/opt/stack/data/venv/bin/cinder-rootwrap /etc/cinder/rootwrap.conf env LC_ALL=C qemu-img info -f qcow2 --output=json --force-share /opt/stack/data/cinder/mnt/2cd8b072f4401e8313e5e81c9804a7ea/volume-cbf45596-c643-4076-bebf-853abed0da98.6bc0a941-fbe3-446f-8b6c-7ff7e6568b5c
Jul 02 08:37:09 devstack sudo[89719]: pam_unix(sudo:session): session opened for user root(uid=0) by (uid=1000)
Jul 02 08:37:10 devstack sudo[89719]: pam_unix(sudo:session): session closed for user root
Jul 02 08:37:10 devstack cinder-volume[86098]: DEBUG oslo_concurrency.processutils [None req-60478790-6d13-4a2b-a954-d2f0402348ec tempest-SnapshotsActionsTest-631169078 None] CMD "/opt/stack/data/venv/bin/python3.12 -m oslo_concurrency.prlimit --as=1073741824 --cpu=60 -- sudo cinder-rootwrap /etc/cinder/rootwrap.conf env LC_ALL=C qemu-img info -f qcow2 --output=json --force-share /opt/stack/data/cinder/mnt/2cd8b072f4401e8313e5e81c9804a7ea/volume-cbf45596-c643-4076-bebf-853abed0da98.6bc0a941-fbe3-446f-8b6c-7ff7e6568b5c" returned: 0 in 1.261s {{(pid=86098) execute /opt/stack/data/venv/lib/python3.12/site-packages/oslo_concurrency/processutils.py:468}}
