Jul 02 08:34:51 devstack cinder-volume[86098]: DEBUG cinder.volume.manager [None req-58e2c3ec-ca5d-4f77-aded-43f1fb2b8983 tempest-VolumesTestJSON-1777442263 None] Task 'cinder.volume.flows.manager.create_volume.ExtractVolumeSpecTask;volume:create' (d290b574-85bb-453d-b915-c4be5dba1d29) transitioned into state 'SUCCESS' from state 'RUNNING' with result '{'status': 'creating', 'type': 'raw', 'volume_id': '57787d5e-63a5-4aa2-8151-543728361445', 'volume_name': 'volume-57787d5e-63a5-4aa2-8151-543728361445', 'volume_size': 1}' {{(pid=86098) _task_receiver /opt/stack/data/venv/lib/python3.12/site-packages/taskflow/listeners/logging.py:218}}
Jul 02 08:34:51 devstack cinder-volume[86098]: DEBUG cinder.volume.manager [None req-58e2c3ec-ca5d-4f77-aded-43f1fb2b8983 tempest-VolumesTestJSON-1777442263 None] Task 'cinder.volume.flows.manager.create_volume.NotifyVolumeActionTask;volume:create, create.start' (64194f56-10c7-45ff-8019-ec6e343e6e47) transitioned into state 'RUNNING' from state 'PENDING' {{(pid=86098) _task_receiver /opt/stack/data/venv/lib/python3.12/site-packages/taskflow/listeners/logging.py:242}}
Jul 02 08:34:51 devstack cinder-volume[86098]: DEBUG cinder.volume.manager [None req-58e2c3ec-ca5d-4f77-aded-43f1fb2b8983 tempest-VolumesTestJSON-1777442263 None] Task 'cinder.volume.flows.manager.create_volume.NotifyVolumeActionTask;volume:create, create.start' (64194f56-10c7-45ff-8019-ec6e343e6e47) transitioned into state 'SUCCESS' from state 'RUNNING' with result 'None' {{(pid=86098) _task_receiver /opt/stack/data/venv/lib/python3.12/site-packages/taskflow/listeners/logging.py:218}}
Jul 02 08:34:51 devstack cinder-volume[86098]: DEBUG cinder.volume.manager [None req-58e2c3ec-ca5d-4f77-aded-43f1fb2b8983 tempest-VolumesTestJSON-1777442263 None] Task 'cinder.volume.flows.manager.create_volume.CreateVolumeFromSpecTask;volume:create' (a2c5f091-c282-4a7d-afbd-41256afe5e8b) transitioned into state 'RUNNING' from state 'PENDING' {{(pid=86098) _task_receiver /opt/stack/data/venv/lib/python3.12/site-packages/taskflow/listeners/logging.py:242}}
Jul 02 08:34:51 devstack cinder-volume[86098]: INFO cinder.volume.flows.manager.create_volume [None req-58e2c3ec-ca5d-4f77-aded-43f1fb2b8983 tempest-VolumesTestJSON-1777442263 None] Volume 57787d5e-63a5-4aa2-8151-543728361445: being created as raw with specification: {'status': 'creating', 'volume_name': 'volume-57787d5e-63a5-4aa2-8151-543728361445', 'volume_size': 1}
Jul 02 08:34:51 devstack cinder-volume[86098]: DEBUG oslo_concurrency.lockutils [None req-58e2c3ec-ca5d-4f77-aded-43f1fb2b8983 tempest-VolumesTestJSON-1777442263 None] Acquiring lock "quobyte" by "cinder.volume.drivers.quobyte.QuobyteDriver.create_volume" {{(pid=86098) inner /opt/stack/data/venv/lib/python3.12/site-packages/oslo_concurrency/lockutils.py:511}}
Jul 02 08:34:51 devstack cinder-volume[86098]: DEBUG oslo_concurrency.processutils [None req-7db7f338-63e4-425f-9ffa-cb13d246eea5 tempest-TaggedAttachmentsTest-2044015094 None] CMD "sudo cinder-rootwrap /etc/cinder/rootwrap.conf chmod ugo+rw /opt/stack/data/cinder/mnt/2cd8b072f4401e8313e5e81c9804a7ea/volume-661eab3b-5753-4ae9-83fc-8a423f4de983" returned: 0 in 0.761s {{(pid=86098) execute /opt/stack/data/venv/lib/python3.12/site-packages/oslo_concurrency/processutils.py:468}}
Jul 02 08:34:51 devstack cinder-volume[86098]: DEBUG cinder.volume.drivers.quobyte [None req-7db7f338-63e4-425f-9ffa-cb13d246eea5 tempest-TaggedAttachmentsTest-2044015094 None] <== create_volume: return (1761ms) {'provider_location': 'osci02.corp.quobyte.com/cinder-vol-900121b1-93ab-4038-8e4f-58bad442792a'} {{(pid=86098) trace_logging_wrapper /opt/stack/cinder/cinder/volume/volume_utils.py:1522}}
Jul 02 08:34:51 devstack cinder-volume[86098]: DEBUG oslo_concurrency.lockutils [None req-7db7f338-63e4-425f-9ffa-cb13d246eea5 tempest-TaggedAttachmentsTest-2044015094 None] Lock "quobyte" "released" by "cinder.volume.drivers.quobyte.QuobyteDriver.create_volume" :: held 1.764s {{(pid=86098) inner /opt/stack/data/venv/lib/python3.12/site-packages/oslo_concurrency/lockutils.py:543}}
Jul 02 08:34:51 devstack cinder-volume[86098]: DEBUG oslo_concurrency.lockutils [None req-738d4b58-10b9-4273-8c92-93bb423d5b9f tempest-GroupSnapshotsTest-1213313545 None] Lock "quobyte" acquired by "cinder.volume.drivers.quobyte.QuobyteDriver.create_snapshot" :: waited 1.568s {{(pid=86098) inner /opt/stack/data/venv/lib/python3.12/site-packages/oslo_concurrency/lockutils.py:524}}
Jul 02 08:34:51 devstack cinder-volume[86098]: DEBUG cinder.volume.drivers.remotefs [None req-738d4b58-10b9-4273-8c92-93bb423d5b9f tempest-GroupSnapshotsTest-1213313545 None] Creating offline snapshot c9e98501-cc2f-4947-80dd-0adba07f4d2e of volume 0430b8c7-92a8-4b72-a64c-b9d9411db8c9 {{(pid=86098) _create_snapshot /opt/stack/cinder/cinder/volume/drivers/remotefs.py:1816}}
Jul 02 08:34:51 devstack cinder-volume[86098]: DEBUG cinder.volume.manager [None req-7db7f338-63e4-425f-9ffa-cb13d246eea5 tempest-TaggedAttachmentsTest-2044015094 None] Task 'cinder.volume.flows.manager.create_volume.CreateVolumeFromSpecTask;volume:create' (4fc72c19-a3e4-4e4b-845e-d3372c5b2962) transitioned into state 'SUCCESS' from state 'RUNNING' with result '{'status': 'creating', 'volume_name': 'volume-661eab3b-5753-4ae9-83fc-8a423f4de983', 'volume_size': 1}' {{(pid=86098) _task_receiver /opt/stack/data/venv/lib/python3.12/site-packages/taskflow/listeners/logging.py:218}}
Jul 02 08:34:51 devstack cinder-volume[86098]: DEBUG cinder.volume.manager [None req-7db7f338-63e4-425f-9ffa-cb13d246eea5 tempest-TaggedAttachmentsTest-2044015094 None] Task 'cinder.volume.flows.manager.create_volume.CreateVolumeOnFinishTask;volume:create, create.end' (4a43658a-2340-468b-83a7-62f0eba1ee1b) transitioned into state 'RUNNING' from state 'PENDING' {{(pid=86098) _task_receiver /opt/stack/data/venv/lib/python3.12/site-packages/taskflow/listeners/logging.py:242}}
Jul 02 08:34:51 devstack cinder-volume[86098]: DEBUG oslo.privsep.daemon [-] privsep: reply[86728d93-aac7-4c34-983a-870dd093dcb7]: (4, 'qcow2') {{(pid=87004) _call_back /opt/stack/data/venv/lib/python3.12/site-packages/oslo_privsep/daemon.py:580}}
Jul 02 08:34:51 devstack cinder-volume[86098]: DEBUG oslo_concurrency.processutils [None req-738d4b58-10b9-4273-8c92-93bb423d5b9f tempest-GroupSnapshotsTest-1213313545 None] Running cmd (subprocess): /opt/stack/data/venv/bin/python3.12 -m oslo_concurrency.prlimit --as=1073741824 --cpu=60 -- sudo cinder-rootwrap /etc/cinder/rootwrap.conf env LC_ALL=C qemu-img info -f qcow2 --output=json --force-share /opt/stack/data/cinder/mnt/2cd8b072f4401e8313e5e81c9804a7ea/volume-0430b8c7-92a8-4b72-a64c-b9d9411db8c9 {{(pid=86098) execute /opt/stack/data/venv/lib/python3.12/site-packages/oslo_concurrency/processutils.py:440}}
Jul 02 08:34:51 devstack cinder-volume[86098]: INFO cinder.volume.flows.manager.create_volume [None req-7db7f338-63e4-425f-9ffa-cb13d246eea5 tempest-TaggedAttachmentsTest-2044015094 None] Volume volume-661eab3b-5753-4ae9-83fc-8a423f4de983 (661eab3b-5753-4ae9-83fc-8a423f4de983): created successfully
Jul 02 08:34:51 devstack cinder-volume[86098]: DEBUG cinder.volume.manager [None req-7db7f338-63e4-425f-9ffa-cb13d246eea5 tempest-TaggedAttachmentsTest-2044015094 None] Task 'cinder.volume.flows.manager.create_volume.CreateVolumeOnFinishTask;volume:create, create.end' (4a43658a-2340-468b-83a7-62f0eba1ee1b) transitioned into state 'SUCCESS' from state 'RUNNING' with result 'None' {{(pid=86098) _task_receiver /opt/stack/data/venv/lib/python3.12/site-packages/taskflow/listeners/logging.py:218}}
Jul 02 08:34:51 devstack cinder-volume[86098]: DEBUG cinder.volume.manager [None req-7db7f338-63e4-425f-9ffa-cb13d246eea5 tempest-TaggedAttachmentsTest-2044015094 None] Flow 'volume_create_manager' (4f2a4a3d-21bd-4b72-8622-17508145d90f) transitioned into state 'SUCCESS' from state 'RUNNING' {{(pid=86098) _flow_receiver /opt/stack/data/venv/lib/python3.12/site-packages/taskflow/listeners/logging.py:160}}
Jul 02 08:34:51 devstack cinder-volume[86098]: INFO cinder.volume.manager [None req-7db7f338-63e4-425f-9ffa-cb13d246eea5 tempest-TaggedAttachmentsTest-2044015094 None] Created volume successfully.
Jul 02 08:34:51 devstack sudo[88075]: quobyte : PWD=/ ; USER=root ; COMMAND=/opt/stack/data/venv/bin/cinder-rootwrap /etc/cinder/rootwrap.conf env LC_ALL=C qemu-img info -f qcow2 --output=json --force-share /opt/stack/data/cinder/mnt/2cd8b072f4401e8313e5e81c9804a7ea/volume-0430b8c7-92a8-4b72-a64c-b9d9411db8c9
Jul 02 08:34:51 devstack sudo[88075]: pam_unix(sudo:session): session opened for user root(uid=0) by (uid=1000)
Jul 02 08:34:52 devstack sudo[88075]: pam_unix(sudo:session): session closed for user root
Jul 02 08:34:52 devstack cinder-volume[86098]: DEBUG oslo_concurrency.processutils [None req-738d4b58-10b9-4273-8c92-93bb423d5b9f tempest-GroupSnapshotsTest-1213313545 None] CMD "/opt/stack/data/venv/bin/python3.12 -m oslo_concurrency.prlimit --as=1073741824 --cpu=60 -- sudo cinder-rootwrap /etc/cinder/rootwrap.conf env LC_ALL=C qemu-img info -f qcow2 --output=json --force-share /opt/stack/data/cinder/mnt/2cd8b072f4401e8313e5e81c9804a7ea/volume-0430b8c7-92a8-4b72-a64c-b9d9411db8c9" returned: 0 in 0.814s {{(pid=86098) execute /opt/stack/data/venv/lib/python3.12/site-packages/oslo_concurrency/processutils.py:468}}
Jul 02 08:34:52 devstack cinder-volume[86098]: DEBUG oslo_concurrency.processutils [None req-738d4b58-10b9-4273-8c92-93bb423d5b9f tempest-GroupSnapshotsTest-1213313545 None] Running cmd (subprocess): sudo cinder-rootwrap /etc/cinder/rootwrap.conf qemu-img create -f qcow2 -o backing_file=/opt/stack/data/cinder/mnt/2cd8b072f4401e8313e5e81c9804a7ea/volume-0430b8c7-92a8-4b72-a64c-b9d9411db8c9,backing_fmt=qcow2 /opt/stack/data/cinder/mnt/2cd8b072f4401e8313e5e81c9804a7ea/volume-0430b8c7-92a8-4b72-a64c-b9d9411db8c9.c9e98501-cc2f-4947-80dd-0adba07f4d2e 1G {{(pid=86098) execute /opt/stack/data/venv/lib/python3.12/site-packages/oslo_concurrency/processutils.py:440}}
Jul 02 08:34:52 devstack sudo[88080]: quobyte : PWD=/ ; USER=root ; COMMAND=/opt/stack/data/venv/bin/cinder-rootwrap /etc/cinder/rootwrap.conf qemu-img create -f qcow2 -o backing_file=/opt/stack/data/cinder/mnt/2cd8b072f4401e8313e5e81c9804a7ea/volume-0430b8c7-92a8-4b72-a64c-b9d9411db8c9,backing_fmt=qcow2 /opt/stack/data/cinder/mnt/2cd8b072f4401e8313e5e81c9804a7ea/volume-0430b8c7-92a8-4b72-a64c-b9d9411db8c9.c9e98501-cc2f-4947-80dd-0adba07f4d2e 1G
Jul 02 08:34:52 devstack sudo[88080]: pam_unix(sudo:session): session opened for user root(uid=0) by (uid=1000)
Jul 02 08:34:52 devstack sudo[88080]: pam_unix(sudo:session): session closed for user root
Jul 02 08:34:52 devstack cinder-volume[86098]: DEBUG oslo_concurrency.processutils [None req-738d4b58-10b9-4273-8c92-93bb423d5b9f tempest-GroupSnapshotsTest-1213313545 None] CMD "sudo cinder-rootwrap /etc/cinder/rootwrap.conf qemu-img create -f qcow2 -o backing_file=/opt/stack/data/cinder/mnt/2cd8b072f4401e8313e5e81c9804a7ea/volume-0430b8c7-92a8-4b72-a64c-b9d9411db8c9,backing_fmt=qcow2 /opt/stack/data/cinder/mnt/2cd8b072f4401e8313e5e81c9804a7ea/volume-0430b8c7-92a8-4b72-a64c-b9d9411db8c9.c9e98501-cc2f-4947-80dd-0adba07f4d2e 1G" returned: 0 in 0.840s {{(pid=86098) execute /opt/stack/data/venv/lib/python3.12/site-packages/oslo_concurrency/processutils.py:468}}
Jul 02 08:34:52 devstack cinder-volume[86098]: DEBUG oslo_concurrency.processutils [None req-738d4b58-10b9-4273-8c92-93bb423d5b9f tempest-GroupSnapshotsTest-1213313545 None] Running cmd (subprocess): sudo cinder-rootwrap /etc/cinder/rootwrap.conf qemu-img rebase -u -b volume-0430b8c7-92a8-4b72-a64c-b9d9411db8c9 -F qcow2 /opt/stack/data/cinder/mnt/2cd8b072f4401e8313e5e81c9804a7ea/volume-0430b8c7-92a8-4b72-a64c-b9d9411db8c9.c9e98501-cc2f-4947-80dd-0adba07f4d2e {{(pid=86098) execute /opt/stack/data/venv/lib/python3.12/site-packages/oslo_concurrency/processutils.py:440}}
Jul 02 08:34:52 devstack sudo[88085]: quobyte : PWD=/ ; USER=root ; COMMAND=/opt/stack/data/venv/bin/cinder-rootwrap /etc/cinder/rootwrap.conf qemu-img rebase -u -b volume-0430b8c7-92a8-4b72-a64c-b9d9411db8c9 -F qcow2 /opt/stack/data/cinder/mnt/2cd8b072f4401e8313e5e81c9804a7ea/volume-0430b8c7-92a8-4b72-a64c-b9d9411db8c9.c9e98501-cc2f-4947-80dd-0adba07f4d2e
Jul 02 08:34:52 devstack sudo[88085]: pam_unix(sudo:session): session opened for user root(uid=0) by (uid=1000)
Jul 02 08:34:53 devstack sudo[88085]: pam_unix(sudo:session): session closed for user root
Jul 02 08:34:53 devstack cinder-volume[86098]: DEBUG oslo_concurrency.processutils [None req-738d4b58-10b9-4273-8c92-93bb423d5b9f tempest-GroupSnapshotsTest-1213313545 None] CMD "sudo cinder-rootwrap /etc/cinder/rootwrap.conf qemu-img rebase -u -b volume-0430b8c7-92a8-4b72-a64c-b9d9411db8c9 -F qcow2 /opt/stack/data/cinder/mnt/2cd8b072f4401e8313e5e81c9804a7ea/volume-0430b8c7-92a8-4b72-a64c-b9d9411db8c9.c9e98501-cc2f-4947-80dd-0adba07f4d2e" returned: 0 in 0.708s {{(pid=86098) execute /opt/stack/data/venv/lib/python3.12/site-packages/oslo_concurrency/processutils.py:468}}
Jul 02 08:34:53 devstack cinder-volume[86098]: WARNING cinder.volume.drivers.remotefs [None req-738d4b58-10b9-4273-8c92-93bb423d5b9f tempest-GroupSnapshotsTest-1213313545 None] /opt/stack/data/cinder/mnt/2cd8b072f4401e8313e5e81c9804a7ea/volume-0430b8c7-92a8-4b72-a64c-b9d9411db8c9.c9e98501-cc2f-4947-80dd-0adba07f4d2e is being set with open permissions: ugo+rw: NotImplementedError
Jul 02 08:34:53 devstack cinder-volume[86098]: DEBUG oslo_concurrency.processutils [None req-738d4b58-10b9-4273-8c92-93bb423d5b9f tempest-GroupSnapshotsTest-1213313545 None] Running cmd (subprocess): sudo cinder-rootwrap /etc/cinder/rootwrap.conf chmod ugo+rw /opt/stack/data/cinder/mnt/2cd8b072f4401e8313e5e81c9804a7ea/volume-0430b8c7-92a8-4b72-a64c-b9d9411db8c9.c9e98501-cc2f-4947-80dd-0adba07f4d2e {{(pid=86098) execute /opt/stack/data/venv/lib/python3.12/site-packages/oslo_concurrency/processutils.py:440}}
Jul 02 08:34:53 devstack sudo[88090]: quobyte : PWD=/ ; USER=root ; COMMAND=/opt/stack/data/venv/bin/cinder-rootwrap /etc/cinder/rootwrap.conf chmod ugo+rw /opt/stack/data/cinder/mnt/2cd8b072f4401e8313e5e81c9804a7ea/volume-0430b8c7-92a8-4b72-a64c-b9d9411db8c9.c9e98501-cc2f-4947-80dd-0adba07f4d2e
Jul 02 08:34:53 devstack sudo[88090]: pam_unix(sudo:session): session opened for user root(uid=0) by (uid=1000)
Jul 02 08:34:54 devstack sudo[88090]: pam_unix(sudo:session): session closed for user root
Jul 02 08:34:54 devstack cinder-volume[86098]: DEBUG oslo_concurrency.processutils [None req-738d4b58-10b9-4273-8c92-93bb423d5b9f tempest-GroupSnapshotsTest-1213313545 None] CMD "sudo cinder-rootwrap /etc/cinder/rootwrap.conf chmod ugo+rw /opt/stack/data/cinder/mnt/2cd8b072f4401e8313e5e81c9804a7ea/volume-0430b8c7-92a8-4b72-a64c-b9d9411db8c9.c9e98501-cc2f-4947-80dd-0adba07f4d2e" returned: 0 in 0.784s {{(pid=86098) execute /opt/stack/data/venv/lib/python3.12/site-packages/oslo_concurrency/processutils.py:468}}
Jul 02 08:34:54 devstack cinder-volume[86098]: DEBUG oslo_concurrency.processutils [None req-738d4b58-10b9-4273-8c92-93bb423d5b9f tempest-GroupSnapshotsTest-1213313545 None] Running cmd (subprocess): sudo cinder-rootwrap /etc/cinder/rootwrap.conf truncate -s0 /opt/stack/data/cinder/mnt/2cd8b072f4401e8313e5e81c9804a7ea/volume-0430b8c7-92a8-4b72-a64c-b9d9411db8c9.info {{(pid=86098) execute /opt/stack/data/venv/lib/python3.12/site-packages/oslo_concurrency/processutils.py:440}}
Jul 02 08:34:54 devstack sudo[88093]: quobyte : PWD=/ ; USER=root ; COMMAND=/opt/stack/data/venv/bin/cinder-rootwrap /etc/cinder/rootwrap.conf truncate -s0 /opt/stack/data/cinder/mnt/2cd8b072f4401e8313e5e81c9804a7ea/volume-0430b8c7-92a8-4b72-a64c-b9d9411db8c9.info
Jul 02 08:34:54 devstack sudo[88093]: pam_unix(sudo:session): session opened for user root(uid=0) by (uid=1000)
Jul 02 08:34:55 devstack sudo[88093]: pam_unix(sudo:session): session closed for user root
Jul 02 08:34:55 devstack cinder-volume[86098]: DEBUG oslo_concurrency.processutils [None req-738d4b58-10b9-4273-8c92-93bb423d5b9f tempest-GroupSnapshotsTest-1213313545 None] CMD "sudo cinder-rootwrap /etc/cinder/rootwrap.conf truncate -s0 /opt/stack/data/cinder/mnt/2cd8b072f4401e8313e5e81c9804a7ea/volume-0430b8c7-92a8-4b72-a64c-b9d9411db8c9.info" returned: 0 in 0.748s {{(pid=86098) execute /opt/stack/data/venv/lib/python3.12/site-packages/oslo_concurrency/processutils.py:468}}
Jul 02 08:34:55 devstack cinder-volume[86098]: WARNING cinder.volume.drivers.remotefs [None req-738d4b58-10b9-4273-8c92-93bb423d5b9f tempest-GroupSnapshotsTest-1213313545 None] /opt/stack/data/cinder/mnt/2cd8b072f4401e8313e5e81c9804a7ea/volume-0430b8c7-92a8-4b72-a64c-b9d9411db8c9.info is being set with open permissions: ugo+rw: NotImplementedError
Jul 02 08:34:55 devstack cinder-volume[86098]: DEBUG oslo_concurrency.processutils [None req-738d4b58-10b9-4273-8c92-93bb423d5b9f tempest-GroupSnapshotsTest-1213313545 None] Running cmd (subprocess): sudo cinder-rootwrap /etc/cinder/rootwrap.conf chmod ugo+rw /opt/stack/data/cinder/mnt/2cd8b072f4401e8313e5e81c9804a7ea/volume-0430b8c7-92a8-4b72-a64c-b9d9411db8c9.info {{(pid=86098) execute /opt/stack/data/venv/lib/python3.12/site-packages/oslo_concurrency/processutils.py:440}}
Jul 02 08:34:55 devstack sudo[88096]: quobyte : PWD=/ ; USER=root ; COMMAND=/opt/stack/data/venv/bin/cinder-rootwrap /etc/cinder/rootwrap.conf chmod ugo+rw /opt/stack/data/cinder/mnt/2cd8b072f4401e8313e5e81c9804a7ea/volume-0430b8c7-92a8-4b72-a64c-b9d9411db8c9.info
Jul 02 08:34:55 devstack sudo[88096]: pam_unix(sudo:session): session opened for user root(uid=0) by (uid=1000)
Jul 02 08:34:55 devstack sudo[88096]: pam_unix(sudo:session): session closed for user root
Jul 02 08:34:55 devstack cinder-volume[86098]: DEBUG oslo_concurrency.processutils [None req-738d4b58-10b9-4273-8c92-93bb423d5b9f tempest-GroupSnapshotsTest-1213313545 None] CMD "sudo cinder-rootwrap /etc/cinder/rootwrap.conf chmod ugo+rw /opt/stack/data/cinder/mnt/2cd8b072f4401e8313e5e81c9804a7ea/volume-0430b8c7-92a8-4b72-a64c-b9d9411db8c9.info" returned: 0 in 0.785s {{(pid=86098) execute /opt/stack/data/venv/lib/python3.12/site-packages/oslo_concurrency/processutils.py:468}}
Jul 02 08:34:56 devstack cinder-volume[86098]: DEBUG oslo_concurrency.lockutils [None req-738d4b58-10b9-4273-8c92-93bb423d5b9f tempest-GroupSnapshotsTest-1213313545 None] Lock "quobyte" "released" by "cinder.volume.drivers.quobyte.QuobyteDriver.create_snapshot" :: held 4.784s {{(pid=86098) inner /opt/stack/data/venv/lib/python3.12/site-packages/oslo_concurrency/lockutils.py:543}}
Jul 02 08:34:56 devstack cinder-volume[86098]: DEBUG oslo_concurrency.lockutils [None req-738d4b58-10b9-4273-8c92-93bb423d5b9f tempest-GroupSnapshotsTest-1213313545 None] Acquiring lock "quobyte" by "cinder.volume.drivers.quobyte.QuobyteDriver.create_snapshot" {{(pid=86098) inner /opt/stack/data/venv/lib/python3.12/site-packages/oslo_concurrency/lockutils.py:511}}
Jul 02 08:34:56 devstack cinder-volume[86098]: DEBUG oslo_concurrency.lockutils [None req-738d4b58-10b9-4273-8c92-93bb423d5b9f tempest-GroupSnapshotsTest-1213313545 None] Lock "quobyte" acquired by "cinder.volume.drivers.quobyte.QuobyteDriver.create_snapshot" :: waited 0.000s {{(pid=86098) inner /opt/stack/data/venv/lib/python3.12/site-packages/oslo_concurrency/lockutils.py:524}}
Jul 02 08:34:56 devstack cinder-volume[86098]: DEBUG cinder.volume.drivers.remotefs [None req-738d4b58-10b9-4273-8c92-93bb423d5b9f tempest-GroupSnapshotsTest-1213313545 None] Creating offline snapshot cfc55c3a-dadc-4a7c-80d1-20c8cbdde649 of volume 788e5a90-09ea-4064-8235-255cdf7736b0 {{(pid=86098) _create_snapshot /opt/stack/cinder/cinder/volume/drivers/remotefs.py:1816}}
Jul 02 08:34:56 devstack cinder-volume[86098]: DEBUG oslo.privsep.daemon [-] privsep: reply[02e97144-c8b8-49e2-82ea-4a2c10bb4fbe]: (4, 'qcow2') {{(pid=87004) _call_back /opt/stack/data/venv/lib/python3.12/site-packages/oslo_privsep/daemon.py:580}}
Jul 02 08:34:56 devstack cinder-volume[86098]: DEBUG oslo_concurrency.processutils [None req-738d4b58-10b9-4273-8c92-93bb423d5b9f tempest-GroupSnapshotsTest-1213313545 None] Running cmd (subprocess): /opt/stack/data/venv/bin/python3.12 -m oslo_concurrency.prlimit --as=1073741824 --cpu=60 -- sudo cinder-rootwrap /etc/cinder/rootwrap.conf env LC_ALL=C qemu-img info -f qcow2 --output=json --force-share /opt/stack/data/cinder/mnt/2cd8b072f4401e8313e5e81c9804a7ea/volume-788e5a90-09ea-4064-8235-255cdf7736b0 {{(pid=86098) execute /opt/stack/data/venv/lib/python3.12/site-packages/oslo_concurrency/processutils.py:440}}
Jul 02 08:34:56 devstack sudo[88099]: quobyte : PWD=/ ; USER=root ; COMMAND=/opt/stack/data/venv/bin/cinder-rootwrap /etc/cinder/rootwrap.conf env LC_ALL=C qemu-img info -f qcow2 --output=json --force-share /opt/stack/data/cinder/mnt/2cd8b072f4401e8313e5e81c9804a7ea/volume-788e5a90-09ea-4064-8235-255cdf7736b0
Jul 02 08:34:56 devstack sudo[88099]: pam_unix(sudo:session): session opened for user root(uid=0) by (uid=1000)
Jul 02 08:34:56 devstack sudo[88099]: pam_unix(sudo:session): session closed for user root
Jul 02 08:34:56 devstack cinder-volume[86098]: DEBUG oslo_concurrency.processutils [None req-738d4b58-10b9-4273-8c92-93bb423d5b9f tempest-GroupSnapshotsTest-1213313545 None] CMD "/opt/stack/data/venv/bin/python3.12 -m oslo_concurrency.prlimit --as=1073741824 --cpu=60 -- sudo cinder-rootwrap /etc/cinder/rootwrap.conf env LC_ALL=C qemu-img info -f qcow2 --output=json --force-share /opt/stack/data/cinder/mnt/2cd8b072f4401e8313e5e81c9804a7ea/volume-788e5a90-09ea-4064-8235-255cdf7736b0" returned: 0 in 0.854s {{(pid=86098) execute /opt/stack/data/venv/lib/python3.12/site-packages/oslo_concurrency/processutils.py:468}}
Jul 02 08:34:56 devstack cinder-volume[86098]: DEBUG oslo_concurrency.processutils [None req-738d4b58-10b9-4273-8c92-93bb423d5b9f tempest-GroupSnapshotsTest-1213313545 None] Running cmd (subprocess): sudo cinder-rootwrap /etc/cinder/rootwrap.conf qemu-img create -f qcow2 -o backing_file=/opt/stack/data/cinder/mnt/2cd8b072f4401e8313e5e81c9804a7ea/volume-788e5a90-09ea-4064-8235-255cdf7736b0,backing_fmt=qcow2 /opt/stack/data/cinder/mnt/2cd8b072f4401e8313e5e81c9804a7ea/volume-788e5a90-09ea-4064-8235-255cdf7736b0.cfc55c3a-dadc-4a7c-80d1-20c8cbdde649 1G {{(pid=86098) execute /opt/stack/data/venv/lib/python3.12/site-packages/oslo_concurrency/processutils.py:440}}
Jul 02 08:34:56 devstack sudo[88104]: quobyte : PWD=/ ; USER=root ; COMMAND=/opt/stack/data/venv/bin/cinder-rootwrap /etc/cinder/rootwrap.conf qemu-img create -f qcow2 -o backing_file=/opt/stack/data/cinder/mnt/2cd8b072f4401e8313e5e81c9804a7ea/volume-788e5a90-09ea-4064-8235-255cdf7736b0,backing_fmt=qcow2 /opt/stack/data/cinder/mnt/2cd8b072f4401e8313e5e81c9804a7ea/volume-788e5a90-09ea-4064-8235-255cdf7736b0.cfc55c3a-dadc-4a7c-80d1-20c8cbdde649 1G
Jul 02 08:34:56 devstack sudo[88104]: pam_unix(sudo:session): session opened for user root(uid=0) by (uid=1000)
Jul 02 08:34:57 devstack sudo[88104]: pam_unix(sudo:session): session closed for user root
Jul 02 08:34:57 devstack cinder-volume[86098]: DEBUG oslo_concurrency.processutils [None req-738d4b58-10b9-4273-8c92-93bb423d5b9f tempest-GroupSnapshotsTest-1213313545 None] CMD "sudo cinder-rootwrap /etc/cinder/rootwrap.conf qemu-img create -f qcow2 -o backing_file=/opt/stack/data/cinder/mnt/2cd8b072f4401e8313e5e81c9804a7ea/volume-788e5a90-09ea-4064-8235-255cdf7736b0,backing_fmt=qcow2 /opt/stack/data/cinder/mnt/2cd8b072f4401e8313e5e81c9804a7ea/volume-788e5a90-09ea-4064-8235-255cdf7736b0.cfc55c3a-dadc-4a7c-80d1-20c8cbdde649 1G" returned: 0 in 0.869s {{(pid=86098) execute /opt/stack/data/venv/lib/python3.12/site-packages/oslo_concurrency/processutils.py:468}}
Jul 02 08:34:57 devstack cinder-volume[86098]: DEBUG oslo_concurrency.processutils [None req-738d4b58-10b9-4273-8c92-93bb423d5b9f tempest-GroupSnapshotsTest-1213313545 None] Running cmd (subprocess): sudo cinder-rootwrap /etc/cinder/rootwrap.conf qemu-img rebase -u -b volume-788e5a90-09ea-4064-8235-255cdf7736b0 -F qcow2 /opt/stack/data/cinder/mnt/2cd8b072f4401e8313e5e81c9804a7ea/volume-788e5a90-09ea-4064-8235-255cdf7736b0.cfc55c3a-dadc-4a7c-80d1-20c8cbdde649 {{(pid=86098) execute /opt/stack/data/venv/lib/python3.12/site-packages/oslo_concurrency/processutils.py:440}}
Jul 02 08:34:57 devstack sudo[88111]: quobyte : PWD=/ ; USER=root ; COMMAND=/opt/stack/data/venv/bin/cinder-rootwrap /etc/cinder/rootwrap.conf qemu-img rebase -u -b volume-788e5a90-09ea-4064-8235-255cdf7736b0 -F qcow2 /opt/stack/data/cinder/mnt/2cd8b072f4401e8313e5e81c9804a7ea/volume-788e5a90-09ea-4064-8235-255cdf7736b0.cfc55c3a-dadc-4a7c-80d1-20c8cbdde649
Jul 02 08:34:57 devstack sudo[88111]: pam_unix(sudo:session): session opened for user root(uid=0) by (uid=1000)
Jul 02 08:34:58 devstack sudo[88111]: pam_unix(sudo:session): session closed for user root
Jul 02 08:34:58 devstack cinder-volume[86098]: DEBUG oslo_concurrency.processutils [None req-738d4b58-10b9-4273-8c92-93bb423d5b9f tempest-GroupSnapshotsTest-1213313545 None] CMD "sudo cinder-rootwrap /etc/cinder/rootwrap.conf qemu-img rebase -u -b volume-788e5a90-09ea-4064-8235-255cdf7736b0 -F qcow2 /opt/stack/data/cinder/mnt/2cd8b072f4401e8313e5e81c9804a7ea/volume-788e5a90-09ea-4064-8235-255cdf7736b0.cfc55c3a-dadc-4a7c-80d1-20c8cbdde649" returned: 0 in 0.645s {{(pid=86098) execute /opt/stack/data/venv/lib/python3.12/site-packages/oslo_concurrency/processutils.py:468}}
Jul 02 08:34:58 devstack cinder-volume[86098]: WARNING cinder.volume.drivers.remotefs [None req-738d4b58-10b9-4273-8c92-93bb423d5b9f tempest-GroupSnapshotsTest-1213313545 None] /opt/stack/data/cinder/mnt/2cd8b072f4401e8313e5e81c9804a7ea/volume-788e5a90-09ea-4064-8235-255cdf7736b0.cfc55c3a-dadc-4a7c-80d1-20c8cbdde649 is being set with open permissions: ugo+rw: NotImplementedError
Jul 02 08:34:58 devstack cinder-volume[86098]: DEBUG oslo_concurrency.processutils [None req-738d4b58-10b9-4273-8c92-93bb423d5b9f tempest-GroupSnapshotsTest-1213313545 None] Running cmd (subprocess): sudo cinder-rootwrap /etc/cinder/rootwrap.conf chmod ugo+rw /opt/stack/data/cinder/mnt/2cd8b072f4401e8313e5e81c9804a7ea/volume-788e5a90-09ea-4064-8235-255cdf7736b0.cfc55c3a-dadc-4a7c-80d1-20c8cbdde649 {{(pid=86098) execute /opt/stack/data/venv/lib/python3.12/site-packages/oslo_concurrency/processutils.py:440}}
Jul 02 08:34:58 devstack sudo[88116]: quobyte : PWD=/ ; USER=root ; COMMAND=/opt/stack/data/venv/bin/cinder-rootwrap /etc/cinder/rootwrap.conf chmod ugo+rw /opt/stack/data/cinder/mnt/2cd8b072f4401e8313e5e81c9804a7ea/volume-788e5a90-09ea-4064-8235-255cdf7736b0.cfc55c3a-dadc-4a7c-80d1-20c8cbdde649
Jul 02 08:34:58 devstack sudo[88116]: pam_unix(sudo:session): session opened for user root(uid=0) by (uid=1000)
Jul 02 08:34:59 devstack sudo[88116]: pam_unix(sudo:session): session closed for user root
Jul 02 08:34:59 devstack cinder-volume[86098]: DEBUG oslo_concurrency.processutils [None req-738d4b58-10b9-4273-8c92-93bb423d5b9f tempest-GroupSnapshotsTest-1213313545 None] CMD "sudo cinder-rootwrap /etc/cinder/rootwrap.conf chmod ugo+rw /opt/stack/data/cinder/mnt/2cd8b072f4401e8313e5e81c9804a7ea/volume-788e5a90-09ea-4064-8235-255cdf7736b0.cfc55c3a-dadc-4a7c-80d1-20c8cbdde649" returned: 0 in 0.637s {{(pid=86098) execute /opt/stack/data/venv/lib/python3.12/site-packages/oslo_concurrency/processutils.py:468}}
Jul 02 08:34:59 devstack cinder-volume[86098]: DEBUG oslo_concurrency.processutils [None req-738d4b58-10b9-4273-8c92-93bb423d5b9f tempest-GroupSnapshotsTest-1213313545 None] Running cmd (subprocess): sudo cinder-rootwrap /etc/cinder/rootwrap.conf truncate -s0 /opt/stack/data/cinder/mnt/2cd8b072f4401e8313e5e81c9804a7ea/volume-788e5a90-09ea-4064-8235-255cdf7736b0.info {{(pid=86098) execute /opt/stack/data/venv/lib/python3.12/site-packages/oslo_concurrency/processutils.py:440}}
Jul 02 08:34:59 devstack sudo[88119]: quobyte : PWD=/ ; USER=root ; COMMAND=/opt/stack/data/venv/bin/cinder-rootwrap /etc/cinder/rootwrap.conf truncate -s0 /opt/stack/data/cinder/mnt/2cd8b072f4401e8313e5e81c9804a7ea/volume-788e5a90-09ea-4064-8235-255cdf7736b0.info
Jul 02 08:34:59 devstack sudo[88119]: pam_unix(sudo:session): session opened for user root(uid=0) by (uid=1000)
Jul 02 08:34:59 devstack sudo[88119]: pam_unix(sudo:session): session closed for user root
Jul 02 08:34:59 devstack cinder-volume[86098]: DEBUG oslo_concurrency.processutils [None req-738d4b58-10b9-4273-8c92-93bb423d5b9f tempest-GroupSnapshotsTest-1213313545 None] CMD "sudo cinder-rootwrap /etc/cinder/rootwrap.conf truncate -s0 /opt/stack/data/cinder/mnt/2cd8b072f4401e8313e5e81c9804a7ea/volume-788e5a90-09ea-4064-8235-255cdf7736b0.info" returned: 0 in 0.621s {{(pid=86098) execute /opt/stack/data/venv/lib/python3.12/site-packages/oslo_concurrency/processutils.py:468}}
Jul 02 08:34:59 devstack cinder-volume[86098]: WARNING cinder.volume.drivers.remotefs [None req-738d4b58-10b9-4273-8c92-93bb423d5b9f tempest-GroupSnapshotsTest-1213313545 None] /opt/stack/data/cinder/mnt/2cd8b072f4401e8313e5e81c9804a7ea/volume-788e5a90-09ea-4064-8235-255cdf7736b0.info is being set with open permissions: ugo+rw: NotImplementedError
Jul 02 08:34:59 devstack cinder-volume[86098]: DEBUG oslo_concurrency.processutils [None req-738d4b58-10b9-4273-8c92-93bb423d5b9f tempest-GroupSnapshotsTest-1213313545 None] Running cmd (subprocess): sudo cinder-rootwrap /etc/cinder/rootwrap.conf chmod ugo+rw /opt/stack/data/cinder/mnt/2cd8b072f4401e8313e5e81c9804a7ea/volume-788e5a90-09ea-4064-8235-255cdf7736b0.info {{(pid=86098) execute /opt/stack/data/venv/lib/python3.12/site-packages/oslo_concurrency/processutils.py:440}}
Jul 02 08:34:59 devstack sudo[88122]: quobyte : PWD=/ ; USER=root ; COMMAND=/opt/stack/data/venv/bin/cinder-rootwrap /etc/cinder/rootwrap.conf chmod ugo+rw /opt/stack/data/cinder/mnt/2cd8b072f4401e8313e5e81c9804a7ea/volume-788e5a90-09ea-4064-8235-255cdf7736b0.info
Jul 02 08:34:59 devstack sudo[88122]: pam_unix(sudo:session): session opened for user root(uid=0) by (uid=1000)
Jul 02 08:35:00 devstack sudo[88122]: pam_unix(sudo:session): session closed for user root
Jul 02 08:35:00 devstack cinder-volume[86098]: DEBUG oslo_concurrency.processutils [None req-738d4b58-10b9-4273-8c92-93bb423d5b9f tempest-GroupSnapshotsTest-1213313545 None] CMD "sudo cinder-rootwrap /etc/cinder/rootwrap.conf chmod ugo+rw /opt/stack/data/cinder/mnt/2cd8b072f4401e8313e5e81c9804a7ea/volume-788e5a90-09ea-4064-8235-255cdf7736b0.info" returned: 0 in 0.625s {{(pid=86098) execute /opt/stack/data/venv/lib/python3.12/site-packages/oslo_concurrency/processutils.py:468}}
Jul 02 08:35:00 devstack cinder-volume[86098]: DEBUG oslo_concurrency.lockutils [None req-738d4b58-10b9-4273-8c92-93bb423d5b9f tempest-GroupSnapshotsTest-1213313545 None] Lock "quobyte" "released" by "cinder.volume.drivers.quobyte.QuobyteDriver.create_snapshot" :: held 4.346s {{(pid=86098) inner /opt/stack/data/venv/lib/python3.12/site-packages/oslo_concurrency/lockutils.py:543}}
Jul 02 08:35:00 devstack cinder-volume[86098]: DEBUG oslo_concurrency.lockutils [None req-58e2c3ec-ca5d-4f77-aded-43f1fb2b8983 tempest-VolumesTestJSON-1777442263 None] Lock "quobyte" acquired by "cinder.volume.drivers.quobyte.QuobyteDriver.create_volume" :: waited 9.140s {{(pid=86098) inner /opt/stack/data/venv/lib/python3.12/site-packages/oslo_concurrency/lockutils.py:524}}
Jul 02 08:35:00 devstack cinder-volume[86098]: DEBUG cinder.volume.drivers.quobyte [None req-58e2c3ec-ca5d-4f77-aded-43f1fb2b8983 tempest-VolumesTestJSON-1777442263 None] ==> create_volume: call "{'self': , 'volume': Volume(_name_id=None,admin_metadata=,attach_status='detached',availability_zone='nova',bootable=False,cluster=,cluster_name=None,consistencygroup=,consistencygroup_id=None,created_at=2026-07-02T06:34:51Z,deleted=False,deleted_at=None,display_description=None,display_name='tempest-VolumesTestJSON-volume-1747008960',ec2_id=None,encryption_key_id=None,glance_metadata=,group=,group_id=None,host='devstack@QuobyteHD#QuobyteHD',id=57787d5e-63a5-4aa2-8151-543728361445,launched_at=None,metadata={Type='work'},migration_status=None,multiattach=False,previous_status=None,project_id='c260ae3cbc4b45e98184bbb220aa85ec',provider_auth=None,provider_geometry=None,provider_id=None,provider_location=None,replication_driver_data=None,replication_extended_status=None,replication_status=None,scheduled_at=2026-07-02T06:34:51Z,service_uuid=None,shared_targets=True,size=1,snapshot_id=None,snapshots=,source_volid=None,status='creating',terminated_at=None,updated_at=2026-07-02T06:34:51Z,use_quota=True,user_id='3a5786afee17400483234265abb27565',volume_attachment=VolumeAttachmentList,volume_type=VolumeType(a38d4620-d6e5-494d-a3f5-25608951dddf),volume_type_id=a38d4620-d6e5-494d-a3f5-25608951dddf)}" {{(pid=86098) trace_logging_wrapper /opt/stack/cinder/cinder/volume/volume_utils.py:1497}}
Jul 02 08:35:00 devstack cinder-volume[86098]: DEBUG cinder.volume.drivers.remotefs [None req-58e2c3ec-ca5d-4f77-aded-43f1fb2b8983 tempest-VolumesTestJSON-1777442263 None] Creating volume 57787d5e-63a5-4aa2-8151-543728361445 {{(pid=86098) create_volume /opt/stack/cinder/cinder/volume/drivers/remotefs.py:292}}
Jul 02 08:35:00 devstack cinder-volume[86098]: DEBUG oslo_concurrency.lockutils [None req-58e2c3ec-ca5d-4f77-aded-43f1fb2b8983 tempest-VolumesTestJSON-1777442263 None] Acquiring lock "quobyte_ensure" by "cinder.volume.drivers.quobyte.QuobyteDriver._ensure_shares_mounted" {{(pid=86098) inner /opt/stack/data/venv/lib/python3.12/site-packages/oslo_concurrency/lockutils.py:511}}
Jul 02 08:35:00 devstack cinder-volume[86098]: DEBUG oslo_concurrency.lockutils [None req-58e2c3ec-ca5d-4f77-aded-43f1fb2b8983 tempest-VolumesTestJSON-1777442263 None] Lock "quobyte_ensure" acquired by "cinder.volume.drivers.quobyte.QuobyteDriver._ensure_shares_mounted" :: waited 0.000s {{(pid=86098) inner /opt/stack/data/venv/lib/python3.12/site-packages/oslo_concurrency/lockutils.py:524}}
Jul 02 08:35:00 devstack cinder-volume[86098]: DEBUG cinder.volume.drivers.quobyte [None req-58e2c3ec-ca5d-4f77-aded-43f1fb2b8983 tempest-VolumesTestJSON-1777442263 None] Quobyte Volume URL set to: {'osci02.corp.quobyte.com/cinder-vol-900121b1-93ab-4038-8e4f-58bad442792a': None} {{(pid=86098) _load_shares_config /opt/stack/cinder/cinder/volume/drivers/quobyte.py:617}}
Jul 02 08:35:00 devstack cinder-volume[86098]: DEBUG cinder.volume.drivers.quobyte [None req-58e2c3ec-ca5d-4f77-aded-43f1fb2b8983 tempest-VolumesTestJSON-1777442263 None] Available shares ['osci02.corp.quobyte.com/cinder-vol-900121b1-93ab-4038-8e4f-58bad442792a'] {{(pid=86098) _ensure_shares_mounted /opt/stack/cinder/cinder/volume/drivers/quobyte.py:647}}
Jul 02 08:35:00 devstack cinder-volume[86098]: DEBUG oslo_concurrency.lockutils [None req-58e2c3ec-ca5d-4f77-aded-43f1fb2b8983 tempest-VolumesTestJSON-1777442263 None] Lock "quobyte_ensure" "released" by "cinder.volume.drivers.quobyte.QuobyteDriver._ensure_shares_mounted" :: held 0.007s {{(pid=86098) inner /opt/stack/data/venv/lib/python3.12/site-packages/oslo_concurrency/lockutils.py:543}}
Jul 02 08:35:00 devstack cinder-volume[86098]: DEBUG cinder.volume.drivers.quobyte [None req-58e2c3ec-ca5d-4f77-aded-43f1fb2b8983 tempest-VolumesTestJSON-1777442263 None] Selected osci02.corp.quobyte.com/cinder-vol-900121b1-93ab-4038-8e4f-58bad442792a as target Quobyte volume. {{(pid=86098) _find_share /opt/stack/cinder/cinder/volume/drivers/quobyte.py:668}}
Jul 02 08:35:00 devstack cinder-volume[86098]: INFO cinder.volume.drivers.remotefs [None req-58e2c3ec-ca5d-4f77-aded-43f1fb2b8983 tempest-VolumesTestJSON-1777442263 None] casted to osci02.corp.quobyte.com/cinder-vol-900121b1-93ab-4038-8e4f-58bad442792a
Jul 02 08:35:00 devstack cinder-volume[86098]: DEBUG oslo_concurrency.processutils [None req-58e2c3ec-ca5d-4f77-aded-43f1fb2b8983 tempest-VolumesTestJSON-1777442263 None] Running cmd (subprocess): sudo cinder-rootwrap /etc/cinder/rootwrap.conf qemu-img create -f qcow2 -o preallocation=metadata /opt/stack/data/cinder/mnt/2cd8b072f4401e8313e5e81c9804a7ea/volume-57787d5e-63a5-4aa2-8151-543728361445 1073741824 {{(pid=86098) execute /opt/stack/data/venv/lib/python3.12/site-packages/oslo_concurrency/processutils.py:440}}
Jul 02 08:35:00 devstack sudo[88126]: quobyte : PWD=/ ; USER=root ; COMMAND=/opt/stack/data/venv/bin/cinder-rootwrap /etc/cinder/rootwrap.conf qemu-img create -f qcow2 -o preallocation=metadata /opt/stack/data/cinder/mnt/2cd8b072f4401e8313e5e81c9804a7ea/volume-57787d5e-63a5-4aa2-8151-543728361445 1073741824
Jul 02 08:35:00 devstack sudo[88126]: pam_unix(sudo:session): session opened for user root(uid=0) by (uid=1000)
Jul 02 08:35:00 devstack cinder-volume[86098]: INFO cinder.volume.manager [None req-738d4b58-10b9-4273-8c92-93bb423d5b9f tempest-GroupSnapshotsTest-1213313545 None] group_snapshot be33f651-66a5-45f0-a774-1621879d7a79: created successfully
Jul 02 08:35:01 devstack cinder-volume[86098]: INFO cinder.volume.manager [None req-794ad99c-3615-4fda-8794-88da89e06096 tempest-GroupSnapshotsTest-1213313545 None] group_snapshot be33f651-66a5-45f0-a774-1621879d7a79: deleting
Jul 02 08:35:01 devstack sudo[88126]: pam_unix(sudo:session): session closed for user root
Jul 02 08:35:01 devstack cinder-volume[86098]: DEBUG oslo_concurrency.processutils [None req-58e2c3ec-ca5d-4f77-aded-43f1fb2b8983 tempest-VolumesTestJSON-1777442263 None] CMD "sudo cinder-rootwrap /etc/cinder/rootwrap.conf qemu-img create -f qcow2 -o preallocation=metadata /opt/stack/data/cinder/mnt/2cd8b072f4401e8313e5e81c9804a7ea/volume-57787d5e-63a5-4aa2-8151-543728361445 1073741824" returned: 0 in 1.131s {{(pid=86098) execute /opt/stack/data/venv/lib/python3.12/site-packages/oslo_concurrency/processutils.py:468}}
Jul 02 08:35:01 devstack cinder-volume[86098]: DEBUG cinder.volume.manager [None req-794ad99c-3615-4fda-8794-88da89e06096 tempest-GroupSnapshotsTest-1213313545 None] group_snapshot be33f651-66a5-45f0-a774-1621879d7a79: deleting {{(pid=86098) delete_group_snapshot /opt/stack/cinder/cinder/volume/manager.py:4350}}
Jul 02 08:35:01 devstack cinder-volume[86098]: DEBUG cinder.coordination [None req-794ad99c-3615-4fda-8794-88da89e06096 tempest-GroupSnapshotsTest-1213313545 None] Acquiring lock "cinder-quobyte-0430b8c7-92a8-4b72-a64c-b9d9411db8c9" by "delete_snapshot" {{(pid=86098) __acquire /opt/stack/cinder/cinder/coordination.py:138}}
Jul 02 08:35:01 devstack cinder-volume[86098]: DEBUG cinder.coordination [None req-794ad99c-3615-4fda-8794-88da89e06096 tempest-GroupSnapshotsTest-1213313545 None] Lock "cinder-quobyte-0430b8c7-92a8-4b72-a64c-b9d9411db8c9" acquired by "delete_snapshot" :: waited 0.034s {{(pid=86098) __acquire /opt/stack/cinder/cinder/coordination.py:141}}
Jul 02 08:35:01 devstack cinder-volume[86098]: DEBUG cinder.coordination [None req-794ad99c-3615-4fda-8794-88da89e06096 tempest-GroupSnapshotsTest-1213313545 None] Acquiring lock "cinder-quobyte-c9e98501-cc2f-4947-80dd-0adba07f4d2e" by "_delete_snapshot" {{(pid=86098) __acquire /opt/stack/cinder/cinder/coordination.py:138}}
Jul 02 08:35:01 devstack cinder-volume[86098]: DEBUG oslo_concurrency.processutils [None req-58e2c3ec-ca5d-4f77-aded-43f1fb2b8983 tempest-VolumesTestJSON-1777442263 None] Running cmd (subprocess): sudo cinder-rootwrap /etc/cinder/rootwrap.conf chmod ugo+rw /opt/stack/data/cinder/mnt/2cd8b072f4401e8313e5e81c9804a7ea/volume-57787d5e-63a5-4aa2-8151-543728361445 {{(pid=86098) execute /opt/stack/data/venv/lib/python3.12/site-packages/oslo_concurrency/processutils.py:440}}
Jul 02 08:35:01 devstack cinder-volume[86098]: DEBUG cinder.coordination [None req-794ad99c-3615-4fda-8794-88da89e06096 tempest-GroupSnapshotsTest-1213313545 None] Lock "cinder-quobyte-c9e98501-cc2f-4947-80dd-0adba07f4d2e" acquired by "_delete_snapshot" :: waited 0.036s {{(pid=86098) __acquire /opt/stack/cinder/cinder/coordination.py:141}}
Jul 02 08:35:01 devstack cinder-volume[86098]: DEBUG cinder.volume.drivers.remotefs [None req-794ad99c-3615-4fda-8794-88da89e06096 tempest-GroupSnapshotsTest-1213313545 None] Deleting offline snapshot c9e98501-cc2f-4947-80dd-0adba07f4d2e of volume 0430b8c7-92a8-4b72-a64c-b9d9411db8c9 {{(pid=86098) _delete_snapshot /opt/stack/cinder/cinder/volume/drivers/remotefs.py:1288}}
Jul 02 08:35:01 devstack sudo[88136]: quobyte : PWD=/ ; USER=root ; COMMAND=/opt/stack/data/venv/bin/cinder-rootwrap /etc/cinder/rootwrap.conf chmod ugo+rw /opt/stack/data/cinder/mnt/2cd8b072f4401e8313e5e81c9804a7ea/volume-57787d5e-63a5-4aa2-8151-543728361445
Jul 02 08:35:01 devstack sudo[88136]: pam_unix(sudo:session): session opened for user root(uid=0) by (uid=1000)
Jul 02 08:35:01 devstack cinder-volume[86098]: DEBUG cinder.volume.drivers.remotefs [None req-794ad99c-3615-4fda-8794-88da89e06096 tempest-GroupSnapshotsTest-1213313545 None] snapshot_file for this snap is: volume-0430b8c7-92a8-4b72-a64c-b9d9411db8c9.c9e98501-cc2f-4947-80dd-0adba07f4d2e {{(pid=86098) _delete_snapshot /opt/stack/cinder/cinder/volume/drivers/remotefs.py:1317}}
Jul 02 08:35:01 devstack cinder-volume[86098]: DEBUG oslo.privsep.daemon [-] privsep: reply[12011c8d-b4e6-4afb-816c-cd9634308f95]: (4, 'qcow2') {{(pid=87004) _call_back /opt/stack/data/venv/lib/python3.12/site-packages/oslo_privsep/daemon.py:580}}
Jul 02 08:35:01 devstack cinder-volume[86098]: DEBUG oslo_concurrency.processutils [None req-794ad99c-3615-4fda-8794-88da89e06096 tempest-GroupSnapshotsTest-1213313545 None] Running cmd (subprocess): /opt/stack/data/venv/bin/python3.12 -m oslo_concurrency.prlimit --as=1073741824 --cpu=60 -- sudo cinder-rootwrap /etc/cinder/rootwrap.conf env LC_ALL=C qemu-img info -f qcow2 --output=json --force-share /opt/stack/data/cinder/mnt/2cd8b072f4401e8313e5e81c9804a7ea/volume-0430b8c7-92a8-4b72-a64c-b9d9411db8c9.c9e98501-cc2f-4947-80dd-0adba07f4d2e {{(pid=86098) execute /opt/stack/data/venv/lib/python3.12/site-packages/oslo_concurrency/processutils.py:440}}
Jul 02 08:35:01 devstack sudo[88138]: quobyte : PWD=/ ; USER=root ; COMMAND=/opt/stack/data/venv/bin/cinder-rootwrap /etc/cinder/rootwrap.conf env LC_ALL=C qemu-img info -f qcow2 --output=json --force-share /opt/stack/data/cinder/mnt/2cd8b072f4401e8313e5e81c9804a7ea/volume-0430b8c7-92a8-4b72-a64c-b9d9411db8c9.c9e98501-cc2f-4947-80dd-0adba07f4d2e
Jul 02 08:35:01 devstack sudo[88138]: pam_unix(sudo:session): session opened for user root(uid=0) by (uid=1000)
Jul 02 08:35:02 devstack sudo[88136]: pam_unix(sudo:session): session closed for user root
Jul 02 08:35:02 devstack cinder-volume[86098]: DEBUG oslo_concurrency.processutils [None req-58e2c3ec-ca5d-4f77-aded-43f1fb2b8983 tempest-VolumesTestJSON-1777442263 None] CMD "sudo cinder-rootwrap /etc/cinder/rootwrap.conf chmod ugo+rw /opt/stack/data/cinder/mnt/2cd8b072f4401e8313e5e81c9804a7ea/volume-57787d5e-63a5-4aa2-8151-543728361445" returned: 0 in 0.853s {{(pid=86098) execute /opt/stack/data/venv/lib/python3.12/site-packages/oslo_concurrency/processutils.py:468}}
Jul 02 08:35:02 devstack cinder-volume[86098]: DEBUG cinder.volume.drivers.quobyte [None req-58e2c3ec-ca5d-4f77-aded-43f1fb2b8983 tempest-VolumesTestJSON-1777442263 None] <== create_volume: return (2076ms) {'provider_location': 'osci02.corp.quobyte.com/cinder-vol-900121b1-93ab-4038-8e4f-58bad442792a'} {{(pid=86098) trace_logging_wrapper /opt/stack/cinder/cinder/volume/volume_utils.py:1522}}
Jul 02 08:35:02 devstack cinder-volume[86098]: DEBUG oslo_concurrency.lockutils [None req-58e2c3ec-ca5d-4f77-aded-43f1fb2b8983 tempest-VolumesTestJSON-1777442263 None] Lock "quobyte" "released" by "cinder.volume.drivers.quobyte.QuobyteDriver.create_volume" :: held 2.079s {{(pid=86098) inner /opt/stack/data/venv/lib/python3.12/site-packages/oslo_concurrency/lockutils.py:543}}
Jul 02 08:35:02 devstack cinder-volume[86098]: DEBUG cinder.volume.manager [None req-58e2c3ec-ca5d-4f77-aded-43f1fb2b8983 tempest-VolumesTestJSON-1777442263 None] Task 'cinder.volume.flows.manager.create_volume.CreateVolumeFromSpecTask;volume:create' (a2c5f091-c282-4a7d-afbd-41256afe5e8b) transitioned into state 'SUCCESS' from state 'RUNNING' with result '{'status': 'creating', 'volume_name': 'volume-57787d5e-63a5-4aa2-8151-543728361445', 'volume_size': 1}' {{(pid=86098) _task_receiver /opt/stack/data/venv/lib/python3.12/site-packages/taskflow/listeners/logging.py:218}}
Jul 02 08:35:02 devstack cinder-volume[86098]: DEBUG cinder.volume.manager [None req-58e2c3ec-ca5d-4f77-aded-43f1fb2b8983 tempest-VolumesTestJSON-1777442263 None] Task 'cinder.volume.flows.manager.create_volume.CreateVolumeOnFinishTask;volume:create, create.end' (9c23609f-9a3e-4637-923a-a61a8890f83b) transitioned into state 'RUNNING' from state 'PENDING' {{(pid=86098) _task_receiver /opt/stack/data/venv/lib/python3.12/site-packages/taskflow/listeners/logging.py:242}}
Jul 02 08:35:02 devstack cinder-volume[86098]: INFO cinder.volume.flows.manager.create_volume [None req-58e2c3ec-ca5d-4f77-aded-43f1fb2b8983 tempest-VolumesTestJSON-1777442263 None] Volume volume-57787d5e-63a5-4aa2-8151-543728361445 (57787d5e-63a5-4aa2-8151-543728361445): created successfully
Jul 02 08:35:02 devstack cinder-volume[86098]: DEBUG cinder.volume.manager [None req-58e2c3ec-ca5d-4f77-aded-43f1fb2b8983 tempest-VolumesTestJSON-1777442263 None] Task 'cinder.volume.flows.manager.create_volume.CreateVolumeOnFinishTask;volume:create, create.end' (9c23609f-9a3e-4637-923a-a61a8890f83b) transitioned into state 'SUCCESS' from state 'RUNNING' with result 'None' {{(pid=86098) _task_receiver /opt/stack/data/venv/lib/python3.12/site-packages/taskflow/listeners/logging.py:218}}
Jul 02 08:35:02 devstack cinder-volume[86098]: DEBUG cinder.volume.manager [None req-58e2c3ec-ca5d-4f77-aded-43f1fb2b8983 tempest-VolumesTestJSON-1777442263 None] Flow 'volume_create_manager' (da74bd54-5674-4e04-b740-d7a47002056a) transitioned into state 'SUCCESS' from state 'RUNNING' {{(pid=86098) _flow_receiver /opt/stack/data/venv/lib/python3.12/site-packages/taskflow/listeners/logging.py:160}}
Jul 02 08:35:02 devstack cinder-volume[86098]: INFO cinder.volume.manager [None req-58e2c3ec-ca5d-4f77-aded-43f1fb2b8983 tempest-VolumesTestJSON-1777442263 None] Created volume successfully.
Jul 02 08:35:02 devstack sudo[88138]: pam_unix(sudo:session): session closed for user root
Jul 02 08:35:02 devstack cinder-volume[86098]: DEBUG oslo_concurrency.processutils [None req-794ad99c-3615-4fda-8794-88da89e06096 tempest-GroupSnapshotsTest-1213313545 None] CMD "/opt/stack/data/venv/bin/python3.12 -m oslo_concurrency.prlimit --as=1073741824 --cpu=60 -- sudo cinder-rootwrap /etc/cinder/rootwrap.conf env LC_ALL=C qemu-img info -f qcow2 --output=json --force-share /opt/stack/data/cinder/mnt/2cd8b072f4401e8313e5e81c9804a7ea/volume-0430b8c7-92a8-4b72-a64c-b9d9411db8c9.c9e98501-cc2f-4947-80dd-0adba07f4d2e" returned: 0 in 0.931s {{(pid=86098) execute /opt/stack/data/venv/lib/python3.12/site-packages/oslo_concurrency/processutils.py:468}}
Jul 02 08:35:02 devstack cinder-volume[86098]: DEBUG cinder.volume.drivers.remotefs [None req-794ad99c-3615-4fda-8794-88da89e06096 tempest-GroupSnapshotsTest-1213313545 None] Fetching qemu-img info with special backing_file_template: (/opt/stack/data/cinder/mnt/[0-9a-f]+/)?(volume-0430b8c7-92a8-4b72-a64c-b9d9411db8c9(.(tmp-snap-)?[0-9a-f-]+)?|volume_from_snapshot_cache/(tmp-snap-)?[0-9a-f-]+(.(child-|parent-)[0-9a-f-]+)?)$ {{(pid=86098) _qemu_img_info_base /opt/stack/cinder/cinder/volume/drivers/remotefs.py:896}}
Jul 02 08:35:02 devstack cinder-volume[86098]: DEBUG oslo.privsep.daemon [-] privsep: reply[c0b1109d-1da9-4181-89cc-94cdf48e7354]: (4, 'qcow2') {{(pid=87004) _call_back /opt/stack/data/venv/lib/python3.12/site-packages/oslo_privsep/daemon.py:580}}
Jul 02 08:35:02 devstack cinder-volume[86098]: DEBUG oslo_concurrency.processutils [None req-794ad99c-3615-4fda-8794-88da89e06096 tempest-GroupSnapshotsTest-1213313545 None] Running cmd (subprocess): /opt/stack/data/venv/bin/python3.12 -m oslo_concurrency.prlimit --as=1073741824 --cpu=60 -- sudo cinder-rootwrap /etc/cinder/rootwrap.conf env LC_ALL=C qemu-img info -f qcow2 --output=json --force-share /opt/stack/data/cinder/mnt/2cd8b072f4401e8313e5e81c9804a7ea/volume-0430b8c7-92a8-4b72-a64c-b9d9411db8c9 {{(pid=86098) execute /opt/stack/data/venv/lib/python3.12/site-packages/oslo_concurrency/processutils.py:440}}
Jul 02 08:35:02 devstack sudo[88148]: quobyte : PWD=/ ; USER=root ; COMMAND=/opt/stack/data/venv/bin/cinder-rootwrap /etc/cinder/rootwrap.conf env LC_ALL=C qemu-img info -f qcow2 --output=json --force-share /opt/stack/data/cinder/mnt/2cd8b072f4401e8313e5e81c9804a7ea/volume-0430b8c7-92a8-4b72-a64c-b9d9411db8c9
Jul 02 08:35:02 devstack sudo[88148]: pam_unix(sudo:session): session opened for user root(uid=0) by (uid=1000)
Jul 02 08:35:03 devstack sudo[88148]: pam_unix(sudo:session): session closed for user root
Jul 02 08:35:03 devstack cinder-volume[86098]: DEBUG oslo_concurrency.processutils [None req-794ad99c-3615-4fda-8794-88da89e06096 tempest-GroupSnapshotsTest-1213313545 None] CMD "/opt/stack/data/venv/bin/python3.12 -m oslo_concurrency.prlimit --as=1073741824 --cpu=60 -- sudo cinder-rootwrap /etc/cinder/rootwrap.conf env LC_ALL=C qemu-img info -f qcow2 --output=json --force-share /opt/stack/data/cinder/mnt/2cd8b072f4401e8313e5e81c9804a7ea/volume-0430b8c7-92a8-4b72-a64c-b9d9411db8c9" returned: 0 in 1.003s {{(pid=86098) execute /opt/stack/data/venv/lib/python3.12/site-packages/oslo_concurrency/processutils.py:468}}
Jul 02 08:35:03 devstack cinder-volume[86098]: DEBUG oslo_concurrency.processutils [None req-794ad99c-3615-4fda-8794-88da89e06096 tempest-GroupSnapshotsTest-1213313545 None] Running cmd (subprocess): sudo cinder-rootwrap /etc/cinder/rootwrap.conf qemu-img commit -d /opt/stack/data/cinder/mnt/2cd8b072f4401e8313e5e81c9804a7ea/volume-0430b8c7-92a8-4b72-a64c-b9d9411db8c9.c9e98501-cc2f-4947-80dd-0adba07f4d2e {{(pid=86098) execute /opt/stack/data/venv/lib/python3.12/site-packages/oslo_concurrency/processutils.py:440}}
Jul 02 08:35:03 devstack sudo[88170]: quobyte : PWD=/ ; USER=root ; COMMAND=/opt/stack/data/venv/bin/cinder-rootwrap /etc/cinder/rootwrap.conf qemu-img commit -d /opt/stack/data/cinder/mnt/2cd8b072f4401e8313e5e81c9804a7ea/volume-0430b8c7-92a8-4b72-a64c-b9d9411db8c9.c9e98501-cc2f-4947-80dd-0adba07f4d2e
