Nov 20 12:58:57 devstack cinder-volume[81190]: DEBUG oslo.privsep.daemon [-] privsep: reply[63d137d4-fd0d-4edf-a745-d6b1cbe5bf26]: (4, 'qcow2') {{(pid=82092) _call_back /opt/stack/data/venv/lib/python3.10/site-packages/oslo_privsep/daemon.py:515}}
Nov 20 12:58:57 devstack cinder-volume[81190]: DEBUG oslo_concurrency.processutils [req-d0ea687b-393a-453a-a8ef-dedcea25e66d req-dfc05f13-5772-4269-9971-5de45e90c5ed tempest-TaggedBootDevicesTest_v242-1222072018 None] Running cmd (subprocess): /opt/stack/data/venv/bin/python3.10 -m oslo_concurrency.prlimit --as=1073741824 --cpu=60 -- sudo cinder-rootwrap /etc/cinder/rootwrap.conf env LC_ALL=C qemu-img info -f qcow2 --output=json --force-share /opt/stack/data/cinder/mnt/85680397ab1d8e7f52a935e5fb2253fd/volume-294fc633-0077-4ad1-a553-dbbc861a1f61 {{(pid=81190) execute /opt/stack/data/venv/lib/python3.10/site-packages/oslo_concurrency/processutils.py:349}}
Nov 20 12:58:57 devstack cinder-volume[81190]: WARNING cinder.volume.volume_utils [None req-f2ce2c4e-2e55-497d-8dc3-dd8c03de8666 tempest-GroupSnapshotsTest-1395158877 None] Volume driver (QuobyteDriver 1.1.13) is currently unsupported and may be removed in the next release of OpenStack. Use at your own risk.
Nov 20 12:58:57 devstack cinder-volume[81190]: INFO cinder.volume.manager [None req-f2ce2c4e-2e55-497d-8dc3-dd8c03de8666 tempest-GroupSnapshotsTest-1395158877 None] Update group completed successfully.
Nov 20 12:58:57 devstack sudo[87498]: quobyte : PWD=/ ; USER=root ; COMMAND=/opt/stack/data/venv/bin/cinder-rootwrap /etc/cinder/rootwrap.conf env LC_ALL=C qemu-img info -f qcow2 --output=json --force-share /opt/stack/data/cinder/mnt/85680397ab1d8e7f52a935e5fb2253fd/volume-294fc633-0077-4ad1-a553-dbbc861a1f61
Nov 20 12:58:57 devstack sudo[87498]: pam_unix(sudo:session): session opened for user root(uid=0) by (uid=1000)
Nov 20 12:58:59 devstack cinder-volume[81190]: INFO cinder.volume.manager [None req-ab5bfd21-4c4c-488a-8d08-63cc4fefbb1e tempest-GroupSnapshotsTest-1395158877 None] GroupSnapshot 8cda6679-60b1-465b-b377-60278b1b5e67: creating.
Nov 20 12:58:59 devstack cinder-volume[81190]: WARNING cinder.volume.volume_utils [None req-ab5bfd21-4c4c-488a-8d08-63cc4fefbb1e tempest-GroupSnapshotsTest-1395158877 None] Volume driver (QuobyteDriver 1.1.13) is currently unsupported and may be removed in the next release of OpenStack. Use at your own risk.
Nov 20 12:58:59 devstack cinder-volume[81190]: DEBUG cinder.volume.manager [None req-ab5bfd21-4c4c-488a-8d08-63cc4fefbb1e tempest-GroupSnapshotsTest-1395158877 None] Group snapshot 8cda6679-60b1-465b-b377-60278b1b5e67: creating. {{(pid=81190) create_group_snapshot /opt/stack/cinder/cinder/volume/manager.py:4143}}
Nov 20 12:58:59 devstack cinder-volume[81190]: DEBUG oslo_concurrency.lockutils [None req-ab5bfd21-4c4c-488a-8d08-63cc4fefbb1e tempest-GroupSnapshotsTest-1395158877 None] Acquiring lock "quobyte" by "cinder.volume.drivers.quobyte.QuobyteDriver.create_snapshot" {{(pid=81190) inner /opt/stack/data/venv/lib/python3.10/site-packages/oslo_concurrency/lockutils.py:405}}
Nov 20 12:58:59 devstack sudo[87498]: pam_unix(sudo:session): session closed for user root
Nov 20 12:58:59 devstack cinder-volume[81190]: DEBUG oslo_concurrency.processutils [req-d0ea687b-393a-453a-a8ef-dedcea25e66d req-dfc05f13-5772-4269-9971-5de45e90c5ed tempest-TaggedBootDevicesTest_v242-1222072018 None] CMD "/opt/stack/data/venv/bin/python3.10 -m oslo_concurrency.prlimit --as=1073741824 --cpu=60 -- sudo cinder-rootwrap /etc/cinder/rootwrap.conf env LC_ALL=C qemu-img info -f qcow2 --output=json --force-share /opt/stack/data/cinder/mnt/85680397ab1d8e7f52a935e5fb2253fd/volume-294fc633-0077-4ad1-a553-dbbc861a1f61" returned: 0 in 2.780s {{(pid=81190) execute /opt/stack/data/venv/lib/python3.10/site-packages/oslo_concurrency/processutils.py:372}}
Nov 20 12:58:59 devstack cinder-volume[81190]: DEBUG oslo_concurrency.lockutils [req-d0ea687b-393a-453a-a8ef-dedcea25e66d req-dfc05f13-5772-4269-9971-5de45e90c5ed tempest-TaggedBootDevicesTest_v242-1222072018 None] Lock "quobyte" "released" by "cinder.volume.drivers.quobyte.QuobyteDriver.initialize_connection" :: held 2.861s {{(pid=81190) inner /opt/stack/data/venv/lib/python3.10/site-packages/oslo_concurrency/lockutils.py:424}}
Nov 20 12:59:00 devstack cinder-volume[81190]: DEBUG oslo_concurrency.lockutils [None req-ab5bfd21-4c4c-488a-8d08-63cc4fefbb1e tempest-GroupSnapshotsTest-1395158877 None] Lock "quobyte" acquired by "cinder.volume.drivers.quobyte.QuobyteDriver.create_snapshot" :: waited 0.385s {{(pid=81190) inner /opt/stack/data/venv/lib/python3.10/site-packages/oslo_concurrency/lockutils.py:410}}
Nov 20 12:59:00 devstack cinder-volume[81190]: DEBUG cinder.volume.drivers.remotefs [None req-ab5bfd21-4c4c-488a-8d08-63cc4fefbb1e tempest-GroupSnapshotsTest-1395158877 None] Creating offline snapshot 58758ec8-5deb-4484-a924-b89c63cf1aa7 of volume 2d8c92f8-dd77-4b96-86a2-ae63a89b30c4 {{(pid=81190) _create_snapshot /opt/stack/cinder/cinder/volume/drivers/remotefs.py:1694}}
Nov 20 12:59:00 devstack cinder-volume[81190]: DEBUG cinder.volume.manager [req-d0ea687b-393a-453a-a8ef-dedcea25e66d req-dfc05f13-5772-4269-9971-5de45e90c5ed tempest-TaggedBootDevicesTest_v242-1222072018 None] Connection info returned from driver {'export': 'osci02.corp.quobyte.com/cinder-vol-51d10437-611e-4f9e-9932-e433e3a3e287', 'name': 'volume-294fc633-0077-4ad1-a553-dbbc861a1f61', 'options': None, 'format': 'qcow2', 'qos_specs': None, 'access_mode': 'rw', 'encrypted': False, 'cacheable': False, 'driver_volume_type': 'quobyte', 'mount_point_base': '/opt/stack/data/cinder/mnt', 'attachment_id': '2008fac2-403e-4166-8efe-851cbbb184bc', 'enforce_multipath': True} {{(pid=81190) _connection_create /opt/stack/cinder/cinder/volume/manager.py:4892}}
Nov 20 12:59:00 devstack cinder-volume[81190]: WARNING cinder.volume.volume_utils [req-d0ea687b-393a-453a-a8ef-dedcea25e66d req-dfc05f13-5772-4269-9971-5de45e90c5ed tempest-TaggedBootDevicesTest_v242-1222072018 None] Volume driver (QuobyteDriver 1.1.13) is currently unsupported and may be removed in the next release of OpenStack. Use at your own risk.
Nov 20 12:59:00 devstack cinder-volume[81190]: DEBUG oslo.privsep.daemon [-] privsep: reply[37e48151-ee3f-409c-8a34-ea9bb80fc6af]: (4, 'qcow2') {{(pid=82092) _call_back /opt/stack/data/venv/lib/python3.10/site-packages/oslo_privsep/daemon.py:515}}
Nov 20 12:59:00 devstack cinder-volume[81190]: DEBUG oslo_concurrency.processutils [None req-ab5bfd21-4c4c-488a-8d08-63cc4fefbb1e tempest-GroupSnapshotsTest-1395158877 None] Running cmd (subprocess): /opt/stack/data/venv/bin/python3.10 -m oslo_concurrency.prlimit --as=1073741824 --cpu=60 -- sudo cinder-rootwrap /etc/cinder/rootwrap.conf env LC_ALL=C qemu-img info -f qcow2 --output=json --force-share /opt/stack/data/cinder/mnt/85680397ab1d8e7f52a935e5fb2253fd/volume-2d8c92f8-dd77-4b96-86a2-ae63a89b30c4 {{(pid=81190) execute /opt/stack/data/venv/lib/python3.10/site-packages/oslo_concurrency/processutils.py:349}}
Nov 20 12:59:00 devstack cinder-volume[81190]: INFO cinder.volume.manager [req-d0ea687b-393a-453a-a8ef-dedcea25e66d req-dfc05f13-5772-4269-9971-5de45e90c5ed tempest-TaggedBootDevicesTest_v242-1222072018 None] attachment_update completed successfully.
Nov 20 12:59:00 devstack sudo[87955]: quobyte : PWD=/ ; USER=root ; COMMAND=/opt/stack/data/venv/bin/cinder-rootwrap /etc/cinder/rootwrap.conf env LC_ALL=C qemu-img info -f qcow2 --output=json --force-share /opt/stack/data/cinder/mnt/85680397ab1d8e7f52a935e5fb2253fd/volume-2d8c92f8-dd77-4b96-86a2-ae63a89b30c4
Nov 20 12:59:00 devstack sudo[87955]: pam_unix(sudo:session): session opened for user root(uid=0) by (uid=1000)
Nov 20 12:59:01 devstack sudo[87955]: pam_unix(sudo:session): session closed for user root
Nov 20 12:59:01 devstack cinder-volume[81190]: DEBUG oslo_concurrency.processutils [None req-ab5bfd21-4c4c-488a-8d08-63cc4fefbb1e tempest-GroupSnapshotsTest-1395158877 None] CMD "/opt/stack/data/venv/bin/python3.10 -m oslo_concurrency.prlimit --as=1073741824 --cpu=60 -- sudo cinder-rootwrap /etc/cinder/rootwrap.conf env LC_ALL=C qemu-img info -f qcow2 --output=json --force-share /opt/stack/data/cinder/mnt/85680397ab1d8e7f52a935e5fb2253fd/volume-2d8c92f8-dd77-4b96-86a2-ae63a89b30c4" returned: 0 in 1.863s {{(pid=81190) execute /opt/stack/data/venv/lib/python3.10/site-packages/oslo_concurrency/processutils.py:372}}
Nov 20 12:59:01 devstack cinder-volume[81190]: DEBUG oslo_concurrency.processutils [None req-ab5bfd21-4c4c-488a-8d08-63cc4fefbb1e tempest-GroupSnapshotsTest-1395158877 None] Running cmd (subprocess): sudo cinder-rootwrap /etc/cinder/rootwrap.conf qemu-img create -f qcow2 -o backing_file=/opt/stack/data/cinder/mnt/85680397ab1d8e7f52a935e5fb2253fd/volume-2d8c92f8-dd77-4b96-86a2-ae63a89b30c4,backing_fmt=qcow2 /opt/stack/data/cinder/mnt/85680397ab1d8e7f52a935e5fb2253fd/volume-2d8c92f8-dd77-4b96-86a2-ae63a89b30c4.58758ec8-5deb-4484-a924-b89c63cf1aa7 1G {{(pid=81190) execute /opt/stack/data/venv/lib/python3.10/site-packages/oslo_concurrency/processutils.py:349}}
Nov 20 12:59:01 devstack sudo[88019]: quobyte : PWD=/ ; USER=root ; COMMAND=/opt/stack/data/venv/bin/cinder-rootwrap /etc/cinder/rootwrap.conf qemu-img create -f qcow2 -o backing_file=/opt/stack/data/cinder/mnt/85680397ab1d8e7f52a935e5fb2253fd/volume-2d8c92f8-dd77-4b96-86a2-ae63a89b30c4,backing_fmt=qcow2 /opt/stack/data/cinder/mnt/85680397ab1d8e7f52a935e5fb2253fd/volume-2d8c92f8-dd77-4b96-86a2-ae63a89b30c4.58758ec8-5deb-4484-a924-b89c63cf1aa7 1G
Nov 20 12:59:01 devstack sudo[88019]: pam_unix(sudo:session): session opened for user root(uid=0) by (uid=1000)
Nov 20 12:59:02 devstack cinder-volume[81190]: DEBUG oslo_concurrency.lockutils [req-d0ea687b-393a-453a-a8ef-dedcea25e66d req-ae374e09-b55c-4e27-9140-412bae3fe857 tempest-TaggedBootDevicesTest_v242-1222072018 None] Acquiring lock "quobyte" by "cinder.volume.drivers.quobyte.QuobyteDriver.initialize_connection" {{(pid=81190) inner /opt/stack/data/venv/lib/python3.10/site-packages/oslo_concurrency/lockutils.py:405}}
Nov 20 12:59:03 devstack sudo[88019]: pam_unix(sudo:session): session closed for user root
Nov 20 12:59:03 devstack cinder-volume[81190]: DEBUG oslo_concurrency.processutils [None req-ab5bfd21-4c4c-488a-8d08-63cc4fefbb1e tempest-GroupSnapshotsTest-1395158877 None] CMD "sudo cinder-rootwrap /etc/cinder/rootwrap.conf qemu-img create -f qcow2 -o backing_file=/opt/stack/data/cinder/mnt/85680397ab1d8e7f52a935e5fb2253fd/volume-2d8c92f8-dd77-4b96-86a2-ae63a89b30c4,backing_fmt=qcow2 /opt/stack/data/cinder/mnt/85680397ab1d8e7f52a935e5fb2253fd/volume-2d8c92f8-dd77-4b96-86a2-ae63a89b30c4.58758ec8-5deb-4484-a924-b89c63cf1aa7 1G" returned: 0 in 1.865s {{(pid=81190) execute /opt/stack/data/venv/lib/python3.10/site-packages/oslo_concurrency/processutils.py:372}}
Nov 20 12:59:03 devstack cinder-volume[81190]: DEBUG oslo_concurrency.processutils [None req-ab5bfd21-4c4c-488a-8d08-63cc4fefbb1e tempest-GroupSnapshotsTest-1395158877 None] Running cmd (subprocess): sudo cinder-rootwrap /etc/cinder/rootwrap.conf qemu-img rebase -u -b volume-2d8c92f8-dd77-4b96-86a2-ae63a89b30c4 -F qcow2 /opt/stack/data/cinder/mnt/85680397ab1d8e7f52a935e5fb2253fd/volume-2d8c92f8-dd77-4b96-86a2-ae63a89b30c4.58758ec8-5deb-4484-a924-b89c63cf1aa7 {{(pid=81190) execute /opt/stack/data/venv/lib/python3.10/site-packages/oslo_concurrency/processutils.py:349}}
Nov 20 12:59:03 devstack sudo[88049]: quobyte : PWD=/ ; USER=root ; COMMAND=/opt/stack/data/venv/bin/cinder-rootwrap /etc/cinder/rootwrap.conf qemu-img rebase -u -b volume-2d8c92f8-dd77-4b96-86a2-ae63a89b30c4 -F qcow2 /opt/stack/data/cinder/mnt/85680397ab1d8e7f52a935e5fb2253fd/volume-2d8c92f8-dd77-4b96-86a2-ae63a89b30c4.58758ec8-5deb-4484-a924-b89c63cf1aa7
Nov 20 12:59:03 devstack sudo[88049]: pam_unix(sudo:session): session opened for user root(uid=0) by (uid=1000)
Nov 20 12:59:05 devstack sudo[88049]: pam_unix(sudo:session): session closed for user root
Nov 20 12:59:05 devstack cinder-volume[81190]: DEBUG oslo_concurrency.processutils [None req-ab5bfd21-4c4c-488a-8d08-63cc4fefbb1e tempest-GroupSnapshotsTest-1395158877 None] CMD "sudo cinder-rootwrap /etc/cinder/rootwrap.conf qemu-img rebase -u -b volume-2d8c92f8-dd77-4b96-86a2-ae63a89b30c4 -F qcow2 /opt/stack/data/cinder/mnt/85680397ab1d8e7f52a935e5fb2253fd/volume-2d8c92f8-dd77-4b96-86a2-ae63a89b30c4.58758ec8-5deb-4484-a924-b89c63cf1aa7" returned: 0 in 1.573s {{(pid=81190) execute /opt/stack/data/venv/lib/python3.10/site-packages/oslo_concurrency/processutils.py:372}}
Nov 20 12:59:05 devstack cinder-volume[81190]: WARNING cinder.volume.drivers.remotefs [None req-ab5bfd21-4c4c-488a-8d08-63cc4fefbb1e tempest-GroupSnapshotsTest-1395158877 None] /opt/stack/data/cinder/mnt/85680397ab1d8e7f52a935e5fb2253fd/volume-2d8c92f8-dd77-4b96-86a2-ae63a89b30c4.58758ec8-5deb-4484-a924-b89c63cf1aa7 is being set with open permissions: ugo+rw: NotImplementedError
Nov 20 12:59:05 devstack cinder-volume[81190]: DEBUG oslo_concurrency.processutils [None req-ab5bfd21-4c4c-488a-8d08-63cc4fefbb1e tempest-GroupSnapshotsTest-1395158877 None] Running cmd (subprocess): sudo cinder-rootwrap /etc/cinder/rootwrap.conf chmod ugo+rw /opt/stack/data/cinder/mnt/85680397ab1d8e7f52a935e5fb2253fd/volume-2d8c92f8-dd77-4b96-86a2-ae63a89b30c4.58758ec8-5deb-4484-a924-b89c63cf1aa7 {{(pid=81190) execute /opt/stack/data/venv/lib/python3.10/site-packages/oslo_concurrency/processutils.py:349}}
Nov 20 12:59:05 devstack sudo[88056]: quobyte : PWD=/ ; USER=root ; COMMAND=/opt/stack/data/venv/bin/cinder-rootwrap /etc/cinder/rootwrap.conf chmod ugo+rw /opt/stack/data/cinder/mnt/85680397ab1d8e7f52a935e5fb2253fd/volume-2d8c92f8-dd77-4b96-86a2-ae63a89b30c4.58758ec8-5deb-4484-a924-b89c63cf1aa7
Nov 20 12:59:05 devstack sudo[88056]: pam_unix(sudo:session): session opened for user root(uid=0) by (uid=1000)
Nov 20 12:59:06 devstack sudo[88056]: pam_unix(sudo:session): session closed for user root
Nov 20 12:59:06 devstack cinder-volume[81190]: DEBUG oslo_concurrency.processutils [None req-ab5bfd21-4c4c-488a-8d08-63cc4fefbb1e tempest-GroupSnapshotsTest-1395158877 None] CMD "sudo cinder-rootwrap /etc/cinder/rootwrap.conf chmod ugo+rw /opt/stack/data/cinder/mnt/85680397ab1d8e7f52a935e5fb2253fd/volume-2d8c92f8-dd77-4b96-86a2-ae63a89b30c4.58758ec8-5deb-4484-a924-b89c63cf1aa7" returned: 0 in 1.222s {{(pid=81190) execute /opt/stack/data/venv/lib/python3.10/site-packages/oslo_concurrency/processutils.py:372}}
Nov 20 12:59:06 devstack cinder-volume[81190]: DEBUG oslo_concurrency.processutils [None req-ab5bfd21-4c4c-488a-8d08-63cc4fefbb1e tempest-GroupSnapshotsTest-1395158877 None] Running cmd (subprocess): sudo cinder-rootwrap /etc/cinder/rootwrap.conf truncate -s0 /opt/stack/data/cinder/mnt/85680397ab1d8e7f52a935e5fb2253fd/volume-2d8c92f8-dd77-4b96-86a2-ae63a89b30c4.info {{(pid=81190) execute /opt/stack/data/venv/lib/python3.10/site-packages/oslo_concurrency/processutils.py:349}}
Nov 20 12:59:06 devstack sudo[88095]: quobyte : PWD=/ ; USER=root ; COMMAND=/opt/stack/data/venv/bin/cinder-rootwrap /etc/cinder/rootwrap.conf truncate -s0 /opt/stack/data/cinder/mnt/85680397ab1d8e7f52a935e5fb2253fd/volume-2d8c92f8-dd77-4b96-86a2-ae63a89b30c4.info
Nov 20 12:59:06 devstack sudo[88095]: pam_unix(sudo:session): session opened for user root(uid=0) by (uid=1000)
Nov 20 12:59:07 devstack sudo[88095]: pam_unix(sudo:session): session closed for user root
Nov 20 12:59:07 devstack cinder-volume[81190]: DEBUG oslo_concurrency.processutils [None req-ab5bfd21-4c4c-488a-8d08-63cc4fefbb1e tempest-GroupSnapshotsTest-1395158877 None] CMD "sudo cinder-rootwrap /etc/cinder/rootwrap.conf truncate -s0 /opt/stack/data/cinder/mnt/85680397ab1d8e7f52a935e5fb2253fd/volume-2d8c92f8-dd77-4b96-86a2-ae63a89b30c4.info" returned: 0 in 0.674s {{(pid=81190) execute /opt/stack/data/venv/lib/python3.10/site-packages/oslo_concurrency/processutils.py:372}}
Nov 20 12:59:07 devstack cinder-volume[81190]: WARNING cinder.volume.drivers.remotefs [None req-ab5bfd21-4c4c-488a-8d08-63cc4fefbb1e tempest-GroupSnapshotsTest-1395158877 None] /opt/stack/data/cinder/mnt/85680397ab1d8e7f52a935e5fb2253fd/volume-2d8c92f8-dd77-4b96-86a2-ae63a89b30c4.info is being set with open permissions: ugo+rw: NotImplementedError
Nov 20 12:59:07 devstack cinder-volume[81190]: DEBUG oslo_concurrency.processutils [None req-ab5bfd21-4c4c-488a-8d08-63cc4fefbb1e tempest-GroupSnapshotsTest-1395158877 None] Running cmd (subprocess): sudo cinder-rootwrap /etc/cinder/rootwrap.conf chmod ugo+rw /opt/stack/data/cinder/mnt/85680397ab1d8e7f52a935e5fb2253fd/volume-2d8c92f8-dd77-4b96-86a2-ae63a89b30c4.info {{(pid=81190) execute /opt/stack/data/venv/lib/python3.10/site-packages/oslo_concurrency/processutils.py:349}}
Nov 20 12:59:07 devstack sudo[88100]: quobyte : PWD=/ ; USER=root ; COMMAND=/opt/stack/data/venv/bin/cinder-rootwrap /etc/cinder/rootwrap.conf chmod ugo+rw /opt/stack/data/cinder/mnt/85680397ab1d8e7f52a935e5fb2253fd/volume-2d8c92f8-dd77-4b96-86a2-ae63a89b30c4.info
Nov 20 12:59:07 devstack sudo[88100]: pam_unix(sudo:session): session opened for user root(uid=0) by (uid=1000)
Nov 20 12:59:07 devstack sudo[88100]: pam_unix(sudo:session): session closed for user root
Nov 20 12:59:07 devstack cinder-volume[81190]: DEBUG oslo_concurrency.processutils [None req-ab5bfd21-4c4c-488a-8d08-63cc4fefbb1e tempest-GroupSnapshotsTest-1395158877 None] CMD "sudo cinder-rootwrap /etc/cinder/rootwrap.conf chmod ugo+rw /opt/stack/data/cinder/mnt/85680397ab1d8e7f52a935e5fb2253fd/volume-2d8c92f8-dd77-4b96-86a2-ae63a89b30c4.info" returned: 0 in 0.702s {{(pid=81190) execute /opt/stack/data/venv/lib/python3.10/site-packages/oslo_concurrency/processutils.py:372}}
Nov 20 12:59:08 devstack cinder-volume[81190]: DEBUG oslo_concurrency.lockutils [None req-ab5bfd21-4c4c-488a-8d08-63cc4fefbb1e tempest-GroupSnapshotsTest-1395158877 None] Lock "quobyte" "released" by "cinder.volume.drivers.quobyte.QuobyteDriver.create_snapshot" :: held 8.009s {{(pid=81190) inner /opt/stack/data/venv/lib/python3.10/site-packages/oslo_concurrency/lockutils.py:424}}
Nov 20 12:59:08 devstack cinder-volume[81190]: DEBUG oslo_concurrency.lockutils [None req-ab5bfd21-4c4c-488a-8d08-63cc4fefbb1e tempest-GroupSnapshotsTest-1395158877 None] Acquiring lock "quobyte" by "cinder.volume.drivers.quobyte.QuobyteDriver.create_snapshot" {{(pid=81190) inner /opt/stack/data/venv/lib/python3.10/site-packages/oslo_concurrency/lockutils.py:405}}
Nov 20 12:59:08 devstack cinder-volume[81190]: DEBUG oslo_concurrency.lockutils [None req-ab5bfd21-4c4c-488a-8d08-63cc4fefbb1e tempest-GroupSnapshotsTest-1395158877 None] Lock "quobyte" acquired by "cinder.volume.drivers.quobyte.QuobyteDriver.create_snapshot" :: waited 0.001s {{(pid=81190) inner /opt/stack/data/venv/lib/python3.10/site-packages/oslo_concurrency/lockutils.py:410}}
Nov 20 12:59:08 devstack cinder-volume[81190]: DEBUG cinder.volume.drivers.remotefs [None req-ab5bfd21-4c4c-488a-8d08-63cc4fefbb1e tempest-GroupSnapshotsTest-1395158877 None] Creating offline snapshot 58b0045e-941c-4cb1-990e-5d613c8286c9 of volume 7d027676-39dd-4c4f-9d55-36b50a8ff27c {{(pid=81190) _create_snapshot /opt/stack/cinder/cinder/volume/drivers/remotefs.py:1694}}
Nov 20 12:59:08 devstack cinder-volume[81190]: DEBUG oslo.privsep.daemon [-] privsep: reply[5f37d726-c522-4ff4-b0ba-db39cd4d7758]: (4, 'qcow2') {{(pid=82092) _call_back /opt/stack/data/venv/lib/python3.10/site-packages/oslo_privsep/daemon.py:515}}
Nov 20 12:59:08 devstack cinder-volume[81190]: DEBUG oslo_concurrency.processutils [None req-ab5bfd21-4c4c-488a-8d08-63cc4fefbb1e tempest-GroupSnapshotsTest-1395158877 None] Running cmd (subprocess): /opt/stack/data/venv/bin/python3.10 -m oslo_concurrency.prlimit --as=1073741824 --cpu=60 -- sudo cinder-rootwrap /etc/cinder/rootwrap.conf env LC_ALL=C qemu-img info -f qcow2 --output=json --force-share /opt/stack/data/cinder/mnt/85680397ab1d8e7f52a935e5fb2253fd/volume-7d027676-39dd-4c4f-9d55-36b50a8ff27c {{(pid=81190) execute /opt/stack/data/venv/lib/python3.10/site-packages/oslo_concurrency/processutils.py:349}}
Nov 20 12:59:08 devstack sudo[88111]: quobyte : PWD=/ ; USER=root ; COMMAND=/opt/stack/data/venv/bin/cinder-rootwrap /etc/cinder/rootwrap.conf env LC_ALL=C qemu-img info -f qcow2 --output=json --force-share /opt/stack/data/cinder/mnt/85680397ab1d8e7f52a935e5fb2253fd/volume-7d027676-39dd-4c4f-9d55-36b50a8ff27c
Nov 20 12:59:08 devstack sudo[88111]: pam_unix(sudo:session): session opened for user root(uid=0) by (uid=1000)
Nov 20 12:59:08 devstack sudo[88111]: pam_unix(sudo:session): session closed for user root
Nov 20 12:59:08 devstack cinder-volume[81190]: DEBUG oslo_concurrency.processutils [None req-ab5bfd21-4c4c-488a-8d08-63cc4fefbb1e tempest-GroupSnapshotsTest-1395158877 None] CMD "/opt/stack/data/venv/bin/python3.10 -m oslo_concurrency.prlimit --as=1073741824 --cpu=60 -- sudo cinder-rootwrap /etc/cinder/rootwrap.conf env LC_ALL=C qemu-img info -f qcow2 --output=json --force-share /opt/stack/data/cinder/mnt/85680397ab1d8e7f52a935e5fb2253fd/volume-7d027676-39dd-4c4f-9d55-36b50a8ff27c" returned: 0 in 0.759s {{(pid=81190) execute /opt/stack/data/venv/lib/python3.10/site-packages/oslo_concurrency/processutils.py:372}}
Nov 20 12:59:08 devstack cinder-volume[81190]: DEBUG oslo_concurrency.processutils [None req-ab5bfd21-4c4c-488a-8d08-63cc4fefbb1e tempest-GroupSnapshotsTest-1395158877 None] Running cmd (subprocess): sudo cinder-rootwrap /etc/cinder/rootwrap.conf qemu-img create -f qcow2 -o backing_file=/opt/stack/data/cinder/mnt/85680397ab1d8e7f52a935e5fb2253fd/volume-7d027676-39dd-4c4f-9d55-36b50a8ff27c,backing_fmt=qcow2 /opt/stack/data/cinder/mnt/85680397ab1d8e7f52a935e5fb2253fd/volume-7d027676-39dd-4c4f-9d55-36b50a8ff27c.58b0045e-941c-4cb1-990e-5d613c8286c9 1G {{(pid=81190) execute /opt/stack/data/venv/lib/python3.10/site-packages/oslo_concurrency/processutils.py:349}}
Nov 20 12:59:08 devstack sudo[88123]: quobyte : PWD=/ ; USER=root ; COMMAND=/opt/stack/data/venv/bin/cinder-rootwrap /etc/cinder/rootwrap.conf qemu-img create -f qcow2 -o backing_file=/opt/stack/data/cinder/mnt/85680397ab1d8e7f52a935e5fb2253fd/volume-7d027676-39dd-4c4f-9d55-36b50a8ff27c,backing_fmt=qcow2 /opt/stack/data/cinder/mnt/85680397ab1d8e7f52a935e5fb2253fd/volume-7d027676-39dd-4c4f-9d55-36b50a8ff27c.58b0045e-941c-4cb1-990e-5d613c8286c9 1G
Nov 20 12:59:08 devstack sudo[88123]: pam_unix(sudo:session): session opened for user root(uid=0) by (uid=1000)
Nov 20 12:59:10 devstack sudo[88123]: pam_unix(sudo:session): session closed for user root
Nov 20 12:59:10 devstack cinder-volume[81190]: DEBUG oslo_concurrency.processutils [None req-ab5bfd21-4c4c-488a-8d08-63cc4fefbb1e tempest-GroupSnapshotsTest-1395158877 None] CMD "sudo cinder-rootwrap /etc/cinder/rootwrap.conf qemu-img create -f qcow2 -o backing_file=/opt/stack/data/cinder/mnt/85680397ab1d8e7f52a935e5fb2253fd/volume-7d027676-39dd-4c4f-9d55-36b50a8ff27c,backing_fmt=qcow2 /opt/stack/data/cinder/mnt/85680397ab1d8e7f52a935e5fb2253fd/volume-7d027676-39dd-4c4f-9d55-36b50a8ff27c.58b0045e-941c-4cb1-990e-5d613c8286c9 1G" returned: 0 in 1.524s {{(pid=81190) execute /opt/stack/data/venv/lib/python3.10/site-packages/oslo_concurrency/processutils.py:372}}
Nov 20 12:59:10 devstack cinder-volume[81190]: DEBUG oslo_concurrency.processutils [None req-ab5bfd21-4c4c-488a-8d08-63cc4fefbb1e tempest-GroupSnapshotsTest-1395158877 None] Running cmd (subprocess): sudo cinder-rootwrap /etc/cinder/rootwrap.conf qemu-img rebase -u -b volume-7d027676-39dd-4c4f-9d55-36b50a8ff27c -F qcow2 /opt/stack/data/cinder/mnt/85680397ab1d8e7f52a935e5fb2253fd/volume-7d027676-39dd-4c4f-9d55-36b50a8ff27c.58b0045e-941c-4cb1-990e-5d613c8286c9 {{(pid=81190) execute /opt/stack/data/venv/lib/python3.10/site-packages/oslo_concurrency/processutils.py:349}}
Nov 20 12:59:10 devstack sudo[88129]: quobyte : PWD=/ ; USER=root ; COMMAND=/opt/stack/data/venv/bin/cinder-rootwrap /etc/cinder/rootwrap.conf qemu-img rebase -u -b volume-7d027676-39dd-4c4f-9d55-36b50a8ff27c -F qcow2 /opt/stack/data/cinder/mnt/85680397ab1d8e7f52a935e5fb2253fd/volume-7d027676-39dd-4c4f-9d55-36b50a8ff27c.58b0045e-941c-4cb1-990e-5d613c8286c9
Nov 20 12:59:10 devstack sudo[88129]: pam_unix(sudo:session): session opened for user root(uid=0) by (uid=1000)
Nov 20 12:59:10 devstack sudo[88129]: pam_unix(sudo:session): session closed for user root
Nov 20 12:59:10 devstack cinder-volume[81190]: DEBUG oslo_concurrency.processutils [None req-ab5bfd21-4c4c-488a-8d08-63cc4fefbb1e tempest-GroupSnapshotsTest-1395158877 None] CMD "sudo cinder-rootwrap /etc/cinder/rootwrap.conf qemu-img rebase -u -b volume-7d027676-39dd-4c4f-9d55-36b50a8ff27c -F qcow2 /opt/stack/data/cinder/mnt/85680397ab1d8e7f52a935e5fb2253fd/volume-7d027676-39dd-4c4f-9d55-36b50a8ff27c.58b0045e-941c-4cb1-990e-5d613c8286c9" returned: 0 in 0.576s {{(pid=81190) execute /opt/stack/data/venv/lib/python3.10/site-packages/oslo_concurrency/processutils.py:372}}
Nov 20 12:59:10 devstack cinder-volume[81190]: WARNING cinder.volume.drivers.remotefs [None req-ab5bfd21-4c4c-488a-8d08-63cc4fefbb1e tempest-GroupSnapshotsTest-1395158877 None] /opt/stack/data/cinder/mnt/85680397ab1d8e7f52a935e5fb2253fd/volume-7d027676-39dd-4c4f-9d55-36b50a8ff27c.58b0045e-941c-4cb1-990e-5d613c8286c9 is being set with open permissions: ugo+rw: NotImplementedError
Nov 20 12:59:10 devstack cinder-volume[81190]: DEBUG oslo_concurrency.processutils [None req-ab5bfd21-4c4c-488a-8d08-63cc4fefbb1e tempest-GroupSnapshotsTest-1395158877 None] Running cmd (subprocess): sudo cinder-rootwrap /etc/cinder/rootwrap.conf chmod ugo+rw /opt/stack/data/cinder/mnt/85680397ab1d8e7f52a935e5fb2253fd/volume-7d027676-39dd-4c4f-9d55-36b50a8ff27c.58b0045e-941c-4cb1-990e-5d613c8286c9 {{(pid=81190) execute /opt/stack/data/venv/lib/python3.10/site-packages/oslo_concurrency/processutils.py:349}}
Nov 20 12:59:10 devstack sudo[88134]: quobyte : PWD=/ ; USER=root ; COMMAND=/opt/stack/data/venv/bin/cinder-rootwrap /etc/cinder/rootwrap.conf chmod ugo+rw /opt/stack/data/cinder/mnt/85680397ab1d8e7f52a935e5fb2253fd/volume-7d027676-39dd-4c4f-9d55-36b50a8ff27c.58b0045e-941c-4cb1-990e-5d613c8286c9
Nov 20 12:59:10 devstack sudo[88134]: pam_unix(sudo:session): session opened for user root(uid=0) by (uid=1000)
Nov 20 12:59:11 devstack sudo[88134]: pam_unix(sudo:session): session closed for user root
Nov 20 12:59:11 devstack cinder-volume[81190]: DEBUG oslo_concurrency.processutils [None req-ab5bfd21-4c4c-488a-8d08-63cc4fefbb1e tempest-GroupSnapshotsTest-1395158877 None] CMD "sudo cinder-rootwrap /etc/cinder/rootwrap.conf chmod ugo+rw /opt/stack/data/cinder/mnt/85680397ab1d8e7f52a935e5fb2253fd/volume-7d027676-39dd-4c4f-9d55-36b50a8ff27c.58b0045e-941c-4cb1-990e-5d613c8286c9" returned: 0 in 0.492s {{(pid=81190) execute /opt/stack/data/venv/lib/python3.10/site-packages/oslo_concurrency/processutils.py:372}}
Nov 20 12:59:11 devstack cinder-volume[81190]: DEBUG oslo_concurrency.processutils [None req-ab5bfd21-4c4c-488a-8d08-63cc4fefbb1e tempest-GroupSnapshotsTest-1395158877 None] Running cmd (subprocess): sudo cinder-rootwrap /etc/cinder/rootwrap.conf truncate -s0 /opt/stack/data/cinder/mnt/85680397ab1d8e7f52a935e5fb2253fd/volume-7d027676-39dd-4c4f-9d55-36b50a8ff27c.info {{(pid=81190) execute /opt/stack/data/venv/lib/python3.10/site-packages/oslo_concurrency/processutils.py:349}}
Nov 20 12:59:11 devstack sudo[88138]: quobyte : PWD=/ ; USER=root ; COMMAND=/opt/stack/data/venv/bin/cinder-rootwrap /etc/cinder/rootwrap.conf truncate -s0 /opt/stack/data/cinder/mnt/85680397ab1d8e7f52a935e5fb2253fd/volume-7d027676-39dd-4c4f-9d55-36b50a8ff27c.info
Nov 20 12:59:11 devstack sudo[88138]: pam_unix(sudo:session): session opened for user root(uid=0) by (uid=1000)
Nov 20 12:59:12 devstack cinder-volume[81190]: DEBUG dbcounter [-] [81190] Writing DB stats cinder:UPDATE=11,cinder:SELECT=26,cinder:DELETE=2 {{(pid=81190) stat_writer /opt/stack/data/venv/lib/python3.10/site-packages/dbcounter.py:115}}
Nov 20 12:59:13 devstack sudo[88138]: pam_unix(sudo:session): session closed for user root
Nov 20 12:59:13 devstack cinder-volume[81190]: DEBUG oslo_concurrency.processutils [None req-ab5bfd21-4c4c-488a-8d08-63cc4fefbb1e tempest-GroupSnapshotsTest-1395158877 None] CMD "sudo cinder-rootwrap /etc/cinder/rootwrap.conf truncate -s0 /opt/stack/data/cinder/mnt/85680397ab1d8e7f52a935e5fb2253fd/volume-7d027676-39dd-4c4f-9d55-36b50a8ff27c.info" returned: 0 in 1.589s {{(pid=81190) execute /opt/stack/data/venv/lib/python3.10/site-packages/oslo_concurrency/processutils.py:372}}
Nov 20 12:59:13 devstack cinder-volume[81190]: WARNING cinder.volume.drivers.remotefs [None req-ab5bfd21-4c4c-488a-8d08-63cc4fefbb1e tempest-GroupSnapshotsTest-1395158877 None] /opt/stack/data/cinder/mnt/85680397ab1d8e7f52a935e5fb2253fd/volume-7d027676-39dd-4c4f-9d55-36b50a8ff27c.info is being set with open permissions: ugo+rw: NotImplementedError
Nov 20 12:59:13 devstack cinder-volume[81190]: DEBUG oslo_concurrency.processutils [None req-ab5bfd21-4c4c-488a-8d08-63cc4fefbb1e tempest-GroupSnapshotsTest-1395158877 None] Running cmd (subprocess): sudo cinder-rootwrap /etc/cinder/rootwrap.conf chmod ugo+rw /opt/stack/data/cinder/mnt/85680397ab1d8e7f52a935e5fb2253fd/volume-7d027676-39dd-4c4f-9d55-36b50a8ff27c.info {{(pid=81190) execute /opt/stack/data/venv/lib/python3.10/site-packages/oslo_concurrency/processutils.py:349}}
Nov 20 12:59:13 devstack sudo[88204]: quobyte : PWD=/ ; USER=root ; COMMAND=/opt/stack/data/venv/bin/cinder-rootwrap /etc/cinder/rootwrap.conf chmod ugo+rw /opt/stack/data/cinder/mnt/85680397ab1d8e7f52a935e5fb2253fd/volume-7d027676-39dd-4c4f-9d55-36b50a8ff27c.info
Nov 20 12:59:13 devstack sudo[88204]: pam_unix(sudo:session): session opened for user root(uid=0) by (uid=1000)
Nov 20 12:59:14 devstack sudo[88204]: pam_unix(sudo:session): session closed for user root
Nov 20 12:59:14 devstack cinder-volume[81190]: DEBUG oslo_concurrency.processutils [None req-ab5bfd21-4c4c-488a-8d08-63cc4fefbb1e tempest-GroupSnapshotsTest-1395158877 None] CMD "sudo cinder-rootwrap /etc/cinder/rootwrap.conf chmod ugo+rw /opt/stack/data/cinder/mnt/85680397ab1d8e7f52a935e5fb2253fd/volume-7d027676-39dd-4c4f-9d55-36b50a8ff27c.info" returned: 0 in 0.999s {{(pid=81190) execute /opt/stack/data/venv/lib/python3.10/site-packages/oslo_concurrency/processutils.py:372}}
Nov 20 12:59:14 devstack cinder-volume[81190]: DEBUG oslo_concurrency.lockutils [None req-ab5bfd21-4c4c-488a-8d08-63cc4fefbb1e tempest-GroupSnapshotsTest-1395158877 None] Lock "quobyte" "released" by "cinder.volume.drivers.quobyte.QuobyteDriver.create_snapshot" :: held 6.008s {{(pid=81190) inner /opt/stack/data/venv/lib/python3.10/site-packages/oslo_concurrency/lockutils.py:424}}
Nov 20 12:59:14 devstack cinder-volume[81190]: DEBUG oslo_concurrency.lockutils [req-d0ea687b-393a-453a-a8ef-dedcea25e66d req-ae374e09-b55c-4e27-9140-412bae3fe857 tempest-TaggedBootDevicesTest_v242-1222072018 None] Lock "quobyte" acquired by "cinder.volume.drivers.quobyte.QuobyteDriver.initialize_connection" :: waited 11.261s {{(pid=81190) inner /opt/stack/data/venv/lib/python3.10/site-packages/oslo_concurrency/lockutils.py:410}}
Nov 20 12:59:14 devstack cinder-volume[81190]: DEBUG oslo.privsep.daemon [-] privsep: reply[028cc4c6-b9df-47df-b8c1-7caafedcc610]: (4, 'qcow2') {{(pid=82092) _call_back /opt/stack/data/venv/lib/python3.10/site-packages/oslo_privsep/daemon.py:515}}
Nov 20 12:59:14 devstack cinder-volume[81190]: DEBUG oslo_concurrency.processutils [req-d0ea687b-393a-453a-a8ef-dedcea25e66d req-ae374e09-b55c-4e27-9140-412bae3fe857 tempest-TaggedBootDevicesTest_v242-1222072018 None] Running cmd (subprocess): /opt/stack/data/venv/bin/python3.10 -m oslo_concurrency.prlimit --as=1073741824 --cpu=60 -- sudo cinder-rootwrap /etc/cinder/rootwrap.conf env LC_ALL=C qemu-img info -f qcow2 --output=json --force-share /opt/stack/data/cinder/mnt/85680397ab1d8e7f52a935e5fb2253fd/volume-3012fdd6-031e-4268-a880-d89b87dde80b {{(pid=81190) execute /opt/stack/data/venv/lib/python3.10/site-packages/oslo_concurrency/processutils.py:349}}
Nov 20 12:59:14 devstack cinder-volume[81190]: INFO cinder.volume.manager [None req-ab5bfd21-4c4c-488a-8d08-63cc4fefbb1e tempest-GroupSnapshotsTest-1395158877 None] group_snapshot 8cda6679-60b1-465b-b377-60278b1b5e67: created successfully
Nov 20 12:59:14 devstack sudo[88208]: quobyte : PWD=/ ; USER=root ; COMMAND=/opt/stack/data/venv/bin/cinder-rootwrap /etc/cinder/rootwrap.conf env LC_ALL=C qemu-img info -f qcow2 --output=json --force-share /opt/stack/data/cinder/mnt/85680397ab1d8e7f52a935e5fb2253fd/volume-3012fdd6-031e-4268-a880-d89b87dde80b
Nov 20 12:59:14 devstack sudo[88208]: pam_unix(sudo:session): session opened for user root(uid=0) by (uid=1000)
Nov 20 12:59:14 devstack cinder-volume[81190]: INFO cinder.volume.manager [None req-212c6c64-9ba6-4fa2-a68a-b2f6692d5fed tempest-GroupSnapshotsTest-1395158877 None] group_snapshot 8cda6679-60b1-465b-b377-60278b1b5e67: deleting
Nov 20 12:59:14 devstack cinder-volume[81190]: WARNING cinder.volume.volume_utils [None req-212c6c64-9ba6-4fa2-a68a-b2f6692d5fed tempest-GroupSnapshotsTest-1395158877 None] Volume driver (QuobyteDriver 1.1.13) is currently unsupported and may be removed in the next release of OpenStack. Use at your own risk.
Nov 20 12:59:14 devstack cinder-volume[81190]: DEBUG cinder.volume.manager [None req-212c6c64-9ba6-4fa2-a68a-b2f6692d5fed tempest-GroupSnapshotsTest-1395158877 None] group_snapshot 8cda6679-60b1-465b-b377-60278b1b5e67: deleting {{(pid=81190) delete_group_snapshot /opt/stack/cinder/cinder/volume/manager.py:4318}}
Nov 20 12:59:14 devstack cinder-volume[81190]: DEBUG cinder.coordination [None req-212c6c64-9ba6-4fa2-a68a-b2f6692d5fed tempest-GroupSnapshotsTest-1395158877 None] Acquiring lock "cinder-quobyte-2d8c92f8-dd77-4b96-86a2-ae63a89b30c4" by "delete_snapshot" {{(pid=81190) __acquire /opt/stack/cinder/cinder/coordination.py:143}}
Nov 20 12:59:14 devstack cinder-volume[81190]: DEBUG cinder.coordination [None req-212c6c64-9ba6-4fa2-a68a-b2f6692d5fed tempest-GroupSnapshotsTest-1395158877 None] Lock "cinder-quobyte-2d8c92f8-dd77-4b96-86a2-ae63a89b30c4" acquired by "delete_snapshot" :: waited 0.019s {{(pid=81190) __acquire /opt/stack/cinder/cinder/coordination.py:146}}
Nov 20 12:59:14 devstack cinder-volume[81190]: DEBUG cinder.coordination [None req-212c6c64-9ba6-4fa2-a68a-b2f6692d5fed tempest-GroupSnapshotsTest-1395158877 None] Acquiring lock "cinder-quobyte-58758ec8-5deb-4484-a924-b89c63cf1aa7" by "_delete_snapshot" {{(pid=81190) __acquire /opt/stack/cinder/cinder/coordination.py:143}}
Nov 20 12:59:14 devstack cinder-volume[81190]: DEBUG cinder.coordination [None req-212c6c64-9ba6-4fa2-a68a-b2f6692d5fed tempest-GroupSnapshotsTest-1395158877 None] Lock "cinder-quobyte-58758ec8-5deb-4484-a924-b89c63cf1aa7" acquired by "_delete_snapshot" :: waited 0.021s {{(pid=81190) __acquire /opt/stack/cinder/cinder/coordination.py:146}}
Nov 20 12:59:14 devstack cinder-volume[81190]: DEBUG cinder.volume.drivers.remotefs [None req-212c6c64-9ba6-4fa2-a68a-b2f6692d5fed tempest-GroupSnapshotsTest-1395158877 None] Deleting offline snapshot 58758ec8-5deb-4484-a924-b89c63cf1aa7 of volume 2d8c92f8-dd77-4b96-86a2-ae63a89b30c4 {{(pid=81190) _delete_snapshot /opt/stack/cinder/cinder/volume/drivers/remotefs.py:1278}}
Nov 20 12:59:14 devstack cinder-volume[81190]: DEBUG cinder.volume.drivers.remotefs [None req-212c6c64-9ba6-4fa2-a68a-b2f6692d5fed tempest-GroupSnapshotsTest-1395158877 None] snapshot_file for this snap is: volume-2d8c92f8-dd77-4b96-86a2-ae63a89b30c4.58758ec8-5deb-4484-a924-b89c63cf1aa7 {{(pid=81190) _delete_snapshot /opt/stack/cinder/cinder/volume/drivers/remotefs.py:1307}}
Nov 20 12:59:15 devstack cinder-volume[81190]: DEBUG oslo.privsep.daemon [-] privsep: reply[8354a1b9-f297-4fa7-aec5-26796e35cadc]: (4, 'qcow2') {{(pid=82092) _call_back /opt/stack/data/venv/lib/python3.10/site-packages/oslo_privsep/daemon.py:515}}
Nov 20 12:59:15 devstack cinder-volume[81190]: DEBUG oslo_concurrency.processutils [None req-212c6c64-9ba6-4fa2-a68a-b2f6692d5fed tempest-GroupSnapshotsTest-1395158877 None] Running cmd (subprocess): /opt/stack/data/venv/bin/python3.10 -m oslo_concurrency.prlimit --as=1073741824 --cpu=60 -- sudo cinder-rootwrap /etc/cinder/rootwrap.conf env LC_ALL=C qemu-img info -f qcow2 --output=json --force-share /opt/stack/data/cinder/mnt/85680397ab1d8e7f52a935e5fb2253fd/volume-2d8c92f8-dd77-4b96-86a2-ae63a89b30c4.58758ec8-5deb-4484-a924-b89c63cf1aa7 {{(pid=81190) execute /opt/stack/data/venv/lib/python3.10/site-packages/oslo_concurrency/processutils.py:349}}
Nov 20 12:59:15 devstack sudo[88240]: quobyte : PWD=/ ; USER=root ; COMMAND=/opt/stack/data/venv/bin/cinder-rootwrap /etc/cinder/rootwrap.conf env LC_ALL=C qemu-img info -f qcow2 --output=json --force-share /opt/stack/data/cinder/mnt/85680397ab1d8e7f52a935e5fb2253fd/volume-2d8c92f8-dd77-4b96-86a2-ae63a89b30c4.58758ec8-5deb-4484-a924-b89c63cf1aa7
Nov 20 12:59:15 devstack sudo[88240]: pam_unix(sudo:session): session opened for user root(uid=0) by (uid=1000)
Nov 20 12:59:15 devstack sudo[88208]: pam_unix(sudo:session): session closed for user root
Nov 20 12:59:15 devstack cinder-volume[81190]: DEBUG oslo_concurrency.processutils [req-d0ea687b-393a-453a-a8ef-dedcea25e66d req-ae374e09-b55c-4e27-9140-412bae3fe857 tempest-TaggedBootDevicesTest_v242-1222072018 None] CMD "/opt/stack/data/venv/bin/python3.10 -m oslo_concurrency.prlimit --as=1073741824 --cpu=60 -- sudo cinder-rootwrap /etc/cinder/rootwrap.conf env LC_ALL=C qemu-img info -f qcow2 --output=json --force-share /opt/stack/data/cinder/mnt/85680397ab1d8e7f52a935e5fb2253fd/volume-3012fdd6-031e-4268-a880-d89b87dde80b" returned: 0 in 1.802s {{(pid=81190) execute /opt/stack/data/venv/lib/python3.10/site-packages/oslo_concurrency/processutils.py:372}}
Nov 20 12:59:15 devstack cinder-volume[81190]: DEBUG oslo_concurrency.lockutils [req-d0ea687b-393a-453a-a8ef-dedcea25e66d req-ae374e09-b55c-4e27-9140-412bae3fe857 tempest-TaggedBootDevicesTest_v242-1222072018 None] Lock "quobyte" "released" by "cinder.volume.drivers.quobyte.QuobyteDriver.initialize_connection" :: held 1.836s {{(pid=81190) inner /opt/stack/data/venv/lib/python3.10/site-packages/oslo_concurrency/lockutils.py:424}}
Nov 20 12:59:15 devstack cinder-volume[81190]: DEBUG cinder.volume.manager [req-d0ea687b-393a-453a-a8ef-dedcea25e66d req-ae374e09-b55c-4e27-9140-412bae3fe857 tempest-TaggedBootDevicesTest_v242-1222072018 None] Connection info returned from driver {'export': 'osci02.corp.quobyte.com/cinder-vol-51d10437-611e-4f9e-9932-e433e3a3e287', 'name': 'volume-3012fdd6-031e-4268-a880-d89b87dde80b', 'options': None, 'format': 'qcow2', 'qos_specs': None, 'access_mode': 'rw', 'encrypted': False, 'cacheable': False, 'driver_volume_type': 'quobyte', 'mount_point_base': '/opt/stack/data/cinder/mnt', 'attachment_id': '83c4edac-0c9e-4068-acfd-af96c321079d', 'enforce_multipath': True} {{(pid=81190) _connection_create /opt/stack/cinder/cinder/volume/manager.py:4892}}
Nov 20 12:59:15 devstack cinder-volume[81190]: WARNING cinder.volume.volume_utils [req-d0ea687b-393a-453a-a8ef-dedcea25e66d req-ae374e09-b55c-4e27-9140-412bae3fe857 tempest-TaggedBootDevicesTest_v242-1222072018 None] Volume driver (QuobyteDriver 1.1.13) is currently unsupported and may be removed in the next release of OpenStack. Use at your own risk.
Nov 20 12:59:16 devstack cinder-volume[81190]: INFO cinder.volume.manager [req-d0ea687b-393a-453a-a8ef-dedcea25e66d req-ae374e09-b55c-4e27-9140-412bae3fe857 tempest-TaggedBootDevicesTest_v242-1222072018 None] attachment_update completed successfully.
Nov 20 12:59:16 devstack cinder-volume[81190]: WARNING cinder.volume.volume_utils [None req-91f468ae-80a5-4a77-a279-0a950fb1cf84 tempest-ServerRescueNegativeTestJSON-656654977 None] Volume driver (QuobyteDriver 1.1.13) is currently unsupported and may be removed in the next release of OpenStack. Use at your own risk.
Nov 20 12:59:16 devstack cinder-volume[81190]: DEBUG cinder.volume.flows.manager.create_volume [None req-91f468ae-80a5-4a77-a279-0a950fb1cf84 tempest-ServerRescueNegativeTestJSON-656654977 None] Volume reschedule parameters: True retry: {'num_attempts': 1, 'backends': ['devstack@QuobyteHD#QuobyteHD'], 'hosts': ['devstack@QuobyteHD#QuobyteHD']} {{(pid=81190) get_flow /opt/stack/cinder/cinder/volume/flows/manager/create_volume.py:1384}}
Nov 20 12:59:16 devstack cinder-volume[81190]: DEBUG cinder.volume.manager [None req-91f468ae-80a5-4a77-a279-0a950fb1cf84 tempest-ServerRescueNegativeTestJSON-656654977 None] Flow 'volume_create_manager' (300f8400-6677-4076-88bd-1052eeb4b9fb) transitioned into state 'RUNNING' from state 'PENDING' {{(pid=81190) _flow_receiver /opt/stack/data/venv/lib/python3.10/site-packages/taskflow/listeners/logging.py:145}}
Nov 20 12:59:16 devstack cinder-volume[81190]: DEBUG cinder.volume.manager [None req-91f468ae-80a5-4a77-a279-0a950fb1cf84 tempest-ServerRescueNegativeTestJSON-656654977 None] Task 'cinder.volume.flows.manager.create_volume.ExtractVolumeRefTask;volume:create' (8b0023b7-1366-4228-a9fd-a41dabe1965c) transitioned into state 'RUNNING' from state 'PENDING' {{(pid=81190) _task_receiver /opt/stack/data/venv/lib/python3.10/site-packages/taskflow/listeners/logging.py:194}}
Nov 20 12:59:16 devstack cinder-volume[81190]: DEBUG cinder.volume.manager [None req-91f468ae-80a5-4a77-a279-0a950fb1cf84 tempest-ServerRescueNegativeTestJSON-656654977 None] Task 'cinder.volume.flows.manager.create_volume.ExtractVolumeRefTask;volume:create' (8b0023b7-1366-4228-a9fd-a41dabe1965c) transitioned into state 'SUCCESS' from state 'RUNNING' with result 'Volume(_name_id=None,admin_metadata=,attach_status='detached',availability_zone='nova',bootable=False,cluster=,cluster_name=None,consistencygroup=,consistencygroup_id=None,created_at=2025-11-20T11:59:16Z,deleted=False,deleted_at=None,display_description=None,display_name='tempest-ServerRescueNegativeTestJSON-volume-1649270970',ec2_id=None,encryption_key_id=None,glance_metadata=,group=,group_id=None,host='devstack@QuobyteHD#QuobyteHD',id=703393d3-158e-4d3e-a6a6-c0073dbc119f,launched_at=None,metadata={},migration_status=None,multiattach=False,previous_status=None,project_id='f69c74c3bfd041b7a59718e14552a4f7',provider_auth=None,provider_geometry=None,provider_id=None,provider_location=None,replication_driver_data=None,replication_extended_status=None,replication_status=None,scheduled_at=2025-11-20T11:59:16Z,service_uuid=None,shared_targets=True,size=1,snapshot_id=None,snapshots=,source_volid=None,status='creating',terminated_at=None,updated_at=2025-11-20T11:59:16Z,use_quota=True,user_id='61a40eef94c043a0bf1d3c072ee08635',volume_attachment=VolumeAttachmentList,volume_type=VolumeType(de06a862-1e39-41b7-8d8a-eaebbc8369cb),volume_type_id=de06a862-1e39-41b7-8d8a-eaebbc8369cb)' {{(pid=81190) _task_receiver /opt/stack/data/venv/lib/python3.10/site-packages/taskflow/listeners/logging.py:182}}
Nov 20 12:59:16 devstack cinder-volume[81190]: DEBUG cinder.volume.manager [None req-91f468ae-80a5-4a77-a279-0a950fb1cf84 tempest-ServerRescueNegativeTestJSON-656654977 None] Task 'cinder.volume.flows.manager.create_volume.OnFailureRescheduleTask;volume:create' (311de6e9-a417-48e0-b9b7-459adb4040b5) transitioned into state 'RUNNING' from state 'PENDING' {{(pid=81190) _task_receiver /opt/stack/data/venv/lib/python3.10/site-packages/taskflow/listeners/logging.py:194}}
Nov 20 12:59:16 devstack cinder-volume[81190]: DEBUG cinder.volume.manager [None req-91f468ae-80a5-4a77-a279-0a950fb1cf84 tempest-ServerRescueNegativeTestJSON-656654977 None] Task 'cinder.volume.flows.manager.create_volume.OnFailureRescheduleTask;volume:create' (311de6e9-a417-48e0-b9b7-459adb4040b5) transitioned into state 'SUCCESS' from state 'RUNNING' with result 'None' {{(pid=81190) _task_receiver /opt/stack/data/venv/lib/python3.10/site-packages/taskflow/listeners/logging.py:182}}
Nov 20 12:59:16 devstack cinder-volume[81190]: DEBUG cinder.volume.manager [None req-91f468ae-80a5-4a77-a279-0a950fb1cf84 tempest-ServerRescueNegativeTestJSON-656654977 None] Task 'cinder.volume.flows.manager.create_volume.ExtractVolumeSpecTask;volume:create' (0560a04f-d18b-40d6-93b5-148677c5deff) transitioned into state 'RUNNING' from state 'PENDING' {{(pid=81190) _task_receiver /opt/stack/data/venv/lib/python3.10/site-packages/taskflow/listeners/logging.py:194}}
Nov 20 12:59:16 devstack cinder-volume[81190]: DEBUG cinder.volume.manager [None req-91f468ae-80a5-4a77-a279-0a950fb1cf84 tempest-ServerRescueNegativeTestJSON-656654977 None] Task 'cinder.volume.flows.manager.create_volume.ExtractVolumeSpecTask;volume:create' (0560a04f-d18b-40d6-93b5-148677c5deff) transitioned into state 'SUCCESS' from state 'RUNNING' with result '{'status': 'creating', 'type': 'raw', 'volume_id': '703393d3-158e-4d3e-a6a6-c0073dbc119f', 'volume_name': 'volume-703393d3-158e-4d3e-a6a6-c0073dbc119f', 'volume_size': 1}' {{(pid=81190) _task_receiver /opt/stack/data/venv/lib/python3.10/site-packages/taskflow/listeners/logging.py:182}}
Nov 20 12:59:16 devstack cinder-volume[81190]: DEBUG cinder.volume.manager [None req-91f468ae-80a5-4a77-a279-0a950fb1cf84 tempest-ServerRescueNegativeTestJSON-656654977 None] Task 'cinder.volume.flows.manager.create_volume.NotifyVolumeActionTask;volume:create, create.start' (6cc686eb-dd19-4b5e-bc12-a242d9a476c1) transitioned into state 'RUNNING' from state 'PENDING' {{(pid=81190) _task_receiver /opt/stack/data/venv/lib/python3.10/site-packages/taskflow/listeners/logging.py:194}}
Nov 20 12:59:16 devstack cinder-volume[81190]: DEBUG cinder.volume.manager [None req-91f468ae-80a5-4a77-a279-0a950fb1cf84 tempest-ServerRescueNegativeTestJSON-656654977 None] Task 'cinder.volume.flows.manager.create_volume.NotifyVolumeActionTask;volume:create, create.start' (6cc686eb-dd19-4b5e-bc12-a242d9a476c1) transitioned into state 'SUCCESS' from state 'RUNNING' with result 'None' {{(pid=81190) _task_receiver /opt/stack/data/venv/lib/python3.10/site-packages/taskflow/listeners/logging.py:182}}
Nov 20 12:59:16 devstack cinder-volume[81190]: DEBUG cinder.volume.manager [None req-91f468ae-80a5-4a77-a279-0a950fb1cf84 tempest-ServerRescueNegativeTestJSON-656654977 None] Task 'cinder.volume.flows.manager.create_volume.CreateVolumeFromSpecTask;volume:create' (45fdf0a8-bf99-4b2a-b04a-3b9b945adf9c) transitioned into state 'RUNNING' from state 'PENDING' {{(pid=81190) _task_receiver /opt/stack/data/venv/lib/python3.10/site-packages/taskflow/listeners/logging.py:194}}
Nov 20 12:59:16 devstack cinder-volume[81190]: INFO cinder.volume.flows.manager.create_volume [None req-91f468ae-80a5-4a77-a279-0a950fb1cf84 tempest-ServerRescueNegativeTestJSON-656654977 None] Volume 703393d3-158e-4d3e-a6a6-c0073dbc119f: being created as raw with specification: {'status': 'creating', 'volume_name': 'volume-703393d3-158e-4d3e-a6a6-c0073dbc119f', 'volume_size': 1}
Nov 20 12:59:16 devstack cinder-volume[81190]: DEBUG oslo_concurrency.lockutils [None req-91f468ae-80a5-4a77-a279-0a950fb1cf84 tempest-ServerRescueNegativeTestJSON-656654977 None] Acquiring lock "quobyte" by "cinder.volume.drivers.quobyte.QuobyteDriver.create_volume" {{(pid=81190) inner /opt/stack/data/venv/lib/python3.10/site-packages/oslo_concurrency/lockutils.py:405}}
Nov 20 12:59:16 devstack cinder-volume[81190]: DEBUG oslo_concurrency.lockutils [None req-91f468ae-80a5-4a77-a279-0a950fb1cf84 tempest-ServerRescueNegativeTestJSON-656654977 None] Lock "quobyte" acquired by "cinder.volume.drivers.quobyte.QuobyteDriver.create_volume" :: waited 0.000s {{(pid=81190) inner /opt/stack/data/venv/lib/python3.10/site-packages/oslo_concurrency/lockutils.py:410}}
Nov 20 12:59:16 devstack cinder-volume[81190]: DEBUG cinder.volume.drivers.quobyte [None req-91f468ae-80a5-4a77-a279-0a950fb1cf84 tempest-ServerRescueNegativeTestJSON-656654977 None] ==> create_volume: call "{'self': , 'volume': Volume(_name_id=None,admin_metadata=,attach_status='detached',availability_zone='nova',bootable=False,cluster=,cluster_name=None,consistencygroup=,consistencygroup_id=None,created_at=2025-11-20T11:59:16Z,deleted=False,deleted_at=None,display_description=None,display_name='tempest-ServerRescueNegativeTestJSON-volume-1649270970',ec2_id=None,encryption_key_id=None,glance_metadata=,group=,group_id=None,host='devstack@QuobyteHD#QuobyteHD',id=703393d3-158e-4d3e-a6a6-c0073dbc119f,launched_at=None,metadata={},migration_status=None,multiattach=False,previous_status=None,project_id='f69c74c3bfd041b7a59718e14552a4f7',provider_auth=None,provider_geometry=None,provider_id=None,provider_location=None,replication_driver_data=None,replication_extended_status=None,replication_status=None,scheduled_at=2025-11-20T11:59:16Z,service_uuid=None,shared_targets=True,size=1,snapshot_id=None,snapshots=,source_volid=None,status='creating',terminated_at=None,updated_at=2025-11-20T11:59:16Z,use_quota=True,user_id='61a40eef94c043a0bf1d3c072ee08635',volume_attachment=VolumeAttachmentList,volume_type=VolumeType(de06a862-1e39-41b7-8d8a-eaebbc8369cb),volume_type_id=de06a862-1e39-41b7-8d8a-eaebbc8369cb)}" {{(pid=81190) trace_logging_wrapper /opt/stack/cinder/cinder/volume/volume_utils.py:1498}}
Nov 20 12:59:16 devstack cinder-volume[81190]: DEBUG cinder.volume.drivers.remotefs [None req-91f468ae-80a5-4a77-a279-0a950fb1cf84 tempest-ServerRescueNegativeTestJSON-656654977 None] Creating volume 703393d3-158e-4d3e-a6a6-c0073dbc119f {{(pid=81190) create_volume /opt/stack/cinder/cinder/volume/drivers/remotefs.py:290}}
Nov 20 12:59:16 devstack cinder-volume[81190]: DEBUG oslo_concurrency.lockutils [None req-91f468ae-80a5-4a77-a279-0a950fb1cf84 tempest-ServerRescueNegativeTestJSON-656654977 None] Acquiring lock "quobyte_ensure" by "cinder.volume.drivers.quobyte.QuobyteDriver._ensure_shares_mounted" {{(pid=81190) inner /opt/stack/data/venv/lib/python3.10/site-packages/oslo_concurrency/lockutils.py:405}}
