Jul 03 13:49:22 devstack cinder-volume[86729]: DEBUG oslo_concurrency.processutils [None req-6ca33b1e-326d-445c-ad3c-fdf407b1d2e7 tempest-GroupSnapshotsTest-207098367 None] Running cmd (subprocess): /opt/stack/data/venv/bin/python3.12 -m oslo_concurrency.prlimit --as=1073741824 --cpu=60 -- sudo cinder-rootwrap /etc/cinder/rootwrap.conf env LC_ALL=C qemu-img info -f qcow2 --output=json --force-share /opt/stack/data/cinder/mnt/75d34150e9fbe54c3c7941908b55026c/volume-90732780-ad3a-4c68-a955-75803db8219b {{(pid=86729) execute /opt/stack/data/venv/lib/python3.12/site-packages/oslo_concurrency/processutils.py:440}}
Jul 03 13:49:22 devstack sudo[90374]: quobyte : PWD=/ ; USER=root ; COMMAND=/opt/stack/data/venv/bin/cinder-rootwrap /etc/cinder/rootwrap.conf env LC_ALL=C qemu-img info -f qcow2 --output=json --force-share /opt/stack/data/cinder/mnt/75d34150e9fbe54c3c7941908b55026c/volume-90732780-ad3a-4c68-a955-75803db8219b
Jul 03 13:49:22 devstack sudo[90374]: pam_unix(sudo:session): session opened for user root(uid=0) by (uid=1000)
Jul 03 13:49:23 devstack sudo[90374]: pam_unix(sudo:session): session closed for user root
Jul 03 13:49:23 devstack cinder-volume[86729]: DEBUG oslo_concurrency.processutils [None req-6ca33b1e-326d-445c-ad3c-fdf407b1d2e7 tempest-GroupSnapshotsTest-207098367 None] CMD "/opt/stack/data/venv/bin/python3.12 -m oslo_concurrency.prlimit --as=1073741824 --cpu=60 -- sudo cinder-rootwrap /etc/cinder/rootwrap.conf env LC_ALL=C qemu-img info -f qcow2 --output=json --force-share /opt/stack/data/cinder/mnt/75d34150e9fbe54c3c7941908b55026c/volume-90732780-ad3a-4c68-a955-75803db8219b" returned: 0 in 1.015s {{(pid=86729) execute /opt/stack/data/venv/lib/python3.12/site-packages/oslo_concurrency/processutils.py:468}}
Jul 03 13:49:23 devstack cinder-volume[86729]: DEBUG oslo_concurrency.processutils [None req-6ca33b1e-326d-445c-ad3c-fdf407b1d2e7 tempest-GroupSnapshotsTest-207098367 None] Running cmd (subprocess): sudo cinder-rootwrap /etc/cinder/rootwrap.conf qemu-img create -f qcow2 -o backing_file=/opt/stack/data/cinder/mnt/75d34150e9fbe54c3c7941908b55026c/volume-90732780-ad3a-4c68-a955-75803db8219b,backing_fmt=qcow2 /opt/stack/data/cinder/mnt/75d34150e9fbe54c3c7941908b55026c/volume-90732780-ad3a-4c68-a955-75803db8219b.64b3a5d6-9443-4f8c-ace5-df2069c155ef 1G {{(pid=86729) execute /opt/stack/data/venv/lib/python3.12/site-packages/oslo_concurrency/processutils.py:440}}
Jul 03 13:49:23 devstack sudo[90385]: quobyte : PWD=/ ; USER=root ; COMMAND=/opt/stack/data/venv/bin/cinder-rootwrap /etc/cinder/rootwrap.conf qemu-img create -f qcow2 -o backing_file=/opt/stack/data/cinder/mnt/75d34150e9fbe54c3c7941908b55026c/volume-90732780-ad3a-4c68-a955-75803db8219b,backing_fmt=qcow2 /opt/stack/data/cinder/mnt/75d34150e9fbe54c3c7941908b55026c/volume-90732780-ad3a-4c68-a955-75803db8219b.64b3a5d6-9443-4f8c-ace5-df2069c155ef 1G
Jul 03 13:49:23 devstack sudo[90385]: pam_unix(sudo:session): session opened for user root(uid=0) by (uid=1000)
Jul 03 13:49:24 devstack sudo[90385]: pam_unix(sudo:session): session closed for user root
Jul 03 13:49:24 devstack cinder-volume[86729]: DEBUG oslo_concurrency.processutils [None req-6ca33b1e-326d-445c-ad3c-fdf407b1d2e7 tempest-GroupSnapshotsTest-207098367 None] CMD "sudo cinder-rootwrap /etc/cinder/rootwrap.conf qemu-img create -f qcow2 -o backing_file=/opt/stack/data/cinder/mnt/75d34150e9fbe54c3c7941908b55026c/volume-90732780-ad3a-4c68-a955-75803db8219b,backing_fmt=qcow2 /opt/stack/data/cinder/mnt/75d34150e9fbe54c3c7941908b55026c/volume-90732780-ad3a-4c68-a955-75803db8219b.64b3a5d6-9443-4f8c-ace5-df2069c155ef 1G" returned: 0 in 1.023s {{(pid=86729) execute /opt/stack/data/venv/lib/python3.12/site-packages/oslo_concurrency/processutils.py:468}}
Jul 03 13:49:24 devstack cinder-volume[86729]: DEBUG oslo_concurrency.processutils [None req-6ca33b1e-326d-445c-ad3c-fdf407b1d2e7 tempest-GroupSnapshotsTest-207098367 None] Running cmd (subprocess): sudo cinder-rootwrap /etc/cinder/rootwrap.conf qemu-img rebase -u -b volume-90732780-ad3a-4c68-a955-75803db8219b -F qcow2 /opt/stack/data/cinder/mnt/75d34150e9fbe54c3c7941908b55026c/volume-90732780-ad3a-4c68-a955-75803db8219b.64b3a5d6-9443-4f8c-ace5-df2069c155ef {{(pid=86729) execute /opt/stack/data/venv/lib/python3.12/site-packages/oslo_concurrency/processutils.py:440}}
Jul 03 13:49:24 devstack sudo[90395]: quobyte : PWD=/ ; USER=root ; COMMAND=/opt/stack/data/venv/bin/cinder-rootwrap /etc/cinder/rootwrap.conf qemu-img rebase -u -b volume-90732780-ad3a-4c68-a955-75803db8219b -F qcow2 /opt/stack/data/cinder/mnt/75d34150e9fbe54c3c7941908b55026c/volume-90732780-ad3a-4c68-a955-75803db8219b.64b3a5d6-9443-4f8c-ace5-df2069c155ef
Jul 03 13:49:24 devstack sudo[90395]: pam_unix(sudo:session): session opened for user root(uid=0) by (uid=1000)
Jul 03 13:49:25 devstack sudo[90395]: pam_unix(sudo:session): session closed for user root
Jul 03 13:49:25 devstack cinder-volume[86729]: DEBUG oslo_concurrency.processutils [None req-6ca33b1e-326d-445c-ad3c-fdf407b1d2e7 tempest-GroupSnapshotsTest-207098367 None] CMD "sudo cinder-rootwrap /etc/cinder/rootwrap.conf qemu-img rebase -u -b volume-90732780-ad3a-4c68-a955-75803db8219b -F qcow2 /opt/stack/data/cinder/mnt/75d34150e9fbe54c3c7941908b55026c/volume-90732780-ad3a-4c68-a955-75803db8219b.64b3a5d6-9443-4f8c-ace5-df2069c155ef" returned: 0 in 0.941s {{(pid=86729) execute /opt/stack/data/venv/lib/python3.12/site-packages/oslo_concurrency/processutils.py:468}}
Jul 03 13:49:25 devstack cinder-volume[86729]: WARNING cinder.volume.drivers.remotefs [None req-6ca33b1e-326d-445c-ad3c-fdf407b1d2e7 tempest-GroupSnapshotsTest-207098367 None] /opt/stack/data/cinder/mnt/75d34150e9fbe54c3c7941908b55026c/volume-90732780-ad3a-4c68-a955-75803db8219b.64b3a5d6-9443-4f8c-ace5-df2069c155ef is being set with open permissions: ugo+rw: NotImplementedError
Jul 03 13:49:25 devstack cinder-volume[86729]: DEBUG oslo_concurrency.processutils [None req-6ca33b1e-326d-445c-ad3c-fdf407b1d2e7 tempest-GroupSnapshotsTest-207098367 None] Running cmd (subprocess): sudo cinder-rootwrap /etc/cinder/rootwrap.conf chmod ugo+rw /opt/stack/data/cinder/mnt/75d34150e9fbe54c3c7941908b55026c/volume-90732780-ad3a-4c68-a955-75803db8219b.64b3a5d6-9443-4f8c-ace5-df2069c155ef {{(pid=86729) execute /opt/stack/data/venv/lib/python3.12/site-packages/oslo_concurrency/processutils.py:440}}
Jul 03 13:49:25 devstack sudo[90413]: quobyte : PWD=/ ; USER=root ; COMMAND=/opt/stack/data/venv/bin/cinder-rootwrap /etc/cinder/rootwrap.conf chmod ugo+rw /opt/stack/data/cinder/mnt/75d34150e9fbe54c3c7941908b55026c/volume-90732780-ad3a-4c68-a955-75803db8219b.64b3a5d6-9443-4f8c-ace5-df2069c155ef
Jul 03 13:49:25 devstack sudo[90413]: pam_unix(sudo:session): session opened for user root(uid=0) by (uid=1000)
Jul 03 13:49:26 devstack sudo[90413]: pam_unix(sudo:session): session closed for user root
Jul 03 13:49:26 devstack cinder-volume[86729]: DEBUG oslo_concurrency.processutils [None req-6ca33b1e-326d-445c-ad3c-fdf407b1d2e7 tempest-GroupSnapshotsTest-207098367 None] CMD "sudo cinder-rootwrap /etc/cinder/rootwrap.conf chmod ugo+rw /opt/stack/data/cinder/mnt/75d34150e9fbe54c3c7941908b55026c/volume-90732780-ad3a-4c68-a955-75803db8219b.64b3a5d6-9443-4f8c-ace5-df2069c155ef" returned: 0 in 0.839s {{(pid=86729) execute /opt/stack/data/venv/lib/python3.12/site-packages/oslo_concurrency/processutils.py:468}}
Jul 03 13:49:26 devstack cinder-volume[86729]: DEBUG oslo_concurrency.processutils [None req-6ca33b1e-326d-445c-ad3c-fdf407b1d2e7 tempest-GroupSnapshotsTest-207098367 None] Running cmd (subprocess): sudo cinder-rootwrap /etc/cinder/rootwrap.conf truncate -s0 /opt/stack/data/cinder/mnt/75d34150e9fbe54c3c7941908b55026c/volume-90732780-ad3a-4c68-a955-75803db8219b.info {{(pid=86729) execute /opt/stack/data/venv/lib/python3.12/site-packages/oslo_concurrency/processutils.py:440}}
Jul 03 13:49:26 devstack sudo[90418]: quobyte : PWD=/ ; USER=root ; COMMAND=/opt/stack/data/venv/bin/cinder-rootwrap /etc/cinder/rootwrap.conf truncate -s0 /opt/stack/data/cinder/mnt/75d34150e9fbe54c3c7941908b55026c/volume-90732780-ad3a-4c68-a955-75803db8219b.info
Jul 03 13:49:26 devstack sudo[90418]: pam_unix(sudo:session): session opened for user root(uid=0) by (uid=1000)
Jul 03 13:49:27 devstack sudo[90418]: pam_unix(sudo:session): session closed for user root
Jul 03 13:49:27 devstack cinder-volume[86729]: DEBUG oslo_concurrency.processutils [None req-6ca33b1e-326d-445c-ad3c-fdf407b1d2e7 tempest-GroupSnapshotsTest-207098367 None] CMD "sudo cinder-rootwrap /etc/cinder/rootwrap.conf truncate -s0 /opt/stack/data/cinder/mnt/75d34150e9fbe54c3c7941908b55026c/volume-90732780-ad3a-4c68-a955-75803db8219b.info" returned: 0 in 0.800s {{(pid=86729) execute /opt/stack/data/venv/lib/python3.12/site-packages/oslo_concurrency/processutils.py:468}}
Jul 03 13:49:27 devstack cinder-volume[86729]: WARNING cinder.volume.drivers.remotefs [None req-6ca33b1e-326d-445c-ad3c-fdf407b1d2e7 tempest-GroupSnapshotsTest-207098367 None] /opt/stack/data/cinder/mnt/75d34150e9fbe54c3c7941908b55026c/volume-90732780-ad3a-4c68-a955-75803db8219b.info is being set with open permissions: ugo+rw: NotImplementedError
Jul 03 13:49:27 devstack cinder-volume[86729]: DEBUG oslo_concurrency.processutils [None req-6ca33b1e-326d-445c-ad3c-fdf407b1d2e7 tempest-GroupSnapshotsTest-207098367 None] Running cmd (subprocess): sudo cinder-rootwrap /etc/cinder/rootwrap.conf chmod ugo+rw /opt/stack/data/cinder/mnt/75d34150e9fbe54c3c7941908b55026c/volume-90732780-ad3a-4c68-a955-75803db8219b.info {{(pid=86729) execute /opt/stack/data/venv/lib/python3.12/site-packages/oslo_concurrency/processutils.py:440}}
Jul 03 13:49:27 devstack sudo[90422]: quobyte : PWD=/ ; USER=root ; COMMAND=/opt/stack/data/venv/bin/cinder-rootwrap /etc/cinder/rootwrap.conf chmod ugo+rw /opt/stack/data/cinder/mnt/75d34150e9fbe54c3c7941908b55026c/volume-90732780-ad3a-4c68-a955-75803db8219b.info
Jul 03 13:49:27 devstack sudo[90422]: pam_unix(sudo:session): session opened for user root(uid=0) by (uid=1000)
Jul 03 13:49:28 devstack sudo[90422]: pam_unix(sudo:session): session closed for user root
Jul 03 13:49:28 devstack cinder-volume[86729]: DEBUG oslo_concurrency.processutils [None req-6ca33b1e-326d-445c-ad3c-fdf407b1d2e7 tempest-GroupSnapshotsTest-207098367 None] CMD "sudo cinder-rootwrap /etc/cinder/rootwrap.conf chmod ugo+rw /opt/stack/data/cinder/mnt/75d34150e9fbe54c3c7941908b55026c/volume-90732780-ad3a-4c68-a955-75803db8219b.info" returned: 0 in 1.009s {{(pid=86729) execute /opt/stack/data/venv/lib/python3.12/site-packages/oslo_concurrency/processutils.py:468}}
Jul 03 13:49:28 devstack cinder-volume[86729]: DEBUG oslo_concurrency.lockutils [None req-6ca33b1e-326d-445c-ad3c-fdf407b1d2e7 tempest-GroupSnapshotsTest-207098367 None] Lock "quobyte" "released" by "cinder.volume.drivers.quobyte.QuobyteDriver.create_snapshot" :: held 5.743s {{(pid=86729) inner /opt/stack/data/venv/lib/python3.12/site-packages/oslo_concurrency/lockutils.py:543}}
Jul 03 13:49:28 devstack cinder-volume[86729]: INFO cinder.volume.manager [None req-6ca33b1e-326d-445c-ad3c-fdf407b1d2e7 tempest-GroupSnapshotsTest-207098367 None] group_snapshot 19850951-d1d6-44d0-abea-5e8bf2a7be14: created successfully
Jul 03 13:49:30 devstack cinder-volume[86729]: DEBUG oslo_concurrency.lockutils [None req-e83ee320-fe70-4a12-96ae-3851e5290684 tempest-GroupSnapshotsTest-207098367 None] Acquiring lock "quobyte" by "cinder.volume.drivers.quobyte.QuobyteDriver.create_volume_from_snapshot" {{(pid=86729) inner /opt/stack/data/venv/lib/python3.12/site-packages/oslo_concurrency/lockutils.py:511}}
Jul 03 13:49:30 devstack cinder-volume[86729]: DEBUG oslo_concurrency.lockutils [None req-e83ee320-fe70-4a12-96ae-3851e5290684 tempest-GroupSnapshotsTest-207098367 None] Lock "quobyte" acquired by "cinder.volume.drivers.quobyte.QuobyteDriver.create_volume_from_snapshot" :: waited 0.001s {{(pid=86729) inner /opt/stack/data/venv/lib/python3.12/site-packages/oslo_concurrency/lockutils.py:524}}
Jul 03 13:49:30 devstack cinder-volume[86729]: DEBUG cinder.coordination [None req-e83ee320-fe70-4a12-96ae-3851e5290684 tempest-GroupSnapshotsTest-207098367 None] Acquiring lock "cinder-quobyte-64b3a5d6-9443-4f8c-ace5-df2069c155ef-33c02862-a2bf-4505-8986-da19a3d24c7b" by "_create_volume_from_snapshot" {{(pid=86729) __acquire /opt/stack/cinder/cinder/coordination.py:138}}
Jul 03 13:49:30 devstack cinder-volume[86729]: DEBUG cinder.coordination [None req-e83ee320-fe70-4a12-96ae-3851e5290684 tempest-GroupSnapshotsTest-207098367 None] Lock "cinder-quobyte-64b3a5d6-9443-4f8c-ace5-df2069c155ef-33c02862-a2bf-4505-8986-da19a3d24c7b" acquired by "_create_volume_from_snapshot" :: waited 0.017s {{(pid=86729) __acquire /opt/stack/cinder/cinder/coordination.py:141}}
Jul 03 13:49:30 devstack cinder-volume[86729]: DEBUG cinder.volume.drivers.quobyte [None req-e83ee320-fe70-4a12-96ae-3851e5290684 tempest-GroupSnapshotsTest-207098367 None] Creating volume 33c02862-a2bf-4505-8986-da19a3d24c7b from snapshot 64b3a5d6-9443-4f8c-ace5-df2069c155ef {{(pid=86729) _create_volume_from_snapshot /opt/stack/cinder/cinder/volume/drivers/quobyte.py:356}}
Jul 03 13:49:30 devstack cinder-volume[86729]: DEBUG oslo_concurrency.lockutils [None req-e83ee320-fe70-4a12-96ae-3851e5290684 tempest-GroupSnapshotsTest-207098367 None] Acquiring lock "quobyte_ensure" by "cinder.volume.drivers.quobyte.QuobyteDriver._ensure_shares_mounted" {{(pid=86729) inner /opt/stack/data/venv/lib/python3.12/site-packages/oslo_concurrency/lockutils.py:511}}
Jul 03 13:49:30 devstack cinder-volume[86729]: DEBUG oslo_concurrency.lockutils [None req-e83ee320-fe70-4a12-96ae-3851e5290684 tempest-GroupSnapshotsTest-207098367 None] Lock "quobyte_ensure" acquired by "cinder.volume.drivers.quobyte.QuobyteDriver._ensure_shares_mounted" :: waited 0.000s {{(pid=86729) inner /opt/stack/data/venv/lib/python3.12/site-packages/oslo_concurrency/lockutils.py:524}}
Jul 03 13:49:30 devstack cinder-volume[86729]: DEBUG cinder.volume.drivers.quobyte [None req-e83ee320-fe70-4a12-96ae-3851e5290684 tempest-GroupSnapshotsTest-207098367 None] Quobyte Volume URL set to: {'osci02.corp.quobyte.com/cinder-vol-d74c46b0-6dd7-4225-a60e-86b9c9202e26': None} {{(pid=86729) _load_shares_config /opt/stack/cinder/cinder/volume/drivers/quobyte.py:617}}
Jul 03 13:49:30 devstack cinder-volume[86729]: DEBUG cinder.volume.drivers.quobyte [None req-e83ee320-fe70-4a12-96ae-3851e5290684 tempest-GroupSnapshotsTest-207098367 None] Available shares ['osci02.corp.quobyte.com/cinder-vol-d74c46b0-6dd7-4225-a60e-86b9c9202e26'] {{(pid=86729) _ensure_shares_mounted /opt/stack/cinder/cinder/volume/drivers/quobyte.py:647}}
Jul 03 13:49:30 devstack cinder-volume[86729]: DEBUG oslo_concurrency.lockutils [None req-e83ee320-fe70-4a12-96ae-3851e5290684 tempest-GroupSnapshotsTest-207098367 None] Lock "quobyte_ensure" "released" by "cinder.volume.drivers.quobyte.QuobyteDriver._ensure_shares_mounted" :: held 0.007s {{(pid=86729) inner /opt/stack/data/venv/lib/python3.12/site-packages/oslo_concurrency/lockutils.py:543}}
Jul 03 13:49:30 devstack cinder-volume[86729]: DEBUG cinder.volume.drivers.quobyte [None req-e83ee320-fe70-4a12-96ae-3851e5290684 tempest-GroupSnapshotsTest-207098367 None] Selected osci02.corp.quobyte.com/cinder-vol-d74c46b0-6dd7-4225-a60e-86b9c9202e26 as target Quobyte volume. {{(pid=86729) _find_share /opt/stack/cinder/cinder/volume/drivers/quobyte.py:668}}
Jul 03 13:49:30 devstack cinder-volume[86729]: DEBUG cinder.coordination [None req-e83ee320-fe70-4a12-96ae-3851e5290684 tempest-GroupSnapshotsTest-207098367 None] Acquiring lock "cinder-quobyte-33c02862-a2bf-4505-8986-da19a3d24c7b" by "_copy_volume_from_snapshot" {{(pid=86729) __acquire /opt/stack/cinder/cinder/coordination.py:138}}
Jul 03 13:49:30 devstack cinder-volume[86729]: DEBUG cinder.coordination [None req-e83ee320-fe70-4a12-96ae-3851e5290684 tempest-GroupSnapshotsTest-207098367 None] Lock "cinder-quobyte-33c02862-a2bf-4505-8986-da19a3d24c7b" acquired by "_copy_volume_from_snapshot" :: waited 0.021s {{(pid=86729) __acquire /opt/stack/cinder/cinder/coordination.py:141}}
Jul 03 13:49:30 devstack cinder-volume[86729]: DEBUG cinder.volume.drivers.quobyte [None req-e83ee320-fe70-4a12-96ae-3851e5290684 tempest-GroupSnapshotsTest-207098367 None] snapshot: 64b3a5d6-9443-4f8c-ace5-df2069c155ef, volume: 33c02862-a2bf-4505-8986-da19a3d24c7b, {{(pid=86729) _copy_volume_from_snapshot /opt/stack/cinder/cinder/volume/drivers/quobyte.py:401}}
Jul 03 13:49:30 devstack cinder-volume[86729]: DEBUG oslo_concurrency.lockutils [None req-e83ee320-fe70-4a12-96ae-3851e5290684 tempest-GroupSnapshotsTest-207098367 None] Acquiring lock "quobyte_ensure" by "cinder.volume.drivers.quobyte.QuobyteDriver._ensure_shares_mounted" {{(pid=86729) inner /opt/stack/data/venv/lib/python3.12/site-packages/oslo_concurrency/lockutils.py:511}}
Jul 03 13:49:30 devstack cinder-volume[86729]: DEBUG oslo_concurrency.lockutils [None req-e83ee320-fe70-4a12-96ae-3851e5290684 tempest-GroupSnapshotsTest-207098367 None] Lock "quobyte_ensure" acquired by "cinder.volume.drivers.quobyte.QuobyteDriver._ensure_shares_mounted" :: waited 0.001s {{(pid=86729) inner /opt/stack/data/venv/lib/python3.12/site-packages/oslo_concurrency/lockutils.py:524}}
Jul 03 13:49:30 devstack cinder-volume[86729]: DEBUG cinder.volume.drivers.quobyte [None req-e83ee320-fe70-4a12-96ae-3851e5290684 tempest-GroupSnapshotsTest-207098367 None] Quobyte Volume URL set to: {'osci02.corp.quobyte.com/cinder-vol-d74c46b0-6dd7-4225-a60e-86b9c9202e26': None} {{(pid=86729) _load_shares_config /opt/stack/cinder/cinder/volume/drivers/quobyte.py:617}}
Jul 03 13:49:30 devstack cinder-volume[86729]: DEBUG cinder.volume.drivers.quobyte [None req-e83ee320-fe70-4a12-96ae-3851e5290684 tempest-GroupSnapshotsTest-207098367 None] Available shares ['osci02.corp.quobyte.com/cinder-vol-d74c46b0-6dd7-4225-a60e-86b9c9202e26'] {{(pid=86729) _ensure_shares_mounted /opt/stack/cinder/cinder/volume/drivers/quobyte.py:647}}
Jul 03 13:49:30 devstack cinder-volume[86729]: DEBUG oslo_concurrency.lockutils [None req-e83ee320-fe70-4a12-96ae-3851e5290684 tempest-GroupSnapshotsTest-207098367 None] Lock "quobyte_ensure" "released" by "cinder.volume.drivers.quobyte.QuobyteDriver._ensure_shares_mounted" :: held 0.006s {{(pid=86729) inner /opt/stack/data/venv/lib/python3.12/site-packages/oslo_concurrency/lockutils.py:543}}
Jul 03 13:49:30 devstack cinder-volume[86729]: DEBUG oslo.privsep.daemon [-] privsep: reply[b0f9f110-cf51-4055-9727-bb717aaf2764]: (4, 'qcow2') {{(pid=88039) _call_back /opt/stack/data/venv/lib/python3.12/site-packages/oslo_privsep/daemon.py:580}}
Jul 03 13:49:30 devstack cinder-volume[86729]: DEBUG oslo_concurrency.processutils [None req-e83ee320-fe70-4a12-96ae-3851e5290684 tempest-GroupSnapshotsTest-207098367 None] Running cmd (subprocess): /opt/stack/data/venv/bin/python3.12 -m oslo_concurrency.prlimit --as=1073741824 --cpu=60 -- sudo cinder-rootwrap /etc/cinder/rootwrap.conf env LC_ALL=C qemu-img info -f qcow2 --output=json --force-share /opt/stack/data/cinder/mnt/75d34150e9fbe54c3c7941908b55026c/volume-90732780-ad3a-4c68-a955-75803db8219b.64b3a5d6-9443-4f8c-ace5-df2069c155ef {{(pid=86729) execute /opt/stack/data/venv/lib/python3.12/site-packages/oslo_concurrency/processutils.py:440}}
Jul 03 13:49:30 devstack sudo[90431]: quobyte : PWD=/ ; USER=root ; COMMAND=/opt/stack/data/venv/bin/cinder-rootwrap /etc/cinder/rootwrap.conf env LC_ALL=C qemu-img info -f qcow2 --output=json --force-share /opt/stack/data/cinder/mnt/75d34150e9fbe54c3c7941908b55026c/volume-90732780-ad3a-4c68-a955-75803db8219b.64b3a5d6-9443-4f8c-ace5-df2069c155ef
Jul 03 13:49:30 devstack sudo[90431]: pam_unix(sudo:session): session opened for user root(uid=0) by (uid=1000)
Jul 03 13:49:31 devstack cinder-volume[86729]: DEBUG cinder.volume.flows.manager.create_volume [None req-894eb525-92ee-4d46-84a3-13b30387a3e4 tempest-VolumeQuotasNegativeTestJSON-284137228 None] Volume reschedule parameters: True retry: {'num_attempts': 1, 'backends': ['devstack@QuobyteHD#QuobyteHD'], 'hosts': ['devstack@QuobyteHD#QuobyteHD']} {{(pid=86729) get_flow /opt/stack/cinder/cinder/volume/flows/manager/create_volume.py:1395}}
Jul 03 13:49:31 devstack cinder-volume[86729]: DEBUG cinder.volume.manager [None req-894eb525-92ee-4d46-84a3-13b30387a3e4 tempest-VolumeQuotasNegativeTestJSON-284137228 None] Flow 'volume_create_manager' (50debe3a-1b70-4654-8ab3-b95f46fe5286) transitioned into state 'RUNNING' from state 'PENDING' {{(pid=86729) _flow_receiver /opt/stack/data/venv/lib/python3.12/site-packages/taskflow/listeners/logging.py:160}}
Jul 03 13:49:31 devstack cinder-volume[86729]: DEBUG cinder.volume.manager [None req-894eb525-92ee-4d46-84a3-13b30387a3e4 tempest-VolumeQuotasNegativeTestJSON-284137228 None] Task 'cinder.volume.flows.manager.create_volume.ExtractVolumeRefTask;volume:create' (d7f29b0b-4c8e-417b-b245-b5d0a550f6d3) transitioned into state 'RUNNING' from state 'PENDING' {{(pid=86729) _task_receiver /opt/stack/data/venv/lib/python3.12/site-packages/taskflow/listeners/logging.py:242}}
Jul 03 13:49:31 devstack cinder-volume[86729]: DEBUG cinder.volume.manager [None req-894eb525-92ee-4d46-84a3-13b30387a3e4 tempest-VolumeQuotasNegativeTestJSON-284137228 None] Task 'cinder.volume.flows.manager.create_volume.ExtractVolumeRefTask;volume:create' (d7f29b0b-4c8e-417b-b245-b5d0a550f6d3) transitioned into state 'SUCCESS' from state 'RUNNING' with result 'Volume(_name_id=None,admin_metadata=,attach_status='detached',availability_zone='nova',bootable=False,cluster=,cluster_name=None,consistencygroup=,consistencygroup_id=None,created_at=2026-07-03T11:49:31Z,deleted=False,deleted_at=None,display_description=None,display_name='tempest-VolumeQuotasNegativeTestJSON-Volume-608770852',ec2_id=None,encryption_key_id=None,glance_metadata=,group=,group_id=None,host='devstack@QuobyteHD#QuobyteHD',id=26711431-04d0-496d-96b0-81828105b04d,launched_at=None,metadata={},migration_status=None,multiattach=False,previous_status=None,project_id='2b4720978ae645f989b129ee754dec64',provider_auth=None,provider_geometry=None,provider_id=None,provider_location=None,replication_driver_data=None,replication_extended_status=None,replication_status=None,scheduled_at=2026-07-03T11:49:32Z,service_uuid=None,shared_targets=True,size=1,snapshot_id=None,snapshots=,source_volid=None,status='creating',terminated_at=None,updated_at=2026-07-03T11:49:32Z,use_quota=True,user_id='796c6efb77244d7294c2725639ff04d7',volume_attachment=VolumeAttachmentList,volume_type=VolumeType(2f16dac8-0d93-4fe7-a7bb-ca744107b7a3),volume_type_id=2f16dac8-0d93-4fe7-a7bb-ca744107b7a3)' {{(pid=86729) _task_receiver /opt/stack/data/venv/lib/python3.12/site-packages/taskflow/listeners/logging.py:218}}
Jul 03 13:49:31 devstack cinder-volume[86729]: DEBUG cinder.volume.manager [None req-894eb525-92ee-4d46-84a3-13b30387a3e4 tempest-VolumeQuotasNegativeTestJSON-284137228 None] Task 'cinder.volume.flows.manager.create_volume.OnFailureRescheduleTask;volume:create' (f61be6c0-6da0-439a-9c02-582812237794) transitioned into state 'RUNNING' from state 'PENDING' {{(pid=86729) _task_receiver /opt/stack/data/venv/lib/python3.12/site-packages/taskflow/listeners/logging.py:242}}
Jul 03 13:49:31 devstack cinder-volume[86729]: DEBUG cinder.volume.manager [None req-894eb525-92ee-4d46-84a3-13b30387a3e4 tempest-VolumeQuotasNegativeTestJSON-284137228 None] Task 'cinder.volume.flows.manager.create_volume.OnFailureRescheduleTask;volume:create' (f61be6c0-6da0-439a-9c02-582812237794) transitioned into state 'SUCCESS' from state 'RUNNING' with result 'None' {{(pid=86729) _task_receiver /opt/stack/data/venv/lib/python3.12/site-packages/taskflow/listeners/logging.py:218}}
Jul 03 13:49:31 devstack cinder-volume[86729]: DEBUG cinder.volume.manager [None req-894eb525-92ee-4d46-84a3-13b30387a3e4 tempest-VolumeQuotasNegativeTestJSON-284137228 None] Task 'cinder.volume.flows.manager.create_volume.ExtractVolumeSpecTask;volume:create' (cd4b3bbe-b106-4c17-ae89-6fb8e80d4807) transitioned into state 'RUNNING' from state 'PENDING' {{(pid=86729) _task_receiver /opt/stack/data/venv/lib/python3.12/site-packages/taskflow/listeners/logging.py:242}}
Jul 03 13:49:31 devstack sudo[90431]: pam_unix(sudo:session): session closed for user root
Jul 03 13:49:31 devstack cinder-volume[86729]: DEBUG cinder.volume.manager [None req-894eb525-92ee-4d46-84a3-13b30387a3e4 tempest-VolumeQuotasNegativeTestJSON-284137228 None] Task 'cinder.volume.flows.manager.create_volume.ExtractVolumeSpecTask;volume:create' (cd4b3bbe-b106-4c17-ae89-6fb8e80d4807) transitioned into state 'SUCCESS' from state 'RUNNING' with result '{'status': 'creating', 'type': 'raw', 'volume_id': '26711431-04d0-496d-96b0-81828105b04d', 'volume_name': 'volume-26711431-04d0-496d-96b0-81828105b04d', 'volume_size': 1}' {{(pid=86729) _task_receiver /opt/stack/data/venv/lib/python3.12/site-packages/taskflow/listeners/logging.py:218}}
Jul 03 13:49:31 devstack cinder-volume[86729]: DEBUG cinder.volume.manager [None req-894eb525-92ee-4d46-84a3-13b30387a3e4 tempest-VolumeQuotasNegativeTestJSON-284137228 None] Task 'cinder.volume.flows.manager.create_volume.NotifyVolumeActionTask;volume:create, create.start' (03817065-b2c1-437d-b99f-837c08c2d69b) transitioned into state 'RUNNING' from state 'PENDING' {{(pid=86729) _task_receiver /opt/stack/data/venv/lib/python3.12/site-packages/taskflow/listeners/logging.py:242}}
Jul 03 13:49:31 devstack cinder-volume[86729]: DEBUG cinder.volume.manager [None req-894eb525-92ee-4d46-84a3-13b30387a3e4 tempest-VolumeQuotasNegativeTestJSON-284137228 None] Task 'cinder.volume.flows.manager.create_volume.NotifyVolumeActionTask;volume:create, create.start' (03817065-b2c1-437d-b99f-837c08c2d69b) transitioned into state 'SUCCESS' from state 'RUNNING' with result 'None' {{(pid=86729) _task_receiver /opt/stack/data/venv/lib/python3.12/site-packages/taskflow/listeners/logging.py:218}}
Jul 03 13:49:31 devstack cinder-volume[86729]: DEBUG cinder.volume.manager [None req-894eb525-92ee-4d46-84a3-13b30387a3e4 tempest-VolumeQuotasNegativeTestJSON-284137228 None] Task 'cinder.volume.flows.manager.create_volume.CreateVolumeFromSpecTask;volume:create' (bd944a49-641e-45b6-b562-967d8567bca4) transitioned into state 'RUNNING' from state 'PENDING' {{(pid=86729) _task_receiver /opt/stack/data/venv/lib/python3.12/site-packages/taskflow/listeners/logging.py:242}}
Jul 03 13:49:31 devstack cinder-volume[86729]: INFO cinder.volume.flows.manager.create_volume [None req-894eb525-92ee-4d46-84a3-13b30387a3e4 tempest-VolumeQuotasNegativeTestJSON-284137228 None] Volume 26711431-04d0-496d-96b0-81828105b04d: being created as raw with specification: {'status': 'creating', 'volume_name': 'volume-26711431-04d0-496d-96b0-81828105b04d', 'volume_size': 1}
Jul 03 13:49:31 devstack cinder-volume[86729]: DEBUG oslo_concurrency.lockutils [None req-894eb525-92ee-4d46-84a3-13b30387a3e4 tempest-VolumeQuotasNegativeTestJSON-284137228 None] Acquiring lock "quobyte" by "cinder.volume.drivers.quobyte.QuobyteDriver.create_volume" {{(pid=86729) inner /opt/stack/data/venv/lib/python3.12/site-packages/oslo_concurrency/lockutils.py:511}}
Jul 03 13:49:31 devstack cinder-volume[86729]: DEBUG oslo_concurrency.processutils [None req-e83ee320-fe70-4a12-96ae-3851e5290684 tempest-GroupSnapshotsTest-207098367 None] CMD "/opt/stack/data/venv/bin/python3.12 -m oslo_concurrency.prlimit --as=1073741824 --cpu=60 -- sudo cinder-rootwrap /etc/cinder/rootwrap.conf env LC_ALL=C qemu-img info -f qcow2 --output=json --force-share /opt/stack/data/cinder/mnt/75d34150e9fbe54c3c7941908b55026c/volume-90732780-ad3a-4c68-a955-75803db8219b.64b3a5d6-9443-4f8c-ace5-df2069c155ef" returned: 0 in 1.410s {{(pid=86729) execute /opt/stack/data/venv/lib/python3.12/site-packages/oslo_concurrency/processutils.py:468}}
Jul 03 13:49:31 devstack cinder-volume[86729]: DEBUG cinder.volume.drivers.remotefs [None req-e83ee320-fe70-4a12-96ae-3851e5290684 tempest-GroupSnapshotsTest-207098367 None] Fetching qemu-img info with special backing_file_template: (/opt/stack/data/cinder/mnt/[0-9a-f]+/)?(volume-90732780-ad3a-4c68-a955-75803db8219b(.(tmp-snap-)?[0-9a-f-]+)?|volume_from_snapshot_cache/(tmp-snap-)?[0-9a-f-]+(.(child-|parent-)[0-9a-f-]+)?)$ {{(pid=86729) _qemu_img_info_base /opt/stack/cinder/cinder/volume/drivers/remotefs.py:896}}
Jul 03 13:49:31 devstack cinder-volume[86729]: DEBUG cinder.volume.drivers.quobyte [None req-e83ee320-fe70-4a12-96ae-3851e5290684 tempest-GroupSnapshotsTest-207098367 None] will copy from snapshot at /opt/stack/data/cinder/mnt/75d34150e9fbe54c3c7941908b55026c/volume-90732780-ad3a-4c68-a955-75803db8219b {{(pid=86729) _copy_volume_from_snapshot /opt/stack/cinder/cinder/volume/drivers/quobyte.py:420}}
Jul 03 13:49:31 devstack cinder-volume[86729]: DEBUG cinder.volume.drivers.quobyte [None req-e83ee320-fe70-4a12-96ae-3851e5290684 tempest-GroupSnapshotsTest-207098367 None] Creating direct copy from snapshot {{(pid=86729) _copy_volume_from_snapshot /opt/stack/cinder/cinder/volume/drivers/quobyte.py:428}}
Jul 03 13:49:31 devstack cinder-volume[86729]: DEBUG oslo.privsep.daemon [-] privsep: reply[fd9357b0-f17c-448c-9356-b60b45a8231e]: (4, 'qcow2') {{(pid=88039) _call_back /opt/stack/data/venv/lib/python3.12/site-packages/oslo_privsep/daemon.py:580}}
Jul 03 13:49:31 devstack cinder-volume[86729]: DEBUG oslo_concurrency.processutils [None req-e83ee320-fe70-4a12-96ae-3851e5290684 tempest-GroupSnapshotsTest-207098367 None] Running cmd (subprocess): /opt/stack/data/venv/bin/python3.12 -m oslo_concurrency.prlimit --as=1073741824 --cpu=60 -- sudo cinder-rootwrap /etc/cinder/rootwrap.conf env LC_ALL=C qemu-img info -f qcow2 --output=json /opt/stack/data/cinder/mnt/75d34150e9fbe54c3c7941908b55026c/volume-90732780-ad3a-4c68-a955-75803db8219b {{(pid=86729) execute /opt/stack/data/venv/lib/python3.12/site-packages/oslo_concurrency/processutils.py:440}}
Jul 03 13:49:32 devstack sudo[90500]: quobyte : PWD=/ ; USER=root ; COMMAND=/opt/stack/data/venv/bin/cinder-rootwrap /etc/cinder/rootwrap.conf env LC_ALL=C qemu-img info -f qcow2 --output=json /opt/stack/data/cinder/mnt/75d34150e9fbe54c3c7941908b55026c/volume-90732780-ad3a-4c68-a955-75803db8219b
Jul 03 13:49:32 devstack sudo[90500]: pam_unix(sudo:session): session opened for user root(uid=0) by (uid=1000)
Jul 03 13:49:33 devstack sudo[90500]: pam_unix(sudo:session): session closed for user root
Jul 03 13:49:33 devstack cinder-volume[86729]: DEBUG oslo_concurrency.processutils [None req-e83ee320-fe70-4a12-96ae-3851e5290684 tempest-GroupSnapshotsTest-207098367 None] CMD "/opt/stack/data/venv/bin/python3.12 -m oslo_concurrency.prlimit --as=1073741824 --cpu=60 -- sudo cinder-rootwrap /etc/cinder/rootwrap.conf env LC_ALL=C qemu-img info -f qcow2 --output=json /opt/stack/data/cinder/mnt/75d34150e9fbe54c3c7941908b55026c/volume-90732780-ad3a-4c68-a955-75803db8219b" returned: 0 in 1.256s {{(pid=86729) execute /opt/stack/data/venv/lib/python3.12/site-packages/oslo_concurrency/processutils.py:468}}
Jul 03 13:49:33 devstack cinder-volume[86729]: DEBUG cinder.utils [None req-e83ee320-fe70-4a12-96ae-3851e5290684 tempest-GroupSnapshotsTest-207098367 None] Path /opt/stack/data/cinder/mnt/75d34150e9fbe54c3c7941908b55026c/volume-33c02862-a2bf-4505-8986-da19a3d24c7b not found in is_blk_device check {{(pid=86729) is_blk_device /opt/stack/cinder/cinder/utils.py:602}}
Jul 03 13:49:33 devstack cinder-volume[86729]: DEBUG oslo_concurrency.processutils [None req-e83ee320-fe70-4a12-96ae-3851e5290684 tempest-GroupSnapshotsTest-207098367 None] Running cmd (subprocess): sudo cinder-rootwrap /etc/cinder/rootwrap.conf qemu-img convert -O qcow2 /opt/stack/data/cinder/mnt/75d34150e9fbe54c3c7941908b55026c/volume-90732780-ad3a-4c68-a955-75803db8219b /opt/stack/data/cinder/mnt/75d34150e9fbe54c3c7941908b55026c/volume-33c02862-a2bf-4505-8986-da19a3d24c7b {{(pid=86729) execute /opt/stack/data/venv/lib/python3.12/site-packages/oslo_concurrency/processutils.py:440}}
Jul 03 13:49:33 devstack sudo[90518]: quobyte : PWD=/ ; USER=root ; COMMAND=/opt/stack/data/venv/bin/cinder-rootwrap /etc/cinder/rootwrap.conf qemu-img convert -O qcow2 /opt/stack/data/cinder/mnt/75d34150e9fbe54c3c7941908b55026c/volume-90732780-ad3a-4c68-a955-75803db8219b /opt/stack/data/cinder/mnt/75d34150e9fbe54c3c7941908b55026c/volume-33c02862-a2bf-4505-8986-da19a3d24c7b
Jul 03 13:49:33 devstack sudo[90518]: pam_unix(sudo:session): session opened for user root(uid=0) by (uid=1000)
Jul 03 13:49:40 devstack cinder-volume[86729]: DEBUG dbcounter [-] [86729] Writing DB stats cinder:UPDATE=5,cinder:SELECT=9,cinder:INSERT=2 {{(pid=86729) stat_writer /opt/stack/data/venv/lib/python3.12/site-packages/dbcounter.py:115}}
Jul 03 13:49:41 devstack sudo[90518]: pam_unix(sudo:session): session closed for user root
Jul 03 13:49:41 devstack cinder-volume[86729]: DEBUG oslo_concurrency.processutils [None req-e83ee320-fe70-4a12-96ae-3851e5290684 tempest-GroupSnapshotsTest-207098367 None] CMD "sudo cinder-rootwrap /etc/cinder/rootwrap.conf qemu-img convert -O qcow2 /opt/stack/data/cinder/mnt/75d34150e9fbe54c3c7941908b55026c/volume-90732780-ad3a-4c68-a955-75803db8219b /opt/stack/data/cinder/mnt/75d34150e9fbe54c3c7941908b55026c/volume-33c02862-a2bf-4505-8986-da19a3d24c7b" returned: 0 in 8.120s {{(pid=86729) execute /opt/stack/data/venv/lib/python3.12/site-packages/oslo_concurrency/processutils.py:468}}
Jul 03 13:49:41 devstack cinder-volume[86729]: DEBUG oslo.privsep.daemon [-] privsep: reply[47c6420e-3317-4bc5-8fba-0216abb1f718]: (4, 'qcow2') {{(pid=88039) _call_back /opt/stack/data/venv/lib/python3.12/site-packages/oslo_privsep/daemon.py:580}}
Jul 03 13:49:41 devstack cinder-volume[86729]: DEBUG oslo_concurrency.processutils [None req-e83ee320-fe70-4a12-96ae-3851e5290684 tempest-GroupSnapshotsTest-207098367 None] Running cmd (subprocess): /opt/stack/data/venv/bin/python3.12 -m oslo_concurrency.prlimit --as=1073741824 --cpu=60 -- sudo cinder-rootwrap /etc/cinder/rootwrap.conf env LC_ALL=C qemu-img info -f qcow2 --output=json /opt/stack/data/cinder/mnt/75d34150e9fbe54c3c7941908b55026c/volume-90732780-ad3a-4c68-a955-75803db8219b {{(pid=86729) execute /opt/stack/data/venv/lib/python3.12/site-packages/oslo_concurrency/processutils.py:440}}
Jul 03 13:49:41 devstack sudo[90554]: quobyte : PWD=/ ; USER=root ; COMMAND=/opt/stack/data/venv/bin/cinder-rootwrap /etc/cinder/rootwrap.conf env LC_ALL=C qemu-img info -f qcow2 --output=json /opt/stack/data/cinder/mnt/75d34150e9fbe54c3c7941908b55026c/volume-90732780-ad3a-4c68-a955-75803db8219b
Jul 03 13:49:41 devstack sudo[90554]: pam_unix(sudo:session): session opened for user root(uid=0) by (uid=1000)
Jul 03 13:49:41 devstack cinder-volume[86729]: DEBUG dbcounter [-] [86729] Writing DB stats cinder:UPDATE=9,cinder:SELECT=16,cinder:DELETE=1 {{(pid=86729) stat_writer /opt/stack/data/venv/lib/python3.12/site-packages/dbcounter.py:115}}
Jul 03 13:49:42 devstack sudo[90554]: pam_unix(sudo:session): session closed for user root
Jul 03 13:49:42 devstack cinder-volume[86729]: DEBUG oslo_concurrency.processutils [None req-e83ee320-fe70-4a12-96ae-3851e5290684 tempest-GroupSnapshotsTest-207098367 None] CMD "/opt/stack/data/venv/bin/python3.12 -m oslo_concurrency.prlimit --as=1073741824 --cpu=60 -- sudo cinder-rootwrap /etc/cinder/rootwrap.conf env LC_ALL=C qemu-img info -f qcow2 --output=json /opt/stack/data/cinder/mnt/75d34150e9fbe54c3c7941908b55026c/volume-90732780-ad3a-4c68-a955-75803db8219b" returned: 0 in 1.220s {{(pid=86729) execute /opt/stack/data/venv/lib/python3.12/site-packages/oslo_concurrency/processutils.py:468}}
Jul 03 13:49:42 devstack cinder-volume[86729]: DEBUG cinder.image.image_utils [None req-e83ee320-fe70-4a12-96ae-3851e5290684 tempest-GroupSnapshotsTest-207098367 None] Image conversion details: src /opt/stack/data/cinder/mnt/75d34150e9fbe54c3c7941908b55026c/volume-90732780-ad3a-4c68-a955-75803db8219b, size 1024.00 MB, duration 8.12 sec, destination /opt/stack/data/cinder/mnt/75d34150e9fbe54c3c7941908b55026c/volume-33c02862-a2bf-4505-8986-da19a3d24c7b {{(pid=86729) _convert_image /opt/stack/cinder/cinder/image/image_utils.py:533}}
Jul 03 13:49:42 devstack cinder-volume[86729]: INFO cinder.image.image_utils [None req-e83ee320-fe70-4a12-96ae-3851e5290684 tempest-GroupSnapshotsTest-207098367 None] Converted 1024.00 MB image at 126.08 MB/s
Jul 03 13:49:42 devstack cinder-volume[86729]: WARNING cinder.volume.drivers.remotefs [None req-e83ee320-fe70-4a12-96ae-3851e5290684 tempest-GroupSnapshotsTest-207098367 None] /opt/stack/data/cinder/mnt/75d34150e9fbe54c3c7941908b55026c/volume-33c02862-a2bf-4505-8986-da19a3d24c7b is being set with open permissions: ugo+rw: NotImplementedError
Jul 03 13:49:42 devstack cinder-volume[86729]: DEBUG oslo_concurrency.processutils [None req-e83ee320-fe70-4a12-96ae-3851e5290684 tempest-GroupSnapshotsTest-207098367 None] Running cmd (subprocess): sudo cinder-rootwrap /etc/cinder/rootwrap.conf chmod ugo+rw /opt/stack/data/cinder/mnt/75d34150e9fbe54c3c7941908b55026c/volume-33c02862-a2bf-4505-8986-da19a3d24c7b {{(pid=86729) execute /opt/stack/data/venv/lib/python3.12/site-packages/oslo_concurrency/processutils.py:440}}
Jul 03 13:49:42 devstack sudo[90562]: quobyte : PWD=/ ; USER=root ; COMMAND=/opt/stack/data/venv/bin/cinder-rootwrap /etc/cinder/rootwrap.conf chmod ugo+rw /opt/stack/data/cinder/mnt/75d34150e9fbe54c3c7941908b55026c/volume-33c02862-a2bf-4505-8986-da19a3d24c7b
Jul 03 13:49:42 devstack sudo[90562]: pam_unix(sudo:session): session opened for user root(uid=0) by (uid=1000)
Jul 03 13:49:43 devstack sudo[90562]: pam_unix(sudo:session): session closed for user root
Jul 03 13:49:43 devstack cinder-volume[86729]: DEBUG oslo_concurrency.processutils [None req-e83ee320-fe70-4a12-96ae-3851e5290684 tempest-GroupSnapshotsTest-207098367 None] CMD "sudo cinder-rootwrap /etc/cinder/rootwrap.conf chmod ugo+rw /opt/stack/data/cinder/mnt/75d34150e9fbe54c3c7941908b55026c/volume-33c02862-a2bf-4505-8986-da19a3d24c7b" returned: 0 in 0.669s {{(pid=86729) execute /opt/stack/data/venv/lib/python3.12/site-packages/oslo_concurrency/processutils.py:468}}
Jul 03 13:49:43 devstack cinder-volume[86729]: DEBUG cinder.coordination [None req-e83ee320-fe70-4a12-96ae-3851e5290684 tempest-GroupSnapshotsTest-207098367 None] Lock "cinder-quobyte-33c02862-a2bf-4505-8986-da19a3d24c7b" released by "_copy_volume_from_snapshot" :: held 12.842s {{(pid=86729) __release /opt/stack/cinder/cinder/coordination.py:152}}
Jul 03 13:49:43 devstack cinder-volume[86729]: DEBUG cinder.coordination [None req-e83ee320-fe70-4a12-96ae-3851e5290684 tempest-GroupSnapshotsTest-207098367 None] Lock "cinder-quobyte-64b3a5d6-9443-4f8c-ace5-df2069c155ef-33c02862-a2bf-4505-8986-da19a3d24c7b" released by "_create_volume_from_snapshot" :: held 12.883s {{(pid=86729) __release /opt/stack/cinder/cinder/coordination.py:152}}
Jul 03 13:49:43 devstack cinder-volume[86729]: DEBUG oslo_concurrency.lockutils [None req-e83ee320-fe70-4a12-96ae-3851e5290684 tempest-GroupSnapshotsTest-207098367 None] Lock "quobyte" "released" by "cinder.volume.drivers.quobyte.QuobyteDriver.create_volume_from_snapshot" :: held 12.905s {{(pid=86729) inner /opt/stack/data/venv/lib/python3.12/site-packages/oslo_concurrency/lockutils.py:543}}
Jul 03 13:49:43 devstack cinder-volume[86729]: DEBUG oslo_concurrency.lockutils [None req-894eb525-92ee-4d46-84a3-13b30387a3e4 tempest-VolumeQuotasNegativeTestJSON-284137228 None] Lock "quobyte" acquired by "cinder.volume.drivers.quobyte.QuobyteDriver.create_volume" :: waited 11.372s {{(pid=86729) inner /opt/stack/data/venv/lib/python3.12/site-packages/oslo_concurrency/lockutils.py:524}}
Jul 03 13:49:43 devstack cinder-volume[86729]: DEBUG cinder.volume.drivers.quobyte [None req-894eb525-92ee-4d46-84a3-13b30387a3e4 tempest-VolumeQuotasNegativeTestJSON-284137228 None] ==> create_volume: call "{'self': , 'volume': Volume(_name_id=None,admin_metadata=,attach_status='detached',availability_zone='nova',bootable=False,cluster=,cluster_name=None,consistencygroup=,consistencygroup_id=None,created_at=2026-07-03T11:49:31Z,deleted=False,deleted_at=None,display_description=None,display_name='tempest-VolumeQuotasNegativeTestJSON-Volume-608770852',ec2_id=None,encryption_key_id=None,glance_metadata=,group=,group_id=None,host='devstack@QuobyteHD#QuobyteHD',id=26711431-04d0-496d-96b0-81828105b04d,launched_at=None,metadata={},migration_status=None,multiattach=False,previous_status=None,project_id='2b4720978ae645f989b129ee754dec64',provider_auth=None,provider_geometry=None,provider_id=None,provider_location=None,replication_driver_data=None,replication_extended_status=None,replication_status=None,scheduled_at=2026-07-03T11:49:32Z,service_uuid=None,shared_targets=True,size=1,snapshot_id=None,snapshots=,source_volid=None,status='creating',terminated_at=None,updated_at=2026-07-03T11:49:32Z,use_quota=True,user_id='796c6efb77244d7294c2725639ff04d7',volume_attachment=VolumeAttachmentList,volume_type=VolumeType(2f16dac8-0d93-4fe7-a7bb-ca744107b7a3),volume_type_id=2f16dac8-0d93-4fe7-a7bb-ca744107b7a3)}" {{(pid=86729) trace_logging_wrapper /opt/stack/cinder/cinder/volume/volume_utils.py:1498}}
Jul 03 13:49:43 devstack cinder-volume[86729]: DEBUG cinder.volume.drivers.remotefs [None req-894eb525-92ee-4d46-84a3-13b30387a3e4 tempest-VolumeQuotasNegativeTestJSON-284137228 None] Creating volume 26711431-04d0-496d-96b0-81828105b04d {{(pid=86729) create_volume /opt/stack/cinder/cinder/volume/drivers/remotefs.py:292}}
Jul 03 13:49:43 devstack cinder-volume[86729]: DEBUG oslo_concurrency.lockutils [None req-894eb525-92ee-4d46-84a3-13b30387a3e4 tempest-VolumeQuotasNegativeTestJSON-284137228 None] Acquiring lock "quobyte_ensure" by "cinder.volume.drivers.quobyte.QuobyteDriver._ensure_shares_mounted" {{(pid=86729) inner /opt/stack/data/venv/lib/python3.12/site-packages/oslo_concurrency/lockutils.py:511}}
Jul 03 13:49:43 devstack cinder-volume[86729]: DEBUG oslo_concurrency.lockutils [None req-894eb525-92ee-4d46-84a3-13b30387a3e4 tempest-VolumeQuotasNegativeTestJSON-284137228 None] Lock "quobyte_ensure" acquired by "cinder.volume.drivers.quobyte.QuobyteDriver._ensure_shares_mounted" :: waited 0.000s {{(pid=86729) inner /opt/stack/data/venv/lib/python3.12/site-packages/oslo_concurrency/lockutils.py:524}}
Jul 03 13:49:43 devstack cinder-volume[86729]: DEBUG cinder.volume.drivers.quobyte [None req-894eb525-92ee-4d46-84a3-13b30387a3e4 tempest-VolumeQuotasNegativeTestJSON-284137228 None] Quobyte Volume URL set to: {'osci02.corp.quobyte.com/cinder-vol-d74c46b0-6dd7-4225-a60e-86b9c9202e26': None} {{(pid=86729) _load_shares_config /opt/stack/cinder/cinder/volume/drivers/quobyte.py:617}}
Jul 03 13:49:43 devstack cinder-volume[86729]: DEBUG cinder.volume.drivers.quobyte [None req-894eb525-92ee-4d46-84a3-13b30387a3e4 tempest-VolumeQuotasNegativeTestJSON-284137228 None] Available shares ['osci02.corp.quobyte.com/cinder-vol-d74c46b0-6dd7-4225-a60e-86b9c9202e26'] {{(pid=86729) _ensure_shares_mounted /opt/stack/cinder/cinder/volume/drivers/quobyte.py:647}}
Jul 03 13:49:43 devstack cinder-volume[86729]: DEBUG oslo_concurrency.lockutils [None req-894eb525-92ee-4d46-84a3-13b30387a3e4 tempest-VolumeQuotasNegativeTestJSON-284137228 None] Lock "quobyte_ensure" "released" by "cinder.volume.drivers.quobyte.QuobyteDriver._ensure_shares_mounted" :: held 0.011s {{(pid=86729) inner /opt/stack/data/venv/lib/python3.12/site-packages/oslo_concurrency/lockutils.py:543}}
Jul 03 13:49:43 devstack cinder-volume[86729]: DEBUG cinder.volume.drivers.quobyte [None req-894eb525-92ee-4d46-84a3-13b30387a3e4 tempest-VolumeQuotasNegativeTestJSON-284137228 None] Selected osci02.corp.quobyte.com/cinder-vol-d74c46b0-6dd7-4225-a60e-86b9c9202e26 as target Quobyte volume. {{(pid=86729) _find_share /opt/stack/cinder/cinder/volume/drivers/quobyte.py:668}}
Jul 03 13:49:43 devstack cinder-volume[86729]: INFO cinder.volume.drivers.remotefs [None req-894eb525-92ee-4d46-84a3-13b30387a3e4 tempest-VolumeQuotasNegativeTestJSON-284137228 None] casted to osci02.corp.quobyte.com/cinder-vol-d74c46b0-6dd7-4225-a60e-86b9c9202e26
Jul 03 13:49:43 devstack cinder-volume[86729]: DEBUG oslo_concurrency.processutils [None req-894eb525-92ee-4d46-84a3-13b30387a3e4 tempest-VolumeQuotasNegativeTestJSON-284137228 None] Running cmd (subprocess): sudo cinder-rootwrap /etc/cinder/rootwrap.conf qemu-img create -f qcow2 -o preallocation=metadata /opt/stack/data/cinder/mnt/75d34150e9fbe54c3c7941908b55026c/volume-26711431-04d0-496d-96b0-81828105b04d 1073741824 {{(pid=86729) execute /opt/stack/data/venv/lib/python3.12/site-packages/oslo_concurrency/processutils.py:440}}
Jul 03 13:49:43 devstack sudo[90565]: quobyte : PWD=/ ; USER=root ; COMMAND=/opt/stack/data/venv/bin/cinder-rootwrap /etc/cinder/rootwrap.conf qemu-img create -f qcow2 -o preallocation=metadata /opt/stack/data/cinder/mnt/75d34150e9fbe54c3c7941908b55026c/volume-26711431-04d0-496d-96b0-81828105b04d 1073741824
Jul 03 13:49:43 devstack sudo[90565]: pam_unix(sudo:session): session opened for user root(uid=0) by (uid=1000)
Jul 03 13:49:43 devstack cinder-volume[86729]: INFO cinder.volume.manager [None req-e83ee320-fe70-4a12-96ae-3851e5290684 tempest-GroupSnapshotsTest-207098367 None] Create group from source-snapshot-19850951-d1d6-44d0-abea-5e8bf2a7be14 completed successfully.
Jul 03 13:49:44 devstack cinder-volume[86729]: DEBUG cinder.coordination [None req-333158bc-b1b8-49ad-bca8-182d4d477701 tempest-GroupSnapshotsTest-207098367 None] Acquiring lock "cinder-quobyte-33c02862-a2bf-4505-8986-da19a3d24c7b" by "delete_volume" {{(pid=86729) __acquire /opt/stack/cinder/cinder/coordination.py:138}}
Jul 03 13:49:44 devstack cinder-volume[86729]: DEBUG cinder.coordination [None req-333158bc-b1b8-49ad-bca8-182d4d477701 tempest-GroupSnapshotsTest-207098367 None] Lock "cinder-quobyte-33c02862-a2bf-4505-8986-da19a3d24c7b" acquired by "delete_volume" :: waited 0.018s {{(pid=86729) __acquire /opt/stack/cinder/cinder/coordination.py:141}}
Jul 03 13:49:44 devstack cinder-volume[86729]: DEBUG oslo.privsep.daemon [-] privsep: reply[ccf64605-56d0-4766-b757-4d6e80748289]: (4, 'qcow2') {{(pid=88039) _call_back /opt/stack/data/venv/lib/python3.12/site-packages/oslo_privsep/daemon.py:580}}
Jul 03 13:49:44 devstack cinder-volume[86729]: DEBUG oslo_concurrency.processutils [None req-333158bc-b1b8-49ad-bca8-182d4d477701 tempest-GroupSnapshotsTest-207098367 None] Running cmd (subprocess): /opt/stack/data/venv/bin/python3.12 -m oslo_concurrency.prlimit --as=1073741824 --cpu=60 -- sudo cinder-rootwrap /etc/cinder/rootwrap.conf env LC_ALL=C qemu-img info -f qcow2 --output=json --force-share /opt/stack/data/cinder/mnt/75d34150e9fbe54c3c7941908b55026c/volume-33c02862-a2bf-4505-8986-da19a3d24c7b {{(pid=86729) execute /opt/stack/data/venv/lib/python3.12/site-packages/oslo_concurrency/processutils.py:440}}
Jul 03 13:49:44 devstack sudo[90572]: quobyte : PWD=/ ; USER=root ; COMMAND=/opt/stack/data/venv/bin/cinder-rootwrap /etc/cinder/rootwrap.conf env LC_ALL=C qemu-img info -f qcow2 --output=json --force-share /opt/stack/data/cinder/mnt/75d34150e9fbe54c3c7941908b55026c/volume-33c02862-a2bf-4505-8986-da19a3d24c7b
Jul 03 13:49:44 devstack sudo[90572]: pam_unix(sudo:session): session opened for user root(uid=0) by (uid=1000)
Jul 03 13:49:44 devstack sudo[90565]: pam_unix(sudo:session): session closed for user root
Jul 03 13:49:44 devstack cinder-volume[86729]: DEBUG oslo_concurrency.processutils [None req-894eb525-92ee-4d46-84a3-13b30387a3e4 tempest-VolumeQuotasNegativeTestJSON-284137228 None] CMD "sudo cinder-rootwrap /etc/cinder/rootwrap.conf qemu-img create -f qcow2 -o preallocation=metadata /opt/stack/data/cinder/mnt/75d34150e9fbe54c3c7941908b55026c/volume-26711431-04d0-496d-96b0-81828105b04d 1073741824" returned: 0 in 1.125s {{(pid=86729) execute /opt/stack/data/venv/lib/python3.12/site-packages/oslo_concurrency/processutils.py:468}}
Jul 03 13:49:44 devstack cinder-volume[86729]: DEBUG oslo_concurrency.processutils [None req-894eb525-92ee-4d46-84a3-13b30387a3e4 tempest-VolumeQuotasNegativeTestJSON-284137228 None] Running cmd (subprocess): sudo cinder-rootwrap /etc/cinder/rootwrap.conf chmod ugo+rw /opt/stack/data/cinder/mnt/75d34150e9fbe54c3c7941908b55026c/volume-26711431-04d0-496d-96b0-81828105b04d {{(pid=86729) execute /opt/stack/data/venv/lib/python3.12/site-packages/oslo_concurrency/processutils.py:440}}
Jul 03 13:49:44 devstack sudo[90574]: quobyte : PWD=/ ; USER=root ; COMMAND=/opt/stack/data/venv/bin/cinder-rootwrap /etc/cinder/rootwrap.conf chmod ugo+rw /opt/stack/data/cinder/mnt/75d34150e9fbe54c3c7941908b55026c/volume-26711431-04d0-496d-96b0-81828105b04d
Jul 03 13:49:44 devstack sudo[90574]: pam_unix(sudo:session): session opened for user root(uid=0) by (uid=1000)
Jul 03 13:49:45 devstack sudo[90572]: pam_unix(sudo:session): session closed for user root
Jul 03 13:49:45 devstack cinder-volume[86729]: DEBUG oslo_concurrency.processutils [None req-333158bc-b1b8-49ad-bca8-182d4d477701 tempest-GroupSnapshotsTest-207098367 None] CMD "/opt/stack/data/venv/bin/python3.12 -m oslo_concurrency.prlimit --as=1073741824 --cpu=60 -- sudo cinder-rootwrap /etc/cinder/rootwrap.conf env LC_ALL=C qemu-img info -f qcow2 --output=json --force-share /opt/stack/data/cinder/mnt/75d34150e9fbe54c3c7941908b55026c/volume-33c02862-a2bf-4505-8986-da19a3d24c7b" returned: 0 in 0.947s {{(pid=86729) execute /opt/stack/data/venv/lib/python3.12/site-packages/oslo_concurrency/processutils.py:468}}
Jul 03 13:49:45 devstack cinder-volume[86729]: DEBUG oslo_concurrency.processutils [None req-333158bc-b1b8-49ad-bca8-182d4d477701 tempest-GroupSnapshotsTest-207098367 None] Running cmd (subprocess): sudo cinder-rootwrap /etc/cinder/rootwrap.conf rm -f /opt/stack/data/cinder/mnt/75d34150e9fbe54c3c7941908b55026c/volume-33c02862-a2bf-4505-8986-da19a3d24c7b {{(pid=86729) execute /opt/stack/data/venv/lib/python3.12/site-packages/oslo_concurrency/processutils.py:440}}
Jul 03 13:49:45 devstack sudo[90601]: quobyte : PWD=/ ; USER=root ; COMMAND=/opt/stack/data/venv/bin/cinder-rootwrap /etc/cinder/rootwrap.conf rm -f /opt/stack/data/cinder/mnt/75d34150e9fbe54c3c7941908b55026c/volume-33c02862-a2bf-4505-8986-da19a3d24c7b
