Feb 26 20:26:35 devstack devstack@c-api.service[83145]: DEBUG cinder.api.openstack.wsgi [None req-7ce80464-8ee6-42d4-85bf-25a9ffbfa734 tempest-VolumeRetypeWithoutMigrationTest-1527702005 tempest-VolumeRetypeWithoutMigrationTest-1527702005-project-member] Calling method 'show' {{(pid=83145) _process_stack /opt/stack/cinder/cinder/api/openstack/wsgi.py:878}}
Feb 26 20:26:35 devstack devstack@c-api.service[83145]: /opt/stack/data/venv/lib/python3.10/site-packages/oslo_context/context.py:101: DeprecationWarning: Policy enforcement is depending on the value of is_admin. This key is deprecated. Please update your policy file to use the standard policy values.
Feb 26 20:26:35 devstack devstack@c-api.service[83145]: warnings.warn(
Feb 26 20:26:35 devstack devstack@c-api.service[83145]: INFO cinder.volume.api [None req-7ce80464-8ee6-42d4-85bf-25a9ffbfa734 tempest-VolumeRetypeWithoutMigrationTest-1527702005 tempest-VolumeRetypeWithoutMigrationTest-1527702005-project-member] Volume info retrieved successfully.
Feb 26 20:26:35 devstack devstack@c-api.service[83145]: INFO cinder.api.openstack.wsgi [None req-7ce80464-8ee6-42d4-85bf-25a9ffbfa734 tempest-VolumeRetypeWithoutMigrationTest-1527702005 tempest-VolumeRetypeWithoutMigrationTest-1527702005-project-member] http://192.168.122.208/volume/v3/volumes/a0822dd9-da26-4e45-bfc4-0d708f9abd0e returned with HTTP 200
Feb 26 20:26:35 devstack devstack@c-api.service[83145]: [pid: 83145|app: 0|req: 131/232] 192.168.122.208 () {62 vars in 1329 bytes} [Thu Feb 26 20:26:35 2026] GET /volume/v3/volumes/a0822dd9-da26-4e45-bfc4-0d708f9abd0e => generated 868 bytes in 33 msecs (HTTP/1.1 200) 7 headers in 285 bytes (1 switches on core 0)
Feb 26 20:26:35 devstack devstack@c-api.service[83146]: DEBUG cinder.api.middleware.request_id [None req-c8efa3e8-c067-4535-9b2d-223742abb414 None None] RequestId filter calling following filter/app {{(pid=83146) _context_setter /opt/stack/cinder/cinder/api/middleware/request_id.py:62}}
Feb 26 20:26:35 devstack devstack@c-api.service[83146]: INFO cinder.api.openstack.wsgi [None req-c8efa3e8-c067-4535-9b2d-223742abb414 tempest-SnapshotsActionsTest-892907791 tempest-SnapshotsActionsTest-892907791-project-member] GET http://192.168.122.208/volume/v3/snapshots/e09946c3-5f2c-4c55-b3bd-6a3095d82327
Feb 26 20:26:35 devstack devstack@c-api.service[83146]: DEBUG cinder.api.openstack.wsgi [None req-c8efa3e8-c067-4535-9b2d-223742abb414 tempest-SnapshotsActionsTest-892907791 tempest-SnapshotsActionsTest-892907791-project-member] Empty body provided in request {{(pid=83146) get_body /opt/stack/cinder/cinder/api/openstack/wsgi.py:725}}
Feb 26 20:26:35 devstack devstack@c-api.service[83146]: DEBUG cinder.api.openstack.wsgi [None req-c8efa3e8-c067-4535-9b2d-223742abb414 tempest-SnapshotsActionsTest-892907791 tempest-SnapshotsActionsTest-892907791-project-member] Calling method 'show' {{(pid=83146) _process_stack /opt/stack/cinder/cinder/api/openstack/wsgi.py:878}}
Feb 26 20:26:35 devstack devstack@c-api.service[83146]: INFO cinder.api.openstack.wsgi [None req-c8efa3e8-c067-4535-9b2d-223742abb414 tempest-SnapshotsActionsTest-892907791 tempest-SnapshotsActionsTest-892907791-project-member] http://192.168.122.208/volume/v3/snapshots/e09946c3-5f2c-4c55-b3bd-6a3095d82327 returned with HTTP 404
Feb 26 20:26:35 devstack devstack@c-api.service[83146]: [pid: 83146|app: 0|req: 102/233] 192.168.122.208 () {62 vars in 1335 bytes} [Thu Feb 26 20:26:35 2026] GET /volume/v3/snapshots/e09946c3-5f2c-4c55-b3bd-6a3095d82327 => generated 111 bytes in 16 msecs (HTTP/1.1 404) 7 headers in 292 bytes (1 switches on core 0)
Feb 26 20:26:35 devstack devstack@c-api.service[83145]: DEBUG cinder.api.middleware.request_id [None req-b94677cf-33e0-4017-9422-37e31e7b6d90 None None] RequestId filter calling following filter/app {{(pid=83145) _context_setter /opt/stack/cinder/cinder/api/middleware/request_id.py:62}}
Feb 26 20:26:35 devstack devstack@c-api.service[83145]: INFO cinder.api.openstack.wsgi [None req-b94677cf-33e0-4017-9422-37e31e7b6d90 tempest-SnapshotsActionsTest-1939416453 tempest-SnapshotsActionsTest-1939416453-project-admin] POST http://192.168.122.208/volume/v3/snapshots/2fa0b1b7-66ee-4409-b190-f0d3c42158d9/action
Feb 26 20:26:35 devstack devstack@c-api.service[83145]: DEBUG cinder.api.openstack.wsgi [None req-b94677cf-33e0-4017-9422-37e31e7b6d90 tempest-SnapshotsActionsTest-1939416453 tempest-SnapshotsActionsTest-1939416453-project-admin] Action body: b'{"os-reset_status": {"status": "available"}}' {{(pid=83145) get_method /opt/stack/cinder/cinder/api/openstack/wsgi.py:993}}
Feb 26 20:26:35 devstack devstack@c-api.service[83145]: DEBUG cinder.api.openstack.wsgi [None req-b94677cf-33e0-4017-9422-37e31e7b6d90 tempest-SnapshotsActionsTest-1939416453 tempest-SnapshotsActionsTest-1939416453-project-admin] Action: 'action', calling method: _reset_status, body: {"os-reset_status": {"status": "available"}} {{(pid=83145) _process_stack /opt/stack/cinder/cinder/api/openstack/wsgi.py:876}}
Feb 26 20:26:35 devstack devstack@c-api.service[83145]: DEBUG cinder.api.contrib.admin_actions [None req-b94677cf-33e0-4017-9422-37e31e7b6d90 tempest-SnapshotsActionsTest-1939416453 tempest-SnapshotsActionsTest-1939416453-project-admin] Updating snapshot '2fa0b1b7-66ee-4409-b190-f0d3c42158d9' with '{'status': 'available'}' {{(pid=83145) _reset_status /opt/stack/cinder/cinder/api/contrib/admin_actions.py:263}}
Feb 26 20:26:35 devstack devstack@c-api.service[83145]: /opt/stack/data/venv/lib/python3.10/site-packages/oslo_context/context.py:101: DeprecationWarning: Policy enforcement is depending on the value of is_admin. This key is deprecated. Please update your policy file to use the standard policy values.
Feb 26 20:26:35 devstack devstack@c-api.service[83145]: warnings.warn(
Feb 26 20:26:35 devstack devstack@c-api.service[83145]: INFO cinder.api.openstack.wsgi [None req-b94677cf-33e0-4017-9422-37e31e7b6d90 tempest-SnapshotsActionsTest-1939416453 tempest-SnapshotsActionsTest-1939416453-project-admin] http://192.168.122.208/volume/v3/snapshots/2fa0b1b7-66ee-4409-b190-f0d3c42158d9/action returned with HTTP 202
Feb 26 20:26:35 devstack devstack@c-api.service[83145]: [pid: 83145|app: 0|req: 132/234] 192.168.122.208 () {64 vars in 1377 bytes} [Thu Feb 26 20:26:35 2026] POST /volume/v3/snapshots/2fa0b1b7-66ee-4409-b190-f0d3c42158d9/action => generated 0 bytes in 57 msecs (HTTP/1.1 202) 7 headers in 289 bytes (1 switches on core 0)
Feb 26 20:26:35 devstack devstack@c-api.service[83146]: DEBUG cinder.api.middleware.request_id [None req-e9f28109-b94c-4b8b-9514-6e2ba94f9241 None None] RequestId filter calling following filter/app {{(pid=83146) _context_setter /opt/stack/cinder/cinder/api/middleware/request_id.py:62}}
Feb 26 20:26:35 devstack devstack@c-api.service[83146]: INFO cinder.api.openstack.wsgi [None req-e9f28109-b94c-4b8b-9514-6e2ba94f9241 tempest-SnapshotsActionsTest-892907791 tempest-SnapshotsActionsTest-892907791-project-member] GET http://192.168.122.208/volume/v3/snapshots/2fa0b1b7-66ee-4409-b190-f0d3c42158d9
Feb 26 20:26:35 devstack devstack@c-api.service[83146]: DEBUG cinder.api.openstack.wsgi [None req-e9f28109-b94c-4b8b-9514-6e2ba94f9241 tempest-SnapshotsActionsTest-892907791 tempest-SnapshotsActionsTest-892907791-project-member] Empty body provided in request {{(pid=83146) get_body /opt/stack/cinder/cinder/api/openstack/wsgi.py:725}}
Feb 26 20:26:35 devstack devstack@c-api.service[83146]: DEBUG cinder.api.openstack.wsgi [None req-e9f28109-b94c-4b8b-9514-6e2ba94f9241 tempest-SnapshotsActionsTest-892907791 tempest-SnapshotsActionsTest-892907791-project-member] Calling method 'show' {{(pid=83146) _process_stack /opt/stack/cinder/cinder/api/openstack/wsgi.py:878}}
Feb 26 20:26:35 devstack devstack@c-api.service[83145]: DEBUG cinder.api.middleware.request_id [None req-0e8bb01a-3268-4a3d-8887-c5c04417ae2e None None] RequestId filter calling following filter/app {{(pid=83145) _context_setter /opt/stack/cinder/cinder/api/middleware/request_id.py:62}}
Feb 26 20:26:35 devstack devstack@c-api.service[83146]: /opt/stack/data/venv/lib/python3.10/site-packages/oslo_context/context.py:101: DeprecationWarning: Policy enforcement is depending on the value of is_admin. This key is deprecated. Please update your policy file to use the standard policy values.
Feb 26 20:26:35 devstack devstack@c-api.service[83146]: warnings.warn(
Feb 26 20:26:35 devstack devstack@c-api.service[83145]: INFO cinder.api.openstack.wsgi [None req-0e8bb01a-3268-4a3d-8887-c5c04417ae2e tempest-GroupSnapshotsTest-358298352 tempest-GroupSnapshotsTest-358298352-project-member] GET http://192.168.122.208/volume/v3/group_snapshots/52eaf3b1-ebfe-4a8c-ac98-b04cb03f4cea
Feb 26 20:26:35 devstack devstack@c-api.service[83145]: DEBUG cinder.api.openstack.wsgi [None req-0e8bb01a-3268-4a3d-8887-c5c04417ae2e tempest-GroupSnapshotsTest-358298352 tempest-GroupSnapshotsTest-358298352-project-member] Empty body provided in request {{(pid=83145) get_body /opt/stack/cinder/cinder/api/openstack/wsgi.py:725}}
Feb 26 20:26:35 devstack devstack@c-api.service[83145]: DEBUG cinder.api.openstack.wsgi [None req-0e8bb01a-3268-4a3d-8887-c5c04417ae2e tempest-GroupSnapshotsTest-358298352 tempest-GroupSnapshotsTest-358298352-project-member] Calling method 'version_select' {{(pid=83145) _process_stack /opt/stack/cinder/cinder/api/openstack/wsgi.py:878}}
Feb 26 20:26:35 devstack devstack@c-api.service[83146]: INFO cinder.volume.api [None req-e9f28109-b94c-4b8b-9514-6e2ba94f9241 tempest-SnapshotsActionsTest-892907791 tempest-SnapshotsActionsTest-892907791-project-member] Snapshot retrieved successfully.
Feb 26 20:26:35 devstack devstack@c-api.service[83145]: DEBUG cinder.api.v3.group_snapshots [None req-0e8bb01a-3268-4a3d-8887-c5c04417ae2e tempest-GroupSnapshotsTest-358298352 tempest-GroupSnapshotsTest-358298352-project-member] show called for member 52eaf3b1-ebfe-4a8c-ac98-b04cb03f4cea {{(pid=83145) show /opt/stack/cinder/cinder/api/v3/group_snapshots.py:58}}
Feb 26 20:26:35 devstack devstack@c-api.service[83146]: INFO cinder.api.openstack.wsgi [None req-e9f28109-b94c-4b8b-9514-6e2ba94f9241 tempest-SnapshotsActionsTest-892907791 tempest-SnapshotsActionsTest-892907791-project-member] http://192.168.122.208/volume/v3/snapshots/2fa0b1b7-66ee-4409-b190-f0d3c42158d9 returned with HTTP 200
Feb 26 20:26:35 devstack devstack@c-api.service[83146]: [pid: 83146|app: 0|req: 103/235] 192.168.122.208 () {62 vars in 1335 bytes} [Thu Feb 26 20:26:35 2026] GET /volume/v3/snapshots/2fa0b1b7-66ee-4409-b190-f0d3c42158d9 => generated 466 bytes in 28 msecs (HTTP/1.1 200) 7 headers in 285 bytes (1 switches on core 0)
Feb 26 20:26:35 devstack devstack@c-api.service[83145]: /opt/stack/data/venv/lib/python3.10/site-packages/oslo_context/context.py:101: DeprecationWarning: Policy enforcement is depending on the value of is_admin. This key is deprecated. Please update your policy file to use the standard policy values.
Feb 26 20:26:35 devstack devstack@c-api.service[83145]: warnings.warn(
Feb 26 20:26:35 devstack devstack@c-api.service[83145]: INFO cinder.api.openstack.wsgi [None req-0e8bb01a-3268-4a3d-8887-c5c04417ae2e tempest-GroupSnapshotsTest-358298352 tempest-GroupSnapshotsTest-358298352-project-member] http://192.168.122.208/volume/v3/group_snapshots/52eaf3b1-ebfe-4a8c-ac98-b04cb03f4cea returned with HTTP 200
Feb 26 20:26:35 devstack devstack@c-api.service[83145]: [pid: 83145|app: 0|req: 133/236] 192.168.122.208 () {64 vars in 1394 bytes} [Thu Feb 26 20:26:35 2026] GET /volume/v3/group_snapshots/52eaf3b1-ebfe-4a8c-ac98-b04cb03f4cea => generated 308 bytes in 21 msecs (HTTP/1.1 200) 7 headers in 286 bytes (1 switches on core 0)
Feb 26 20:26:35 devstack devstack@c-api.service[83146]: DEBUG cinder.api.middleware.request_id [None req-b43f8a2e-28a7-4808-a08c-c12de9729b44 None None] RequestId filter calling following filter/app {{(pid=83146) _context_setter /opt/stack/cinder/cinder/api/middleware/request_id.py:62}}
Feb 26 20:26:35 devstack devstack@c-api.service[83146]: INFO cinder.api.openstack.wsgi [None req-b43f8a2e-28a7-4808-a08c-c12de9729b44 tempest-SnapshotsActionsTest-892907791 tempest-SnapshotsActionsTest-892907791-project-member] DELETE http://192.168.122.208/volume/v3/snapshots/e09946c3-5f2c-4c55-b3bd-6a3095d82327
Feb 26 20:26:35 devstack devstack@c-api.service[83146]: DEBUG cinder.api.openstack.wsgi [None req-b43f8a2e-28a7-4808-a08c-c12de9729b44 tempest-SnapshotsActionsTest-892907791 tempest-SnapshotsActionsTest-892907791-project-member] Empty body provided in request {{(pid=83146) get_body /opt/stack/cinder/cinder/api/openstack/wsgi.py:725}}
Feb 26 20:26:35 devstack devstack@c-api.service[83146]: DEBUG cinder.api.openstack.wsgi [None req-b43f8a2e-28a7-4808-a08c-c12de9729b44 tempest-SnapshotsActionsTest-892907791 tempest-SnapshotsActionsTest-892907791-project-member] Calling method 'delete' {{(pid=83146) _process_stack /opt/stack/cinder/cinder/api/openstack/wsgi.py:878}}
Feb 26 20:26:35 devstack devstack@c-api.service[83146]: INFO cinder.api.v3.snapshots [None req-b43f8a2e-28a7-4808-a08c-c12de9729b44 tempest-SnapshotsActionsTest-892907791 tempest-SnapshotsActionsTest-892907791-project-member] Delete snapshot with id: e09946c3-5f2c-4c55-b3bd-6a3095d82327
Feb 26 20:26:35 devstack devstack@c-api.service[83145]: DEBUG cinder.api.middleware.request_id [None req-64ebab50-5b22-4ecf-95ec-9801fbc3ba20 None None] RequestId filter calling following filter/app {{(pid=83145) _context_setter /opt/stack/cinder/cinder/api/middleware/request_id.py:62}}
Feb 26 20:26:35 devstack devstack@c-api.service[83145]: INFO cinder.api.openstack.wsgi [None req-64ebab50-5b22-4ecf-95ec-9801fbc3ba20 tempest-GroupSnapshotsTest-358298352 tempest-GroupSnapshotsTest-358298352-project-member] GET http://192.168.122.208/volume/v3/snapshots/detail
Feb 26 20:26:35 devstack devstack@c-api.service[83145]: DEBUG cinder.api.openstack.wsgi [None req-64ebab50-5b22-4ecf-95ec-9801fbc3ba20 tempest-GroupSnapshotsTest-358298352 tempest-GroupSnapshotsTest-358298352-project-member] Empty body provided in request {{(pid=83145) get_body /opt/stack/cinder/cinder/api/openstack/wsgi.py:725}}
Feb 26 20:26:35 devstack devstack@c-api.service[83145]: DEBUG cinder.api.openstack.wsgi [None req-64ebab50-5b22-4ecf-95ec-9801fbc3ba20 tempest-GroupSnapshotsTest-358298352 tempest-GroupSnapshotsTest-358298352-project-member] Calling method 'detail' {{(pid=83145) _process_stack /opt/stack/cinder/cinder/api/openstack/wsgi.py:878}}
Feb 26 20:26:35 devstack devstack@c-api.service[83145]: DEBUG cinder.api.api_utils [None req-64ebab50-5b22-4ecf-95ec-9801fbc3ba20 tempest-GroupSnapshotsTest-358298352 tempest-GroupSnapshotsTest-358298352-project-member] Removing options '' from query. {{(pid=83145) remove_invalid_filter_options /opt/stack/cinder/cinder/api/api_utils.py:81}}
Feb 26 20:26:35 devstack devstack@c-api.service[83145]: DEBUG cinder.db.sqlalchemy.api [None req-64ebab50-5b22-4ecf-95ec-9801fbc3ba20 tempest-GroupSnapshotsTest-358298352 tempest-GroupSnapshotsTest-358298352-project-member] Building query based on filter {{(pid=83145) _process_snaps_filters /opt/stack/cinder/cinder/db/sqlalchemy/api.py:3943}}
Feb 26 20:26:35 devstack devstack@c-api.service[83146]: INFO cinder.api.openstack.wsgi [None req-b43f8a2e-28a7-4808-a08c-c12de9729b44 tempest-SnapshotsActionsTest-892907791 tempest-SnapshotsActionsTest-892907791-project-member] http://192.168.122.208/volume/v3/snapshots/e09946c3-5f2c-4c55-b3bd-6a3095d82327 returned with HTTP 404
Feb 26 20:26:35 devstack devstack@c-api.service[83146]: [pid: 83146|app: 0|req: 104/237] 192.168.122.208 () {62 vars in 1338 bytes} [Thu Feb 26 20:26:35 2026] DELETE /volume/v3/snapshots/e09946c3-5f2c-4c55-b3bd-6a3095d82327 => generated 111 bytes in 21 msecs (HTTP/1.1 404) 7 headers in 292 bytes (1 switches on core 0)
Feb 26 20:26:35 devstack devstack@c-api.service[83146]: DEBUG cinder.api.middleware.request_id [None req-89cc4163-57f0-4ffa-aac1-303bb52b0fc5 None None] RequestId filter calling following filter/app {{(pid=83146) _context_setter /opt/stack/cinder/cinder/api/middleware/request_id.py:62}}
Feb 26 20:26:35 devstack devstack@c-api.service[83145]: INFO cinder.volume.api [None req-64ebab50-5b22-4ecf-95ec-9801fbc3ba20 tempest-GroupSnapshotsTest-358298352 tempest-GroupSnapshotsTest-358298352-project-member] Get all snapshots completed successfully.
Feb 26 20:26:35 devstack devstack@c-api.service[83145]: /opt/stack/data/venv/lib/python3.10/site-packages/oslo_context/context.py:101: DeprecationWarning: Policy enforcement is depending on the value of is_admin. This key is deprecated. Please update your policy file to use the standard policy values.
Feb 26 20:26:35 devstack devstack@c-api.service[83145]: warnings.warn(
Feb 26 20:26:35 devstack devstack@c-api.service[83146]: INFO cinder.api.openstack.wsgi [None req-89cc4163-57f0-4ffa-aac1-303bb52b0fc5 tempest-SnapshotsActionsTest-892907791 tempest-SnapshotsActionsTest-892907791-project-member] POST http://192.168.122.208/volume/v3/snapshots
Feb 26 20:26:35 devstack devstack@c-api.service[83145]: INFO cinder.api.openstack.wsgi [None req-64ebab50-5b22-4ecf-95ec-9801fbc3ba20 tempest-GroupSnapshotsTest-358298352 tempest-GroupSnapshotsTest-358298352-project-member] http://192.168.122.208/volume/v3/snapshots/detail returned with HTTP 200
Feb 26 20:26:35 devstack devstack@c-api.service[83146]: DEBUG cinder.api.openstack.wsgi [None req-89cc4163-57f0-4ffa-aac1-303bb52b0fc5 tempest-SnapshotsActionsTest-892907791 tempest-SnapshotsActionsTest-892907791-project-member] Action: 'create', calling method: create, body: {"snapshot": {"volume_id": "5fd10df1-ada0-4086-aa19-f4dd1a71e481", "name": "tempest-SnapshotsActionsTest-Snapshot-1465853622"}} {{(pid=83146) _process_stack /opt/stack/cinder/cinder/api/openstack/wsgi.py:876}}
Feb 26 20:26:35 devstack devstack@c-api.service[83145]: [pid: 83145|app: 0|req: 134/238] 192.168.122.208 () {62 vars in 1245 bytes} [Thu Feb 26 20:26:35 2026] GET /volume/v3/snapshots/detail => generated 454 bytes in 35 msecs (HTTP/1.1 200) 7 headers in 285 bytes (1 switches on core 0)
Feb 26 20:26:35 devstack devstack@c-api.service[83145]: DEBUG cinder.api.middleware.request_id [None req-56114d5f-cd3a-4de6-b2dc-c7436467779e None None] RequestId filter calling following filter/app {{(pid=83145) _context_setter /opt/stack/cinder/cinder/api/middleware/request_id.py:62}}
Feb 26 20:26:35 devstack devstack@c-api.service[83145]: INFO cinder.api.openstack.wsgi [None req-56114d5f-cd3a-4de6-b2dc-c7436467779e tempest-GroupSnapshotsTest-358298352 tempest-GroupSnapshotsTest-358298352-project-member] GET http://192.168.122.208/volume/v3/snapshots/ea7cc42a-7e67-4ad2-bbef-7f55c1557da3
Feb 26 20:26:35 devstack devstack@c-api.service[83146]: /opt/stack/data/venv/lib/python3.10/site-packages/oslo_context/context.py:101: DeprecationWarning: Policy enforcement is depending on the value of is_admin. This key is deprecated. Please update your policy file to use the standard policy values.
Feb 26 20:26:35 devstack devstack@c-api.service[83146]: warnings.warn(
Feb 26 20:26:35 devstack devstack@c-api.service[83146]: INFO cinder.volume.api [None req-89cc4163-57f0-4ffa-aac1-303bb52b0fc5 tempest-SnapshotsActionsTest-892907791 tempest-SnapshotsActionsTest-892907791-project-member] Volume info retrieved successfully.
Feb 26 20:26:35 devstack devstack@c-api.service[83146]: INFO cinder.api.v3.snapshots [None req-89cc4163-57f0-4ffa-aac1-303bb52b0fc5 tempest-SnapshotsActionsTest-892907791 tempest-SnapshotsActionsTest-892907791-project-member] Create snapshot from volume 5fd10df1-ada0-4086-aa19-f4dd1a71e481
Feb 26 20:26:35 devstack devstack@c-api.service[83145]: DEBUG cinder.api.openstack.wsgi [None req-56114d5f-cd3a-4de6-b2dc-c7436467779e tempest-GroupSnapshotsTest-358298352 tempest-GroupSnapshotsTest-358298352-project-member] Empty body provided in request {{(pid=83145) get_body /opt/stack/cinder/cinder/api/openstack/wsgi.py:725}}
Feb 26 20:26:35 devstack devstack@c-api.service[83145]: DEBUG cinder.api.openstack.wsgi [None req-56114d5f-cd3a-4de6-b2dc-c7436467779e tempest-GroupSnapshotsTest-358298352 tempest-GroupSnapshotsTest-358298352-project-member] Calling method 'show' {{(pid=83145) _process_stack /opt/stack/cinder/cinder/api/openstack/wsgi.py:878}}
Feb 26 20:26:35 devstack devstack@c-api.service[83145]: /opt/stack/data/venv/lib/python3.10/site-packages/oslo_context/context.py:101: DeprecationWarning: Policy enforcement is depending on the value of is_admin. This key is deprecated. Please update your policy file to use the standard policy values.
Feb 26 20:26:35 devstack devstack@c-api.service[83145]: warnings.warn(
Feb 26 20:26:35 devstack devstack@c-api.service[83145]: INFO cinder.volume.api [None req-56114d5f-cd3a-4de6-b2dc-c7436467779e tempest-GroupSnapshotsTest-358298352 tempest-GroupSnapshotsTest-358298352-project-member] Snapshot retrieved successfully.
Feb 26 20:26:35 devstack devstack@c-api.service[83145]: INFO cinder.api.openstack.wsgi [None req-56114d5f-cd3a-4de6-b2dc-c7436467779e tempest-GroupSnapshotsTest-358298352 tempest-GroupSnapshotsTest-358298352-project-member] http://192.168.122.208/volume/v3/snapshots/ea7cc42a-7e67-4ad2-bbef-7f55c1557da3 returned with HTTP 200
Feb 26 20:26:35 devstack devstack@c-api.service[83145]: [pid: 83145|app: 0|req: 135/239] 192.168.122.208 () {62 vars in 1335 bytes} [Thu Feb 26 20:26:35 2026] GET /volume/v3/snapshots/ea7cc42a-7e67-4ad2-bbef-7f55c1557da3 => generated 451 bytes in 29 msecs (HTTP/1.1 200) 7 headers in 285 bytes (1 switches on core 0)
Feb 26 20:26:35 devstack devstack@c-api.service[83145]: DEBUG cinder.api.middleware.request_id [None req-798f64fe-6fe8-44cb-9688-0c8e6b519449 None None] RequestId filter calling following filter/app {{(pid=83145) _context_setter /opt/stack/cinder/cinder/api/middleware/request_id.py:62}}
Feb 26 20:26:35 devstack devstack@c-api.service[83145]: INFO cinder.api.openstack.wsgi [None req-798f64fe-6fe8-44cb-9688-0c8e6b519449 tempest-GroupSnapshotsTest-358298352 tempest-GroupSnapshotsTest-358298352-project-member] POST http://192.168.122.208/volume/v3/groups/action
Feb 26 20:26:35 devstack devstack@c-api.service[83145]: DEBUG cinder.api.openstack.wsgi [None req-798f64fe-6fe8-44cb-9688-0c8e6b519449 tempest-GroupSnapshotsTest-358298352 tempest-GroupSnapshotsTest-358298352-project-member] Action body: b'{"create-from-src": {"group_snapshot_id": "52eaf3b1-ebfe-4a8c-ac98-b04cb03f4cea", "name": "tempest-Group_from_snap-25107717"}}' {{(pid=83145) get_method /opt/stack/cinder/cinder/api/openstack/wsgi.py:993}}
Feb 26 20:26:35 devstack devstack@c-api.service[83145]: DEBUG cinder.api.openstack.wsgi [None req-798f64fe-6fe8-44cb-9688-0c8e6b519449 tempest-GroupSnapshotsTest-358298352 tempest-GroupSnapshotsTest-358298352-project-member] Action: 'action', calling method: version_select, body: {"create-from-src": {"group_snapshot_id": "52eaf3b1-ebfe-4a8c-ac98-b04cb03f4cea", "name": "tempest-Group_from_snap-25107717"}} {{(pid=83145) _process_stack /opt/stack/cinder/cinder/api/openstack/wsgi.py:876}}
Feb 26 20:26:35 devstack devstack@c-api.service[83145]: DEBUG cinder.api.v3.groups [None req-798f64fe-6fe8-44cb-9688-0c8e6b519449 tempest-GroupSnapshotsTest-358298352 tempest-GroupSnapshotsTest-358298352-project-member] Creating new group {'create-from-src': {'group_snapshot_id': '52eaf3b1-ebfe-4a8c-ac98-b04cb03f4cea', 'name': 'tempest-Group_from_snap-25107717'}}. {{(pid=83145) create_from_src /opt/stack/cinder/cinder/api/v3/groups.py:236}}
Feb 26 20:26:35 devstack devstack@c-api.service[83145]: INFO cinder.api.v3.groups [None req-798f64fe-6fe8-44cb-9688-0c8e6b519449 tempest-GroupSnapshotsTest-358298352 tempest-GroupSnapshotsTest-358298352-project-member] Creating group tempest-Group_from_snap-25107717 from group_snapshot 52eaf3b1-ebfe-4a8c-ac98-b04cb03f4cea.
Feb 26 20:26:35 devstack devstack@c-api.service[83145]: /opt/stack/data/venv/lib/python3.10/site-packages/oslo_context/context.py:101: DeprecationWarning: Policy enforcement is depending on the value of is_admin. This key is deprecated. Please update your policy file to use the standard policy values.
Feb 26 20:26:35 devstack devstack@c-api.service[83145]: warnings.warn(
Feb 26 20:26:35 devstack devstack@c-api.service[83145]: /opt/stack/data/venv/lib/python3.10/site-packages/oslo_context/context.py:101: DeprecationWarning: Policy enforcement is depending on the value of is_admin. This key is deprecated. Please update your policy file to use the standard policy values.
Feb 26 20:26:35 devstack devstack@c-api.service[83145]: warnings.warn(
Feb 26 20:26:35 devstack devstack@c-api.service[83146]: DEBUG cinder.quota [None req-89cc4163-57f0-4ffa-aac1-303bb52b0fc5 tempest-SnapshotsActionsTest-892907791 tempest-SnapshotsActionsTest-892907791-project-member] Created reservations ['cb9c1d30-db09-4cd7-aae9-7b15c80416a8', '1b3e9cee-0f0f-4706-b8c0-fff69b403670', 'b31d4a71-f16a-41c3-bc9f-6b31dfee7fdb', '8d4d3c2c-f8d5-40ee-9de7-8e5f1f5466fc'] {{(pid=83146) reserve /opt/stack/cinder/cinder/quota.py:752}}
Feb 26 20:26:35 devstack devstack@c-api.service[83145]: /opt/stack/data/venv/lib/python3.10/site-packages/oslo_context/context.py:101: DeprecationWarning: Policy enforcement is depending on the value of is_admin. This key is deprecated. Please update your policy file to use the standard policy values.
Feb 26 20:26:35 devstack devstack@c-api.service[83145]: warnings.warn(
Feb 26 20:26:35 devstack devstack@c-api.service[83146]: INFO cinder.volume.api [None req-89cc4163-57f0-4ffa-aac1-303bb52b0fc5 tempest-SnapshotsActionsTest-892907791 tempest-SnapshotsActionsTest-892907791-project-member] Snapshot create request issued successfully.
Feb 26 20:26:35 devstack devstack@c-api.service[83146]: INFO cinder.api.openstack.wsgi [None req-89cc4163-57f0-4ffa-aac1-303bb52b0fc5 tempest-SnapshotsActionsTest-892907791 tempest-SnapshotsActionsTest-892907791-project-member] http://192.168.122.208/volume/v3/snapshots returned with HTTP 202
Feb 26 20:26:35 devstack devstack@c-api.service[83146]: [pid: 83146|app: 0|req: 105/240] 192.168.122.208 () {64 vars in 1246 bytes} [Thu Feb 26 20:26:35 2026] POST /volume/v3/snapshots => generated 307 bytes in 138 msecs (HTTP/1.1 202) 7 headers in 291 bytes (1 switches on core 0)
Feb 26 20:26:35 devstack devstack@c-api.service[83145]: DEBUG cinder.quota [None req-798f64fe-6fe8-44cb-9688-0c8e6b519449 tempest-GroupSnapshotsTest-358298352 tempest-GroupSnapshotsTest-358298352-project-member] Created reservations ['8bece01b-17d3-4739-99fd-73cbe464b8b6'] {{(pid=83145) reserve /opt/stack/cinder/cinder/quota.py:752}}
Feb 26 20:26:35 devstack devstack@c-api.service[83146]: DEBUG cinder.api.middleware.request_id [None req-0765f7e4-99aa-472f-9405-5cf682a64bca None None] RequestId filter calling following filter/app {{(pid=83146) _context_setter /opt/stack/cinder/cinder/api/middleware/request_id.py:62}}
Feb 26 20:26:35 devstack devstack@c-api.service[83146]: INFO cinder.api.openstack.wsgi [None req-0765f7e4-99aa-472f-9405-5cf682a64bca tempest-SnapshotsActionsTest-892907791 tempest-SnapshotsActionsTest-892907791-project-member] GET http://192.168.122.208/volume/v3/snapshots/1e1e1160-9194-499c-ab14-fe85fb73cd69
Feb 26 20:26:35 devstack devstack@c-api.service[83146]: DEBUG cinder.api.openstack.wsgi [None req-0765f7e4-99aa-472f-9405-5cf682a64bca tempest-SnapshotsActionsTest-892907791 tempest-SnapshotsActionsTest-892907791-project-member] Empty body provided in request {{(pid=83146) get_body /opt/stack/cinder/cinder/api/openstack/wsgi.py:725}}
Feb 26 20:26:35 devstack devstack@c-api.service[83146]: DEBUG cinder.api.openstack.wsgi [None req-0765f7e4-99aa-472f-9405-5cf682a64bca tempest-SnapshotsActionsTest-892907791 tempest-SnapshotsActionsTest-892907791-project-member] Calling method 'show' {{(pid=83146) _process_stack /opt/stack/cinder/cinder/api/openstack/wsgi.py:878}}
Feb 26 20:26:35 devstack devstack@c-api.service[83146]: /opt/stack/data/venv/lib/python3.10/site-packages/oslo_context/context.py:101: DeprecationWarning: Policy enforcement is depending on the value of is_admin. This key is deprecated. Please update your policy file to use the standard policy values.
Feb 26 20:26:35 devstack devstack@c-api.service[83146]: warnings.warn(
Feb 26 20:26:35 devstack devstack@c-api.service[83146]: INFO cinder.volume.api [None req-0765f7e4-99aa-472f-9405-5cf682a64bca tempest-SnapshotsActionsTest-892907791 tempest-SnapshotsActionsTest-892907791-project-member] Snapshot retrieved successfully.
Feb 26 20:26:35 devstack devstack@c-api.service[83146]: INFO cinder.api.openstack.wsgi [None req-0765f7e4-99aa-472f-9405-5cf682a64bca tempest-SnapshotsActionsTest-892907791 tempest-SnapshotsActionsTest-892907791-project-member] http://192.168.122.208/volume/v3/snapshots/1e1e1160-9194-499c-ab14-fe85fb73cd69 returned with HTTP 200
Feb 26 20:26:35 devstack devstack@c-api.service[83146]: [pid: 83146|app: 0|req: 106/241] 192.168.122.208 () {62 vars in 1335 bytes} [Thu Feb 26 20:26:35 2026] GET /volume/v3/snapshots/1e1e1160-9194-499c-ab14-fe85fb73cd69 => generated 439 bytes in 32 msecs (HTTP/1.1 200) 7 headers in 285 bytes (1 switches on core 0)
Feb 26 20:26:36 devstack devstack@c-api.service[83145]: INFO cinder.group.api [None req-798f64fe-6fe8-44cb-9688-0c8e6b519449 tempest-GroupSnapshotsTest-358298352 tempest-GroupSnapshotsTest-358298352-project-member] A mapping entry already exists for group 83346f5d-6f8f-4d8b-82e8-1f55636f9cc6 and volume type d0c69eb0-8e58-43c5-a56f-6fad54ce9908. Do not need to create again.
Feb 26 20:26:36 devstack devstack@c-api.service[83145]: /opt/stack/data/venv/lib/python3.10/site-packages/oslo_context/context.py:101: DeprecationWarning: Policy enforcement is depending on the value of is_admin. This key is deprecated. Please update your policy file to use the standard policy values.
Feb 26 20:26:36 devstack devstack@c-api.service[83145]: warnings.warn(
Feb 26 20:26:36 devstack devstack@c-api.service[83145]: DEBUG cinder.volume.api [None req-798f64fe-6fe8-44cb-9688-0c8e6b519449 tempest-GroupSnapshotsTest-358298352 tempest-GroupSnapshotsTest-358298352-project-member] Availability zone cache updated, next update will occur around 2026-02-26 20:26:36.116470. {{(pid=83145) list_availability_zones /opt/stack/cinder/cinder/volume/api.py:154}}
Feb 26 20:26:36 devstack devstack@c-api.service[83145]: INFO cinder.volume.api [None req-798f64fe-6fe8-44cb-9688-0c8e6b519449 tempest-GroupSnapshotsTest-358298352 tempest-GroupSnapshotsTest-358298352-project-member] Availability Zones retrieved successfully.
Feb 26 20:26:36 devstack devstack@c-api.service[83145]: DEBUG cinder.volume.api [None req-798f64fe-6fe8-44cb-9688-0c8e6b519449 tempest-GroupSnapshotsTest-358298352 tempest-GroupSnapshotsTest-358298352-project-member] Flow 'volume_create_api' (92d30bee-5030-48c9-addf-ed0e9ce5b2a6) transitioned into state 'RUNNING' from state 'PENDING' {{(pid=83145) _flow_receiver /opt/stack/data/venv/lib/python3.10/site-packages/taskflow/listeners/logging.py:145}}
Feb 26 20:26:36 devstack devstack@c-api.service[83145]: DEBUG cinder.volume.api [None req-798f64fe-6fe8-44cb-9688-0c8e6b519449 tempest-GroupSnapshotsTest-358298352 tempest-GroupSnapshotsTest-358298352-project-member] Task 'cinder.volume.flows.api.create_volume.ExtractVolumeRequestTask;volume:create' (7c3f6ee4-a410-49de-a53f-c431c5b4485c) transitioned into state 'RUNNING' from state 'PENDING' {{(pid=83145) _task_receiver /opt/stack/data/venv/lib/python3.10/site-packages/taskflow/listeners/logging.py:194}}
Feb 26 20:26:36 devstack devstack@c-api.service[83145]: DEBUG cinder.volume.flows.api.create_volume [None req-798f64fe-6fe8-44cb-9688-0c8e6b519449 tempest-GroupSnapshotsTest-358298352 tempest-GroupSnapshotsTest-358298352-project-member] Validating volume size '1' using validate_int, validate_snap_size {{(pid=83145) _extract_size /opt/stack/cinder/cinder/volume/flows/api/create_volume.py:226}}
Feb 26 20:26:36 devstack devstack@c-api.service[83146]: DEBUG cinder.api.middleware.request_id [None req-85e5fc93-9147-4770-88e0-317fd30c9eeb None None] RequestId filter calling following filter/app {{(pid=83146) _context_setter /opt/stack/cinder/cinder/api/middleware/request_id.py:62}}
Feb 26 20:26:36 devstack devstack@c-api.service[83146]: INFO cinder.api.openstack.wsgi [None req-85e5fc93-9147-4770-88e0-317fd30c9eeb tempest-VolumeRetypeWithoutMigrationTest-1527702005 tempest-VolumeRetypeWithoutMigrationTest-1527702005-project-member] GET http://192.168.122.208/volume/v3/volumes/a0822dd9-da26-4e45-bfc4-0d708f9abd0e
Feb 26 20:26:36 devstack devstack@c-api.service[83146]: DEBUG cinder.api.openstack.wsgi [None req-85e5fc93-9147-4770-88e0-317fd30c9eeb tempest-VolumeRetypeWithoutMigrationTest-1527702005 tempest-VolumeRetypeWithoutMigrationTest-1527702005-project-member] Empty body provided in request {{(pid=83146) get_body /opt/stack/cinder/cinder/api/openstack/wsgi.py:725}}
Feb 26 20:26:36 devstack devstack@c-api.service[83146]: DEBUG cinder.api.openstack.wsgi [None req-85e5fc93-9147-4770-88e0-317fd30c9eeb tempest-VolumeRetypeWithoutMigrationTest-1527702005 tempest-VolumeRetypeWithoutMigrationTest-1527702005-project-member] Calling method 'show' {{(pid=83146) _process_stack /opt/stack/cinder/cinder/api/openstack/wsgi.py:878}}
Feb 26 20:26:36 devstack devstack@c-api.service[83146]: /opt/stack/data/venv/lib/python3.10/site-packages/oslo_context/context.py:101: DeprecationWarning: Policy enforcement is depending on the value of is_admin. This key is deprecated. Please update your policy file to use the standard policy values.
Feb 26 20:26:36 devstack devstack@c-api.service[83146]: warnings.warn(
Feb 26 20:26:36 devstack devstack@c-api.service[83146]: INFO cinder.volume.api [None req-85e5fc93-9147-4770-88e0-317fd30c9eeb tempest-VolumeRetypeWithoutMigrationTest-1527702005 tempest-VolumeRetypeWithoutMigrationTest-1527702005-project-member] Volume info retrieved successfully.
Feb 26 20:26:36 devstack devstack@c-api.service[83146]: INFO cinder.api.openstack.wsgi [None req-85e5fc93-9147-4770-88e0-317fd30c9eeb tempest-VolumeRetypeWithoutMigrationTest-1527702005 tempest-VolumeRetypeWithoutMigrationTest-1527702005-project-member] http://192.168.122.208/volume/v3/volumes/a0822dd9-da26-4e45-bfc4-0d708f9abd0e returned with HTTP 200
Feb 26 20:26:36 devstack devstack@c-api.service[83146]: [pid: 83146|app: 0|req: 107/242] 192.168.122.208 () {62 vars in 1329 bytes} [Thu Feb 26 20:26:36 2026] GET /volume/v3/volumes/a0822dd9-da26-4e45-bfc4-0d708f9abd0e => generated 869 bytes in 37 msecs (HTTP/1.1 200) 7 headers in 285 bytes (1 switches on core 0)
Feb 26 20:26:36 devstack devstack@c-api.service[83146]: DEBUG cinder.api.middleware.request_id [None req-c085fcc4-2e39-4417-ab6c-a8549caa1961 None None] RequestId filter calling following filter/app {{(pid=83146) _context_setter /opt/stack/cinder/cinder/api/middleware/request_id.py:62}}
Feb 26 20:26:36 devstack devstack@c-api.service[83146]: INFO cinder.api.openstack.wsgi [None req-c085fcc4-2e39-4417-ab6c-a8549caa1961 tempest-VolumeRetypeWithoutMigrationTest-925323588 tempest-VolumeRetypeWithoutMigrationTest-925323588-project-admin] GET http://192.168.122.208/volume/v3/volumes/a0822dd9-da26-4e45-bfc4-0d708f9abd0e
Feb 26 20:26:36 devstack devstack@c-api.service[83146]: DEBUG cinder.api.openstack.wsgi [None req-c085fcc4-2e39-4417-ab6c-a8549caa1961 tempest-VolumeRetypeWithoutMigrationTest-925323588 tempest-VolumeRetypeWithoutMigrationTest-925323588-project-admin] Empty body provided in request {{(pid=83146) get_body /opt/stack/cinder/cinder/api/openstack/wsgi.py:725}}
Feb 26 20:26:36 devstack devstack@c-api.service[83146]: DEBUG cinder.api.openstack.wsgi [None req-c085fcc4-2e39-4417-ab6c-a8549caa1961 tempest-VolumeRetypeWithoutMigrationTest-925323588 tempest-VolumeRetypeWithoutMigrationTest-925323588-project-admin] Calling method 'show' {{(pid=83146) _process_stack /opt/stack/cinder/cinder/api/openstack/wsgi.py:878}}
Feb 26 20:26:36 devstack devstack@c-api.service[83146]: /opt/stack/data/venv/lib/python3.10/site-packages/oslo_context/context.py:101: DeprecationWarning: Policy enforcement is depending on the value of is_admin. This key is deprecated. Please update your policy file to use the standard policy values.
Feb 26 20:26:36 devstack devstack@c-api.service[83146]: warnings.warn(
Feb 26 20:26:36 devstack devstack@c-api.service[83146]: INFO cinder.volume.api [None req-c085fcc4-2e39-4417-ab6c-a8549caa1961 tempest-VolumeRetypeWithoutMigrationTest-925323588 tempest-VolumeRetypeWithoutMigrationTest-925323588-project-admin] Volume info retrieved successfully.
Feb 26 20:26:36 devstack devstack@c-api.service[83145]: DEBUG cinder.volume.api [None req-798f64fe-6fe8-44cb-9688-0c8e6b519449 tempest-GroupSnapshotsTest-358298352 tempest-GroupSnapshotsTest-358298352-project-member] Task 'cinder.volume.flows.api.create_volume.ExtractVolumeRequestTask;volume:create' (7c3f6ee4-a410-49de-a53f-c431c5b4485c) transitioned into state 'SUCCESS' from state 'RUNNING' with result '{'size': 1, 'snapshot_id': 'ea7cc42a-7e67-4ad2-bbef-7f55c1557da3', 'source_volid': None, 'volume_type': VolumeType(created_at=2026-02-26T19:26:22Z,deleted=False,deleted_at=None,description=None,extra_specs={},id=d0c69eb0-8e58-43c5-a56f-6fad54ce9908,is_public=True,name='tempest-GroupSnapshotsTest-volume-type-1343484224',projects=[],qos_specs=,qos_specs_id=None,updated_at=None), 'volume_type_id': 'd0c69eb0-8e58-43c5-a56f-6fad54ce9908', 'encryption_key_id': None, 'qos_specs': None, 'consistencygroup_id': None, 'cgsnapshot_id': None, 'group_id': '83346f5d-6f8f-4d8b-82e8-1f55636f9cc6', 'replication_status': 'disabled', 'refresh_az': False, 'backup_id': None, 'multiattach': False, 'availability_zones': ['nova']}' {{(pid=83145) _task_receiver /opt/stack/data/venv/lib/python3.10/site-packages/taskflow/listeners/logging.py:182}}
Feb 26 20:26:36 devstack devstack@c-api.service[83145]: DEBUG cinder.volume.api [None req-798f64fe-6fe8-44cb-9688-0c8e6b519449 tempest-GroupSnapshotsTest-358298352 tempest-GroupSnapshotsTest-358298352-project-member] Task 'cinder.volume.flows.api.create_volume.QuotaReserveTask;volume:create' (cbd167a1-35e5-4db6-a13e-2bab4233c2e1) transitioned into state 'RUNNING' from state 'PENDING' {{(pid=83145) _task_receiver /opt/stack/data/venv/lib/python3.10/site-packages/taskflow/listeners/logging.py:194}}
Feb 26 20:26:36 devstack devstack@c-api.service[83146]: INFO cinder.api.openstack.wsgi [None req-c085fcc4-2e39-4417-ab6c-a8549caa1961 tempest-VolumeRetypeWithoutMigrationTest-925323588 tempest-VolumeRetypeWithoutMigrationTest-925323588-project-admin] http://192.168.122.208/volume/v3/volumes/a0822dd9-da26-4e45-bfc4-0d708f9abd0e returned with HTTP 200
Feb 26 20:26:36 devstack devstack@c-api.service[83146]: [pid: 83146|app: 0|req: 108/243] 192.168.122.208 () {62 vars in 1329 bytes} [Thu Feb 26 20:26:36 2026] GET /volume/v3/volumes/a0822dd9-da26-4e45-bfc4-0d708f9abd0e => generated 1032 bytes in 40 msecs (HTTP/1.1 200) 7 headers in 286 bytes (1 switches on core 0)
Feb 26 20:26:36 devstack devstack@c-api.service[83146]: DEBUG cinder.api.middleware.request_id [None req-822bd130-5177-4b8e-ba48-1488261a5fd2 None None] RequestId filter calling following filter/app {{(pid=83146) _context_setter /opt/stack/cinder/cinder/api/middleware/request_id.py:62}}
Feb 26 20:26:36 devstack devstack@c-api.service[83146]: INFO cinder.api.openstack.wsgi [None req-822bd130-5177-4b8e-ba48-1488261a5fd2 tempest-VolumeRetypeWithoutMigrationTest-1527702005 tempest-VolumeRetypeWithoutMigrationTest-1527702005-project-member] POST http://192.168.122.208/volume/v3/volumes/a0822dd9-da26-4e45-bfc4-0d708f9abd0e/action
Feb 26 20:26:36 devstack devstack@c-api.service[83146]: DEBUG cinder.api.openstack.wsgi [None req-822bd130-5177-4b8e-ba48-1488261a5fd2 tempest-VolumeRetypeWithoutMigrationTest-1527702005 tempest-VolumeRetypeWithoutMigrationTest-1527702005-project-member] Action body: b'{"os-retype": {"new_type": "volume-type-2", "migration_policy": "never"}}' {{(pid=83146) get_method /opt/stack/cinder/cinder/api/openstack/wsgi.py:993}}
Feb 26 20:26:36 devstack devstack@c-api.service[83146]: DEBUG cinder.api.openstack.wsgi [None req-822bd130-5177-4b8e-ba48-1488261a5fd2 tempest-VolumeRetypeWithoutMigrationTest-1527702005 tempest-VolumeRetypeWithoutMigrationTest-1527702005-project-member] Action: 'action', calling method: _retype, body: {"os-retype": {"new_type": "volume-type-2", "migration_policy": "never"}} {{(pid=83146) _process_stack /opt/stack/cinder/cinder/api/openstack/wsgi.py:876}}
Feb 26 20:26:36 devstack devstack@c-api.service[83146]: /opt/stack/data/venv/lib/python3.10/site-packages/oslo_context/context.py:101: DeprecationWarning: Policy enforcement is depending on the value of is_admin. This key is deprecated. Please update your policy file to use the standard policy values.
Feb 26 20:26:36 devstack devstack@c-api.service[83146]: warnings.warn(
Feb 26 20:26:36 devstack devstack@c-api.service[83145]: DEBUG cinder.quota [None req-798f64fe-6fe8-44cb-9688-0c8e6b519449 tempest-GroupSnapshotsTest-358298352 tempest-GroupSnapshotsTest-358298352-project-member] Created reservations ['13b563a2-37f2-4df1-b76d-d8da258cdd38', '7ca8913b-2619-4e5f-96e8-18f1a44239c1'] {{(pid=83145) reserve /opt/stack/cinder/cinder/quota.py:752}}
Feb 26 20:26:36 devstack devstack@c-api.service[83146]: INFO cinder.volume.api [None req-822bd130-5177-4b8e-ba48-1488261a5fd2 tempest-VolumeRetypeWithoutMigrationTest-1527702005 tempest-VolumeRetypeWithoutMigrationTest-1527702005-project-member] Volume info retrieved successfully.
Feb 26 20:26:36 devstack devstack@c-api.service[83145]: DEBUG cinder.volume.api [None req-798f64fe-6fe8-44cb-9688-0c8e6b519449 tempest-GroupSnapshotsTest-358298352 tempest-GroupSnapshotsTest-358298352-project-member] Task 'cinder.volume.flows.api.create_volume.QuotaReserveTask;volume:create' (cbd167a1-35e5-4db6-a13e-2bab4233c2e1) transitioned into state 'SUCCESS' from state 'RUNNING' with result '{'reservations': ['13b563a2-37f2-4df1-b76d-d8da258cdd38', '7ca8913b-2619-4e5f-96e8-18f1a44239c1']}' {{(pid=83145) _task_receiver /opt/stack/data/venv/lib/python3.10/site-packages/taskflow/listeners/logging.py:182}}
Feb 26 20:26:36 devstack devstack@c-api.service[83145]: DEBUG cinder.volume.api [None req-798f64fe-6fe8-44cb-9688-0c8e6b519449 tempest-GroupSnapshotsTest-358298352 tempest-GroupSnapshotsTest-358298352-project-member] Task 'cinder.volume.flows.api.create_volume.EntryCreateTask;volume:create' (5f8da9f3-a04a-4177-ae60-677831007c47) transitioned into state 'RUNNING' from state 'PENDING' {{(pid=83145) _task_receiver /opt/stack/data/venv/lib/python3.10/site-packages/taskflow/listeners/logging.py:194}}
Feb 26 20:26:36 devstack devstack@c-api.service[83145]: DEBUG cinder.volume.api [None req-798f64fe-6fe8-44cb-9688-0c8e6b519449 tempest-GroupSnapshotsTest-358298352 tempest-GroupSnapshotsTest-358298352-project-member] Task 'cinder.volume.flows.api.create_volume.EntryCreateTask;volume:create' (5f8da9f3-a04a-4177-ae60-677831007c47) transitioned into state 'SUCCESS' from state 'RUNNING' with result '{'volume_id': '5a0ac0a4-e5f4-4fe3-82f4-530bf60324b8', 'volume_properties': VolumeProperties(attach_status='detached',availability_zone='nova',cgsnapshot_id=None,consistencygroup_id=None,display_description=None,display_name=None,encryption_key_id=None,group_id=83346f5d-6f8f-4d8b-82e8-1f55636f9cc6,group_type_id=,metadata={},multiattach=False,project_id='390c04c0fe474a7bb81ceff4ab32543f',qos_specs=None,replication_status=,reservations=['13b563a2-37f2-4df1-b76d-d8da258cdd38','7ca8913b-2619-4e5f-96e8-18f1a44239c1'],size=1,snapshot_id=ea7cc42a-7e67-4ad2-bbef-7f55c1557da3,source_replicaid=,source_volid=None,status='creating',user_id='53cf61d0e7fc480a85916ec98ebd8753',volume_type_id=d0c69eb0-8e58-43c5-a56f-6fad54ce9908), 'volume': Volume(_name_id=None,admin_metadata=,attach_status='detached',availability_zone='nova',bootable=False,cluster=,cluster_name=None,consistencygroup=,consistencygroup_id=None,created_at=2026-02-26T19:26:36Z,deleted=False,deleted_at=None,display_description=None,display_name=None,ec2_id=None,encryption_key_id=None,glance_metadata=,group=,group_id=83346f5d-6f8f-4d8b-82e8-1f55636f9cc6,host=None,id=5a0ac0a4-e5f4-4fe3-82f4-530bf60324b8,launched_at=None,metadata={},migration_status=None,multiattach=False,previous_status=None,project_id='390c04c0fe474a7bb81ceff4ab32543f',provider_auth=None,provider_geometry=None,provider_id=None,provider_location=None,replication_driver_data=None,replication_extended_status=None,replication_status=None,scheduled_at=None,service_uuid=None,shared_targets=True,size=1,snapshot_id=ea7cc42a-7e67-4ad2-bbef-7f55c1557da3,snapshots=,source_volid=None,status='creating',terminated_at=None,updated_at=None,use_quota=True,user_id='53cf61d0e7fc480a85916ec98ebd8753',volume_attachment=VolumeAttachmentList,volume_type=VolumeType(d0c69eb0-8e58-43c5-a56f-6fad54ce9908),volume_type_id=d0c69eb0-8e58-43c5-a56f-6fad54ce9908)}' {{(pid=83145) _task_receiver /opt/stack/data/venv/lib/python3.10/site-packages/taskflow/listeners/logging.py:182}}
Feb 26 20:26:36 devstack devstack@c-api.service[83145]: DEBUG cinder.volume.api [None req-798f64fe-6fe8-44cb-9688-0c8e6b519449 tempest-GroupSnapshotsTest-358298352 tempest-GroupSnapshotsTest-358298352-project-member] Task 'cinder.volume.flows.api.create_volume.QuotaCommitTask;volume:create' (fd5963ff-7608-49a0-ad5f-a293da1e69b7) transitioned into state 'RUNNING' from state 'PENDING' {{(pid=83145) _task_receiver /opt/stack/data/venv/lib/python3.10/site-packages/taskflow/listeners/logging.py:194}}
Feb 26 20:26:36 devstack devstack@c-api.service[83146]: WARNING cinder.quota [None req-822bd130-5177-4b8e-ba48-1488261a5fd2 tempest-VolumeRetypeWithoutMigrationTest-1527702005 tempest-VolumeRetypeWithoutMigrationTest-1527702005-project-member] Deprecated: Default quota for resource: volumes_volume-type-2 is set by the default quota flag: quota_volumes_volume-type-2, it is now deprecated. Please use the default quota class for default quota.
Feb 26 20:26:36 devstack devstack@c-api.service[83146]: WARNING cinder.quota [None req-822bd130-5177-4b8e-ba48-1488261a5fd2 tempest-VolumeRetypeWithoutMigrationTest-1527702005 tempest-VolumeRetypeWithoutMigrationTest-1527702005-project-member] Deprecated: Default quota for resource: gigabytes_volume-type-2 is set by the default quota flag: quota_gigabytes_volume-type-2, it is now deprecated. Please use the default quota class for default quota.
Feb 26 20:26:36 devstack devstack@c-api.service[83145]: DEBUG cinder.volume.api [None req-798f64fe-6fe8-44cb-9688-0c8e6b519449 tempest-GroupSnapshotsTest-358298352 tempest-GroupSnapshotsTest-358298352-project-member] Task 'cinder.volume.flows.api.create_volume.QuotaCommitTask;volume:create' (fd5963ff-7608-49a0-ad5f-a293da1e69b7) transitioned into state 'SUCCESS' from state 'RUNNING' with result '{'volume_properties': VolumeProperties(attach_status='detached',availability_zone='nova',cgsnapshot_id=None,consistencygroup_id=None,display_description=None,display_name=None,encryption_key_id=None,group_id=83346f5d-6f8f-4d8b-82e8-1f55636f9cc6,group_type_id=,metadata={},multiattach=False,project_id='390c04c0fe474a7bb81ceff4ab32543f',qos_specs=None,replication_status=,reservations=['13b563a2-37f2-4df1-b76d-d8da258cdd38','7ca8913b-2619-4e5f-96e8-18f1a44239c1'],size=1,snapshot_id=ea7cc42a-7e67-4ad2-bbef-7f55c1557da3,source_replicaid=,source_volid=None,status='creating',user_id='53cf61d0e7fc480a85916ec98ebd8753',volume_type_id=d0c69eb0-8e58-43c5-a56f-6fad54ce9908)}' {{(pid=83145) _task_receiver /opt/stack/data/venv/lib/python3.10/site-packages/taskflow/listeners/logging.py:182}}
Feb 26 20:26:36 devstack devstack@c-api.service[83145]: DEBUG cinder.volume.api [None req-798f64fe-6fe8-44cb-9688-0c8e6b519449 tempest-GroupSnapshotsTest-358298352 tempest-GroupSnapshotsTest-358298352-project-member] Flow 'volume_create_api' (92d30bee-5030-48c9-addf-ed0e9ce5b2a6) transitioned into state 'SUCCESS' from state 'RUNNING' {{(pid=83145) _flow_receiver /opt/stack/data/venv/lib/python3.10/site-packages/taskflow/listeners/logging.py:145}}
Feb 26 20:26:36 devstack devstack@c-api.service[83145]: INFO cinder.volume.api [None req-798f64fe-6fe8-44cb-9688-0c8e6b519449 tempest-GroupSnapshotsTest-358298352 tempest-GroupSnapshotsTest-358298352-project-member] Create volume request issued successfully.
Feb 26 20:26:36 devstack devstack@c-api.service[83146]: DEBUG cinder.quota [None req-822bd130-5177-4b8e-ba48-1488261a5fd2 tempest-VolumeRetypeWithoutMigrationTest-1527702005 tempest-VolumeRetypeWithoutMigrationTest-1527702005-project-member] Created reservations ['2204e7a1-0530-40a3-ae59-3572614d0b1d', 'def87784-9f7f-4ddf-8221-e28dc9537349'] {{(pid=83146) reserve /opt/stack/cinder/cinder/quota.py:752}}
Feb 26 20:26:36 devstack devstack@c-api.service[83146]: WARNING cinder.quota [None req-822bd130-5177-4b8e-ba48-1488261a5fd2 tempest-VolumeRetypeWithoutMigrationTest-1527702005 tempest-VolumeRetypeWithoutMigrationTest-1527702005-project-member] Deprecated: Default quota for resource: volumes_volume-type-1 is set by the default quota flag: quota_volumes_volume-type-1, it is now deprecated. Please use the default quota class for default quota.
Feb 26 20:26:36 devstack devstack@c-api.service[83146]: WARNING cinder.quota [None req-822bd130-5177-4b8e-ba48-1488261a5fd2 tempest-VolumeRetypeWithoutMigrationTest-1527702005 tempest-VolumeRetypeWithoutMigrationTest-1527702005-project-member] Deprecated: Default quota for resource: gigabytes_volume-type-1 is set by the default quota flag: quota_gigabytes_volume-type-1, it is now deprecated. Please use the default quota class for default quota.
Feb 26 20:26:36 devstack devstack@c-api.service[83146]: DEBUG cinder.quota [None req-822bd130-5177-4b8e-ba48-1488261a5fd2 tempest-VolumeRetypeWithoutMigrationTest-1527702005 tempest-VolumeRetypeWithoutMigrationTest-1527702005-project-member] Created reservations ['2efefea8-f41c-4338-89d7-a0d864dd5333', 'f468841b-d444-4ca0-86a2-523c63374cd3'] {{(pid=83146) reserve /opt/stack/cinder/cinder/quota.py:752}}
