Aug 01 15:00:58 devstack cinder-volume[89024]: INFO cinder.volume.manager [req-b65f6feb-88b4-4635-ae1c-3a442ff6ed78 req-12aa93d8-69c3-47e4-b97b-5aa1b595c735 tempest-TaggedAttachmentsTest-1994664291 None] Terminate volume connection completed successfully.
Aug 01 15:00:58 devstack cinder-volume[89024]: DEBUG cinder.volume.manager [req-b65f6feb-88b4-4635-ae1c-3a442ff6ed78 req-12aa93d8-69c3-47e4-b97b-5aa1b595c735 tempest-TaggedAttachmentsTest-1994664291 None] Deleting attachment c6d0ddc3-7ad2-4db2-8b49-f059381c6497. {{(pid=89024) attachment_delete /opt/stack/cinder/cinder/volume/manager.py:5055}}
Aug 01 15:00:58 devstack sudo[90991]: pam_unix(sudo:session): session closed for user root
Aug 01 15:00:58 devstack cinder-volume[89024]: DEBUG oslo_concurrency.processutils [None req-fd453ff6-09b7-4824-83af-0b07c62d719a tempest-GroupSnapshotsTest-100544624 None] CMD "sudo cinder-rootwrap /etc/cinder/rootwrap.conf qemu-img create -f qcow2 -o backing_file=/opt/stack/data/cinder/mnt/201243ad9a850bac715a82bb60b663fa/volume-8ff0733f-938f-4339-9970-e333b36fa3cd,backing_fmt=qcow2 /opt/stack/data/cinder/mnt/201243ad9a850bac715a82bb60b663fa/volume-8ff0733f-938f-4339-9970-e333b36fa3cd.7320f4b5-2e67-498a-8572-a5ca3c6d31e7 1G" returned: 0 in 0.615s {{(pid=89024) execute /opt/stack/data/venv/lib/python3.12/site-packages/oslo_concurrency/processutils.py:468}}
Aug 01 15:00:58 devstack cinder-volume[89024]: DEBUG oslo_concurrency.processutils [None req-fd453ff6-09b7-4824-83af-0b07c62d719a tempest-GroupSnapshotsTest-100544624 None] Running cmd (subprocess): sudo cinder-rootwrap /etc/cinder/rootwrap.conf qemu-img rebase -u -b volume-8ff0733f-938f-4339-9970-e333b36fa3cd -F qcow2 /opt/stack/data/cinder/mnt/201243ad9a850bac715a82bb60b663fa/volume-8ff0733f-938f-4339-9970-e333b36fa3cd.7320f4b5-2e67-498a-8572-a5ca3c6d31e7 {{(pid=89024) execute /opt/stack/data/venv/lib/python3.12/site-packages/oslo_concurrency/processutils.py:440}}
Aug 01 15:00:58 devstack sudo[91028]: quobyte : PWD=/ ; USER=root ; COMMAND=/opt/stack/data/venv/bin/cinder-rootwrap /etc/cinder/rootwrap.conf qemu-img rebase -u -b volume-8ff0733f-938f-4339-9970-e333b36fa3cd -F qcow2 /opt/stack/data/cinder/mnt/201243ad9a850bac715a82bb60b663fa/volume-8ff0733f-938f-4339-9970-e333b36fa3cd.7320f4b5-2e67-498a-8572-a5ca3c6d31e7
Aug 01 15:00:58 devstack sudo[91028]: pam_unix(sudo:session): session opened for user root(uid=0) by (uid=1000)
Aug 01 15:00:58 devstack sudo[91028]: pam_unix(sudo:session): session closed for user root
Aug 01 15:00:58 devstack cinder-volume[89024]: DEBUG oslo_concurrency.processutils [None req-fd453ff6-09b7-4824-83af-0b07c62d719a tempest-GroupSnapshotsTest-100544624 None] CMD "sudo cinder-rootwrap /etc/cinder/rootwrap.conf qemu-img rebase -u -b volume-8ff0733f-938f-4339-9970-e333b36fa3cd -F qcow2 /opt/stack/data/cinder/mnt/201243ad9a850bac715a82bb60b663fa/volume-8ff0733f-938f-4339-9970-e333b36fa3cd.7320f4b5-2e67-498a-8572-a5ca3c6d31e7" returned: 0 in 0.524s {{(pid=89024) execute /opt/stack/data/venv/lib/python3.12/site-packages/oslo_concurrency/processutils.py:468}}
Aug 01 15:00:58 devstack cinder-volume[89024]: WARNING cinder.volume.drivers.remotefs [None req-fd453ff6-09b7-4824-83af-0b07c62d719a tempest-GroupSnapshotsTest-100544624 None] /opt/stack/data/cinder/mnt/201243ad9a850bac715a82bb60b663fa/volume-8ff0733f-938f-4339-9970-e333b36fa3cd.7320f4b5-2e67-498a-8572-a5ca3c6d31e7 is being set with open permissions: ugo+rw: NotImplementedError
Aug 01 15:00:58 devstack cinder-volume[89024]: DEBUG oslo_concurrency.processutils [None req-fd453ff6-09b7-4824-83af-0b07c62d719a tempest-GroupSnapshotsTest-100544624 None] Running cmd (subprocess): sudo cinder-rootwrap /etc/cinder/rootwrap.conf chmod ugo+rw /opt/stack/data/cinder/mnt/201243ad9a850bac715a82bb60b663fa/volume-8ff0733f-938f-4339-9970-e333b36fa3cd.7320f4b5-2e67-498a-8572-a5ca3c6d31e7 {{(pid=89024) execute /opt/stack/data/venv/lib/python3.12/site-packages/oslo_concurrency/processutils.py:440}}
Aug 01 15:00:58 devstack sudo[91035]: quobyte : PWD=/ ; USER=root ; COMMAND=/opt/stack/data/venv/bin/cinder-rootwrap /etc/cinder/rootwrap.conf chmod ugo+rw /opt/stack/data/cinder/mnt/201243ad9a850bac715a82bb60b663fa/volume-8ff0733f-938f-4339-9970-e333b36fa3cd.7320f4b5-2e67-498a-8572-a5ca3c6d31e7
Aug 01 15:00:58 devstack sudo[91035]: pam_unix(sudo:session): session opened for user root(uid=0) by (uid=1000)
Aug 01 15:00:59 devstack cinder-volume[89024]: INFO cinder.volume.manager [req-f91495f8-7f2d-43d8-b855-722d4251e757 req-d1c3a2aa-a644-4466-b273-030e8e0335b1 tempest-DeleteServersTestJSON-982818609 None] Terminate volume connection completed successfully.
Aug 01 15:00:59 devstack cinder-volume[89024]: DEBUG cinder.volume.manager [req-f91495f8-7f2d-43d8-b855-722d4251e757 req-d1c3a2aa-a644-4466-b273-030e8e0335b1 tempest-DeleteServersTestJSON-982818609 None] Deleting attachment 19aed5dc-0b0b-4705-be6a-23cebad8d6b4. {{(pid=89024) attachment_delete /opt/stack/cinder/cinder/volume/manager.py:5055}}
Aug 01 15:00:59 devstack cinder-volume[89024]: DEBUG oslo_concurrency.processutils [None req-fd453ff6-09b7-4824-83af-0b07c62d719a tempest-GroupSnapshotsTest-100544624 None] CMD "sudo cinder-rootwrap /etc/cinder/rootwrap.conf chmod ugo+rw /opt/stack/data/cinder/mnt/201243ad9a850bac715a82bb60b663fa/volume-8ff0733f-938f-4339-9970-e333b36fa3cd.7320f4b5-2e67-498a-8572-a5ca3c6d31e7" returned: 0 in 0.488s {{(pid=89024) execute /opt/stack/data/venv/lib/python3.12/site-packages/oslo_concurrency/processutils.py:468}}
Aug 01 15:00:59 devstack sudo[91035]: pam_unix(sudo:session): session closed for user root
Aug 01 15:00:59 devstack cinder-volume[89024]: DEBUG oslo_concurrency.processutils [None req-fd453ff6-09b7-4824-83af-0b07c62d719a tempest-GroupSnapshotsTest-100544624 None] Running cmd (subprocess): sudo cinder-rootwrap /etc/cinder/rootwrap.conf truncate -s0 /opt/stack/data/cinder/mnt/201243ad9a850bac715a82bb60b663fa/volume-8ff0733f-938f-4339-9970-e333b36fa3cd.info {{(pid=89024) execute /opt/stack/data/venv/lib/python3.12/site-packages/oslo_concurrency/processutils.py:440}}
Aug 01 15:00:59 devstack sudo[91076]: quobyte : PWD=/ ; USER=root ; COMMAND=/opt/stack/data/venv/bin/cinder-rootwrap /etc/cinder/rootwrap.conf truncate -s0 /opt/stack/data/cinder/mnt/201243ad9a850bac715a82bb60b663fa/volume-8ff0733f-938f-4339-9970-e333b36fa3cd.info
Aug 01 15:00:59 devstack sudo[91076]: pam_unix(sudo:session): session opened for user root(uid=0) by (uid=1000)
Aug 01 15:00:59 devstack sudo[91076]: pam_unix(sudo:session): session closed for user root
Aug 01 15:00:59 devstack cinder-volume[89024]: DEBUG oslo_concurrency.processutils [None req-fd453ff6-09b7-4824-83af-0b07c62d719a tempest-GroupSnapshotsTest-100544624 None] CMD "sudo cinder-rootwrap /etc/cinder/rootwrap.conf truncate -s0 /opt/stack/data/cinder/mnt/201243ad9a850bac715a82bb60b663fa/volume-8ff0733f-938f-4339-9970-e333b36fa3cd.info" returned: 0 in 0.591s {{(pid=89024) execute /opt/stack/data/venv/lib/python3.12/site-packages/oslo_concurrency/processutils.py:468}}
Aug 01 15:00:59 devstack cinder-volume[89024]: WARNING cinder.volume.drivers.remotefs [None req-fd453ff6-09b7-4824-83af-0b07c62d719a tempest-GroupSnapshotsTest-100544624 None] /opt/stack/data/cinder/mnt/201243ad9a850bac715a82bb60b663fa/volume-8ff0733f-938f-4339-9970-e333b36fa3cd.info is being set with open permissions: ugo+rw: NotImplementedError
Aug 01 15:00:59 devstack cinder-volume[89024]: DEBUG oslo_concurrency.processutils [None req-fd453ff6-09b7-4824-83af-0b07c62d719a tempest-GroupSnapshotsTest-100544624 None] Running cmd (subprocess): sudo cinder-rootwrap /etc/cinder/rootwrap.conf chmod ugo+rw /opt/stack/data/cinder/mnt/201243ad9a850bac715a82bb60b663fa/volume-8ff0733f-938f-4339-9970-e333b36fa3cd.info {{(pid=89024) execute /opt/stack/data/venv/lib/python3.12/site-packages/oslo_concurrency/processutils.py:440}}
Aug 01 15:00:59 devstack sudo[91093]: quobyte : PWD=/ ; USER=root ; COMMAND=/opt/stack/data/venv/bin/cinder-rootwrap /etc/cinder/rootwrap.conf chmod ugo+rw /opt/stack/data/cinder/mnt/201243ad9a850bac715a82bb60b663fa/volume-8ff0733f-938f-4339-9970-e333b36fa3cd.info
Aug 01 15:00:59 devstack sudo[91093]: pam_unix(sudo:session): session opened for user root(uid=0) by (uid=1000)
Aug 01 15:01:00 devstack sudo[91093]: pam_unix(sudo:session): session closed for user root
Aug 01 15:01:00 devstack cinder-volume[89024]: DEBUG oslo_concurrency.processutils [None req-fd453ff6-09b7-4824-83af-0b07c62d719a tempest-GroupSnapshotsTest-100544624 None] CMD "sudo cinder-rootwrap /etc/cinder/rootwrap.conf chmod ugo+rw /opt/stack/data/cinder/mnt/201243ad9a850bac715a82bb60b663fa/volume-8ff0733f-938f-4339-9970-e333b36fa3cd.info" returned: 0 in 0.427s {{(pid=89024) execute /opt/stack/data/venv/lib/python3.12/site-packages/oslo_concurrency/processutils.py:468}}
Aug 01 15:01:00 devstack cinder-volume[89024]: DEBUG oslo_concurrency.lockutils [None req-fd453ff6-09b7-4824-83af-0b07c62d719a tempest-GroupSnapshotsTest-100544624 None] Lock "quobyte" "released" by "cinder.volume.drivers.quobyte.QuobyteDriver.create_snapshot" :: held 3.454s {{(pid=89024) inner /opt/stack/data/venv/lib/python3.12/site-packages/oslo_concurrency/lockutils.py:544}}
Aug 01 15:01:00 devstack cinder-volume[89024]: INFO cinder.volume.manager [None req-fd453ff6-09b7-4824-83af-0b07c62d719a tempest-GroupSnapshotsTest-100544624 None] group_snapshot 5e2f8dbb-87c4-405f-8fa0-56b2d0f97580: created successfully
Aug 01 15:01:01 devstack cinder-volume[89024]: INFO cinder.volume.manager [None req-b020424b-765b-4257-a00b-b2f48c1080e2 tempest-GroupSnapshotsTest-100544624 None] group_snapshot 5e2f8dbb-87c4-405f-8fa0-56b2d0f97580: deleting
Aug 01 15:01:01 devstack cinder-volume[89024]: DEBUG cinder.volume.manager [None req-b020424b-765b-4257-a00b-b2f48c1080e2 tempest-GroupSnapshotsTest-100544624 None] group_snapshot 5e2f8dbb-87c4-405f-8fa0-56b2d0f97580: deleting {{(pid=89024) delete_group_snapshot /opt/stack/cinder/cinder/volume/manager.py:4350}}
Aug 01 15:01:01 devstack cinder-volume[89024]: DEBUG cinder.coordination [None req-b020424b-765b-4257-a00b-b2f48c1080e2 tempest-GroupSnapshotsTest-100544624 None] Acquiring lock "cinder-quobyte-8ff0733f-938f-4339-9970-e333b36fa3cd" by "delete_snapshot" {{(pid=89024) __acquire /opt/stack/cinder/cinder/coordination.py:138}}
Aug 01 15:01:01 devstack cinder-volume[89024]: DEBUG cinder.coordination [None req-b020424b-765b-4257-a00b-b2f48c1080e2 tempest-GroupSnapshotsTest-100544624 None] Lock "cinder-quobyte-8ff0733f-938f-4339-9970-e333b36fa3cd" acquired by "delete_snapshot" :: waited 0.025s {{(pid=89024) __acquire /opt/stack/cinder/cinder/coordination.py:141}}
Aug 01 15:01:01 devstack cinder-volume[89024]: DEBUG cinder.coordination [None req-b020424b-765b-4257-a00b-b2f48c1080e2 tempest-GroupSnapshotsTest-100544624 None] Acquiring lock "cinder-quobyte-7320f4b5-2e67-498a-8572-a5ca3c6d31e7" by "_delete_snapshot" {{(pid=89024) __acquire /opt/stack/cinder/cinder/coordination.py:138}}
Aug 01 15:01:01 devstack cinder-volume[89024]: DEBUG cinder.coordination [None req-b020424b-765b-4257-a00b-b2f48c1080e2 tempest-GroupSnapshotsTest-100544624 None] Lock "cinder-quobyte-7320f4b5-2e67-498a-8572-a5ca3c6d31e7" acquired by "_delete_snapshot" :: waited 0.036s {{(pid=89024) __acquire /opt/stack/cinder/cinder/coordination.py:141}}
Aug 01 15:01:01 devstack cinder-volume[89024]: DEBUG cinder.volume.drivers.remotefs [None req-b020424b-765b-4257-a00b-b2f48c1080e2 tempest-GroupSnapshotsTest-100544624 None] Deleting offline snapshot 7320f4b5-2e67-498a-8572-a5ca3c6d31e7 of volume 8ff0733f-938f-4339-9970-e333b36fa3cd {{(pid=89024) _delete_snapshot /opt/stack/cinder/cinder/volume/drivers/remotefs.py:1288}}
Aug 01 15:01:01 devstack cinder-volume[89024]: DEBUG cinder.volume.drivers.remotefs [None req-b020424b-765b-4257-a00b-b2f48c1080e2 tempest-GroupSnapshotsTest-100544624 None] snapshot_file for this snap is: volume-8ff0733f-938f-4339-9970-e333b36fa3cd.7320f4b5-2e67-498a-8572-a5ca3c6d31e7 {{(pid=89024) _delete_snapshot /opt/stack/cinder/cinder/volume/drivers/remotefs.py:1317}}
Aug 01 15:01:01 devstack cinder-volume[89024]: DEBUG oslo.privsep.daemon [-] privsep: reply[23856dd7-17f4-435a-8594-4115a43be0b2]: (4, 'qcow2') {{(pid=89527) _call_back /opt/stack/data/venv/lib/python3.12/site-packages/oslo_privsep/daemon.py:580}}
Aug 01 15:01:01 devstack cinder-volume[89024]: DEBUG oslo_concurrency.processutils [None req-b020424b-765b-4257-a00b-b2f48c1080e2 tempest-GroupSnapshotsTest-100544624 None] Running cmd (subprocess): /opt/stack/data/venv/bin/python3.12 -m oslo_concurrency.prlimit --as=1073741824 --cpu=60 -- sudo cinder-rootwrap /etc/cinder/rootwrap.conf env LC_ALL=C qemu-img info -f qcow2 --output=json --force-share /opt/stack/data/cinder/mnt/201243ad9a850bac715a82bb60b663fa/volume-8ff0733f-938f-4339-9970-e333b36fa3cd.7320f4b5-2e67-498a-8572-a5ca3c6d31e7 {{(pid=89024) execute /opt/stack/data/venv/lib/python3.12/site-packages/oslo_concurrency/processutils.py:440}}
Aug 01 15:01:01 devstack sudo[91102]: quobyte : PWD=/ ; USER=root ; COMMAND=/opt/stack/data/venv/bin/cinder-rootwrap /etc/cinder/rootwrap.conf env LC_ALL=C qemu-img info -f qcow2 --output=json --force-share /opt/stack/data/cinder/mnt/201243ad9a850bac715a82bb60b663fa/volume-8ff0733f-938f-4339-9970-e333b36fa3cd.7320f4b5-2e67-498a-8572-a5ca3c6d31e7
Aug 01 15:01:01 devstack sudo[91102]: pam_unix(sudo:session): session opened for user root(uid=0) by (uid=1000)
Aug 01 15:01:02 devstack sudo[91102]: pam_unix(sudo:session): session closed for user root
Aug 01 15:01:02 devstack cinder-volume[89024]: DEBUG oslo_concurrency.processutils [None req-b020424b-765b-4257-a00b-b2f48c1080e2 tempest-GroupSnapshotsTest-100544624 None] CMD "/opt/stack/data/venv/bin/python3.12 -m oslo_concurrency.prlimit --as=1073741824 --cpu=60 -- sudo cinder-rootwrap /etc/cinder/rootwrap.conf env LC_ALL=C qemu-img info -f qcow2 --output=json --force-share /opt/stack/data/cinder/mnt/201243ad9a850bac715a82bb60b663fa/volume-8ff0733f-938f-4339-9970-e333b36fa3cd.7320f4b5-2e67-498a-8572-a5ca3c6d31e7" returned: 0 in 0.519s {{(pid=89024) execute /opt/stack/data/venv/lib/python3.12/site-packages/oslo_concurrency/processutils.py:468}}
Aug 01 15:01:02 devstack cinder-volume[89024]: DEBUG cinder.volume.drivers.remotefs [None req-b020424b-765b-4257-a00b-b2f48c1080e2 tempest-GroupSnapshotsTest-100544624 None] Fetching qemu-img info with special backing_file_template: (/opt/stack/data/cinder/mnt/[0-9a-f]+/)?(volume-8ff0733f-938f-4339-9970-e333b36fa3cd(.(tmp-snap-)?[0-9a-f-]+)?|volume_from_snapshot_cache/(tmp-snap-)?[0-9a-f-]+(.(child-|parent-)[0-9a-f-]+)?)$ {{(pid=89024) _qemu_img_info_base /opt/stack/cinder/cinder/volume/drivers/remotefs.py:896}}
Aug 01 15:01:02 devstack cinder-volume[89024]: DEBUG oslo.privsep.daemon [-] privsep: reply[319071c7-72eb-4a6b-ad48-2acd6d94dedd]: (4, 'qcow2') {{(pid=89527) _call_back /opt/stack/data/venv/lib/python3.12/site-packages/oslo_privsep/daemon.py:580}}
Aug 01 15:01:02 devstack cinder-volume[89024]: DEBUG oslo_concurrency.processutils [None req-b020424b-765b-4257-a00b-b2f48c1080e2 tempest-GroupSnapshotsTest-100544624 None] Running cmd (subprocess): /opt/stack/data/venv/bin/python3.12 -m oslo_concurrency.prlimit --as=1073741824 --cpu=60 -- sudo cinder-rootwrap /etc/cinder/rootwrap.conf env LC_ALL=C qemu-img info -f qcow2 --output=json --force-share /opt/stack/data/cinder/mnt/201243ad9a850bac715a82bb60b663fa/volume-8ff0733f-938f-4339-9970-e333b36fa3cd {{(pid=89024) execute /opt/stack/data/venv/lib/python3.12/site-packages/oslo_concurrency/processutils.py:440}}
Aug 01 15:01:02 devstack sudo[91108]: quobyte : PWD=/ ; USER=root ; COMMAND=/opt/stack/data/venv/bin/cinder-rootwrap /etc/cinder/rootwrap.conf env LC_ALL=C qemu-img info -f qcow2 --output=json --force-share /opt/stack/data/cinder/mnt/201243ad9a850bac715a82bb60b663fa/volume-8ff0733f-938f-4339-9970-e333b36fa3cd
Aug 01 15:01:02 devstack sudo[91108]: pam_unix(sudo:session): session opened for user root(uid=0) by (uid=1000)
Aug 01 15:01:02 devstack sudo[91108]: pam_unix(sudo:session): session closed for user root
Aug 01 15:01:02 devstack cinder-volume[89024]: DEBUG oslo_concurrency.processutils [None req-b020424b-765b-4257-a00b-b2f48c1080e2 tempest-GroupSnapshotsTest-100544624 None] CMD "/opt/stack/data/venv/bin/python3.12 -m oslo_concurrency.prlimit --as=1073741824 --cpu=60 -- sudo cinder-rootwrap /etc/cinder/rootwrap.conf env LC_ALL=C qemu-img info -f qcow2 --output=json --force-share /opt/stack/data/cinder/mnt/201243ad9a850bac715a82bb60b663fa/volume-8ff0733f-938f-4339-9970-e333b36fa3cd" returned: 0 in 0.492s {{(pid=89024) execute /opt/stack/data/venv/lib/python3.12/site-packages/oslo_concurrency/processutils.py:468}}
Aug 01 15:01:02 devstack cinder-volume[89024]: DEBUG oslo_concurrency.processutils [None req-b020424b-765b-4257-a00b-b2f48c1080e2 tempest-GroupSnapshotsTest-100544624 None] Running cmd (subprocess): sudo cinder-rootwrap /etc/cinder/rootwrap.conf qemu-img commit -d /opt/stack/data/cinder/mnt/201243ad9a850bac715a82bb60b663fa/volume-8ff0733f-938f-4339-9970-e333b36fa3cd.7320f4b5-2e67-498a-8572-a5ca3c6d31e7 {{(pid=89024) execute /opt/stack/data/venv/lib/python3.12/site-packages/oslo_concurrency/processutils.py:440}}
Aug 01 15:01:02 devstack sudo[91114]: quobyte : PWD=/ ; USER=root ; COMMAND=/opt/stack/data/venv/bin/cinder-rootwrap /etc/cinder/rootwrap.conf qemu-img commit -d /opt/stack/data/cinder/mnt/201243ad9a850bac715a82bb60b663fa/volume-8ff0733f-938f-4339-9970-e333b36fa3cd.7320f4b5-2e67-498a-8572-a5ca3c6d31e7
Aug 01 15:01:02 devstack sudo[91114]: pam_unix(sudo:session): session opened for user root(uid=0) by (uid=1000)
Aug 01 15:01:03 devstack sudo[91114]: pam_unix(sudo:session): session closed for user root
Aug 01 15:01:03 devstack cinder-volume[89024]: DEBUG oslo_concurrency.processutils [None req-b020424b-765b-4257-a00b-b2f48c1080e2 tempest-GroupSnapshotsTest-100544624 None] CMD "sudo cinder-rootwrap /etc/cinder/rootwrap.conf qemu-img commit -d /opt/stack/data/cinder/mnt/201243ad9a850bac715a82bb60b663fa/volume-8ff0733f-938f-4339-9970-e333b36fa3cd.7320f4b5-2e67-498a-8572-a5ca3c6d31e7" returned: 0 in 0.620s {{(pid=89024) execute /opt/stack/data/venv/lib/python3.12/site-packages/oslo_concurrency/processutils.py:468}}
Aug 01 15:01:03 devstack cinder-volume[89024]: DEBUG oslo_concurrency.processutils [None req-b020424b-765b-4257-a00b-b2f48c1080e2 tempest-GroupSnapshotsTest-100544624 None] Running cmd (subprocess): sudo cinder-rootwrap /etc/cinder/rootwrap.conf rm -f /opt/stack/data/cinder/mnt/201243ad9a850bac715a82bb60b663fa/volume-8ff0733f-938f-4339-9970-e333b36fa3cd.7320f4b5-2e67-498a-8572-a5ca3c6d31e7 {{(pid=89024) execute /opt/stack/data/venv/lib/python3.12/site-packages/oslo_concurrency/processutils.py:440}}
Aug 01 15:01:03 devstack sudo[91119]: quobyte : PWD=/ ; USER=root ; COMMAND=/opt/stack/data/venv/bin/cinder-rootwrap /etc/cinder/rootwrap.conf rm -f /opt/stack/data/cinder/mnt/201243ad9a850bac715a82bb60b663fa/volume-8ff0733f-938f-4339-9970-e333b36fa3cd.7320f4b5-2e67-498a-8572-a5ca3c6d31e7
Aug 01 15:01:03 devstack sudo[91119]: pam_unix(sudo:session): session opened for user root(uid=0) by (uid=1000)
Aug 01 15:01:03 devstack cinder-volume[89024]: DEBUG cinder.coordination [None req-78c01a8b-0024-468e-b3ac-0aec75a7ba9b tempest-DeleteServersTestJSON-982818609 None] Acquiring lock "cinder-570a8197-f8c2-42fd-b05a-da8ac9741b71-delete_volume" by "delete_volume" {{(pid=89024) __acquire /opt/stack/cinder/cinder/coordination.py:138}}
Aug 01 15:01:03 devstack cinder-volume[89024]: DEBUG cinder.coordination [None req-78c01a8b-0024-468e-b3ac-0aec75a7ba9b tempest-DeleteServersTestJSON-982818609 None] Lock "cinder-570a8197-f8c2-42fd-b05a-da8ac9741b71-delete_volume" acquired by "delete_volume" :: waited 0.022s {{(pid=89024) __acquire /opt/stack/cinder/cinder/coordination.py:141}}
Aug 01 15:01:03 devstack cinder-volume[89024]: DEBUG cinder.coordination [None req-78c01a8b-0024-468e-b3ac-0aec75a7ba9b tempest-DeleteServersTestJSON-982818609 None] Acquiring lock "cinder-quobyte-570a8197-f8c2-42fd-b05a-da8ac9741b71" by "delete_volume" {{(pid=89024) __acquire /opt/stack/cinder/cinder/coordination.py:138}}
Aug 01 15:01:03 devstack cinder-volume[89024]: DEBUG cinder.coordination [None req-78c01a8b-0024-468e-b3ac-0aec75a7ba9b tempest-DeleteServersTestJSON-982818609 None] Lock "cinder-quobyte-570a8197-f8c2-42fd-b05a-da8ac9741b71" acquired by "delete_volume" :: waited 0.029s {{(pid=89024) __acquire /opt/stack/cinder/cinder/coordination.py:141}}
Aug 01 15:01:03 devstack cinder-volume[89024]: DEBUG oslo.privsep.daemon [-] privsep: reply[a99bb05b-ead1-4c79-ad76-e6a6a9192804]: (4, 'qcow2') {{(pid=89527) _call_back /opt/stack/data/venv/lib/python3.12/site-packages/oslo_privsep/daemon.py:580}}
Aug 01 15:01:03 devstack cinder-volume[89024]: DEBUG oslo_concurrency.processutils [None req-78c01a8b-0024-468e-b3ac-0aec75a7ba9b tempest-DeleteServersTestJSON-982818609 None] Running cmd (subprocess): /opt/stack/data/venv/bin/python3.12 -m oslo_concurrency.prlimit --as=1073741824 --cpu=60 -- sudo cinder-rootwrap /etc/cinder/rootwrap.conf env LC_ALL=C qemu-img info -f qcow2 --output=json --force-share /opt/stack/data/cinder/mnt/201243ad9a850bac715a82bb60b663fa/volume-570a8197-f8c2-42fd-b05a-da8ac9741b71 {{(pid=89024) execute /opt/stack/data/venv/lib/python3.12/site-packages/oslo_concurrency/processutils.py:440}}
Aug 01 15:01:03 devstack sudo[91121]: quobyte : PWD=/ ; USER=root ; COMMAND=/opt/stack/data/venv/bin/cinder-rootwrap /etc/cinder/rootwrap.conf env LC_ALL=C qemu-img info -f qcow2 --output=json --force-share /opt/stack/data/cinder/mnt/201243ad9a850bac715a82bb60b663fa/volume-570a8197-f8c2-42fd-b05a-da8ac9741b71
Aug 01 15:01:03 devstack sudo[91121]: pam_unix(sudo:session): session opened for user root(uid=0) by (uid=1000)
Aug 01 15:01:03 devstack sudo[91119]: pam_unix(sudo:session): session closed for user root
Aug 01 15:01:03 devstack cinder-volume[89024]: DEBUG oslo_concurrency.processutils [None req-b020424b-765b-4257-a00b-b2f48c1080e2 tempest-GroupSnapshotsTest-100544624 None] CMD "sudo cinder-rootwrap /etc/cinder/rootwrap.conf rm -f /opt/stack/data/cinder/mnt/201243ad9a850bac715a82bb60b663fa/volume-8ff0733f-938f-4339-9970-e333b36fa3cd.7320f4b5-2e67-498a-8572-a5ca3c6d31e7" returned: 0 in 0.438s {{(pid=89024) execute /opt/stack/data/venv/lib/python3.12/site-packages/oslo_concurrency/processutils.py:468}}
Aug 01 15:01:03 devstack cinder-volume[89024]: DEBUG cinder.coordination [None req-b020424b-765b-4257-a00b-b2f48c1080e2 tempest-GroupSnapshotsTest-100544624 None] Lock "cinder-quobyte-7320f4b5-2e67-498a-8572-a5ca3c6d31e7" released by "_delete_snapshot" :: held 2.231s {{(pid=89024) __release /opt/stack/cinder/cinder/coordination.py:152}}
Aug 01 15:01:03 devstack cinder-volume[89024]: DEBUG cinder.coordination [None req-b020424b-765b-4257-a00b-b2f48c1080e2 tempest-GroupSnapshotsTest-100544624 None] Lock "cinder-quobyte-8ff0733f-938f-4339-9970-e333b36fa3cd" released by "delete_snapshot" :: held 2.284s {{(pid=89024) __release /opt/stack/cinder/cinder/coordination.py:152}}
Aug 01 15:01:03 devstack cinder-volume[89024]: WARNING cinder.quota [None req-b020424b-765b-4257-a00b-b2f48c1080e2 tempest-GroupSnapshotsTest-100544624 None] Deprecated: Default quota for resource: gigabytes_tempest-GroupSnapshotsTest-volume-type-1151087508 is set by the default quota flag: quota_gigabytes_tempest-GroupSnapshotsTest-volume-type-1151087508, it is now deprecated. Please use the default quota class for default quota.
Aug 01 15:01:03 devstack cinder-volume[89024]: WARNING cinder.quota [None req-b020424b-765b-4257-a00b-b2f48c1080e2 tempest-GroupSnapshotsTest-100544624 None] Deprecated: Default quota for resource: snapshots_tempest-GroupSnapshotsTest-volume-type-1151087508 is set by the default quota flag: quota_snapshots_tempest-GroupSnapshotsTest-volume-type-1151087508, it is now deprecated. Please use the default quota class for default quota.
Aug 01 15:01:03 devstack cinder-volume[89024]: DEBUG cinder.quota [None req-b020424b-765b-4257-a00b-b2f48c1080e2 tempest-GroupSnapshotsTest-100544624 None] Created reservations ['cde7519c-63d6-48ab-a2c5-b0407d3cfe92', '202566c7-0de3-4f92-ab98-417f44d7d2bd', 'a6c0602b-143c-40a5-8e74-44c2241c4de8', '5a016db9-47bc-4073-b135-1b8ea5f11766'] {{(pid=89024) reserve /opt/stack/cinder/cinder/quota.py:752}}
Aug 01 15:01:04 devstack sudo[91121]: pam_unix(sudo:session): session closed for user root
Aug 01 15:01:04 devstack cinder-volume[89024]: DEBUG oslo_concurrency.processutils [None req-78c01a8b-0024-468e-b3ac-0aec75a7ba9b tempest-DeleteServersTestJSON-982818609 None] CMD "/opt/stack/data/venv/bin/python3.12 -m oslo_concurrency.prlimit --as=1073741824 --cpu=60 -- sudo cinder-rootwrap /etc/cinder/rootwrap.conf env LC_ALL=C qemu-img info -f qcow2 --output=json --force-share /opt/stack/data/cinder/mnt/201243ad9a850bac715a82bb60b663fa/volume-570a8197-f8c2-42fd-b05a-da8ac9741b71" returned: 0 in 0.477s {{(pid=89024) execute /opt/stack/data/venv/lib/python3.12/site-packages/oslo_concurrency/processutils.py:468}}
Aug 01 15:01:04 devstack cinder-volume[89024]: DEBUG oslo_concurrency.processutils [None req-78c01a8b-0024-468e-b3ac-0aec75a7ba9b tempest-DeleteServersTestJSON-982818609 None] Running cmd (subprocess): sudo cinder-rootwrap /etc/cinder/rootwrap.conf rm -f /opt/stack/data/cinder/mnt/201243ad9a850bac715a82bb60b663fa/volume-570a8197-f8c2-42fd-b05a-da8ac9741b71 {{(pid=89024) execute /opt/stack/data/venv/lib/python3.12/site-packages/oslo_concurrency/processutils.py:440}}
Aug 01 15:01:04 devstack sudo[91127]: quobyte : PWD=/ ; USER=root ; COMMAND=/opt/stack/data/venv/bin/cinder-rootwrap /etc/cinder/rootwrap.conf rm -f /opt/stack/data/cinder/mnt/201243ad9a850bac715a82bb60b663fa/volume-570a8197-f8c2-42fd-b05a-da8ac9741b71
Aug 01 15:01:04 devstack sudo[91127]: pam_unix(sudo:session): session opened for user root(uid=0) by (uid=1000)
Aug 01 15:01:04 devstack cinder-volume[89024]: INFO cinder.volume.manager [None req-b020424b-765b-4257-a00b-b2f48c1080e2 tempest-GroupSnapshotsTest-100544624 None] group_snapshot 5e2f8dbb-87c4-405f-8fa0-56b2d0f97580: deleted successfully
Aug 01 15:01:04 devstack sudo[91127]: pam_unix(sudo:session): session closed for user root
Aug 01 15:01:04 devstack cinder-volume[89024]: DEBUG oslo_concurrency.processutils [None req-78c01a8b-0024-468e-b3ac-0aec75a7ba9b tempest-DeleteServersTestJSON-982818609 None] CMD "sudo cinder-rootwrap /etc/cinder/rootwrap.conf rm -f /opt/stack/data/cinder/mnt/201243ad9a850bac715a82bb60b663fa/volume-570a8197-f8c2-42fd-b05a-da8ac9741b71" returned: 0 in 0.312s {{(pid=89024) execute /opt/stack/data/venv/lib/python3.12/site-packages/oslo_concurrency/processutils.py:468}}
Aug 01 15:01:04 devstack cinder-volume[89024]: DEBUG cinder.coordination [None req-78c01a8b-0024-468e-b3ac-0aec75a7ba9b tempest-DeleteServersTestJSON-982818609 None] Lock "cinder-quobyte-570a8197-f8c2-42fd-b05a-da8ac9741b71" released by "delete_volume" :: held 0.861s {{(pid=89024) __release /opt/stack/cinder/cinder/coordination.py:152}}
Aug 01 15:01:04 devstack cinder-volume[89024]: DEBUG cinder.quota [None req-78c01a8b-0024-468e-b3ac-0aec75a7ba9b tempest-DeleteServersTestJSON-982818609 None] Created reservations ['e2b36cb4-8378-419c-83d0-db4b32384da3', '9eb34d58-1051-4b4a-9098-5097bebccf61', 'c02a460a-4865-4b24-8033-e220386262c9', '1bd9ab68-eccc-4a6d-a8e5-23007e7486d2'] {{(pid=89024) reserve /opt/stack/cinder/cinder/quota.py:752}}
Aug 01 15:01:04 devstack cinder-volume[89024]: DEBUG oslo_concurrency.lockutils [None req-78c01a8b-0024-468e-b3ac-0aec75a7ba9b tempest-DeleteServersTestJSON-982818609 None] Acquiring lock "quobyte_ensure" by "cinder.volume.drivers.quobyte.QuobyteDriver._ensure_shares_mounted" {{(pid=89024) inner /opt/stack/data/venv/lib/python3.12/site-packages/oslo_concurrency/lockutils.py:512}}
Aug 01 15:01:04 devstack cinder-volume[89024]: DEBUG oslo_concurrency.lockutils [None req-78c01a8b-0024-468e-b3ac-0aec75a7ba9b tempest-DeleteServersTestJSON-982818609 None] Lock "quobyte_ensure" acquired by "cinder.volume.drivers.quobyte.QuobyteDriver._ensure_shares_mounted" :: waited 0.001s {{(pid=89024) inner /opt/stack/data/venv/lib/python3.12/site-packages/oslo_concurrency/lockutils.py:525}}
Aug 01 15:01:04 devstack cinder-volume[89024]: DEBUG cinder.volume.drivers.quobyte [None req-78c01a8b-0024-468e-b3ac-0aec75a7ba9b tempest-DeleteServersTestJSON-982818609 None] Quobyte Volume URL set to: {'osci02.corp.quobyte.com/cinder-vol-606aaa12-2ccd-4f01-87cd-295d5389d133': None} {{(pid=89024) _load_shares_config /opt/stack/cinder/cinder/volume/drivers/quobyte.py:665}}
Aug 01 15:01:04 devstack cinder-volume[89024]: DEBUG cinder.volume.drivers.quobyte [None req-78c01a8b-0024-468e-b3ac-0aec75a7ba9b tempest-DeleteServersTestJSON-982818609 None] Available shares ['osci02.corp.quobyte.com/cinder-vol-606aaa12-2ccd-4f01-87cd-295d5389d133'] {{(pid=89024) _ensure_shares_mounted /opt/stack/cinder/cinder/volume/drivers/quobyte.py:695}}
Aug 01 15:01:04 devstack cinder-volume[89024]: DEBUG oslo_concurrency.lockutils [None req-78c01a8b-0024-468e-b3ac-0aec75a7ba9b tempest-DeleteServersTestJSON-982818609 None] Lock "quobyte_ensure" "released" by "cinder.volume.drivers.quobyte.QuobyteDriver._ensure_shares_mounted" :: held 0.008s {{(pid=89024) inner /opt/stack/data/venv/lib/python3.12/site-packages/oslo_concurrency/lockutils.py:544}}
Aug 01 15:01:04 devstack cinder-volume[89024]: DEBUG oslo_concurrency.processutils [None req-78c01a8b-0024-468e-b3ac-0aec75a7ba9b tempest-DeleteServersTestJSON-982818609 None] Running cmd (subprocess): sudo cinder-rootwrap /etc/cinder/rootwrap.conf df --portability --block-size 1 /opt/stack/data/cinder/mnt/201243ad9a850bac715a82bb60b663fa {{(pid=89024) execute /opt/stack/data/venv/lib/python3.12/site-packages/oslo_concurrency/processutils.py:440}}
Aug 01 15:01:04 devstack sudo[91131]: quobyte : PWD=/ ; USER=root ; COMMAND=/opt/stack/data/venv/bin/cinder-rootwrap /etc/cinder/rootwrap.conf df --portability --block-size 1 /opt/stack/data/cinder/mnt/201243ad9a850bac715a82bb60b663fa
Aug 01 15:01:04 devstack sudo[91131]: pam_unix(sudo:session): session opened for user root(uid=0) by (uid=1000)
Aug 01 15:01:04 devstack sudo[91131]: pam_unix(sudo:session): session closed for user root
Aug 01 15:01:04 devstack cinder-volume[89024]: DEBUG oslo_concurrency.processutils [None req-78c01a8b-0024-468e-b3ac-0aec75a7ba9b tempest-DeleteServersTestJSON-982818609 None] CMD "sudo cinder-rootwrap /etc/cinder/rootwrap.conf df --portability --block-size 1 /opt/stack/data/cinder/mnt/201243ad9a850bac715a82bb60b663fa" returned: 0 in 0.289s {{(pid=89024) execute /opt/stack/data/venv/lib/python3.12/site-packages/oslo_concurrency/processutils.py:468}}
Aug 01 15:01:04 devstack cinder-volume[89024]: DEBUG cinder.manager [None req-78c01a8b-0024-468e-b3ac-0aec75a7ba9b tempest-DeleteServersTestJSON-982818609 None] Notifying Schedulers of capabilities ... {{(pid=89024) _publish_service_capabilities /opt/stack/cinder/cinder/manager.py:219}}
Aug 01 15:01:04 devstack cinder-volume[89024]: INFO cinder.volume.manager [None req-78c01a8b-0024-468e-b3ac-0aec75a7ba9b tempest-DeleteServersTestJSON-982818609 None] Deleted volume successfully.
Aug 01 15:01:04 devstack cinder-volume[89024]: DEBUG cinder.coordination [None req-78c01a8b-0024-468e-b3ac-0aec75a7ba9b tempest-DeleteServersTestJSON-982818609 None] Lock "cinder-570a8197-f8c2-42fd-b05a-da8ac9741b71-delete_volume" released by "delete_volume" :: held 1.398s {{(pid=89024) __release /opt/stack/cinder/cinder/coordination.py:152}}
Aug 01 15:01:05 devstack cinder-volume[89024]: DEBUG cinder.coordination [None req-e80672b0-ed73-4872-bf91-dabb429a2d28 tempest-GroupSnapshotsTest-100544624 None] Acquiring lock "cinder-quobyte-8ff0733f-938f-4339-9970-e333b36fa3cd" by "delete_volume" {{(pid=89024) __acquire /opt/stack/cinder/cinder/coordination.py:138}}
Aug 01 15:01:05 devstack cinder-volume[89024]: DEBUG cinder.coordination [None req-e80672b0-ed73-4872-bf91-dabb429a2d28 tempest-GroupSnapshotsTest-100544624 None] Lock "cinder-quobyte-8ff0733f-938f-4339-9970-e333b36fa3cd" acquired by "delete_volume" :: waited 0.034s {{(pid=89024) __acquire /opt/stack/cinder/cinder/coordination.py:141}}
Aug 01 15:01:05 devstack cinder-volume[89024]: DEBUG oslo.privsep.daemon [-] privsep: reply[ee76c36e-7a0f-427d-8c24-d5c251600cf8]: (4, 'qcow2') {{(pid=89527) _call_back /opt/stack/data/venv/lib/python3.12/site-packages/oslo_privsep/daemon.py:580}}
Aug 01 15:01:05 devstack cinder-volume[89024]: DEBUG oslo_concurrency.processutils [None req-e80672b0-ed73-4872-bf91-dabb429a2d28 tempest-GroupSnapshotsTest-100544624 None] Running cmd (subprocess): /opt/stack/data/venv/bin/python3.12 -m oslo_concurrency.prlimit --as=1073741824 --cpu=60 -- sudo cinder-rootwrap /etc/cinder/rootwrap.conf env LC_ALL=C qemu-img info -f qcow2 --output=json --force-share /opt/stack/data/cinder/mnt/201243ad9a850bac715a82bb60b663fa/volume-8ff0733f-938f-4339-9970-e333b36fa3cd {{(pid=89024) execute /opt/stack/data/venv/lib/python3.12/site-packages/oslo_concurrency/processutils.py:440}}
Aug 01 15:01:05 devstack sudo[91134]: quobyte : PWD=/ ; USER=root ; COMMAND=/opt/stack/data/venv/bin/cinder-rootwrap /etc/cinder/rootwrap.conf env LC_ALL=C qemu-img info -f qcow2 --output=json --force-share /opt/stack/data/cinder/mnt/201243ad9a850bac715a82bb60b663fa/volume-8ff0733f-938f-4339-9970-e333b36fa3cd
Aug 01 15:01:05 devstack sudo[91134]: pam_unix(sudo:session): session opened for user root(uid=0) by (uid=1000)
Aug 01 15:01:05 devstack sudo[91134]: pam_unix(sudo:session): session closed for user root
Aug 01 15:01:05 devstack cinder-volume[89024]: DEBUG oslo_concurrency.processutils [None req-e80672b0-ed73-4872-bf91-dabb429a2d28 tempest-GroupSnapshotsTest-100544624 None] CMD "/opt/stack/data/venv/bin/python3.12 -m oslo_concurrency.prlimit --as=1073741824 --cpu=60 -- sudo cinder-rootwrap /etc/cinder/rootwrap.conf env LC_ALL=C qemu-img info -f qcow2 --output=json --force-share /opt/stack/data/cinder/mnt/201243ad9a850bac715a82bb60b663fa/volume-8ff0733f-938f-4339-9970-e333b36fa3cd" returned: 0 in 0.564s {{(pid=89024) execute /opt/stack/data/venv/lib/python3.12/site-packages/oslo_concurrency/processutils.py:468}}
Aug 01 15:01:05 devstack cinder-volume[89024]: DEBUG oslo_concurrency.processutils [None req-e80672b0-ed73-4872-bf91-dabb429a2d28 tempest-GroupSnapshotsTest-100544624 None] Running cmd (subprocess): sudo cinder-rootwrap /etc/cinder/rootwrap.conf rm -f /opt/stack/data/cinder/mnt/201243ad9a850bac715a82bb60b663fa/volume-8ff0733f-938f-4339-9970-e333b36fa3cd {{(pid=89024) execute /opt/stack/data/venv/lib/python3.12/site-packages/oslo_concurrency/processutils.py:440}}
Aug 01 15:01:06 devstack sudo[91139]: quobyte : PWD=/ ; USER=root ; COMMAND=/opt/stack/data/venv/bin/cinder-rootwrap /etc/cinder/rootwrap.conf rm -f /opt/stack/data/cinder/mnt/201243ad9a850bac715a82bb60b663fa/volume-8ff0733f-938f-4339-9970-e333b36fa3cd
Aug 01 15:01:06 devstack sudo[91139]: pam_unix(sudo:session): session opened for user root(uid=0) by (uid=1000)
Aug 01 15:01:06 devstack sudo[91139]: pam_unix(sudo:session): session closed for user root
Aug 01 15:01:06 devstack cinder-volume[89024]: DEBUG oslo_concurrency.processutils [None req-e80672b0-ed73-4872-bf91-dabb429a2d28 tempest-GroupSnapshotsTest-100544624 None] CMD "sudo cinder-rootwrap /etc/cinder/rootwrap.conf rm -f /opt/stack/data/cinder/mnt/201243ad9a850bac715a82bb60b663fa/volume-8ff0733f-938f-4339-9970-e333b36fa3cd" returned: 0 in 0.383s {{(pid=89024) execute /opt/stack/data/venv/lib/python3.12/site-packages/oslo_concurrency/processutils.py:468}}
Aug 01 15:01:06 devstack cinder-volume[89024]: DEBUG cinder.coordination [None req-e80672b0-ed73-4872-bf91-dabb429a2d28 tempest-GroupSnapshotsTest-100544624 None] Lock "cinder-quobyte-8ff0733f-938f-4339-9970-e333b36fa3cd" released by "delete_volume" :: held 1.035s {{(pid=89024) __release /opt/stack/cinder/cinder/coordination.py:152}}
Aug 01 15:01:06 devstack cinder-volume[89024]: DEBUG cinder.quota [None req-e80672b0-ed73-4872-bf91-dabb429a2d28 tempest-GroupSnapshotsTest-100544624 None] Created reservations ['8a68e649-e8ec-4636-a5a1-740b6030c171'] {{(pid=89024) reserve /opt/stack/cinder/cinder/quota.py:752}}
Aug 01 15:01:06 devstack cinder-volume[89024]: WARNING cinder.quota [None req-e80672b0-ed73-4872-bf91-dabb429a2d28 tempest-GroupSnapshotsTest-100544624 None] Deprecated: Default quota for resource: volumes_tempest-GroupSnapshotsTest-volume-type-1151087508 is set by the default quota flag: quota_volumes_tempest-GroupSnapshotsTest-volume-type-1151087508, it is now deprecated. Please use the default quota class for default quota.
Aug 01 15:01:06 devstack cinder-volume[89024]: DEBUG cinder.quota [None req-e80672b0-ed73-4872-bf91-dabb429a2d28 tempest-GroupSnapshotsTest-100544624 None] Created reservations ['60324dab-60c5-44e6-b332-9e113f9632ee', 'efa91ddf-252b-4aa5-b6c1-3ef9691a0ae5', '6bc556b8-45d0-4163-9252-1a507de228d5', '39b22522-6dfb-452a-a01b-8ffe2e75c1b3'] {{(pid=89024) reserve /opt/stack/cinder/cinder/quota.py:752}}
Aug 01 15:01:06 devstack cinder-volume[89024]: DEBUG oslo_concurrency.lockutils [None req-e80672b0-ed73-4872-bf91-dabb429a2d28 tempest-GroupSnapshotsTest-100544624 None] Acquiring lock "quobyte_ensure" by "cinder.volume.drivers.quobyte.QuobyteDriver._ensure_shares_mounted" {{(pid=89024) inner /opt/stack/data/venv/lib/python3.12/site-packages/oslo_concurrency/lockutils.py:512}}
Aug 01 15:01:06 devstack cinder-volume[89024]: DEBUG oslo_concurrency.lockutils [None req-e80672b0-ed73-4872-bf91-dabb429a2d28 tempest-GroupSnapshotsTest-100544624 None] Lock "quobyte_ensure" acquired by "cinder.volume.drivers.quobyte.QuobyteDriver._ensure_shares_mounted" :: waited 0.001s {{(pid=89024) inner /opt/stack/data/venv/lib/python3.12/site-packages/oslo_concurrency/lockutils.py:525}}
Aug 01 15:01:06 devstack cinder-volume[89024]: DEBUG cinder.volume.drivers.quobyte [None req-e80672b0-ed73-4872-bf91-dabb429a2d28 tempest-GroupSnapshotsTest-100544624 None] Quobyte Volume URL set to: {'osci02.corp.quobyte.com/cinder-vol-606aaa12-2ccd-4f01-87cd-295d5389d133': None} {{(pid=89024) _load_shares_config /opt/stack/cinder/cinder/volume/drivers/quobyte.py:665}}
Aug 01 15:01:06 devstack cinder-volume[89024]: DEBUG cinder.volume.drivers.quobyte [None req-e80672b0-ed73-4872-bf91-dabb429a2d28 tempest-GroupSnapshotsTest-100544624 None] Available shares ['osci02.corp.quobyte.com/cinder-vol-606aaa12-2ccd-4f01-87cd-295d5389d133'] {{(pid=89024) _ensure_shares_mounted /opt/stack/cinder/cinder/volume/drivers/quobyte.py:695}}
Aug 01 15:01:06 devstack cinder-volume[89024]: DEBUG oslo_concurrency.lockutils [None req-e80672b0-ed73-4872-bf91-dabb429a2d28 tempest-GroupSnapshotsTest-100544624 None] Lock "quobyte_ensure" "released" by "cinder.volume.drivers.quobyte.QuobyteDriver._ensure_shares_mounted" :: held 0.012s {{(pid=89024) inner /opt/stack/data/venv/lib/python3.12/site-packages/oslo_concurrency/lockutils.py:544}}
Aug 01 15:01:06 devstack cinder-volume[89024]: DEBUG oslo_concurrency.processutils [None req-e80672b0-ed73-4872-bf91-dabb429a2d28 tempest-GroupSnapshotsTest-100544624 None] Running cmd (subprocess): sudo cinder-rootwrap /etc/cinder/rootwrap.conf df --portability --block-size 1 /opt/stack/data/cinder/mnt/201243ad9a850bac715a82bb60b663fa {{(pid=89024) execute /opt/stack/data/venv/lib/python3.12/site-packages/oslo_concurrency/processutils.py:440}}
Aug 01 15:01:06 devstack sudo[91164]: quobyte : PWD=/ ; USER=root ; COMMAND=/opt/stack/data/venv/bin/cinder-rootwrap /etc/cinder/rootwrap.conf df --portability --block-size 1 /opt/stack/data/cinder/mnt/201243ad9a850bac715a82bb60b663fa
Aug 01 15:01:06 devstack sudo[91164]: pam_unix(sudo:session): session opened for user root(uid=0) by (uid=1000)
Aug 01 15:01:07 devstack sudo[91164]: pam_unix(sudo:session): session closed for user root
Aug 01 15:01:07 devstack cinder-volume[89024]: DEBUG oslo_concurrency.processutils [None req-e80672b0-ed73-4872-bf91-dabb429a2d28 tempest-GroupSnapshotsTest-100544624 None] CMD "sudo cinder-rootwrap /etc/cinder/rootwrap.conf df --portability --block-size 1 /opt/stack/data/cinder/mnt/201243ad9a850bac715a82bb60b663fa" returned: 0 in 0.338s {{(pid=89024) execute /opt/stack/data/venv/lib/python3.12/site-packages/oslo_concurrency/processutils.py:468}}
Aug 01 15:01:07 devstack cinder-volume[89024]: DEBUG cinder.manager [None req-e80672b0-ed73-4872-bf91-dabb429a2d28 tempest-GroupSnapshotsTest-100544624 None] Notifying Schedulers of capabilities ... {{(pid=89024) _publish_service_capabilities /opt/stack/cinder/cinder/manager.py:219}}
Aug 01 15:01:07 devstack cinder-volume[89024]: INFO cinder.volume.manager [None req-e80672b0-ed73-4872-bf91-dabb429a2d28 tempest-GroupSnapshotsTest-100544624 None] Delete group completed successfully.
Aug 01 15:01:14 devstack cinder-volume[89024]: DEBUG cinder.coordination [None req-2f6e4c07-b499-4fc9-9f0d-8d2cf1c15c6c tempest-TaggedAttachmentsTest-1994664291 None] Acquiring lock "cinder-08478fcc-71ec-45a5-a397-808ea383f7c7-delete_volume" by "delete_volume" {{(pid=89024) __acquire /opt/stack/cinder/cinder/coordination.py:138}}
Aug 01 15:01:14 devstack cinder-volume[89024]: DEBUG cinder.coordination [None req-2f6e4c07-b499-4fc9-9f0d-8d2cf1c15c6c tempest-TaggedAttachmentsTest-1994664291 None] Lock "cinder-08478fcc-71ec-45a5-a397-808ea383f7c7-delete_volume" acquired by "delete_volume" :: waited 0.033s {{(pid=89024) __acquire /opt/stack/cinder/cinder/coordination.py:141}}
Aug 01 15:01:14 devstack cinder-volume[89024]: DEBUG cinder.coordination [None req-2f6e4c07-b499-4fc9-9f0d-8d2cf1c15c6c tempest-TaggedAttachmentsTest-1994664291 None] Acquiring lock "cinder-quobyte-08478fcc-71ec-45a5-a397-808ea383f7c7" by "delete_volume" {{(pid=89024) __acquire /opt/stack/cinder/cinder/coordination.py:138}}
Aug 01 15:01:14 devstack cinder-volume[89024]: DEBUG cinder.coordination [None req-2f6e4c07-b499-4fc9-9f0d-8d2cf1c15c6c tempest-TaggedAttachmentsTest-1994664291 None] Lock "cinder-quobyte-08478fcc-71ec-45a5-a397-808ea383f7c7" acquired by "delete_volume" :: waited 0.022s {{(pid=89024) __acquire /opt/stack/cinder/cinder/coordination.py:141}}
Aug 01 15:01:14 devstack cinder-volume[89024]: DEBUG oslo.privsep.daemon [-] privsep: reply[cb5a4699-5a59-4c60-9638-b61bb964850b]: (4, 'qcow2') {{(pid=89527) _call_back /opt/stack/data/venv/lib/python3.12/site-packages/oslo_privsep/daemon.py:580}}
Aug 01 15:01:14 devstack cinder-volume[89024]: DEBUG oslo_concurrency.processutils [None req-2f6e4c07-b499-4fc9-9f0d-8d2cf1c15c6c tempest-TaggedAttachmentsTest-1994664291 None] Running cmd (subprocess): /opt/stack/data/venv/bin/python3.12 -m oslo_concurrency.prlimit --as=1073741824 --cpu=60 -- sudo cinder-rootwrap /etc/cinder/rootwrap.conf env LC_ALL=C qemu-img info -f qcow2 --output=json --force-share /opt/stack/data/cinder/mnt/201243ad9a850bac715a82bb60b663fa/volume-08478fcc-71ec-45a5-a397-808ea383f7c7 {{(pid=89024) execute /opt/stack/data/venv/lib/python3.12/site-packages/oslo_concurrency/processutils.py:440}}
Aug 01 15:01:14 devstack sudo[91208]: quobyte : PWD=/ ; USER=root ; COMMAND=/opt/stack/data/venv/bin/cinder-rootwrap /etc/cinder/rootwrap.conf env LC_ALL=C qemu-img info -f qcow2 --output=json --force-share /opt/stack/data/cinder/mnt/201243ad9a850bac715a82bb60b663fa/volume-08478fcc-71ec-45a5-a397-808ea383f7c7
Aug 01 15:01:14 devstack sudo[91208]: pam_unix(sudo:session): session opened for user root(uid=0) by (uid=1000)
Aug 01 15:01:14 devstack sudo[91208]: pam_unix(sudo:session): session closed for user root
Aug 01 15:01:14 devstack cinder-volume[89024]: DEBUG oslo_concurrency.processutils [None req-2f6e4c07-b499-4fc9-9f0d-8d2cf1c15c6c tempest-TaggedAttachmentsTest-1994664291 None] CMD "/opt/stack/data/venv/bin/python3.12 -m oslo_concurrency.prlimit --as=1073741824 --cpu=60 -- sudo cinder-rootwrap /etc/cinder/rootwrap.conf env LC_ALL=C qemu-img info -f qcow2 --output=json --force-share /opt/stack/data/cinder/mnt/201243ad9a850bac715a82bb60b663fa/volume-08478fcc-71ec-45a5-a397-808ea383f7c7" returned: 0 in 0.585s {{(pid=89024) execute /opt/stack/data/venv/lib/python3.12/site-packages/oslo_concurrency/processutils.py:468}}
Aug 01 15:01:14 devstack cinder-volume[89024]: DEBUG oslo_concurrency.processutils [None req-2f6e4c07-b499-4fc9-9f0d-8d2cf1c15c6c tempest-TaggedAttachmentsTest-1994664291 None] Running cmd (subprocess): sudo cinder-rootwrap /etc/cinder/rootwrap.conf rm -f /opt/stack/data/cinder/mnt/201243ad9a850bac715a82bb60b663fa/volume-08478fcc-71ec-45a5-a397-808ea383f7c7 {{(pid=89024) execute /opt/stack/data/venv/lib/python3.12/site-packages/oslo_concurrency/processutils.py:440}}
Aug 01 15:01:14 devstack sudo[91213]: quobyte : PWD=/ ; USER=root ; COMMAND=/opt/stack/data/venv/bin/cinder-rootwrap /etc/cinder/rootwrap.conf rm -f /opt/stack/data/cinder/mnt/201243ad9a850bac715a82bb60b663fa/volume-08478fcc-71ec-45a5-a397-808ea383f7c7
Aug 01 15:01:14 devstack sudo[91213]: pam_unix(sudo:session): session opened for user root(uid=0) by (uid=1000)
Aug 01 15:01:15 devstack sudo[91213]: pam_unix(sudo:session): session closed for user root
Aug 01 15:01:15 devstack cinder-volume[89024]: DEBUG oslo_concurrency.processutils [None req-2f6e4c07-b499-4fc9-9f0d-8d2cf1c15c6c tempest-TaggedAttachmentsTest-1994664291 None] CMD "sudo cinder-rootwrap /etc/cinder/rootwrap.conf rm -f /opt/stack/data/cinder/mnt/201243ad9a850bac715a82bb60b663fa/volume-08478fcc-71ec-45a5-a397-808ea383f7c7" returned: 0 in 0.270s {{(pid=89024) execute /opt/stack/data/venv/lib/python3.12/site-packages/oslo_concurrency/processutils.py:468}}
Aug 01 15:01:15 devstack cinder-volume[89024]: DEBUG cinder.coordination [None req-2f6e4c07-b499-4fc9-9f0d-8d2cf1c15c6c tempest-TaggedAttachmentsTest-1994664291 None] Lock "cinder-quobyte-08478fcc-71ec-45a5-a397-808ea383f7c7" released by "delete_volume" :: held 0.916s {{(pid=89024) __release /opt/stack/cinder/cinder/coordination.py:152}}
Aug 01 15:01:15 devstack cinder-volume[89024]: DEBUG cinder.quota [None req-2f6e4c07-b499-4fc9-9f0d-8d2cf1c15c6c tempest-TaggedAttachmentsTest-1994664291 None] Created reservations ['3f5522a8-0aa2-47d5-b53f-ad6f19e07408', '160343fd-2a17-4abe-862a-c53c318ade47', '6beda35b-55a2-4894-bbb5-a573541a7c72', '1950ffc7-079d-4c3c-82cf-4476de8e5c86'] {{(pid=89024) reserve /opt/stack/cinder/cinder/quota.py:752}}
Aug 01 15:01:15 devstack cinder-volume[89024]: INFO cinder.volume.manager [None req-05344bdd-6dd8-4475-a976-ef9b2452d543 tempest-GroupSnapshotsV319Test-1230126578 None] Group tempest-GroupSnapshotsV319Test-Group-248123280: creating
Aug 01 15:01:15 devstack cinder-volume[89024]: DEBUG oslo_concurrency.lockutils [None req-2f6e4c07-b499-4fc9-9f0d-8d2cf1c15c6c tempest-TaggedAttachmentsTest-1994664291 None] Acquiring lock "quobyte_ensure" by "cinder.volume.drivers.quobyte.QuobyteDriver._ensure_shares_mounted" {{(pid=89024) inner /opt/stack/data/venv/lib/python3.12/site-packages/oslo_concurrency/lockutils.py:512}}
Aug 01 15:01:15 devstack cinder-volume[89024]: DEBUG oslo_concurrency.lockutils [None req-2f6e4c07-b499-4fc9-9f0d-8d2cf1c15c6c tempest-TaggedAttachmentsTest-1994664291 None] Lock "quobyte_ensure" acquired by "cinder.volume.drivers.quobyte.QuobyteDriver._ensure_shares_mounted" :: waited 0.001s {{(pid=89024) inner /opt/stack/data/venv/lib/python3.12/site-packages/oslo_concurrency/lockutils.py:525}}
Aug 01 15:01:15 devstack cinder-volume[89024]: DEBUG cinder.volume.drivers.quobyte [None req-2f6e4c07-b499-4fc9-9f0d-8d2cf1c15c6c tempest-TaggedAttachmentsTest-1994664291 None] Quobyte Volume URL set to: {'osci02.corp.quobyte.com/cinder-vol-606aaa12-2ccd-4f01-87cd-295d5389d133': None} {{(pid=89024) _load_shares_config /opt/stack/cinder/cinder/volume/drivers/quobyte.py:665}}
Aug 01 15:01:15 devstack cinder-volume[89024]: DEBUG cinder.volume.drivers.quobyte [None req-2f6e4c07-b499-4fc9-9f0d-8d2cf1c15c6c tempest-TaggedAttachmentsTest-1994664291 None] Available shares ['osci02.corp.quobyte.com/cinder-vol-606aaa12-2ccd-4f01-87cd-295d5389d133'] {{(pid=89024) _ensure_shares_mounted /opt/stack/cinder/cinder/volume/drivers/quobyte.py:695}}
Aug 01 15:01:15 devstack cinder-volume[89024]: DEBUG oslo_concurrency.lockutils [None req-2f6e4c07-b499-4fc9-9f0d-8d2cf1c15c6c tempest-TaggedAttachmentsTest-1994664291 None] Lock "quobyte_ensure" "released" by "cinder.volume.drivers.quobyte.QuobyteDriver._ensure_shares_mounted" :: held 0.015s {{(pid=89024) inner /opt/stack/data/venv/lib/python3.12/site-packages/oslo_concurrency/lockutils.py:544}}
Aug 01 15:01:15 devstack cinder-volume[89024]: DEBUG oslo_concurrency.processutils [None req-2f6e4c07-b499-4fc9-9f0d-8d2cf1c15c6c tempest-TaggedAttachmentsTest-1994664291 None] Running cmd (subprocess): sudo cinder-rootwrap /etc/cinder/rootwrap.conf df --portability --block-size 1 /opt/stack/data/cinder/mnt/201243ad9a850bac715a82bb60b663fa {{(pid=89024) execute /opt/stack/data/venv/lib/python3.12/site-packages/oslo_concurrency/processutils.py:440}}
Aug 01 15:01:15 devstack cinder-volume[89024]: INFO cinder.volume.manager [None req-05344bdd-6dd8-4475-a976-ef9b2452d543 tempest-GroupSnapshotsV319Test-1230126578 None] Group tempest-GroupSnapshotsV319Test-Group-248123280: created successfully
Aug 01 15:01:15 devstack sudo[91216]: quobyte : PWD=/ ; USER=root ; COMMAND=/opt/stack/data/venv/bin/cinder-rootwrap /etc/cinder/rootwrap.conf df --portability --block-size 1 /opt/stack/data/cinder/mnt/201243ad9a850bac715a82bb60b663fa
Aug 01 15:01:15 devstack sudo[91216]: pam_unix(sudo:session): session opened for user root(uid=0) by (uid=1000)
Aug 01 15:01:15 devstack cinder-volume[89024]: INFO cinder.volume.manager [None req-05344bdd-6dd8-4475-a976-ef9b2452d543 tempest-GroupSnapshotsV319Test-1230126578 None] Create group completed successfully.
Aug 01 15:01:15 devstack sudo[91216]: pam_unix(sudo:session): session closed for user root
