Jan 27 14:07:33 devstack devstack@g-api.service[75257]: [uWSGI] getting INI configuration from /etc/glance/glance-uwsgi.ini
Jan 27 14:07:33 devstack devstack@g-api.service[75257]: *** Starting uWSGI 2.0.20-debian (64bit) on [Tue Jan 27 14:07:33 2026] ***
Jan 27 14:07:33 devstack devstack@g-api.service[75257]: compiled with version: 11.2.0 on 21 March 2022 11:00:44
Jan 27 14:07:33 devstack devstack@g-api.service[75257]: os: Linux-5.15.0-164-generic #174-Ubuntu SMP Fri Nov 14 20:25:16 UTC 2025
Jan 27 14:07:33 devstack devstack@g-api.service[75257]: nodename: devstack
Jan 27 14:07:33 devstack devstack@g-api.service[75257]: machine: x86_64
Jan 27 14:07:33 devstack devstack@g-api.service[75257]: clock source: unix
Jan 27 14:07:33 devstack devstack@g-api.service[75257]: pcre jit disabled
Jan 27 14:07:33 devstack devstack@g-api.service[75257]: detected number of CPU cores: 4
Jan 27 14:07:33 devstack devstack@g-api.service[75257]: current working directory: /
Jan 27 14:07:33 devstack devstack@g-api.service[75257]: detected binary path: /usr/bin/uwsgi-core
Jan 27 14:07:33 devstack devstack@g-api.service[75257]: your processes number limit is 47368
Jan 27 14:07:33 devstack devstack@g-api.service[75257]: your memory page size is 4096 bytes
Jan 27 14:07:33 devstack devstack@g-api.service[75257]: detected max file descriptor number: 2048
Jan 27 14:07:33 devstack devstack@g-api.service[75257]: lock engine: pthread robust mutexes
Jan 27 14:07:33 devstack devstack@g-api.service[75257]: thunder lock: enabled
Jan 27 14:07:33 devstack devstack@g-api.service[75257]: uwsgi socket 0 bound to TCP address 127.0.0.1:60999 fd 4
Jan 27 14:07:33 devstack devstack@g-api.service[75257]: Python version: 3.10.12 (main, Jan 8 2026, 06:52:19) [GCC 11.4.0]
Jan 27 14:07:33 devstack devstack@g-api.service[75257]: PEP 405 virtualenv detected: /opt/stack/data/venv
Jan 27 14:07:33 devstack devstack@g-api.service[75257]: Set PythonHome to /opt/stack/data/venv
Jan 27 14:07:33 devstack devstack@g-api.service[75257]: Python main interpreter initialized at 0x559612f526a0
Jan 27 14:07:33 devstack devstack@g-api.service[75257]: python threads support enabled
Jan 27 14:07:33 devstack devstack@g-api.service[75257]: your server socket listen backlog is limited to 100 connections
Jan 27 14:07:33 devstack devstack@g-api.service[75257]: your mercy for graceful operations on workers is 80 seconds
Jan 27 14:07:33 devstack devstack@g-api.service[75257]: mapped 403077 bytes (393 KB) for 2 cores
Jan 27 14:07:33 devstack devstack@g-api.service[75257]: *** Operational MODE: preforking ***
Jan 27 14:07:33 devstack devstack@g-api.service[75257]: *** uWSGI is running in multiple interpreter mode ***
Jan 27 14:07:33 devstack devstack@g-api.service[75257]: spawned uWSGI master process (pid: 75257)
Jan 27 14:07:33 devstack devstack@g-api.service[75257]: spawned uWSGI worker 1 (pid: 75261, cores: 1)
Jan 27 14:07:33 devstack devstack@g-api.service[75257]: spawned uWSGI worker 2 (pid: 75262, cores: 1)
Jan 27 14:07:33 devstack devstack@g-api.service[75257]: running "unix_signal:15 gracefully_kill_them_all" (master-start)...
Jan 27 14:07:35 devstack devstack@g-api.service[75262]: INFO glance.async_ [-] Threadpool model set to 'NativeThreadPoolModel'
Jan 27 14:07:35 devstack devstack@g-api.service[75261]: INFO glance.async_ [-] Threadpool model set to 'NativeThreadPoolModel'
Jan 27 14:07:35 devstack devstack@g-api.service[75261]: DEBUG oslo_concurrency.processutils [-] Running cmd (subprocess): grep -F node.session.scan /sbin/iscsiadm {{(pid=75261) execute /opt/stack/data/venv/lib/python3.10/site-packages/oslo_concurrency/processutils.py:349}}
Jan 27 14:07:35 devstack devstack@g-api.service[75262]: DEBUG oslo_concurrency.processutils [-] Running cmd (subprocess): grep -F node.session.scan /sbin/iscsiadm {{(pid=75262) execute /opt/stack/data/venv/lib/python3.10/site-packages/oslo_concurrency/processutils.py:349}}
Jan 27 14:07:35 devstack devstack@g-api.service[75261]: DEBUG oslo_concurrency.processutils [-] CMD "grep -F node.session.scan /sbin/iscsiadm" returned: 0 in 0.012s {{(pid=75261) execute /opt/stack/data/venv/lib/python3.10/site-packages/oslo_concurrency/processutils.py:372}}
Jan 27 14:07:35 devstack devstack@g-api.service[75262]: DEBUG oslo_concurrency.processutils [-] CMD "grep -F node.session.scan /sbin/iscsiadm" returned: 0 in 0.013s {{(pid=75262) execute /opt/stack/data/venv/lib/python3.10/site-packages/oslo_concurrency/processutils.py:372}}
Jan 27 14:07:35 devstack devstack@g-api.service[75262]: DEBUG glance_store.backend [-] Attempting to import store cinder {{(pid=75262) _load_store /opt/stack/data/venv/lib/python3.10/site-packages/glance_store/backend.py:215}}
Jan 27 14:07:35 devstack devstack@g-api.service[75262]: DEBUG glance_store.backend [-] Attempting to import store file {{(pid=75262) _load_store /opt/stack/data/venv/lib/python3.10/site-packages/glance_store/backend.py:215}}
Jan 27 14:07:35 devstack devstack@g-api.service[75262]: DEBUG glance_store.backend [-] Attempting to import store glance.store.cinder.Store {{(pid=75262) _load_store /opt/stack/data/venv/lib/python3.10/site-packages/glance_store/backend.py:215}}
Jan 27 14:07:35 devstack devstack@g-api.service[75261]: DEBUG glance_store.backend [-] Attempting to import store cinder {{(pid=75261) _load_store /opt/stack/data/venv/lib/python3.10/site-packages/glance_store/backend.py:215}}
Jan 27 14:07:35 devstack devstack@g-api.service[75262]: DEBUG glance_store.backend [-] Attempting to import store glance.store.filesystem.Store {{(pid=75262) _load_store /opt/stack/data/venv/lib/python3.10/site-packages/glance_store/backend.py:215}}
Jan 27 14:07:35 devstack devstack@g-api.service[75261]: DEBUG glance_store.backend [-] Attempting to import store file {{(pid=75261) _load_store /opt/stack/data/venv/lib/python3.10/site-packages/glance_store/backend.py:215}}
Jan 27 14:07:35 devstack devstack@g-api.service[75262]: DEBUG glance_store.backend [-] Attempting to import store glance.store.http.Store {{(pid=75262) _load_store /opt/stack/data/venv/lib/python3.10/site-packages/glance_store/backend.py:215}}
Jan 27 14:07:35 devstack devstack@g-api.service[75261]: DEBUG glance_store.backend [-] Attempting to import store glance.store.cinder.Store {{(pid=75261) _load_store /opt/stack/data/venv/lib/python3.10/site-packages/glance_store/backend.py:215}}
Jan 27 14:07:35 devstack devstack@g-api.service[75262]: DEBUG glance_store.backend [-] Attempting to import store glance.store.rbd.Store {{(pid=75262) _load_store /opt/stack/data/venv/lib/python3.10/site-packages/glance_store/backend.py:215}}
Jan 27 14:07:35 devstack devstack@g-api.service[75261]: DEBUG glance_store.backend [-] Attempting to import store glance.store.filesystem.Store {{(pid=75261) _load_store /opt/stack/data/venv/lib/python3.10/site-packages/glance_store/backend.py:215}}
Jan 27 14:07:35 devstack devstack@g-api.service[75262]: DEBUG glance_store.backend [-] Attempting to import store glance.store.s3.Store {{(pid=75262) _load_store /opt/stack/data/venv/lib/python3.10/site-packages/glance_store/backend.py:215}}
Jan 27 14:07:35 devstack devstack@g-api.service[75261]: DEBUG glance_store.backend [-] Attempting to import store glance.store.http.Store {{(pid=75261) _load_store /opt/stack/data/venv/lib/python3.10/site-packages/glance_store/backend.py:215}}
Jan 27 14:07:35 devstack devstack@g-api.service[75262]: DEBUG glance_store.backend [-] Attempting to import store glance.store.swift.Store {{(pid=75262) _load_store /opt/stack/data/venv/lib/python3.10/site-packages/glance_store/backend.py:215}}
Jan 27 14:07:35 devstack devstack@g-api.service[75262]: DEBUG glance_store.backend [-] Attempting to import store glance.store.vmware_datastore.Store {{(pid=75262) _load_store /opt/stack/data/venv/lib/python3.10/site-packages/glance_store/backend.py:215}}
Jan 27 14:07:35 devstack devstack@g-api.service[75262]: DEBUG glance_store.backend [-] Attempting to import store http {{(pid=75262) _load_store /opt/stack/data/venv/lib/python3.10/site-packages/glance_store/backend.py:215}}
Jan 27 14:07:35 devstack devstack@g-api.service[75261]: DEBUG glance_store.backend [-] Attempting to import store glance.store.rbd.Store {{(pid=75261) _load_store /opt/stack/data/venv/lib/python3.10/site-packages/glance_store/backend.py:215}}
Jan 27 14:07:35 devstack devstack@g-api.service[75262]: DEBUG glance_store.backend [-] Attempting to import store no_conf {{(pid=75262) _load_store /opt/stack/data/venv/lib/python3.10/site-packages/glance_store/backend.py:215}}
Jan 27 14:07:35 devstack devstack@g-api.service[75261]: DEBUG glance_store.backend [-] Attempting to import store glance.store.s3.Store {{(pid=75261) _load_store /opt/stack/data/venv/lib/python3.10/site-packages/glance_store/backend.py:215}}
Jan 27 14:07:35 devstack devstack@g-api.service[75262]: DEBUG glance_store.backend [-] Attempting to import store rbd {{(pid=75262) _load_store /opt/stack/data/venv/lib/python3.10/site-packages/glance_store/backend.py:215}}
Jan 27 14:07:35 devstack devstack@g-api.service[75261]: DEBUG glance_store.backend [-] Attempting to import store glance.store.swift.Store {{(pid=75261) _load_store /opt/stack/data/venv/lib/python3.10/site-packages/glance_store/backend.py:215}}
Jan 27 14:07:35 devstack devstack@g-api.service[75262]: DEBUG glance_store.backend [-] Attempting to import store s3 {{(pid=75262) _load_store /opt/stack/data/venv/lib/python3.10/site-packages/glance_store/backend.py:215}}
Jan 27 14:07:35 devstack devstack@g-api.service[75261]: DEBUG glance_store.backend [-] Attempting to import store glance.store.vmware_datastore.Store {{(pid=75261) _load_store /opt/stack/data/venv/lib/python3.10/site-packages/glance_store/backend.py:215}}
Jan 27 14:07:35 devstack devstack@g-api.service[75261]: DEBUG glance_store.backend [-] Attempting to import store http {{(pid=75261) _load_store /opt/stack/data/venv/lib/python3.10/site-packages/glance_store/backend.py:215}}
Jan 27 14:07:35 devstack devstack@g-api.service[75262]: DEBUG glance_store.backend [-] Attempting to import store swift {{(pid=75262) _load_store /opt/stack/data/venv/lib/python3.10/site-packages/glance_store/backend.py:215}}
Jan 27 14:07:35 devstack devstack@g-api.service[75262]: DEBUG glance_store.backend [-] Attempting to import store vmware {{(pid=75262) _load_store /opt/stack/data/venv/lib/python3.10/site-packages/glance_store/backend.py:215}}
Jan 27 14:07:35 devstack devstack@g-api.service[75261]: DEBUG glance_store.backend [-] Attempting to import store no_conf {{(pid=75261) _load_store /opt/stack/data/venv/lib/python3.10/site-packages/glance_store/backend.py:215}}
Jan 27 14:07:35 devstack devstack@g-api.service[75261]: DEBUG glance_store.backend [-] Attempting to import store rbd {{(pid=75261) _load_store /opt/stack/data/venv/lib/python3.10/site-packages/glance_store/backend.py:215}}
Jan 27 14:07:35 devstack devstack@g-api.service[75262]: DEBUG glance_store.backend [-] Registering options for group glance_store {{(pid=75262) register_opts /opt/stack/data/venv/lib/python3.10/site-packages/glance_store/backend.py:144}}
Jan 27 14:07:35 devstack devstack@g-api.service[75261]: DEBUG glance_store.backend [-] Attempting to import store s3 {{(pid=75261) _load_store /opt/stack/data/venv/lib/python3.10/site-packages/glance_store/backend.py:215}}
Jan 27 14:07:35 devstack devstack@g-api.service[75261]: DEBUG glance_store.backend [-] Attempting to import store swift {{(pid=75261) _load_store /opt/stack/data/venv/lib/python3.10/site-packages/glance_store/backend.py:215}}
Jan 27 14:07:35 devstack devstack@g-api.service[75262]: DEBUG glance_store.backend [-] Registering options for group glance_store {{(pid=75262) register_opts /opt/stack/data/venv/lib/python3.10/site-packages/glance_store/backend.py:144}}
Jan 27 14:07:35 devstack devstack@g-api.service[75261]: DEBUG glance_store.backend [-] Attempting to import store vmware {{(pid=75261) _load_store /opt/stack/data/venv/lib/python3.10/site-packages/glance_store/backend.py:215}}
Jan 27 14:07:35 devstack devstack@g-api.service[75261]: DEBUG glance_store.backend [-] Registering options for group glance_store {{(pid=75261) register_opts /opt/stack/data/venv/lib/python3.10/site-packages/glance_store/backend.py:144}}
Jan 27 14:07:35 devstack devstack@g-api.service[75261]: DEBUG glance_store.backend [-] Registering options for group glance_store {{(pid=75261) register_opts /opt/stack/data/venv/lib/python3.10/site-packages/glance_store/backend.py:144}}
Jan 27 14:07:35 devstack devstack@g-api.service[75262]: DEBUG glance_store.backend [-] Attempting to import store http {{(pid=75262) _load_store /opt/stack/data/venv/lib/python3.10/site-packages/glance_store/backend.py:215}}
Jan 27 14:07:35 devstack devstack@g-api.service[75262]: DEBUG glance_store.capabilities [-] Store glance_store._drivers.http.Store doesn't support updating dynamic storage capabilities. Please overwrite 'update_capabilities' method of the store to implement updating logics if needed. {{(pid=75262) update_capabilities /opt/stack/data/venv/lib/python3.10/site-packages/glance_store/capabilities.py:91}}
Jan 27 14:07:35 devstack devstack@g-api.service[75262]: DEBUG glance_store.backend [-] Registering store http with schemes ('http', 'https') {{(pid=75262) create_stores /opt/stack/data/venv/lib/python3.10/site-packages/glance_store/backend.py:261}}
Jan 27 14:07:35 devstack devstack@g-api.service[75262]: DEBUG glance_store.driver [-] Late loading location class glance_store._drivers.http.StoreLocation {{(pid=75262) get_store_location_class /opt/stack/data/venv/lib/python3.10/site-packages/glance_store/driver.py:134}}
Jan 27 14:07:35 devstack devstack@g-api.service[75261]: DEBUG glance_store.backend [-] Attempting to import store http {{(pid=75261) _load_store /opt/stack/data/venv/lib/python3.10/site-packages/glance_store/backend.py:215}}
Jan 27 14:07:35 devstack devstack@g-api.service[75262]: DEBUG glance_store.location [-] Registering scheme http with {'store': , 'location_class': , 'store_entry': 'http'} {{(pid=75262) register_scheme_map /opt/stack/data/venv/lib/python3.10/site-packages/glance_store/location.py:146}}
Jan 27 14:07:35 devstack devstack@g-api.service[75262]: DEBUG glance_store.location [-] Registering scheme https with {'store': , 'location_class': , 'store_entry': 'http'} {{(pid=75262) register_scheme_map /opt/stack/data/venv/lib/python3.10/site-packages/glance_store/location.py:146}}
Jan 27 14:07:35 devstack devstack@g-api.service[75262]: DEBUG glance_store.backend [-] Attempting to import store file {{(pid=75262) _load_store /opt/stack/data/venv/lib/python3.10/site-packages/glance_store/backend.py:215}}
Jan 27 14:07:35 devstack devstack@g-api.service[75261]: DEBUG glance_store.capabilities [-] Store glance_store._drivers.http.Store doesn't support updating dynamic storage capabilities. Please overwrite 'update_capabilities' method of the store to implement updating logics if needed. {{(pid=75261) update_capabilities /opt/stack/data/venv/lib/python3.10/site-packages/glance_store/capabilities.py:91}}
Jan 27 14:07:35 devstack devstack@g-api.service[75261]: DEBUG glance_store.backend [-] Registering store http with schemes ('http', 'https') {{(pid=75261) create_stores /opt/stack/data/venv/lib/python3.10/site-packages/glance_store/backend.py:261}}
Jan 27 14:07:35 devstack devstack@g-api.service[75261]: DEBUG glance_store.driver [-] Late loading location class glance_store._drivers.http.StoreLocation {{(pid=75261) get_store_location_class /opt/stack/data/venv/lib/python3.10/site-packages/glance_store/driver.py:134}}
Jan 27 14:07:35 devstack devstack@g-api.service[75261]: DEBUG glance_store.location [-] Registering scheme http with {'store': , 'location_class': , 'store_entry': 'http'} {{(pid=75261) register_scheme_map /opt/stack/data/venv/lib/python3.10/site-packages/glance_store/location.py:146}}
Jan 27 14:07:35 devstack devstack@g-api.service[75261]: DEBUG glance_store.location [-] Registering scheme https with {'store': , 'location_class': , 'store_entry': 'http'} {{(pid=75261) register_scheme_map /opt/stack/data/venv/lib/python3.10/site-packages/glance_store/location.py:146}}
Jan 27 14:07:35 devstack devstack@g-api.service[75261]: DEBUG glance_store.backend [-] Attempting to import store file {{(pid=75261) _load_store /opt/stack/data/venv/lib/python3.10/site-packages/glance_store/backend.py:215}}
Jan 27 14:07:35 devstack devstack@g-api.service[75262]: DEBUG glance_store.capabilities [-] Store glance_store._drivers.filesystem.Store doesn't support updating dynamic storage capabilities. Please overwrite 'update_capabilities' method of the store to implement updating logics if needed. {{(pid=75262) update_capabilities /opt/stack/data/venv/lib/python3.10/site-packages/glance_store/capabilities.py:91}}
Jan 27 14:07:35 devstack devstack@g-api.service[75262]: DEBUG glance_store.backend [-] Registering store file with schemes ('file', 'filesystem') {{(pid=75262) create_stores /opt/stack/data/venv/lib/python3.10/site-packages/glance_store/backend.py:261}}
Jan 27 14:07:35 devstack devstack@g-api.service[75262]: DEBUG glance_store.driver [-] Late loading location class glance_store._drivers.filesystem.StoreLocation {{(pid=75262) get_store_location_class /opt/stack/data/venv/lib/python3.10/site-packages/glance_store/driver.py:134}}
Jan 27 14:07:35 devstack devstack@g-api.service[75262]: DEBUG glance_store.location [-] Registering scheme file with {'store': , 'location_class': , 'store_entry': 'file'} {{(pid=75262) register_scheme_map /opt/stack/data/venv/lib/python3.10/site-packages/glance_store/location.py:146}}
Jan 27 14:07:35 devstack devstack@g-api.service[75262]: DEBUG glance_store.location [-] Registering scheme filesystem with {'store': , 'location_class': , 'store_entry': 'file'} {{(pid=75262) register_scheme_map /opt/stack/data/venv/lib/python3.10/site-packages/glance_store/location.py:146}}
Jan 27 14:07:35 devstack devstack@g-api.service[75261]: DEBUG glance_store.capabilities [-] Store glance_store._drivers.filesystem.Store doesn't support updating dynamic storage capabilities. Please overwrite 'update_capabilities' method of the store to implement updating logics if needed. {{(pid=75261) update_capabilities /opt/stack/data/venv/lib/python3.10/site-packages/glance_store/capabilities.py:91}}
Jan 27 14:07:35 devstack devstack@g-api.service[75261]: DEBUG glance_store.backend [-] Registering store file with schemes ('file', 'filesystem') {{(pid=75261) create_stores /opt/stack/data/venv/lib/python3.10/site-packages/glance_store/backend.py:261}}
Jan 27 14:07:35 devstack devstack@g-api.service[75261]: DEBUG glance_store.driver [-] Late loading location class glance_store._drivers.filesystem.StoreLocation {{(pid=75261) get_store_location_class /opt/stack/data/venv/lib/python3.10/site-packages/glance_store/driver.py:134}}
Jan 27 14:07:35 devstack devstack@g-api.service[75262]: DEBUG glance.sqlite_migration [-] SQLite caching database not located, skipping migration {{(pid=75262) get_db_path /opt/stack/glance/glance/sqlite_migration.py:68}}
Jan 27 14:07:35 devstack devstack@g-api.service[75261]: DEBUG glance_store.location [-] Registering scheme file with {'store': , 'location_class': , 'store_entry': 'file'} {{(pid=75261) register_scheme_map /opt/stack/data/venv/lib/python3.10/site-packages/glance_store/location.py:146}}
Jan 27 14:07:35 devstack devstack@g-api.service[75261]: DEBUG glance_store.location [-] Registering scheme filesystem with {'store': , 'location_class': , 'store_entry': 'file'} {{(pid=75261) register_scheme_map /opt/stack/data/venv/lib/python3.10/site-packages/glance_store/location.py:146}}
Jan 27 14:07:35 devstack devstack@g-api.service[75262]: WARNING glance.common.wsgi_app [-] Import methods are enabled but staging directory /tmp/staging/ does not exist; Imports will fail!
Jan 27 14:07:35 devstack devstack@g-api.service[75261]: DEBUG glance.sqlite_migration [-] SQLite caching database not located, skipping migration {{(pid=75261) get_db_path /opt/stack/glance/glance/sqlite_migration.py:68}}
Jan 27 14:07:35 devstack devstack@g-api.service[75261]: WARNING glance.common.wsgi_app [-] Import methods are enabled but staging directory /tmp/staging/ does not exist; Imports will fail!
Jan 27 14:07:36 devstack devstack@g-api.service[75262]: DEBUG glance.common.config [None req-60ab132e-cf88-493a-a27b-4064060b6072 None None] Loading glance-api-keystone+cachemanagement from /etc/glance/glance-api-paste.ini {{(pid=75262) load_paste_app /opt/stack/glance/glance/common/config.py:750}}
Jan 27 14:07:36 devstack devstack@g-api.service[75261]: DEBUG glance.common.config [None req-e72b989d-c2ee-4b64-9c2c-dd021c6f5e1e None None] Loading glance-api-keystone+cachemanagement from /etc/glance/glance-api-paste.ini {{(pid=75261) load_paste_app /opt/stack/glance/glance/common/config.py:750}}
Jan 27 14:07:37 devstack devstack@g-api.service[75262]: INFO glance.image_cache [None req-60ab132e-cf88-493a-a27b-4064060b6072 None None] Image cache loaded driver 'centralized_db'.
Jan 27 14:07:37 devstack devstack@g-api.service[75261]: INFO glance.image_cache [None req-e72b989d-c2ee-4b64-9c2c-dd021c6f5e1e None None] Image cache loaded driver 'centralized_db'.
Jan 27 14:07:37 devstack devstack@g-api.service[75262]: INFO dbcounter [None req-60ab132e-cf88-493a-a27b-4064060b6072 None None] Registered counter for database glance
Jan 27 14:07:37 devstack devstack@g-api.service[75262]: DEBUG oslo_db.sqlalchemy.engines [None req-60ab132e-cf88-493a-a27b-4064060b6072 None None] MySQL server mode set to STRICT_TRANS_TABLES,STRICT_ALL_TABLES,NO_ZERO_IN_DATE,NO_ZERO_DATE,ERROR_FOR_DIVISION_BY_ZERO,TRADITIONAL,NO_ENGINE_SUBSTITUTION {{(pid=75262) _check_effective_sql_mode /opt/stack/data/venv/lib/python3.10/site-packages/oslo_db/sqlalchemy/engines.py:325}}
Jan 27 14:07:37 devstack devstack@g-api.service[75261]: INFO dbcounter [None req-e72b989d-c2ee-4b64-9c2c-dd021c6f5e1e None None] Registered counter for database glance
Jan 27 14:07:37 devstack devstack@g-api.service[75261]: DEBUG oslo_db.sqlalchemy.engines [None req-e72b989d-c2ee-4b64-9c2c-dd021c6f5e1e None None] MySQL server mode set to STRICT_TRANS_TABLES,STRICT_ALL_TABLES,NO_ZERO_IN_DATE,NO_ZERO_DATE,ERROR_FOR_DIVISION_BY_ZERO,TRADITIONAL,NO_ENGINE_SUBSTITUTION {{(pid=75261) _check_effective_sql_mode /opt/stack/data/venv/lib/python3.10/site-packages/oslo_db/sqlalchemy/engines.py:325}}
Jan 27 14:07:37 devstack devstack@g-api.service[75262]: DEBUG dbcounter [-] [75262] Writer thread running {{(pid=75262) stat_writer /opt/stack/data/venv/lib/python3.10/site-packages/dbcounter.py:102}}
Jan 27 14:07:37 devstack devstack@g-api.service[75262]: INFO glance.image_cache [None req-60ab132e-cf88-493a-a27b-4064060b6072 None None] Image cache loaded driver 'centralized_db'.
Jan 27 14:07:37 devstack devstack@g-api.service[75261]: DEBUG dbcounter [-] [75261] Writer thread running {{(pid=75261) stat_writer /opt/stack/data/venv/lib/python3.10/site-packages/dbcounter.py:102}}
Jan 27 14:07:37 devstack devstack@g-api.service[75261]: DEBUG glance.image_cache.drivers.centralized_db [None req-e72b989d-c2ee-4b64-9c2c-dd021c6f5e1e None None] Node reference is already recorded, ignoring it {{(pid=75261) configure /opt/stack/glance/glance/image_cache/drivers/centralized_db.py:71}}
Jan 27 14:07:37 devstack devstack@g-api.service[75262]: DEBUG glance.image_cache.drivers.centralized_db [None req-60ab132e-cf88-493a-a27b-4064060b6072 None None] Node reference is already recorded, ignoring it {{(pid=75262) configure /opt/stack/glance/glance/image_cache/drivers/centralized_db.py:71}}
Jan 27 14:07:37 devstack devstack@g-api.service[75261]: INFO glance.image_cache [None req-e72b989d-c2ee-4b64-9c2c-dd021c6f5e1e None None] Image cache loaded driver 'centralized_db'.
Jan 27 14:07:37 devstack devstack@g-api.service[75262]: DEBUG glance.api.v2.cached_images [None req-60ab132e-cf88-493a-a27b-4064060b6072 None None] Started cache worker thread {{(pid=75262) __init__ /opt/stack/glance/glance/api/v2/cached_images.py:69}}
Jan 27 14:07:37 devstack devstack@g-api.service[75262]: INFO glance.image_cache [None req-60ab132e-cf88-493a-a27b-4064060b6072 None None] Image cache loaded driver 'centralized_db'.
Jan 27 14:07:37 devstack devstack@g-api.service[75261]: DEBUG glance.image_cache.drivers.centralized_db [None req-e72b989d-c2ee-4b64-9c2c-dd021c6f5e1e None None] Node reference is already recorded, ignoring it {{(pid=75261) configure /opt/stack/glance/glance/image_cache/drivers/centralized_db.py:71}}
Jan 27 14:07:37 devstack devstack@g-api.service[75262]: DEBUG glance.image_cache.drivers.centralized_db [None req-60ab132e-cf88-493a-a27b-4064060b6072 None None] Node reference is already recorded, ignoring it {{(pid=75262) configure /opt/stack/glance/glance/image_cache/drivers/centralized_db.py:71}}
Jan 27 14:07:37 devstack devstack@g-api.service[75261]: DEBUG glance.api.v2.cached_images [None req-e72b989d-c2ee-4b64-9c2c-dd021c6f5e1e None None] Started cache worker thread {{(pid=75261) __init__ /opt/stack/glance/glance/api/v2/cached_images.py:69}}
Jan 27 14:07:37 devstack devstack@g-api.service[75261]: INFO glance.image_cache [None req-e72b989d-c2ee-4b64-9c2c-dd021c6f5e1e None None] Image cache loaded driver 'centralized_db'.
Jan 27 14:07:37 devstack devstack@g-api.service[75262]: INFO glance.api.middleware.cache_manage [None req-60ab132e-cf88-493a-a27b-4064060b6072 None None] Initialized image cache management middleware
Jan 27 14:07:37 devstack devstack@g-api.service[75262]: INFO glance.image_cache [None req-60ab132e-cf88-493a-a27b-4064060b6072 None None] Image cache loaded driver 'centralized_db'.
Jan 27 14:07:37 devstack devstack@g-api.service[75261]: DEBUG glance.image_cache.drivers.centralized_db [None req-e72b989d-c2ee-4b64-9c2c-dd021c6f5e1e None None] Node reference is already recorded, ignoring it {{(pid=75261) configure /opt/stack/glance/glance/image_cache/drivers/centralized_db.py:71}}
Jan 27 14:07:37 devstack devstack@g-api.service[75262]: DEBUG glance.image_cache.drivers.centralized_db [None req-60ab132e-cf88-493a-a27b-4064060b6072 None None] Node reference is already recorded, ignoring it {{(pid=75262) configure /opt/stack/glance/glance/image_cache/drivers/centralized_db.py:71}}
Jan 27 14:07:37 devstack devstack@g-api.service[75261]: INFO glance.api.middleware.cache_manage [None req-e72b989d-c2ee-4b64-9c2c-dd021c6f5e1e None None] Initialized image cache management middleware
Jan 27 14:07:37 devstack devstack@g-api.service[75261]: INFO glance.image_cache [None req-e72b989d-c2ee-4b64-9c2c-dd021c6f5e1e None None] Image cache loaded driver 'centralized_db'.
Jan 27 14:07:37 devstack devstack@g-api.service[75262]: INFO glance.api.middleware.cache [None req-60ab132e-cf88-493a-a27b-4064060b6072 None None] Initialized image cache middleware
Jan 27 14:07:37 devstack devstack@g-api.service[75262]: WARNING keystonemiddleware.auth_token [None req-60ab132e-cf88-493a-a27b-4064060b6072 None None] AuthToken middleware is set with keystone_authtoken.service_token_roles_required set to False. This is backwards compatible but deprecated behaviour. Please set this to True.
Jan 27 14:07:37 devstack devstack@g-api.service[75262]: WARNING keystonemiddleware.auth_token [None req-60ab132e-cf88-493a-a27b-4064060b6072 None None] Configuring www_authenticate_uri to point to the public identity endpoint is required; clients may not be able to authenticate against an admin endpoint
Jan 27 14:07:37 devstack devstack@g-api.service[75262]: DEBUG glance.common.config [None req-60ab132e-cf88-493a-a27b-4064060b6072 None None] ******************************************************************************** {{(pid=75262) log_opt_values /opt/stack/data/venv/lib/python3.10/site-packages/oslo_config/cfg.py:2804}}
Jan 27 14:07:37 devstack devstack@g-api.service[75262]: DEBUG glance.common.config [None req-60ab132e-cf88-493a-a27b-4064060b6072 None None] Configuration options gathered from: {{(pid=75262) log_opt_values /opt/stack/data/venv/lib/python3.10/site-packages/oslo_config/cfg.py:2805}}
Jan 27 14:07:37 devstack devstack@g-api.service[75262]: DEBUG glance.common.config [None req-60ab132e-cf88-493a-a27b-4064060b6072 None None] command line args: [] {{(pid=75262) log_opt_values /opt/stack/data/venv/lib/python3.10/site-packages/oslo_config/cfg.py:2806}}
Jan 27 14:07:37 devstack devstack@g-api.service[75262]: DEBUG glance.common.config [None req-60ab132e-cf88-493a-a27b-4064060b6072 None None] config files: ['/etc/glance/glance-image-import.conf', '/etc/glance/glance-api.conf'] {{(pid=75262) log_opt_values /opt/stack/data/venv/lib/python3.10/site-packages/oslo_config/cfg.py:2807}}
Jan 27 14:07:37 devstack devstack@g-api.service[75262]: DEBUG glance.common.config [None req-60ab132e-cf88-493a-a27b-4064060b6072 None None] ================================================================================ {{(pid=75262) log_opt_values /opt/stack/data/venv/lib/python3.10/site-packages/oslo_config/cfg.py:2809}}
Jan 27 14:07:37 devstack devstack@g-api.service[75262]: DEBUG glance.common.config [None req-60ab132e-cf88-493a-a27b-4064060b6072 None None] allow_anonymous_access = False {{(pid=75262) log_opt_values /opt/stack/data/venv/lib/python3.10/site-packages/oslo_config/cfg.py:2817}}
Jan 27 14:07:37 devstack devstack@g-api.service[75262]: DEBUG glance.common.config [None req-60ab132e-cf88-493a-a27b-4064060b6072 None None] api_limit_max = 1000 {{(pid=75262) log_opt_values /opt/stack/data/venv/lib/python3.10/site-packages/oslo_config/cfg.py:2817}}
Jan 27 14:07:37 devstack devstack@g-api.service[75262]: DEBUG glance.common.config [None req-60ab132e-cf88-493a-a27b-4064060b6072 None None] backlog = 4096 {{(pid=75262) log_opt_values /opt/stack/data/venv/lib/python3.10/site-packages/oslo_config/cfg.py:2817}}
Jan 27 14:07:37 devstack devstack@g-api.service[75262]: DEBUG glance.common.config [None req-60ab132e-cf88-493a-a27b-4064060b6072 None None] bind_host = 0.0.0.0 {{(pid=75262) log_opt_values /opt/stack/data/venv/lib/python3.10/site-packages/oslo_config/cfg.py:2817}}
Jan 27 14:07:37 devstack devstack@g-api.service[75262]: DEBUG glance.common.config [None req-60ab132e-cf88-493a-a27b-4064060b6072 None None] bind_port = None {{(pid=75262) log_opt_values /opt/stack/data/venv/lib/python3.10/site-packages/oslo_config/cfg.py:2817}}
Jan 27 14:07:37 devstack devstack@g-api.service[75262]: DEBUG glance.common.config [None req-60ab132e-cf88-493a-a27b-4064060b6072 None None] client_socket_timeout = 900 {{(pid=75262) log_opt_values /opt/stack/data/venv/lib/python3.10/site-packages/oslo_config/cfg.py:2817}}
Jan 27 14:07:37 devstack devstack@g-api.service[75262]: DEBUG glance.common.config [None req-60ab132e-cf88-493a-a27b-4064060b6072 None None] config_dir = [] {{(pid=75262) log_opt_values /opt/stack/data/venv/lib/python3.10/site-packages/oslo_config/cfg.py:2817}}
Jan 27 14:07:37 devstack devstack@g-api.service[75262]: DEBUG glance.common.config [None req-60ab132e-cf88-493a-a27b-4064060b6072 None None] config_file = ['/etc/glance/glance-image-import.conf', '/etc/glance/glance-api.conf'] {{(pid=75262) log_opt_values /opt/stack/data/venv/lib/python3.10/site-packages/oslo_config/cfg.py:2817}}
Jan 27 14:07:37 devstack devstack@g-api.service[75262]: DEBUG glance.common.config [None req-60ab132e-cf88-493a-a27b-4064060b6072 None None] config_source = [] {{(pid=75262) log_opt_values /opt/stack/data/venv/lib/python3.10/site-packages/oslo_config/cfg.py:2817}}
Jan 27 14:07:37 devstack devstack@g-api.service[75262]: DEBUG glance.common.config [None req-60ab132e-cf88-493a-a27b-4064060b6072 None None] control_exchange = glance {{(pid=75262) log_opt_values /opt/stack/data/venv/lib/python3.10/site-packages/oslo_config/cfg.py:2817}}
Jan 27 14:07:37 devstack devstack@g-api.service[75262]: DEBUG glance.common.config [None req-60ab132e-cf88-493a-a27b-4064060b6072 None None] debug = True {{(pid=75262) log_opt_values /opt/stack/data/venv/lib/python3.10/site-packages/oslo_config/cfg.py:2817}}
Jan 27 14:07:37 devstack devstack@g-api.service[75262]: DEBUG glance.common.config [None req-60ab132e-cf88-493a-a27b-4064060b6072 None None] default_log_levels = ['amqp=WARN', 'boto=WARN', 'sqlalchemy=WARN', 'suds=INFO', 'oslo.messaging=INFO', 'oslo_messaging=INFO', 'iso8601=WARN', 'requests.packages.urllib3.connectionpool=WARN', 'urllib3.connectionpool=WARN', 'websocket=WARN', 'requests.packages.urllib3.util.retry=WARN', 'urllib3.util.retry=WARN', 'keystonemiddleware=WARN', 'routes.middleware=WARN', 'stevedore=WARN', 'taskflow=WARN', 'keystoneauth=WARN', 'oslo.cache=INFO', 'oslo_policy=INFO', 'dogpile.core.dogpile=INFO'] {{(pid=75262) log_opt_values /opt/stack/data/venv/lib/python3.10/site-packages/oslo_config/cfg.py:2817}}
Jan 27 14:07:37 devstack devstack@g-api.service[75262]: DEBUG glance.common.config [None req-60ab132e-cf88-493a-a27b-4064060b6072 None None] default_publisher_id = image.localhost {{(pid=75262) log_opt_values /opt/stack/data/venv/lib/python3.10/site-packages/oslo_config/cfg.py:2817}}
Jan 27 14:07:37 devstack devstack@g-api.service[75262]: DEBUG glance.common.config [None req-60ab132e-cf88-493a-a27b-4064060b6072 None None] delayed_delete = False {{(pid=75262) log_opt_values /opt/stack/data/venv/lib/python3.10/site-packages/oslo_config/cfg.py:2817}}
Jan 27 14:07:37 devstack devstack@g-api.service[75262]: DEBUG glance.common.config [None req-60ab132e-cf88-493a-a27b-4064060b6072 None None] digest_algorithm = sha256 {{(pid=75262) log_opt_values /opt/stack/data/venv/lib/python3.10/site-packages/oslo_config/cfg.py:2817}}
Jan 27 14:07:37 devstack devstack@g-api.service[75262]: DEBUG glance.common.config [None req-60ab132e-cf88-493a-a27b-4064060b6072 None None] disabled_notifications = [] {{(pid=75262) log_opt_values /opt/stack/data/venv/lib/python3.10/site-packages/oslo_config/cfg.py:2817}}
Jan 27 14:07:37 devstack devstack@g-api.service[75262]: DEBUG glance.common.config [None req-60ab132e-cf88-493a-a27b-4064060b6072 None None] do_secure_hash = True {{(pid=75262) log_opt_values /opt/stack/data/venv/lib/python3.10/site-packages/oslo_config/cfg.py:2817}}
Jan 27 14:07:37 devstack devstack@g-api.service[75262]: DEBUG glance.common.config [None req-60ab132e-cf88-493a-a27b-4064060b6072 None None] enabled_backends = None {{(pid=75262) log_opt_values /opt/stack/data/venv/lib/python3.10/site-packages/oslo_config/cfg.py:2817}}
Jan 27 14:07:37 devstack devstack@g-api.service[75262]: DEBUG glance.common.config [None req-60ab132e-cf88-493a-a27b-4064060b6072 None None] enabled_import_methods = ['glance-direct', 'web-download', 'copy-image'] {{(pid=75262) log_opt_values /opt/stack/data/venv/lib/python3.10/site-packages/oslo_config/cfg.py:2817}}
Jan 27 14:07:37 devstack devstack@g-api.service[75262]: DEBUG glance.common.config [None req-60ab132e-cf88-493a-a27b-4064060b6072 None None] hashing_algorithm = sha512 {{(pid=75262) log_opt_values /opt/stack/data/venv/lib/python3.10/site-packages/oslo_config/cfg.py:2817}}
Jan 27 14:07:37 devstack devstack@g-api.service[75262]: DEBUG glance.common.config [None req-60ab132e-cf88-493a-a27b-4064060b6072 None None] http_keepalive = True {{(pid=75262) log_opt_values /opt/stack/data/venv/lib/python3.10/site-packages/oslo_config/cfg.py:2817}}
Jan 27 14:07:37 devstack devstack@g-api.service[75262]: DEBUG glance.common.config [None req-60ab132e-cf88-493a-a27b-4064060b6072 None None] http_retries = 3 {{(pid=75262) log_opt_values /opt/stack/data/venv/lib/python3.10/site-packages/oslo_config/cfg.py:2817}}
Jan 27 14:07:37 devstack devstack@g-api.service[75262]: DEBUG glance.common.config [None req-60ab132e-cf88-493a-a27b-4064060b6072 None None] image_cache_dir = /opt/stack/data/glance/cache/ {{(pid=75262) log_opt_values /opt/stack/data/venv/lib/python3.10/site-packages/oslo_config/cfg.py:2817}}
Jan 27 14:07:37 devstack devstack@g-api.service[75262]: DEBUG glance.common.config [None req-60ab132e-cf88-493a-a27b-4064060b6072 None None] image_cache_driver = centralized_db {{(pid=75262) log_opt_values /opt/stack/data/venv/lib/python3.10/site-packages/oslo_config/cfg.py:2817}}
Jan 27 14:07:37 devstack devstack@g-api.service[75262]: DEBUG glance.common.config [None req-60ab132e-cf88-493a-a27b-4064060b6072 None None] image_cache_max_size = 10737418240 {{(pid=75262) log_opt_values /opt/stack/data/venv/lib/python3.10/site-packages/oslo_config/cfg.py:2817}}
Jan 27 14:07:37 devstack devstack@g-api.service[75262]: DEBUG glance.common.config [None req-60ab132e-cf88-493a-a27b-4064060b6072 None None] image_cache_sqlite_db = cache.db {{(pid=75262) log_opt_values /opt/stack/data/venv/lib/python3.10/site-packages/oslo_config/cfg.py:2817}}
Jan 27 14:07:37 devstack devstack@g-api.service[75262]: DEBUG glance.common.config [None req-60ab132e-cf88-493a-a27b-4064060b6072 None None] image_cache_stall_time = 86400 {{(pid=75262) log_opt_values /opt/stack/data/venv/lib/python3.10/site-packages/oslo_config/cfg.py:2817}}
Jan 27 14:07:37 devstack devstack@g-api.service[75262]: DEBUG glance.common.config [None req-60ab132e-cf88-493a-a27b-4064060b6072 None None] image_location_quota = 10 {{(pid=75262) log_opt_values /opt/stack/data/venv/lib/python3.10/site-packages/oslo_config/cfg.py:2817}}
Jan 27 14:07:37 devstack devstack@g-api.service[75262]: DEBUG glance.common.config [None req-60ab132e-cf88-493a-a27b-4064060b6072 None None] image_member_quota = 128 {{(pid=75262) log_opt_values /opt/stack/data/venv/lib/python3.10/site-packages/oslo_config/cfg.py:2817}}
Jan 27 14:07:37 devstack devstack@g-api.service[75262]: DEBUG glance.common.config [None req-60ab132e-cf88-493a-a27b-4064060b6072 None None] image_property_quota = 128 {{(pid=75262) log_opt_values /opt/stack/data/venv/lib/python3.10/site-packages/oslo_config/cfg.py:2817}}
Jan 27 14:07:37 devstack devstack@g-api.service[75262]: DEBUG glance.common.config [None req-60ab132e-cf88-493a-a27b-4064060b6072 None None] image_size_cap = 1099511627776 {{(pid=75262) log_opt_values /opt/stack/data/venv/lib/python3.10/site-packages/oslo_config/cfg.py:2817}}
Jan 27 14:07:37 devstack devstack@g-api.service[75262]: DEBUG glance.common.config [None req-60ab132e-cf88-493a-a27b-4064060b6072 None None] image_tag_quota = 128 {{(pid=75262) log_opt_values /opt/stack/data/venv/lib/python3.10/site-packages/oslo_config/cfg.py:2817}}
Jan 27 14:07:37 devstack devstack@g-api.service[75262]: DEBUG glance.common.config [None req-60ab132e-cf88-493a-a27b-4064060b6072 None None] instance_format = [instance: %(uuid)s] {{(pid=75262) log_opt_values /opt/stack/data/venv/lib/python3.10/site-packages/oslo_config/cfg.py:2817}}
Jan 27 14:07:37 devstack devstack@g-api.service[75262]: DEBUG glance.common.config [None req-60ab132e-cf88-493a-a27b-4064060b6072 None None] instance_uuid_format = [instance: %(uuid)s] {{(pid=75262) log_opt_values /opt/stack/data/venv/lib/python3.10/site-packages/oslo_config/cfg.py:2817}}
Jan 27 14:07:37 devstack devstack@g-api.service[75262]: DEBUG glance.common.config [None req-60ab132e-cf88-493a-a27b-4064060b6072 None None] limit_param_default = 25 {{(pid=75262) log_opt_values /opt/stack/data/venv/lib/python3.10/site-packages/oslo_config/cfg.py:2817}}
Jan 27 14:07:37 devstack devstack@g-api.service[75262]: DEBUG glance.common.config [None req-60ab132e-cf88-493a-a27b-4064060b6072 None None] log_color = False {{(pid=75262) log_opt_values /opt/stack/data/venv/lib/python3.10/site-packages/oslo_config/cfg.py:2817}}
Jan 27 14:07:37 devstack devstack@g-api.service[75262]: DEBUG glance.common.config [None req-60ab132e-cf88-493a-a27b-4064060b6072 None None] log_config_append = None {{(pid=75262) log_opt_values /opt/stack/data/venv/lib/python3.10/site-packages/oslo_config/cfg.py:2817}}
Jan 27 14:07:37 devstack devstack@g-api.service[75262]: DEBUG glance.common.config [None req-60ab132e-cf88-493a-a27b-4064060b6072 None None] log_date_format = %Y-%m-%d %H:%M:%S {{(pid=75262) log_opt_values /opt/stack/data/venv/lib/python3.10/site-packages/oslo_config/cfg.py:2817}}
Jan 27 14:07:37 devstack devstack@g-api.service[75262]: DEBUG glance.common.config [None req-60ab132e-cf88-493a-a27b-4064060b6072 None None] log_dir = None {{(pid=75262) log_opt_values /opt/stack/data/venv/lib/python3.10/site-packages/oslo_config/cfg.py:2817}}
Jan 27 14:07:37 devstack devstack@g-api.service[75262]: DEBUG glance.common.config [None req-60ab132e-cf88-493a-a27b-4064060b6072 None None] log_file = None {{(pid=75262) log_opt_values /opt/stack/data/venv/lib/python3.10/site-packages/oslo_config/cfg.py:2817}}
Jan 27 14:07:37 devstack devstack@g-api.service[75262]: DEBUG glance.common.config [None req-60ab132e-cf88-493a-a27b-4064060b6072 None None] log_rotate_interval = 1 {{(pid=75262) log_opt_values /opt/stack/data/venv/lib/python3.10/site-packages/oslo_config/cfg.py:2817}}
Jan 27 14:07:37 devstack devstack@g-api.service[75262]: DEBUG glance.common.config [None req-60ab132e-cf88-493a-a27b-4064060b6072 None None] log_rotate_interval_type = days {{(pid=75262) log_opt_values /opt/stack/data/venv/lib/python3.10/site-packages/oslo_config/cfg.py:2817}}
Jan 27 14:07:37 devstack devstack@g-api.service[75262]: DEBUG glance.common.config [None req-60ab132e-cf88-493a-a27b-4064060b6072 None None] log_rotation_type = none {{(pid=75262) log_opt_values /opt/stack/data/venv/lib/python3.10/site-packages/oslo_config/cfg.py:2817}}
Jan 27 14:07:37 devstack devstack@g-api.service[75262]: DEBUG glance.common.config [None req-60ab132e-cf88-493a-a27b-4064060b6072 None None] logging_context_format_string = %(color)s%(levelname)s %(name)s [%(global_request_id)s %(request_id)s %(project_name)s %(user_name)s%(color)s] %(instance)s%(color)s%(message)s {{(pid=75262) log_opt_values /opt/stack/data/venv/lib/python3.10/site-packages/oslo_config/cfg.py:2817}}
Jan 27 14:07:37 devstack devstack@g-api.service[75262]: DEBUG glance.common.config [None req-60ab132e-cf88-493a-a27b-4064060b6072 None None] logging_debug_format_suffix = {{(pid=%(process)d) %(funcName)s %(pathname)s:%(lineno)d}} {{(pid=75262) log_opt_values /opt/stack/data/venv/lib/python3.10/site-packages/oslo_config/cfg.py:2817}}
Jan 27 14:07:37 devstack devstack@g-api.service[75262]: DEBUG glance.common.config [None req-60ab132e-cf88-493a-a27b-4064060b6072 None None] logging_default_format_string = %(color)s%(levelname)s %(name)s [-%(color)s] %(instance)s%(color)s%(message)s {{(pid=75262) log_opt_values /opt/stack/data/venv/lib/python3.10/site-packages/oslo_config/cfg.py:2817}}
Jan 27 14:07:37 devstack devstack@g-api.service[75262]: DEBUG glance.common.config [None req-60ab132e-cf88-493a-a27b-4064060b6072 None None] logging_exception_prefix = ERROR %(name)s %(instance)s {{(pid=75262) log_opt_values /opt/stack/data/venv/lib/python3.10/site-packages/oslo_config/cfg.py:2817}}
Jan 27 14:07:37 devstack devstack@g-api.service[75262]: DEBUG glance.common.config [None req-60ab132e-cf88-493a-a27b-4064060b6072 None None] logging_user_identity_format = %(user)s %(project)s %(domain)s %(system_scope)s %(user_domain)s %(project_domain)s {{(pid=75262) log_opt_values /opt/stack/data/venv/lib/python3.10/site-packages/oslo_config/cfg.py:2817}}
Jan 27 14:07:37 devstack devstack@g-api.service[75262]: DEBUG glance.common.config [None req-60ab132e-cf88-493a-a27b-4064060b6072 None None] max_header_line = 16384 {{(pid=75262) log_opt_values /opt/stack/data/venv/lib/python3.10/site-packages/oslo_config/cfg.py:2817}}
Jan 27 14:07:37 devstack devstack@g-api.service[75262]: DEBUG glance.common.config [None req-60ab132e-cf88-493a-a27b-4064060b6072 None None] max_logfile_count = 30 {{(pid=75262) log_opt_values /opt/stack/data/venv/lib/python3.10/site-packages/oslo_config/cfg.py:2817}}
Jan 27 14:07:37 devstack devstack@g-api.service[75262]: DEBUG glance.common.config [None req-60ab132e-cf88-493a-a27b-4064060b6072 None None] max_logfile_size_mb = 200 {{(pid=75262) log_opt_values /opt/stack/data/venv/lib/python3.10/site-packages/oslo_config/cfg.py:2817}}
Jan 27 14:07:37 devstack devstack@g-api.service[75262]: DEBUG glance.common.config [None req-60ab132e-cf88-493a-a27b-4064060b6072 None None] max_request_id_length = 64 {{(pid=75262) log_opt_values /opt/stack/data/venv/lib/python3.10/site-packages/oslo_config/cfg.py:2817}}
Jan 27 14:07:37 devstack devstack@g-api.service[75262]: DEBUG glance.common.config [None req-60ab132e-cf88-493a-a27b-4064060b6072 None None] metadata_encryption_key = **** {{(pid=75262) log_opt_values /opt/stack/data/venv/lib/python3.10/site-packages/oslo_config/cfg.py:2817}}
Jan 27 14:07:37 devstack devstack@g-api.service[75262]: DEBUG glance.common.config [None req-60ab132e-cf88-493a-a27b-4064060b6072 None None] node_staging_uri = file:///tmp/staging/ {{(pid=75262) log_opt_values /opt/stack/data/venv/lib/python3.10/site-packages/oslo_config/cfg.py:2817}}
Jan 27 14:07:37 devstack devstack@g-api.service[75262]: DEBUG glance.common.config [None req-60ab132e-cf88-493a-a27b-4064060b6072 None None] property_protection_file = None {{(pid=75262) log_opt_values /opt/stack/data/venv/lib/python3.10/site-packages/oslo_config/cfg.py:2817}}
Jan 27 14:07:37 devstack devstack@g-api.service[75262]: DEBUG glance.common.config [None req-60ab132e-cf88-493a-a27b-4064060b6072 None None] property_protection_rule_format = roles {{(pid=75262) log_opt_values /opt/stack/data/venv/lib/python3.10/site-packages/oslo_config/cfg.py:2817}}
Jan 27 14:07:37 devstack devstack@g-api.service[75262]: DEBUG glance.common.config [None req-60ab132e-cf88-493a-a27b-4064060b6072 None None] public_endpoint = http://192.168.122.6/image {{(pid=75262) log_opt_values /opt/stack/data/venv/lib/python3.10/site-packages/oslo_config/cfg.py:2817}}
Jan 27 14:07:37 devstack devstack@g-api.service[75262]: DEBUG glance.common.config [None req-60ab132e-cf88-493a-a27b-4064060b6072 None None] publish_errors = False {{(pid=75262) log_opt_values /opt/stack/data/venv/lib/python3.10/site-packages/oslo_config/cfg.py:2817}}
Jan 27 14:07:37 devstack devstack@g-api.service[75262]: DEBUG glance.common.config [None req-60ab132e-cf88-493a-a27b-4064060b6072 None None] pydev_worker_debug_host = None {{(pid=75262) log_opt_values /opt/stack/data/venv/lib/python3.10/site-packages/oslo_config/cfg.py:2817}}
Jan 27 14:07:37 devstack devstack@g-api.service[75262]: DEBUG glance.common.config [None req-60ab132e-cf88-493a-a27b-4064060b6072 None None] pydev_worker_debug_port = 5678 {{(pid=75262) log_opt_values /opt/stack/data/venv/lib/python3.10/site-packages/oslo_config/cfg.py:2817}}
Jan 27 14:07:37 devstack devstack@g-api.service[75262]: DEBUG glance.common.config [None req-60ab132e-cf88-493a-a27b-4064060b6072 None None] rate_limit_burst = 0 {{(pid=75262) log_opt_values /opt/stack/data/venv/lib/python3.10/site-packages/oslo_config/cfg.py:2817}}
Jan 27 14:07:37 devstack devstack@g-api.service[75262]: DEBUG glance.common.config [None req-60ab132e-cf88-493a-a27b-4064060b6072 None None] rate_limit_except_level = CRITICAL {{(pid=75262) log_opt_values /opt/stack/data/venv/lib/python3.10/site-packages/oslo_config/cfg.py:2817}}
Jan 27 14:07:37 devstack devstack@g-api.service[75262]: DEBUG glance.common.config [None req-60ab132e-cf88-493a-a27b-4064060b6072 None None] rate_limit_interval = 0 {{(pid=75262) log_opt_values /opt/stack/data/venv/lib/python3.10/site-packages/oslo_config/cfg.py:2817}}
Jan 27 14:07:37 devstack devstack@g-api.service[75262]: DEBUG glance.common.config [None req-60ab132e-cf88-493a-a27b-4064060b6072 None None] scrub_pool_size = 1 {{(pid=75262) log_opt_values /opt/stack/data/venv/lib/python3.10/site-packages/oslo_config/cfg.py:2817}}
Jan 27 14:07:37 devstack devstack@g-api.service[75262]: DEBUG glance.common.config [None req-60ab132e-cf88-493a-a27b-4064060b6072 None None] scrub_time = 0 {{(pid=75262) log_opt_values /opt/stack/data/venv/lib/python3.10/site-packages/oslo_config/cfg.py:2817}}
Jan 27 14:07:37 devstack devstack@g-api.service[75262]: DEBUG glance.common.config [None req-60ab132e-cf88-493a-a27b-4064060b6072 None None] shell_completion = None {{(pid=75262) log_opt_values /opt/stack/data/venv/lib/python3.10/site-packages/oslo_config/cfg.py:2817}}
Jan 27 14:07:37 devstack devstack@g-api.service[75262]: DEBUG glance.common.config [None req-60ab132e-cf88-493a-a27b-4064060b6072 None None] show_image_direct_url = False {{(pid=75262) log_opt_values /opt/stack/data/venv/lib/python3.10/site-packages/oslo_config/cfg.py:2817}}
Jan 27 14:07:37 devstack devstack@g-api.service[75262]: WARNING oslo_config.cfg [None req-60ab132e-cf88-493a-a27b-4064060b6072 None None] Deprecated: Option "show_multiple_locations" from group "DEFAULT" is deprecated for removal (Use of this option, deprecated since Newton, is a security risk and will be removed once we figure out a way to satisfy those use cases that currently require it. An earlier announcement that the same functionality can be achieved with greater granularity by using policies is incorrect. You cannot work around this option via policy configuration at the present time, though that is the direction we believe the fix will take. Please keep an eye on the Glance release notes to stay up to date on progress in addressing this issue.). Its value may be silently ignored in the future.
Jan 27 14:07:37 devstack devstack@g-api.service[75262]: DEBUG glance.common.config [None req-60ab132e-cf88-493a-a27b-4064060b6072 None None] show_multiple_locations = False {{(pid=75262) log_opt_values /opt/stack/data/venv/lib/python3.10/site-packages/oslo_config/cfg.py:2817}}
Jan 27 14:07:37 devstack devstack@g-api.service[75262]: DEBUG glance.common.config [None req-60ab132e-cf88-493a-a27b-4064060b6072 None None] syslog_log_facility = LOG_USER {{(pid=75262) log_opt_values /opt/stack/data/venv/lib/python3.10/site-packages/oslo_config/cfg.py:2817}}
Jan 27 14:07:37 devstack devstack@g-api.service[75262]: DEBUG glance.common.config [None req-60ab132e-cf88-493a-a27b-4064060b6072 None None] tcp_keepidle = 600 {{(pid=75262) log_opt_values /opt/stack/data/venv/lib/python3.10/site-packages/oslo_config/cfg.py:2817}}
