Aug 28 16:19:14 devstack cinder-volume[86193]: DEBUG oslo.privsep.daemon [-] privsep: reply[9d1a6041-f4ae-40e5-9fd4-531f1d69df29]: (4, 'qcow2') {{(pid=87665) _call_back /opt/stack/data/venv/lib/python3.12/site-packages/oslo_privsep/daemon.py:580}}
Aug 28 16:19:14 devstack cinder-volume[86193]: DEBUG oslo_concurrency.processutils [None req-da61ad13-0028-4863-a348-d6951187623e tempest-SnapshotsActionsTest-844201184 None] Running cmd (subprocess): /opt/stack/data/venv/bin/python3.12 -m oslo_concurrency.prlimit --as=1073741824 --cpu=60 -- sudo cinder-rootwrap /etc/cinder/rootwrap.conf env LC_ALL=C qemu-img info -f qcow2 --output=json --force-share /opt/stack/data/cinder/mnt/cb15b9a419addfff2481ffb223ec22a9/volume-37ff591b-ed89-4c25-b62c-c8b092b57288.6f698346-24fc-4316-aaba-bcef1c8042a4 {{(pid=86193) execute /opt/stack/data/venv/lib/python3.12/site-packages/oslo_concurrency/processutils.py:440}}
Aug 28 16:19:14 devstack sudo[90170]: quobyte : PWD=/ ; USER=root ; COMMAND=/opt/stack/data/venv/bin/cinder-rootwrap /etc/cinder/rootwrap.conf env LC_ALL=C qemu-img info -f qcow2 --output=json --force-share /opt/stack/data/cinder/mnt/cb15b9a419addfff2481ffb223ec22a9/volume-37ff591b-ed89-4c25-b62c-c8b092b57288.6f698346-24fc-4316-aaba-bcef1c8042a4
Aug 28 16:19:14 devstack sudo[90170]: pam_unix(sudo:session): session opened for user root(uid=0) by (uid=1000)
Aug 28 16:19:15 devstack sudo[90170]: pam_unix(sudo:session): session closed for user root
Aug 28 16:19:15 devstack cinder-volume[86193]: DEBUG oslo_concurrency.processutils [None req-da61ad13-0028-4863-a348-d6951187623e tempest-SnapshotsActionsTest-844201184 None] CMD "/opt/stack/data/venv/bin/python3.12 -m oslo_concurrency.prlimit --as=1073741824 --cpu=60 -- sudo cinder-rootwrap /etc/cinder/rootwrap.conf env LC_ALL=C qemu-img info -f qcow2 --output=json --force-share /opt/stack/data/cinder/mnt/cb15b9a419addfff2481ffb223ec22a9/volume-37ff591b-ed89-4c25-b62c-c8b092b57288.6f698346-24fc-4316-aaba-bcef1c8042a4" returned: 0 in 0.882s {{(pid=86193) execute /opt/stack/data/venv/lib/python3.12/site-packages/oslo_concurrency/processutils.py:468}}
Aug 28 16:19:15 devstack cinder-volume[86193]: DEBUG cinder.volume.drivers.remotefs [None req-da61ad13-0028-4863-a348-d6951187623e tempest-SnapshotsActionsTest-844201184 None] Fetching qemu-img info with special backing_file_template: (/opt/stack/data/cinder/mnt/[0-9a-f]+/)?(volume-37ff591b-ed89-4c25-b62c-c8b092b57288(.(tmp-snap-)?[0-9a-f-]+)?|volume_from_snapshot_cache/(tmp-snap-)?[0-9a-f-]+(.(child-|parent-)[0-9a-f-]+)?)$ {{(pid=86193) _qemu_img_info_base /opt/stack/cinder/cinder/volume/drivers/remotefs.py:896}}
Aug 28 16:19:15 devstack cinder-volume[86193]: DEBUG oslo_concurrency.processutils [None req-da61ad13-0028-4863-a348-d6951187623e tempest-SnapshotsActionsTest-844201184 None] Running cmd (subprocess): sudo cinder-rootwrap /etc/cinder/rootwrap.conf qemu-img create -f qcow2 -o backing_file=/opt/stack/data/cinder/mnt/cb15b9a419addfff2481ffb223ec22a9/volume-37ff591b-ed89-4c25-b62c-c8b092b57288.6f698346-24fc-4316-aaba-bcef1c8042a4,backing_fmt=qcow2 /opt/stack/data/cinder/mnt/cb15b9a419addfff2481ffb223ec22a9/volume-37ff591b-ed89-4c25-b62c-c8b092b57288.4946b34c-e495-4d9e-90fd-032255df363e 1G {{(pid=86193) execute /opt/stack/data/venv/lib/python3.12/site-packages/oslo_concurrency/processutils.py:440}}
Aug 28 16:19:15 devstack sudo[90181]: quobyte : PWD=/ ; USER=root ; COMMAND=/opt/stack/data/venv/bin/cinder-rootwrap /etc/cinder/rootwrap.conf qemu-img create -f qcow2 -o backing_file=/opt/stack/data/cinder/mnt/cb15b9a419addfff2481ffb223ec22a9/volume-37ff591b-ed89-4c25-b62c-c8b092b57288.6f698346-24fc-4316-aaba-bcef1c8042a4,backing_fmt=qcow2 /opt/stack/data/cinder/mnt/cb15b9a419addfff2481ffb223ec22a9/volume-37ff591b-ed89-4c25-b62c-c8b092b57288.4946b34c-e495-4d9e-90fd-032255df363e 1G
Aug 28 16:19:15 devstack sudo[90181]: pam_unix(sudo:session): session opened for user root(uid=0) by (uid=1000)
Aug 28 16:19:16 devstack sudo[90181]: pam_unix(sudo:session): session closed for user root
Aug 28 16:19:16 devstack cinder-volume[86193]: DEBUG oslo_concurrency.processutils [None req-da61ad13-0028-4863-a348-d6951187623e tempest-SnapshotsActionsTest-844201184 None] CMD "sudo cinder-rootwrap /etc/cinder/rootwrap.conf qemu-img create -f qcow2 -o backing_file=/opt/stack/data/cinder/mnt/cb15b9a419addfff2481ffb223ec22a9/volume-37ff591b-ed89-4c25-b62c-c8b092b57288.6f698346-24fc-4316-aaba-bcef1c8042a4,backing_fmt=qcow2 /opt/stack/data/cinder/mnt/cb15b9a419addfff2481ffb223ec22a9/volume-37ff591b-ed89-4c25-b62c-c8b092b57288.4946b34c-e495-4d9e-90fd-032255df363e 1G" returned: 0 in 1.112s {{(pid=86193) execute /opt/stack/data/venv/lib/python3.12/site-packages/oslo_concurrency/processutils.py:468}}
Aug 28 16:19:16 devstack cinder-volume[86193]: DEBUG oslo_concurrency.processutils [None req-da61ad13-0028-4863-a348-d6951187623e tempest-SnapshotsActionsTest-844201184 None] Running cmd (subprocess): sudo cinder-rootwrap /etc/cinder/rootwrap.conf qemu-img rebase -u -b volume-37ff591b-ed89-4c25-b62c-c8b092b57288.6f698346-24fc-4316-aaba-bcef1c8042a4 -F qcow2 /opt/stack/data/cinder/mnt/cb15b9a419addfff2481ffb223ec22a9/volume-37ff591b-ed89-4c25-b62c-c8b092b57288.4946b34c-e495-4d9e-90fd-032255df363e {{(pid=86193) execute /opt/stack/data/venv/lib/python3.12/site-packages/oslo_concurrency/processutils.py:440}}
Aug 28 16:19:16 devstack sudo[90190]: quobyte : PWD=/ ; USER=root ; COMMAND=/opt/stack/data/venv/bin/cinder-rootwrap /etc/cinder/rootwrap.conf qemu-img rebase -u -b volume-37ff591b-ed89-4c25-b62c-c8b092b57288.6f698346-24fc-4316-aaba-bcef1c8042a4 -F qcow2 /opt/stack/data/cinder/mnt/cb15b9a419addfff2481ffb223ec22a9/volume-37ff591b-ed89-4c25-b62c-c8b092b57288.4946b34c-e495-4d9e-90fd-032255df363e
Aug 28 16:19:16 devstack sudo[90190]: pam_unix(sudo:session): session opened for user root(uid=0) by (uid=1000)
Aug 28 16:19:17 devstack sudo[90190]: pam_unix(sudo:session): session closed for user root
Aug 28 16:19:17 devstack cinder-volume[86193]: DEBUG oslo_concurrency.processutils [None req-da61ad13-0028-4863-a348-d6951187623e tempest-SnapshotsActionsTest-844201184 None] CMD "sudo cinder-rootwrap /etc/cinder/rootwrap.conf qemu-img rebase -u -b volume-37ff591b-ed89-4c25-b62c-c8b092b57288.6f698346-24fc-4316-aaba-bcef1c8042a4 -F qcow2 /opt/stack/data/cinder/mnt/cb15b9a419addfff2481ffb223ec22a9/volume-37ff591b-ed89-4c25-b62c-c8b092b57288.4946b34c-e495-4d9e-90fd-032255df363e" returned: 0 in 0.865s {{(pid=86193) execute /opt/stack/data/venv/lib/python3.12/site-packages/oslo_concurrency/processutils.py:468}}
Aug 28 16:19:17 devstack cinder-volume[86193]: WARNING cinder.volume.drivers.remotefs [None req-da61ad13-0028-4863-a348-d6951187623e tempest-SnapshotsActionsTest-844201184 None] /opt/stack/data/cinder/mnt/cb15b9a419addfff2481ffb223ec22a9/volume-37ff591b-ed89-4c25-b62c-c8b092b57288.4946b34c-e495-4d9e-90fd-032255df363e is being set with open permissions: ugo+rw
Aug 28 16:19:17 devstack cinder-volume[86193]: DEBUG oslo_concurrency.processutils [None req-da61ad13-0028-4863-a348-d6951187623e tempest-SnapshotsActionsTest-844201184 None] Running cmd (subprocess): sudo cinder-rootwrap /etc/cinder/rootwrap.conf chmod ugo+rw /opt/stack/data/cinder/mnt/cb15b9a419addfff2481ffb223ec22a9/volume-37ff591b-ed89-4c25-b62c-c8b092b57288.4946b34c-e495-4d9e-90fd-032255df363e {{(pid=86193) execute /opt/stack/data/venv/lib/python3.12/site-packages/oslo_concurrency/processutils.py:440}}
Aug 28 16:19:17 devstack sudo[90205]: quobyte : PWD=/ ; USER=root ; COMMAND=/opt/stack/data/venv/bin/cinder-rootwrap /etc/cinder/rootwrap.conf chmod ugo+rw /opt/stack/data/cinder/mnt/cb15b9a419addfff2481ffb223ec22a9/volume-37ff591b-ed89-4c25-b62c-c8b092b57288.4946b34c-e495-4d9e-90fd-032255df363e
Aug 28 16:19:17 devstack sudo[90205]: pam_unix(sudo:session): session opened for user root(uid=0) by (uid=1000)
Aug 28 16:19:18 devstack sudo[90205]: pam_unix(sudo:session): session closed for user root
Aug 28 16:19:18 devstack cinder-volume[86193]: DEBUG oslo_concurrency.processutils [None req-da61ad13-0028-4863-a348-d6951187623e tempest-SnapshotsActionsTest-844201184 None] CMD "sudo cinder-rootwrap /etc/cinder/rootwrap.conf chmod ugo+rw /opt/stack/data/cinder/mnt/cb15b9a419addfff2481ffb223ec22a9/volume-37ff591b-ed89-4c25-b62c-c8b092b57288.4946b34c-e495-4d9e-90fd-032255df363e" returned: 0 in 0.686s {{(pid=86193) execute /opt/stack/data/venv/lib/python3.12/site-packages/oslo_concurrency/processutils.py:468}}
Aug 28 16:19:18 devstack cinder-volume[86193]: DEBUG oslo_concurrency.lockutils [None req-da61ad13-0028-4863-a348-d6951187623e tempest-SnapshotsActionsTest-844201184 None] Lock "quobyte" "released" by "cinder.volume.drivers.quobyte.QuobyteDriver.create_snapshot" :: held 3.914s {{(pid=86193) inner /opt/stack/data/venv/lib/python3.12/site-packages/oslo_concurrency/lockutils.py:544}}
Aug 28 16:19:18 devstack cinder-volume[86193]: INFO cinder.volume.manager [None req-da61ad13-0028-4863-a348-d6951187623e tempest-SnapshotsActionsTest-844201184 None] Create snapshot completed successfully
Aug 28 16:19:19 devstack cinder-volume[86193]: DEBUG cinder.coordination [None req-12f16ced-ed95-4d19-afe9-f86cd3a71023 tempest-SnapshotsActionsTest-2033921353 None] Acquiring lock "cinder-4946b34c-e495-4d9e-90fd-032255df363e-delete_snapshot" by "delete_snapshot" {{(pid=86193) __acquire /opt/stack/cinder/cinder/coordination.py:138}}
Aug 28 16:19:19 devstack cinder-volume[86193]: DEBUG cinder.coordination [None req-12f16ced-ed95-4d19-afe9-f86cd3a71023 tempest-SnapshotsActionsTest-2033921353 None] Lock "cinder-4946b34c-e495-4d9e-90fd-032255df363e-delete_snapshot" acquired by "delete_snapshot" :: waited 0.083s {{(pid=86193) __acquire /opt/stack/cinder/cinder/coordination.py:141}}
Aug 28 16:19:19 devstack cinder-volume[86193]: DEBUG cinder.coordination [None req-12f16ced-ed95-4d19-afe9-f86cd3a71023 tempest-SnapshotsActionsTest-2033921353 None] Acquiring lock "cinder-quobyte-37ff591b-ed89-4c25-b62c-c8b092b57288" by "delete_snapshot" {{(pid=86193) __acquire /opt/stack/cinder/cinder/coordination.py:138}}
Aug 28 16:19:19 devstack cinder-volume[86193]: DEBUG cinder.coordination [None req-12f16ced-ed95-4d19-afe9-f86cd3a71023 tempest-SnapshotsActionsTest-2033921353 None] Lock "cinder-quobyte-37ff591b-ed89-4c25-b62c-c8b092b57288" acquired by "delete_snapshot" :: waited 0.051s {{(pid=86193) __acquire /opt/stack/cinder/cinder/coordination.py:141}}
Aug 28 16:19:19 devstack cinder-volume[86193]: DEBUG cinder.coordination [None req-12f16ced-ed95-4d19-afe9-f86cd3a71023 tempest-SnapshotsActionsTest-2033921353 None] Acquiring lock "cinder-quobyte-4946b34c-e495-4d9e-90fd-032255df363e" by "_delete_snapshot" {{(pid=86193) __acquire /opt/stack/cinder/cinder/coordination.py:138}}
Aug 28 16:19:19 devstack cinder-volume[86193]: DEBUG cinder.coordination [None req-12f16ced-ed95-4d19-afe9-f86cd3a71023 tempest-SnapshotsActionsTest-2033921353 None] Lock "cinder-quobyte-4946b34c-e495-4d9e-90fd-032255df363e" acquired by "_delete_snapshot" :: waited 0.044s {{(pid=86193) __acquire /opt/stack/cinder/cinder/coordination.py:141}}
Aug 28 16:19:19 devstack cinder-volume[86193]: DEBUG cinder.volume.drivers.remotefs [None req-12f16ced-ed95-4d19-afe9-f86cd3a71023 tempest-SnapshotsActionsTest-2033921353 None] Deleting offline snapshot 4946b34c-e495-4d9e-90fd-032255df363e of volume 37ff591b-ed89-4c25-b62c-c8b092b57288 {{(pid=86193) _delete_snapshot /opt/stack/cinder/cinder/volume/drivers/remotefs.py:1288}}
Aug 28 16:19:19 devstack cinder-volume[86193]: DEBUG cinder.volume.drivers.remotefs [None req-12f16ced-ed95-4d19-afe9-f86cd3a71023 tempest-SnapshotsActionsTest-2033921353 None] snapshot_file for this snap is: volume-37ff591b-ed89-4c25-b62c-c8b092b57288.4946b34c-e495-4d9e-90fd-032255df363e {{(pid=86193) _delete_snapshot /opt/stack/cinder/cinder/volume/drivers/remotefs.py:1317}}
Aug 28 16:19:19 devstack cinder-volume[86193]: DEBUG oslo.privsep.daemon [-] privsep: reply[739baf52-e837-4fc4-bd81-ca3297da0934]: (4, 'qcow2') {{(pid=87665) _call_back /opt/stack/data/venv/lib/python3.12/site-packages/oslo_privsep/daemon.py:580}}
Aug 28 16:19:19 devstack cinder-volume[86193]: DEBUG oslo_concurrency.processutils [None req-12f16ced-ed95-4d19-afe9-f86cd3a71023 tempest-SnapshotsActionsTest-2033921353 None] Running cmd (subprocess): /opt/stack/data/venv/bin/python3.12 -m oslo_concurrency.prlimit --as=1073741824 --cpu=60 -- sudo cinder-rootwrap /etc/cinder/rootwrap.conf env LC_ALL=C qemu-img info -f qcow2 --output=json --force-share /opt/stack/data/cinder/mnt/cb15b9a419addfff2481ffb223ec22a9/volume-37ff591b-ed89-4c25-b62c-c8b092b57288.4946b34c-e495-4d9e-90fd-032255df363e {{(pid=86193) execute /opt/stack/data/venv/lib/python3.12/site-packages/oslo_concurrency/processutils.py:440}}
Aug 28 16:19:20 devstack sudo[90274]: quobyte : PWD=/ ; USER=root ; COMMAND=/opt/stack/data/venv/bin/cinder-rootwrap /etc/cinder/rootwrap.conf env LC_ALL=C qemu-img info -f qcow2 --output=json --force-share /opt/stack/data/cinder/mnt/cb15b9a419addfff2481ffb223ec22a9/volume-37ff591b-ed89-4c25-b62c-c8b092b57288.4946b34c-e495-4d9e-90fd-032255df363e
Aug 28 16:19:20 devstack sudo[90274]: pam_unix(sudo:session): session opened for user root(uid=0) by (uid=1000)
Aug 28 16:19:20 devstack sudo[90274]: pam_unix(sudo:session): session closed for user root
Aug 28 16:19:20 devstack cinder-volume[86193]: DEBUG oslo_concurrency.processutils [None req-12f16ced-ed95-4d19-afe9-f86cd3a71023 tempest-SnapshotsActionsTest-2033921353 None] CMD "/opt/stack/data/venv/bin/python3.12 -m oslo_concurrency.prlimit --as=1073741824 --cpu=60 -- sudo cinder-rootwrap /etc/cinder/rootwrap.conf env LC_ALL=C qemu-img info -f qcow2 --output=json --force-share /opt/stack/data/cinder/mnt/cb15b9a419addfff2481ffb223ec22a9/volume-37ff591b-ed89-4c25-b62c-c8b092b57288.4946b34c-e495-4d9e-90fd-032255df363e" returned: 0 in 1.245s {{(pid=86193) execute /opt/stack/data/venv/lib/python3.12/site-packages/oslo_concurrency/processutils.py:468}}
Aug 28 16:19:20 devstack cinder-volume[86193]: DEBUG cinder.volume.drivers.remotefs [None req-12f16ced-ed95-4d19-afe9-f86cd3a71023 tempest-SnapshotsActionsTest-2033921353 None] Fetching qemu-img info with special backing_file_template: (/opt/stack/data/cinder/mnt/[0-9a-f]+/)?(volume-37ff591b-ed89-4c25-b62c-c8b092b57288(.(tmp-snap-)?[0-9a-f-]+)?|volume_from_snapshot_cache/(tmp-snap-)?[0-9a-f-]+(.(child-|parent-)[0-9a-f-]+)?)$ {{(pid=86193) _qemu_img_info_base /opt/stack/cinder/cinder/volume/drivers/remotefs.py:896}}
Aug 28 16:19:21 devstack cinder-volume[86193]: DEBUG oslo.privsep.daemon [-] privsep: reply[9c681f16-2288-4cd5-83c0-4c04e323be62]: (4, 'qcow2') {{(pid=87665) _call_back /opt/stack/data/venv/lib/python3.12/site-packages/oslo_privsep/daemon.py:580}}
Aug 28 16:19:21 devstack cinder-volume[86193]: DEBUG oslo_concurrency.processutils [None req-12f16ced-ed95-4d19-afe9-f86cd3a71023 tempest-SnapshotsActionsTest-2033921353 None] Running cmd (subprocess): /opt/stack/data/venv/bin/python3.12 -m oslo_concurrency.prlimit --as=1073741824 --cpu=60 -- sudo cinder-rootwrap /etc/cinder/rootwrap.conf env LC_ALL=C qemu-img info -f qcow2 --output=json --force-share /opt/stack/data/cinder/mnt/cb15b9a419addfff2481ffb223ec22a9/volume-37ff591b-ed89-4c25-b62c-c8b092b57288.6f698346-24fc-4316-aaba-bcef1c8042a4 {{(pid=86193) execute /opt/stack/data/venv/lib/python3.12/site-packages/oslo_concurrency/processutils.py:440}}
Aug 28 16:19:21 devstack sudo[90285]: quobyte : PWD=/ ; USER=root ; COMMAND=/opt/stack/data/venv/bin/cinder-rootwrap /etc/cinder/rootwrap.conf env LC_ALL=C qemu-img info -f qcow2 --output=json --force-share /opt/stack/data/cinder/mnt/cb15b9a419addfff2481ffb223ec22a9/volume-37ff591b-ed89-4c25-b62c-c8b092b57288.6f698346-24fc-4316-aaba-bcef1c8042a4
Aug 28 16:19:21 devstack sudo[90285]: pam_unix(sudo:session): session opened for user root(uid=0) by (uid=1000)
Aug 28 16:19:21 devstack sudo[90285]: pam_unix(sudo:session): session closed for user root
Aug 28 16:19:21 devstack cinder-volume[86193]: DEBUG oslo_concurrency.processutils [None req-12f16ced-ed95-4d19-afe9-f86cd3a71023 tempest-SnapshotsActionsTest-2033921353 None] CMD "/opt/stack/data/venv/bin/python3.12 -m oslo_concurrency.prlimit --as=1073741824 --cpu=60 -- sudo cinder-rootwrap /etc/cinder/rootwrap.conf env LC_ALL=C qemu-img info -f qcow2 --output=json --force-share /opt/stack/data/cinder/mnt/cb15b9a419addfff2481ffb223ec22a9/volume-37ff591b-ed89-4c25-b62c-c8b092b57288.6f698346-24fc-4316-aaba-bcef1c8042a4" returned: 0 in 0.787s {{(pid=86193) execute /opt/stack/data/venv/lib/python3.12/site-packages/oslo_concurrency/processutils.py:468}}
Aug 28 16:19:21 devstack cinder-volume[86193]: DEBUG cinder.volume.drivers.remotefs [None req-12f16ced-ed95-4d19-afe9-f86cd3a71023 tempest-SnapshotsActionsTest-2033921353 None] Fetching qemu-img info with special backing_file_template: (/opt/stack/data/cinder/mnt/[0-9a-f]+/)?(volume-37ff591b-ed89-4c25-b62c-c8b092b57288(.(tmp-snap-)?[0-9a-f-]+)?|volume_from_snapshot_cache/(tmp-snap-)?[0-9a-f-]+(.(child-|parent-)[0-9a-f-]+)?)$ {{(pid=86193) _qemu_img_info_base /opt/stack/cinder/cinder/volume/drivers/remotefs.py:896}}
Aug 28 16:19:21 devstack cinder-volume[86193]: DEBUG oslo_concurrency.processutils [None req-12f16ced-ed95-4d19-afe9-f86cd3a71023 tempest-SnapshotsActionsTest-2033921353 None] Running cmd (subprocess): sudo cinder-rootwrap /etc/cinder/rootwrap.conf qemu-img commit -d /opt/stack/data/cinder/mnt/cb15b9a419addfff2481ffb223ec22a9/volume-37ff591b-ed89-4c25-b62c-c8b092b57288.4946b34c-e495-4d9e-90fd-032255df363e {{(pid=86193) execute /opt/stack/data/venv/lib/python3.12/site-packages/oslo_concurrency/processutils.py:440}}
Aug 28 16:19:21 devstack sudo[90294]: quobyte : PWD=/ ; USER=root ; COMMAND=/opt/stack/data/venv/bin/cinder-rootwrap /etc/cinder/rootwrap.conf qemu-img commit -d /opt/stack/data/cinder/mnt/cb15b9a419addfff2481ffb223ec22a9/volume-37ff591b-ed89-4c25-b62c-c8b092b57288.4946b34c-e495-4d9e-90fd-032255df363e
Aug 28 16:19:21 devstack sudo[90294]: pam_unix(sudo:session): session opened for user root(uid=0) by (uid=1000)
Aug 28 16:19:22 devstack sudo[90294]: pam_unix(sudo:session): session closed for user root
Aug 28 16:19:22 devstack cinder-volume[86193]: DEBUG oslo_concurrency.processutils [None req-12f16ced-ed95-4d19-afe9-f86cd3a71023 tempest-SnapshotsActionsTest-2033921353 None] CMD "sudo cinder-rootwrap /etc/cinder/rootwrap.conf qemu-img commit -d /opt/stack/data/cinder/mnt/cb15b9a419addfff2481ffb223ec22a9/volume-37ff591b-ed89-4c25-b62c-c8b092b57288.4946b34c-e495-4d9e-90fd-032255df363e" returned: 0 in 1.105s {{(pid=86193) execute /opt/stack/data/venv/lib/python3.12/site-packages/oslo_concurrency/processutils.py:468}}
Aug 28 16:19:22 devstack cinder-volume[86193]: DEBUG oslo_concurrency.processutils [None req-12f16ced-ed95-4d19-afe9-f86cd3a71023 tempest-SnapshotsActionsTest-2033921353 None] Running cmd (subprocess): sudo cinder-rootwrap /etc/cinder/rootwrap.conf rm -f /opt/stack/data/cinder/mnt/cb15b9a419addfff2481ffb223ec22a9/volume-37ff591b-ed89-4c25-b62c-c8b092b57288.4946b34c-e495-4d9e-90fd-032255df363e {{(pid=86193) execute /opt/stack/data/venv/lib/python3.12/site-packages/oslo_concurrency/processutils.py:440}}
Aug 28 16:19:23 devstack sudo[90304]: quobyte : PWD=/ ; USER=root ; COMMAND=/opt/stack/data/venv/bin/cinder-rootwrap /etc/cinder/rootwrap.conf rm -f /opt/stack/data/cinder/mnt/cb15b9a419addfff2481ffb223ec22a9/volume-37ff591b-ed89-4c25-b62c-c8b092b57288.4946b34c-e495-4d9e-90fd-032255df363e
Aug 28 16:19:23 devstack sudo[90304]: pam_unix(sudo:session): session opened for user root(uid=0) by (uid=1000)
Aug 28 16:19:23 devstack sudo[90304]: pam_unix(sudo:session): session closed for user root
Aug 28 16:19:23 devstack cinder-volume[86193]: DEBUG oslo_concurrency.processutils [None req-12f16ced-ed95-4d19-afe9-f86cd3a71023 tempest-SnapshotsActionsTest-2033921353 None] CMD "sudo cinder-rootwrap /etc/cinder/rootwrap.conf rm -f /opt/stack/data/cinder/mnt/cb15b9a419addfff2481ffb223ec22a9/volume-37ff591b-ed89-4c25-b62c-c8b092b57288.4946b34c-e495-4d9e-90fd-032255df363e" returned: 0 in 0.687s {{(pid=86193) execute /opt/stack/data/venv/lib/python3.12/site-packages/oslo_concurrency/processutils.py:468}}
Aug 28 16:19:23 devstack cinder-volume[86193]: DEBUG cinder.coordination [None req-12f16ced-ed95-4d19-afe9-f86cd3a71023 tempest-SnapshotsActionsTest-2033921353 None] Lock "cinder-quobyte-4946b34c-e495-4d9e-90fd-032255df363e" released by "_delete_snapshot" :: held 4.084s {{(pid=86193) __release /opt/stack/cinder/cinder/coordination.py:152}}
Aug 28 16:19:23 devstack cinder-volume[86193]: DEBUG cinder.coordination [None req-12f16ced-ed95-4d19-afe9-f86cd3a71023 tempest-SnapshotsActionsTest-2033921353 None] Lock "cinder-quobyte-37ff591b-ed89-4c25-b62c-c8b092b57288" released by "delete_snapshot" :: held 4.157s {{(pid=86193) __release /opt/stack/cinder/cinder/coordination.py:152}}
Aug 28 16:19:23 devstack cinder-volume[86193]: WARNING cinder.quota [None req-12f16ced-ed95-4d19-afe9-f86cd3a71023 tempest-SnapshotsActionsTest-2033921353 None] Deprecated: Default quota for resource: snapshots_QuobyteHD is set by the default quota flag: quota_snapshots_QuobyteHD, it is now deprecated. Please use the default quota class for default quota.
Aug 28 16:19:23 devstack cinder-volume[86193]: DEBUG cinder.quota [None req-12f16ced-ed95-4d19-afe9-f86cd3a71023 tempest-SnapshotsActionsTest-2033921353 None] Created reservations ['e1589203-880e-4aba-968a-57c1448760ae', '07147b51-9965-413e-96eb-ba9d076a30f2', 'd8b5a27d-99ba-49bd-80cf-eeb64aaaa089', '873f3de0-f3f9-4638-91ea-cb8c221a577d'] {{(pid=86193) reserve /opt/stack/cinder/cinder/quota.py:752}}
Aug 28 16:19:23 devstack cinder-volume[86193]: INFO cinder.volume.manager [None req-12f16ced-ed95-4d19-afe9-f86cd3a71023 tempest-SnapshotsActionsTest-2033921353 None] Delete snapshot completed successfully.
Aug 28 16:19:23 devstack cinder-volume[86193]: DEBUG cinder.coordination [None req-12f16ced-ed95-4d19-afe9-f86cd3a71023 tempest-SnapshotsActionsTest-2033921353 None] Lock "cinder-4946b34c-e495-4d9e-90fd-032255df363e-delete_snapshot" released by "delete_snapshot" :: held 4.510s {{(pid=86193) __release /opt/stack/cinder/cinder/coordination.py:152}}
Aug 28 16:19:26 devstack cinder-volume[86193]: DEBUG oslo_concurrency.lockutils [None req-9c20399a-d70d-4e8c-88a6-275ce6070bee tempest-SnapshotsActionsTest-844201184 None] Acquiring lock "quobyte" by "cinder.volume.drivers.quobyte.QuobyteDriver.create_snapshot" {{(pid=86193) inner /opt/stack/data/venv/lib/python3.12/site-packages/oslo_concurrency/lockutils.py:512}}
Aug 28 16:19:26 devstack cinder-volume[86193]: DEBUG oslo_concurrency.lockutils [None req-9c20399a-d70d-4e8c-88a6-275ce6070bee tempest-SnapshotsActionsTest-844201184 None] Lock "quobyte" acquired by "cinder.volume.drivers.quobyte.QuobyteDriver.create_snapshot" :: waited 0.006s {{(pid=86193) inner /opt/stack/data/venv/lib/python3.12/site-packages/oslo_concurrency/lockutils.py:525}}
Aug 28 16:19:26 devstack cinder-volume[86193]: DEBUG cinder.volume.drivers.remotefs [None req-9c20399a-d70d-4e8c-88a6-275ce6070bee tempest-SnapshotsActionsTest-844201184 None] Creating offline snapshot 73c28c84-a4ec-49e5-8500-eb05eb48ed4a of volume 37ff591b-ed89-4c25-b62c-c8b092b57288 {{(pid=86193) _create_snapshot /opt/stack/cinder/cinder/volume/drivers/remotefs.py:1816}}
Aug 28 16:19:26 devstack cinder-volume[86193]: DEBUG oslo.privsep.daemon [-] privsep: reply[7cd0a5ea-db9b-4d8f-b95f-6d4937b421ca]: (4, 'qcow2') {{(pid=87665) _call_back /opt/stack/data/venv/lib/python3.12/site-packages/oslo_privsep/daemon.py:580}}
Aug 28 16:19:26 devstack cinder-volume[86193]: DEBUG oslo_concurrency.processutils [None req-9c20399a-d70d-4e8c-88a6-275ce6070bee tempest-SnapshotsActionsTest-844201184 None] Running cmd (subprocess): /opt/stack/data/venv/bin/python3.12 -m oslo_concurrency.prlimit --as=1073741824 --cpu=60 -- sudo cinder-rootwrap /etc/cinder/rootwrap.conf env LC_ALL=C qemu-img info -f qcow2 --output=json --force-share /opt/stack/data/cinder/mnt/cb15b9a419addfff2481ffb223ec22a9/volume-37ff591b-ed89-4c25-b62c-c8b092b57288.6f698346-24fc-4316-aaba-bcef1c8042a4 {{(pid=86193) execute /opt/stack/data/venv/lib/python3.12/site-packages/oslo_concurrency/processutils.py:440}}
Aug 28 16:19:26 devstack sudo[90361]: quobyte : PWD=/ ; USER=root ; COMMAND=/opt/stack/data/venv/bin/cinder-rootwrap /etc/cinder/rootwrap.conf env LC_ALL=C qemu-img info -f qcow2 --output=json --force-share /opt/stack/data/cinder/mnt/cb15b9a419addfff2481ffb223ec22a9/volume-37ff591b-ed89-4c25-b62c-c8b092b57288.6f698346-24fc-4316-aaba-bcef1c8042a4
Aug 28 16:19:26 devstack sudo[90361]: pam_unix(sudo:session): session opened for user root(uid=0) by (uid=1000)
Aug 28 16:19:27 devstack sudo[90361]: pam_unix(sudo:session): session closed for user root
Aug 28 16:19:27 devstack cinder-volume[86193]: DEBUG oslo_concurrency.processutils [None req-9c20399a-d70d-4e8c-88a6-275ce6070bee tempest-SnapshotsActionsTest-844201184 None] CMD "/opt/stack/data/venv/bin/python3.12 -m oslo_concurrency.prlimit --as=1073741824 --cpu=60 -- sudo cinder-rootwrap /etc/cinder/rootwrap.conf env LC_ALL=C qemu-img info -f qcow2 --output=json --force-share /opt/stack/data/cinder/mnt/cb15b9a419addfff2481ffb223ec22a9/volume-37ff591b-ed89-4c25-b62c-c8b092b57288.6f698346-24fc-4316-aaba-bcef1c8042a4" returned: 0 in 1.289s {{(pid=86193) execute /opt/stack/data/venv/lib/python3.12/site-packages/oslo_concurrency/processutils.py:468}}
Aug 28 16:19:27 devstack cinder-volume[86193]: DEBUG cinder.volume.drivers.remotefs [None req-9c20399a-d70d-4e8c-88a6-275ce6070bee tempest-SnapshotsActionsTest-844201184 None] Fetching qemu-img info with special backing_file_template: (/opt/stack/data/cinder/mnt/[0-9a-f]+/)?(volume-37ff591b-ed89-4c25-b62c-c8b092b57288(.(tmp-snap-)?[0-9a-f-]+)?|volume_from_snapshot_cache/(tmp-snap-)?[0-9a-f-]+(.(child-|parent-)[0-9a-f-]+)?)$ {{(pid=86193) _qemu_img_info_base /opt/stack/cinder/cinder/volume/drivers/remotefs.py:896}}
Aug 28 16:19:27 devstack cinder-volume[86193]: DEBUG oslo_concurrency.processutils [None req-9c20399a-d70d-4e8c-88a6-275ce6070bee tempest-SnapshotsActionsTest-844201184 None] Running cmd (subprocess): sudo cinder-rootwrap /etc/cinder/rootwrap.conf qemu-img create -f qcow2 -o backing_file=/opt/stack/data/cinder/mnt/cb15b9a419addfff2481ffb223ec22a9/volume-37ff591b-ed89-4c25-b62c-c8b092b57288.6f698346-24fc-4316-aaba-bcef1c8042a4,backing_fmt=qcow2 /opt/stack/data/cinder/mnt/cb15b9a419addfff2481ffb223ec22a9/volume-37ff591b-ed89-4c25-b62c-c8b092b57288.73c28c84-a4ec-49e5-8500-eb05eb48ed4a 1G {{(pid=86193) execute /opt/stack/data/venv/lib/python3.12/site-packages/oslo_concurrency/processutils.py:440}}
Aug 28 16:19:27 devstack sudo[90398]: quobyte : PWD=/ ; USER=root ; COMMAND=/opt/stack/data/venv/bin/cinder-rootwrap /etc/cinder/rootwrap.conf qemu-img create -f qcow2 -o backing_file=/opt/stack/data/cinder/mnt/cb15b9a419addfff2481ffb223ec22a9/volume-37ff591b-ed89-4c25-b62c-c8b092b57288.6f698346-24fc-4316-aaba-bcef1c8042a4,backing_fmt=qcow2 /opt/stack/data/cinder/mnt/cb15b9a419addfff2481ffb223ec22a9/volume-37ff591b-ed89-4c25-b62c-c8b092b57288.73c28c84-a4ec-49e5-8500-eb05eb48ed4a 1G
Aug 28 16:19:27 devstack sudo[90398]: pam_unix(sudo:session): session opened for user root(uid=0) by (uid=1000)
Aug 28 16:19:29 devstack sudo[90398]: pam_unix(sudo:session): session closed for user root
Aug 28 16:19:29 devstack cinder-volume[86193]: DEBUG oslo_concurrency.processutils [None req-9c20399a-d70d-4e8c-88a6-275ce6070bee tempest-SnapshotsActionsTest-844201184 None] CMD "sudo cinder-rootwrap /etc/cinder/rootwrap.conf qemu-img create -f qcow2 -o backing_file=/opt/stack/data/cinder/mnt/cb15b9a419addfff2481ffb223ec22a9/volume-37ff591b-ed89-4c25-b62c-c8b092b57288.6f698346-24fc-4316-aaba-bcef1c8042a4,backing_fmt=qcow2 /opt/stack/data/cinder/mnt/cb15b9a419addfff2481ffb223ec22a9/volume-37ff591b-ed89-4c25-b62c-c8b092b57288.73c28c84-a4ec-49e5-8500-eb05eb48ed4a 1G" returned: 0 in 1.526s {{(pid=86193) execute /opt/stack/data/venv/lib/python3.12/site-packages/oslo_concurrency/processutils.py:468}}
Aug 28 16:19:29 devstack cinder-volume[86193]: DEBUG oslo_concurrency.processutils [None req-9c20399a-d70d-4e8c-88a6-275ce6070bee tempest-SnapshotsActionsTest-844201184 None] Running cmd (subprocess): sudo cinder-rootwrap /etc/cinder/rootwrap.conf qemu-img rebase -u -b volume-37ff591b-ed89-4c25-b62c-c8b092b57288.6f698346-24fc-4316-aaba-bcef1c8042a4 -F qcow2 /opt/stack/data/cinder/mnt/cb15b9a419addfff2481ffb223ec22a9/volume-37ff591b-ed89-4c25-b62c-c8b092b57288.73c28c84-a4ec-49e5-8500-eb05eb48ed4a {{(pid=86193) execute /opt/stack/data/venv/lib/python3.12/site-packages/oslo_concurrency/processutils.py:440}}
Aug 28 16:19:29 devstack sudo[90445]: quobyte : PWD=/ ; USER=root ; COMMAND=/opt/stack/data/venv/bin/cinder-rootwrap /etc/cinder/rootwrap.conf qemu-img rebase -u -b volume-37ff591b-ed89-4c25-b62c-c8b092b57288.6f698346-24fc-4316-aaba-bcef1c8042a4 -F qcow2 /opt/stack/data/cinder/mnt/cb15b9a419addfff2481ffb223ec22a9/volume-37ff591b-ed89-4c25-b62c-c8b092b57288.73c28c84-a4ec-49e5-8500-eb05eb48ed4a
Aug 28 16:19:29 devstack sudo[90445]: pam_unix(sudo:session): session opened for user root(uid=0) by (uid=1000)
Aug 28 16:19:29 devstack sudo[90445]: pam_unix(sudo:session): session closed for user root
Aug 28 16:19:29 devstack cinder-volume[86193]: DEBUG oslo_concurrency.processutils [None req-9c20399a-d70d-4e8c-88a6-275ce6070bee tempest-SnapshotsActionsTest-844201184 None] CMD "sudo cinder-rootwrap /etc/cinder/rootwrap.conf qemu-img rebase -u -b volume-37ff591b-ed89-4c25-b62c-c8b092b57288.6f698346-24fc-4316-aaba-bcef1c8042a4 -F qcow2 /opt/stack/data/cinder/mnt/cb15b9a419addfff2481ffb223ec22a9/volume-37ff591b-ed89-4c25-b62c-c8b092b57288.73c28c84-a4ec-49e5-8500-eb05eb48ed4a" returned: 0 in 0.453s {{(pid=86193) execute /opt/stack/data/venv/lib/python3.12/site-packages/oslo_concurrency/processutils.py:468}}
Aug 28 16:19:29 devstack cinder-volume[86193]: WARNING cinder.volume.drivers.remotefs [None req-9c20399a-d70d-4e8c-88a6-275ce6070bee tempest-SnapshotsActionsTest-844201184 None] /opt/stack/data/cinder/mnt/cb15b9a419addfff2481ffb223ec22a9/volume-37ff591b-ed89-4c25-b62c-c8b092b57288.73c28c84-a4ec-49e5-8500-eb05eb48ed4a is being set with open permissions: ugo+rw
Aug 28 16:19:29 devstack cinder-volume[86193]: DEBUG oslo_concurrency.processutils [None req-9c20399a-d70d-4e8c-88a6-275ce6070bee tempest-SnapshotsActionsTest-844201184 None] Running cmd (subprocess): sudo cinder-rootwrap /etc/cinder/rootwrap.conf chmod ugo+rw /opt/stack/data/cinder/mnt/cb15b9a419addfff2481ffb223ec22a9/volume-37ff591b-ed89-4c25-b62c-c8b092b57288.73c28c84-a4ec-49e5-8500-eb05eb48ed4a {{(pid=86193) execute /opt/stack/data/venv/lib/python3.12/site-packages/oslo_concurrency/processutils.py:440}}
Aug 28 16:19:29 devstack sudo[90450]: quobyte : PWD=/ ; USER=root ; COMMAND=/opt/stack/data/venv/bin/cinder-rootwrap /etc/cinder/rootwrap.conf chmod ugo+rw /opt/stack/data/cinder/mnt/cb15b9a419addfff2481ffb223ec22a9/volume-37ff591b-ed89-4c25-b62c-c8b092b57288.73c28c84-a4ec-49e5-8500-eb05eb48ed4a
Aug 28 16:19:29 devstack sudo[90450]: pam_unix(sudo:session): session opened for user root(uid=0) by (uid=1000)
Aug 28 16:19:30 devstack sudo[90450]: pam_unix(sudo:session): session closed for user root
Aug 28 16:19:30 devstack cinder-volume[86193]: DEBUG oslo_concurrency.processutils [None req-9c20399a-d70d-4e8c-88a6-275ce6070bee tempest-SnapshotsActionsTest-844201184 None] CMD "sudo cinder-rootwrap /etc/cinder/rootwrap.conf chmod ugo+rw /opt/stack/data/cinder/mnt/cb15b9a419addfff2481ffb223ec22a9/volume-37ff591b-ed89-4c25-b62c-c8b092b57288.73c28c84-a4ec-49e5-8500-eb05eb48ed4a" returned: 0 in 0.522s {{(pid=86193) execute /opt/stack/data/venv/lib/python3.12/site-packages/oslo_concurrency/processutils.py:468}}
Aug 28 16:19:30 devstack cinder-volume[86193]: DEBUG oslo_concurrency.lockutils [None req-9c20399a-d70d-4e8c-88a6-275ce6070bee tempest-SnapshotsActionsTest-844201184 None] Lock "quobyte" "released" by "cinder.volume.drivers.quobyte.QuobyteDriver.create_snapshot" :: held 4.161s {{(pid=86193) inner /opt/stack/data/venv/lib/python3.12/site-packages/oslo_concurrency/lockutils.py:544}}
Aug 28 16:19:30 devstack cinder-volume[86193]: INFO cinder.volume.manager [None req-9c20399a-d70d-4e8c-88a6-275ce6070bee tempest-SnapshotsActionsTest-844201184 None] Create snapshot completed successfully
Aug 28 16:19:30 devstack cinder-volume[86193]: DEBUG cinder.coordination [None req-6db43153-3968-4883-a196-c813a0549bf8 tempest-SnapshotsActionsTest-2033921353 None] Acquiring lock "cinder-73c28c84-a4ec-49e5-8500-eb05eb48ed4a-delete_snapshot" by "delete_snapshot" {{(pid=86193) __acquire /opt/stack/cinder/cinder/coordination.py:138}}
Aug 28 16:19:31 devstack cinder-volume[86193]: DEBUG cinder.coordination [None req-6db43153-3968-4883-a196-c813a0549bf8 tempest-SnapshotsActionsTest-2033921353 None] Lock "cinder-73c28c84-a4ec-49e5-8500-eb05eb48ed4a-delete_snapshot" acquired by "delete_snapshot" :: waited 0.048s {{(pid=86193) __acquire /opt/stack/cinder/cinder/coordination.py:141}}
Aug 28 16:19:31 devstack cinder-volume[86193]: DEBUG cinder.coordination [None req-6db43153-3968-4883-a196-c813a0549bf8 tempest-SnapshotsActionsTest-2033921353 None] Acquiring lock "cinder-quobyte-37ff591b-ed89-4c25-b62c-c8b092b57288" by "delete_snapshot" {{(pid=86193) __acquire /opt/stack/cinder/cinder/coordination.py:138}}
Aug 28 16:19:31 devstack cinder-volume[86193]: DEBUG cinder.coordination [None req-6db43153-3968-4883-a196-c813a0549bf8 tempest-SnapshotsActionsTest-2033921353 None] Lock "cinder-quobyte-37ff591b-ed89-4c25-b62c-c8b092b57288" acquired by "delete_snapshot" :: waited 0.041s {{(pid=86193) __acquire /opt/stack/cinder/cinder/coordination.py:141}}
Aug 28 16:19:31 devstack cinder-volume[86193]: DEBUG cinder.coordination [None req-6db43153-3968-4883-a196-c813a0549bf8 tempest-SnapshotsActionsTest-2033921353 None] Acquiring lock "cinder-quobyte-73c28c84-a4ec-49e5-8500-eb05eb48ed4a" by "_delete_snapshot" {{(pid=86193) __acquire /opt/stack/cinder/cinder/coordination.py:138}}
Aug 28 16:19:31 devstack cinder-volume[86193]: DEBUG cinder.coordination [None req-6db43153-3968-4883-a196-c813a0549bf8 tempest-SnapshotsActionsTest-2033921353 None] Lock "cinder-quobyte-73c28c84-a4ec-49e5-8500-eb05eb48ed4a" acquired by "_delete_snapshot" :: waited 0.038s {{(pid=86193) __acquire /opt/stack/cinder/cinder/coordination.py:141}}
Aug 28 16:19:31 devstack cinder-volume[86193]: DEBUG cinder.volume.drivers.remotefs [None req-6db43153-3968-4883-a196-c813a0549bf8 tempest-SnapshotsActionsTest-2033921353 None] Deleting offline snapshot 73c28c84-a4ec-49e5-8500-eb05eb48ed4a of volume 37ff591b-ed89-4c25-b62c-c8b092b57288 {{(pid=86193) _delete_snapshot /opt/stack/cinder/cinder/volume/drivers/remotefs.py:1288}}
Aug 28 16:19:31 devstack cinder-volume[86193]: DEBUG cinder.volume.drivers.remotefs [None req-6db43153-3968-4883-a196-c813a0549bf8 tempest-SnapshotsActionsTest-2033921353 None] snapshot_file for this snap is: volume-37ff591b-ed89-4c25-b62c-c8b092b57288.73c28c84-a4ec-49e5-8500-eb05eb48ed4a {{(pid=86193) _delete_snapshot /opt/stack/cinder/cinder/volume/drivers/remotefs.py:1317}}
Aug 28 16:19:31 devstack cinder-volume[86193]: DEBUG oslo.privsep.daemon [-] privsep: reply[16b6c2b2-e109-4e4a-bfc0-f627b1ef9231]: (4, 'qcow2') {{(pid=87665) _call_back /opt/stack/data/venv/lib/python3.12/site-packages/oslo_privsep/daemon.py:580}}
Aug 28 16:19:31 devstack cinder-volume[86193]: DEBUG oslo_concurrency.processutils [None req-6db43153-3968-4883-a196-c813a0549bf8 tempest-SnapshotsActionsTest-2033921353 None] Running cmd (subprocess): /opt/stack/data/venv/bin/python3.12 -m oslo_concurrency.prlimit --as=1073741824 --cpu=60 -- sudo cinder-rootwrap /etc/cinder/rootwrap.conf env LC_ALL=C qemu-img info -f qcow2 --output=json --force-share /opt/stack/data/cinder/mnt/cb15b9a419addfff2481ffb223ec22a9/volume-37ff591b-ed89-4c25-b62c-c8b092b57288.73c28c84-a4ec-49e5-8500-eb05eb48ed4a {{(pid=86193) execute /opt/stack/data/venv/lib/python3.12/site-packages/oslo_concurrency/processutils.py:440}}
Aug 28 16:19:31 devstack cinder-volume[86193]: DEBUG oslo_service.periodic_task [None req-f4b802cd-1634-4285-9c7a-7644d714c1bb None None] Running periodic task VolumeManager.publish_service_capabilities {{(pid=86193) run_periodic_tasks /opt/stack/data/venv/lib/python3.12/site-packages/oslo_service/periodic_task.py:254}}
Aug 28 16:19:31 devstack sudo[90454]: quobyte : PWD=/ ; USER=root ; COMMAND=/opt/stack/data/venv/bin/cinder-rootwrap /etc/cinder/rootwrap.conf env LC_ALL=C qemu-img info -f qcow2 --output=json --force-share /opt/stack/data/cinder/mnt/cb15b9a419addfff2481ffb223ec22a9/volume-37ff591b-ed89-4c25-b62c-c8b092b57288.73c28c84-a4ec-49e5-8500-eb05eb48ed4a
Aug 28 16:19:31 devstack sudo[90454]: pam_unix(sudo:session): session opened for user root(uid=0) by (uid=1000)
Aug 28 16:19:31 devstack cinder-volume[86193]: DEBUG oslo_concurrency.lockutils [None req-f4b802cd-1634-4285-9c7a-7644d714c1bb None None] Acquiring lock "quobyte_ensure" by "cinder.volume.drivers.quobyte.QuobyteDriver._ensure_shares_mounted" {{(pid=86193) inner /opt/stack/data/venv/lib/python3.12/site-packages/oslo_concurrency/lockutils.py:512}}
Aug 28 16:19:31 devstack cinder-volume[86193]: DEBUG oslo_concurrency.lockutils [None req-f4b802cd-1634-4285-9c7a-7644d714c1bb None None] Lock "quobyte_ensure" acquired by "cinder.volume.drivers.quobyte.QuobyteDriver._ensure_shares_mounted" :: waited 0.001s {{(pid=86193) inner /opt/stack/data/venv/lib/python3.12/site-packages/oslo_concurrency/lockutils.py:525}}
Aug 28 16:19:31 devstack cinder-volume[86193]: DEBUG cinder.volume.drivers.quobyte [None req-f4b802cd-1634-4285-9c7a-7644d714c1bb None None] Quobyte Volume URL set to: {'osci02.corp.quobyte.com/cinder-vol-1fc32eae-951b-43f7-97b1-d5bcb72f6cfa': None} {{(pid=86193) _load_shares_config /opt/stack/cinder/cinder/volume/drivers/quobyte.py:662}}
Aug 28 16:19:31 devstack cinder-volume[86193]: DEBUG cinder.volume.drivers.quobyte [None req-f4b802cd-1634-4285-9c7a-7644d714c1bb None None] Available shares ['osci02.corp.quobyte.com/cinder-vol-1fc32eae-951b-43f7-97b1-d5bcb72f6cfa'] {{(pid=86193) _ensure_shares_mounted /opt/stack/cinder/cinder/volume/drivers/quobyte.py:692}}
Aug 28 16:19:31 devstack cinder-volume[86193]: DEBUG oslo_concurrency.lockutils [None req-f4b802cd-1634-4285-9c7a-7644d714c1bb None None] Lock "quobyte_ensure" "released" by "cinder.volume.drivers.quobyte.QuobyteDriver._ensure_shares_mounted" :: held 0.023s {{(pid=86193) inner /opt/stack/data/venv/lib/python3.12/site-packages/oslo_concurrency/lockutils.py:544}}
Aug 28 16:19:31 devstack cinder-volume[86193]: DEBUG oslo_concurrency.processutils [None req-f4b802cd-1634-4285-9c7a-7644d714c1bb None None] Running cmd (subprocess): sudo cinder-rootwrap /etc/cinder/rootwrap.conf df --portability --block-size 1 /opt/stack/data/cinder/mnt/cb15b9a419addfff2481ffb223ec22a9 {{(pid=86193) execute /opt/stack/data/venv/lib/python3.12/site-packages/oslo_concurrency/processutils.py:440}}
Aug 28 16:19:31 devstack sudo[90456]: quobyte : PWD=/ ; USER=root ; COMMAND=/opt/stack/data/venv/bin/cinder-rootwrap /etc/cinder/rootwrap.conf df --portability --block-size 1 /opt/stack/data/cinder/mnt/cb15b9a419addfff2481ffb223ec22a9
Aug 28 16:19:31 devstack sudo[90456]: pam_unix(sudo:session): session opened for user root(uid=0) by (uid=1000)
Aug 28 16:19:32 devstack sudo[90454]: pam_unix(sudo:session): session closed for user root
Aug 28 16:19:32 devstack cinder-volume[86193]: DEBUG oslo_concurrency.processutils [None req-6db43153-3968-4883-a196-c813a0549bf8 tempest-SnapshotsActionsTest-2033921353 None] CMD "/opt/stack/data/venv/bin/python3.12 -m oslo_concurrency.prlimit --as=1073741824 --cpu=60 -- sudo cinder-rootwrap /etc/cinder/rootwrap.conf env LC_ALL=C qemu-img info -f qcow2 --output=json --force-share /opt/stack/data/cinder/mnt/cb15b9a419addfff2481ffb223ec22a9/volume-37ff591b-ed89-4c25-b62c-c8b092b57288.73c28c84-a4ec-49e5-8500-eb05eb48ed4a" returned: 0 in 0.843s {{(pid=86193) execute /opt/stack/data/venv/lib/python3.12/site-packages/oslo_concurrency/processutils.py:468}}
Aug 28 16:19:32 devstack cinder-volume[86193]: DEBUG cinder.volume.drivers.remotefs [None req-6db43153-3968-4883-a196-c813a0549bf8 tempest-SnapshotsActionsTest-2033921353 None] Fetching qemu-img info with special backing_file_template: (/opt/stack/data/cinder/mnt/[0-9a-f]+/)?(volume-37ff591b-ed89-4c25-b62c-c8b092b57288(.(tmp-snap-)?[0-9a-f-]+)?|volume_from_snapshot_cache/(tmp-snap-)?[0-9a-f-]+(.(child-|parent-)[0-9a-f-]+)?)$ {{(pid=86193) _qemu_img_info_base /opt/stack/cinder/cinder/volume/drivers/remotefs.py:896}}
Aug 28 16:19:32 devstack cinder-volume[86193]: DEBUG oslo.privsep.daemon [-] privsep: reply[1325dc1f-762a-42c1-b983-5b6da6f30a9c]: (4, 'qcow2') {{(pid=87665) _call_back /opt/stack/data/venv/lib/python3.12/site-packages/oslo_privsep/daemon.py:580}}
Aug 28 16:19:32 devstack cinder-volume[86193]: DEBUG oslo_concurrency.processutils [None req-6db43153-3968-4883-a196-c813a0549bf8 tempest-SnapshotsActionsTest-2033921353 None] Running cmd (subprocess): /opt/stack/data/venv/bin/python3.12 -m oslo_concurrency.prlimit --as=1073741824 --cpu=60 -- sudo cinder-rootwrap /etc/cinder/rootwrap.conf env LC_ALL=C qemu-img info -f qcow2 --output=json --force-share /opt/stack/data/cinder/mnt/cb15b9a419addfff2481ffb223ec22a9/volume-37ff591b-ed89-4c25-b62c-c8b092b57288.6f698346-24fc-4316-aaba-bcef1c8042a4 {{(pid=86193) execute /opt/stack/data/venv/lib/python3.12/site-packages/oslo_concurrency/processutils.py:440}}
Aug 28 16:19:32 devstack sudo[90456]: pam_unix(sudo:session): session closed for user root
Aug 28 16:19:32 devstack cinder-volume[86193]: DEBUG oslo_concurrency.processutils [None req-f4b802cd-1634-4285-9c7a-7644d714c1bb None None] CMD "sudo cinder-rootwrap /etc/cinder/rootwrap.conf df --portability --block-size 1 /opt/stack/data/cinder/mnt/cb15b9a419addfff2481ffb223ec22a9" returned: 0 in 0.815s {{(pid=86193) execute /opt/stack/data/venv/lib/python3.12/site-packages/oslo_concurrency/processutils.py:468}}
Aug 28 16:19:32 devstack cinder-volume[86193]: DEBUG cinder.manager [None req-f4b802cd-1634-4285-9c7a-7644d714c1bb None None] Notifying Schedulers of capabilities ... {{(pid=86193) _publish_service_capabilities /opt/stack/cinder/cinder/manager.py:219}}
Aug 28 16:19:32 devstack cinder-volume[86193]: DEBUG oslo_service.periodic_task [None req-f4b802cd-1634-4285-9c7a-7644d714c1bb None None] Running periodic task VolumeManager._thread_info {{(pid=86193) run_periodic_tasks /opt/stack/data/venv/lib/python3.12/site-packages/oslo_service/periodic_task.py:254}}
Aug 28 16:19:32 devstack cinder-volume[86193]: DEBUG cinder.volume.manager [None req-f4b802cd-1634-4285-9c7a-7644d714c1bb None None] thread count: 8 {{(pid=86193) _thread_info /opt/stack/cinder/cinder/volume/manager.py:5472}}
Aug 28 16:19:32 devstack cinder-volume[86193]: DEBUG cinder.volume.manager [None req-f4b802cd-1634-4285-9c7a-7644d714c1bb None None] thread info: [<_MainThread(MainThread, started 126444239626368)>, , , , , , , ] {{(pid=86193) _thread_info /opt/stack/cinder/cinder/volume/manager.py:5473}}
Aug 28 16:19:32 devstack sudo[90462]: quobyte : PWD=/ ; USER=root ; COMMAND=/opt/stack/data/venv/bin/cinder-rootwrap /etc/cinder/rootwrap.conf env LC_ALL=C qemu-img info -f qcow2 --output=json --force-share /opt/stack/data/cinder/mnt/cb15b9a419addfff2481ffb223ec22a9/volume-37ff591b-ed89-4c25-b62c-c8b092b57288.6f698346-24fc-4316-aaba-bcef1c8042a4
Aug 28 16:19:32 devstack sudo[90462]: pam_unix(sudo:session): session opened for user root(uid=0) by (uid=1000)
Aug 28 16:19:32 devstack sudo[90462]: pam_unix(sudo:session): session closed for user root
Aug 28 16:19:32 devstack cinder-volume[86193]: DEBUG oslo_concurrency.processutils [None req-6db43153-3968-4883-a196-c813a0549bf8 tempest-SnapshotsActionsTest-2033921353 None] CMD "/opt/stack/data/venv/bin/python3.12 -m oslo_concurrency.prlimit --as=1073741824 --cpu=60 -- sudo cinder-rootwrap /etc/cinder/rootwrap.conf env LC_ALL=C qemu-img info -f qcow2 --output=json --force-share /opt/stack/data/cinder/mnt/cb15b9a419addfff2481ffb223ec22a9/volume-37ff591b-ed89-4c25-b62c-c8b092b57288.6f698346-24fc-4316-aaba-bcef1c8042a4" returned: 0 in 0.654s {{(pid=86193) execute /opt/stack/data/venv/lib/python3.12/site-packages/oslo_concurrency/processutils.py:468}}
Aug 28 16:19:32 devstack cinder-volume[86193]: DEBUG cinder.volume.drivers.remotefs [None req-6db43153-3968-4883-a196-c813a0549bf8 tempest-SnapshotsActionsTest-2033921353 None] Fetching qemu-img info with special backing_file_template: (/opt/stack/data/cinder/mnt/[0-9a-f]+/)?(volume-37ff591b-ed89-4c25-b62c-c8b092b57288(.(tmp-snap-)?[0-9a-f-]+)?|volume_from_snapshot_cache/(tmp-snap-)?[0-9a-f-]+(.(child-|parent-)[0-9a-f-]+)?)$ {{(pid=86193) _qemu_img_info_base /opt/stack/cinder/cinder/volume/drivers/remotefs.py:896}}
Aug 28 16:19:32 devstack cinder-volume[86193]: DEBUG oslo_concurrency.processutils [None req-6db43153-3968-4883-a196-c813a0549bf8 tempest-SnapshotsActionsTest-2033921353 None] Running cmd (subprocess): sudo cinder-rootwrap /etc/cinder/rootwrap.conf qemu-img commit -d /opt/stack/data/cinder/mnt/cb15b9a419addfff2481ffb223ec22a9/volume-37ff591b-ed89-4c25-b62c-c8b092b57288.73c28c84-a4ec-49e5-8500-eb05eb48ed4a {{(pid=86193) execute /opt/stack/data/venv/lib/python3.12/site-packages/oslo_concurrency/processutils.py:440}}
Aug 28 16:19:32 devstack sudo[90467]: quobyte : PWD=/ ; USER=root ; COMMAND=/opt/stack/data/venv/bin/cinder-rootwrap /etc/cinder/rootwrap.conf qemu-img commit -d /opt/stack/data/cinder/mnt/cb15b9a419addfff2481ffb223ec22a9/volume-37ff591b-ed89-4c25-b62c-c8b092b57288.73c28c84-a4ec-49e5-8500-eb05eb48ed4a
Aug 28 16:19:32 devstack sudo[90467]: pam_unix(sudo:session): session opened for user root(uid=0) by (uid=1000)
Aug 28 16:19:33 devstack cinder-volume[86193]: DEBUG cinder.volume.flows.manager.create_volume [None req-c4429e11-8534-49ea-b00a-59eaaa265aa8 tempest-ServerRescueNegativeTestJSON-965707368 None] Volume reschedule parameters: True retry: {'num_attempts': 1, 'backends': ['devstack@QuobyteHD#QuobyteHD'], 'hosts': ['devstack@QuobyteHD#QuobyteHD']} {{(pid=86193) get_flow /opt/stack/cinder/cinder/volume/flows/manager/create_volume.py:1397}}
Aug 28 16:19:33 devstack cinder-volume[86193]: DEBUG cinder.volume.manager [None req-c4429e11-8534-49ea-b00a-59eaaa265aa8 tempest-ServerRescueNegativeTestJSON-965707368 None] Flow 'volume_create_manager' (0771ca87-9289-42b2-aff4-98dd5ffd060f) transitioned into state 'RUNNING' from state 'PENDING' {{(pid=86193) _flow_receiver /opt/stack/data/venv/lib/python3.12/site-packages/taskflow/listeners/logging.py:160}}
Aug 28 16:19:33 devstack cinder-volume[86193]: DEBUG cinder.volume.manager [None req-c4429e11-8534-49ea-b00a-59eaaa265aa8 tempest-ServerRescueNegativeTestJSON-965707368 None] Task 'cinder.volume.flows.manager.create_volume.ExtractVolumeRefTask;volume:create' (80a9540b-2b16-47e8-b9c0-066e709e8cd3) transitioned into state 'RUNNING' from state 'PENDING' {{(pid=86193) _task_receiver /opt/stack/data/venv/lib/python3.12/site-packages/taskflow/listeners/logging.py:242}}
Aug 28 16:19:33 devstack sudo[90467]: pam_unix(sudo:session): session closed for user root
Aug 28 16:19:33 devstack cinder-volume[86193]: DEBUG oslo_concurrency.processutils [None req-6db43153-3968-4883-a196-c813a0549bf8 tempest-SnapshotsActionsTest-2033921353 None] CMD "sudo cinder-rootwrap /etc/cinder/rootwrap.conf qemu-img commit -d /opt/stack/data/cinder/mnt/cb15b9a419addfff2481ffb223ec22a9/volume-37ff591b-ed89-4c25-b62c-c8b092b57288.73c28c84-a4ec-49e5-8500-eb05eb48ed4a" returned: 0 in 1.005s {{(pid=86193) execute /opt/stack/data/venv/lib/python3.12/site-packages/oslo_concurrency/processutils.py:468}}
Aug 28 16:19:33 devstack cinder-volume[86193]: DEBUG oslo_concurrency.processutils [None req-6db43153-3968-4883-a196-c813a0549bf8 tempest-SnapshotsActionsTest-2033921353 None] Running cmd (subprocess): sudo cinder-rootwrap /etc/cinder/rootwrap.conf rm -f /opt/stack/data/cinder/mnt/cb15b9a419addfff2481ffb223ec22a9/volume-37ff591b-ed89-4c25-b62c-c8b092b57288.73c28c84-a4ec-49e5-8500-eb05eb48ed4a {{(pid=86193) execute /opt/stack/data/venv/lib/python3.12/site-packages/oslo_concurrency/processutils.py:440}}
Aug 28 16:19:33 devstack cinder-volume[86193]: DEBUG cinder.volume.manager [None req-c4429e11-8534-49ea-b00a-59eaaa265aa8 tempest-ServerRescueNegativeTestJSON-965707368 None] Task 'cinder.volume.flows.manager.create_volume.ExtractVolumeRefTask;volume:create' (80a9540b-2b16-47e8-b9c0-066e709e8cd3) transitioned into state 'SUCCESS' from state 'RUNNING' with result 'Volume(_name_id=None,admin_metadata=,attach_status='detached',availability_zone='nova',bootable=False,cluster=,cluster_name=None,consistencygroup=,consistencygroup_id=None,created_at=2026-08-28T14:19:33Z,deleted=False,deleted_at=None,display_description=None,display_name='tempest-ServerRescueNegativeTestJSON-volume-1624107328',ec2_id=None,encryption_key_id=None,glance_metadata=,group=,group_id=None,host='devstack@QuobyteHD#QuobyteHD',id=7c34631b-c692-4c1b-8315-1d5cf2b91e91,launched_at=None,metadata={},migration_status=None,multiattach=False,previous_status=None,project_id='c467d401003748dd84f637eab04c83ab',provider_auth=None,provider_geometry=None,provider_id=None,provider_location=None,replication_driver_data=None,replication_extended_status=None,replication_status=None,scheduled_at=2026-08-28T14:19:34Z,service_uuid=None,shared_targets=True,size=1,snapshot_id=None,snapshots=,source_volid=None,status='creating',terminated_at=None,updated_at=2026-08-28T14:19:34Z,use_quota=True,user_id='55126fb7335d497cab17ca71e91c51b0',volume_attachment=VolumeAttachmentList,volume_type=VolumeType(6f2448f9-e2d7-4895-adc0-d42198b3258f),volume_type_id=6f2448f9-e2d7-4895-adc0-d42198b3258f)' {{(pid=86193) _task_receiver /opt/stack/data/venv/lib/python3.12/site-packages/taskflow/listeners/logging.py:218}}
