Aug 28 16:17:29 devstack cinder-volume[86193]: DEBUG oslo_concurrency.lockutils [None req-33093a34-ec07-4a1b-b516-44fd5f798900 tempest-GroupSnapshotsTest-481713576 None] Acquiring lock "quobyte_ensure" by "cinder.volume.drivers.quobyte.QuobyteDriver._ensure_shares_mounted" {{(pid=86193) inner /opt/stack/data/venv/lib/python3.12/site-packages/oslo_concurrency/lockutils.py:512}}
Aug 28 16:17:29 devstack cinder-volume[86193]: DEBUG oslo_concurrency.lockutils [None req-33093a34-ec07-4a1b-b516-44fd5f798900 tempest-GroupSnapshotsTest-481713576 None] Lock "quobyte_ensure" acquired by "cinder.volume.drivers.quobyte.QuobyteDriver._ensure_shares_mounted" :: waited 0.000s {{(pid=86193) inner /opt/stack/data/venv/lib/python3.12/site-packages/oslo_concurrency/lockutils.py:525}}
Aug 28 16:17:29 devstack cinder-volume[86193]: DEBUG cinder.volume.drivers.quobyte [None req-33093a34-ec07-4a1b-b516-44fd5f798900 tempest-GroupSnapshotsTest-481713576 None] Quobyte Volume URL set to: {'osci02.corp.quobyte.com/cinder-vol-1fc32eae-951b-43f7-97b1-d5bcb72f6cfa': None} {{(pid=86193) _load_shares_config /opt/stack/cinder/cinder/volume/drivers/quobyte.py:662}}
Aug 28 16:17:29 devstack cinder-volume[86193]: DEBUG cinder.volume.drivers.quobyte [None req-33093a34-ec07-4a1b-b516-44fd5f798900 tempest-GroupSnapshotsTest-481713576 None] Available shares ['osci02.corp.quobyte.com/cinder-vol-1fc32eae-951b-43f7-97b1-d5bcb72f6cfa'] {{(pid=86193) _ensure_shares_mounted /opt/stack/cinder/cinder/volume/drivers/quobyte.py:692}}
Aug 28 16:17:29 devstack cinder-volume[86193]: DEBUG oslo_concurrency.lockutils [None req-33093a34-ec07-4a1b-b516-44fd5f798900 tempest-GroupSnapshotsTest-481713576 None] Lock "quobyte_ensure" "released" by "cinder.volume.drivers.quobyte.QuobyteDriver._ensure_shares_mounted" :: held 0.008s {{(pid=86193) inner /opt/stack/data/venv/lib/python3.12/site-packages/oslo_concurrency/lockutils.py:544}}
Aug 28 16:17:29 devstack cinder-volume[86193]: DEBUG cinder.volume.drivers.quobyte [None req-33093a34-ec07-4a1b-b516-44fd5f798900 tempest-GroupSnapshotsTest-481713576 None] Selected osci02.corp.quobyte.com/cinder-vol-1fc32eae-951b-43f7-97b1-d5bcb72f6cfa as target Quobyte volume. {{(pid=86193) _find_share /opt/stack/cinder/cinder/volume/drivers/quobyte.py:713}}
Aug 28 16:17:29 devstack cinder-volume[86193]: INFO cinder.volume.drivers.remotefs [None req-33093a34-ec07-4a1b-b516-44fd5f798900 tempest-GroupSnapshotsTest-481713576 None] casted to osci02.corp.quobyte.com/cinder-vol-1fc32eae-951b-43f7-97b1-d5bcb72f6cfa
Aug 28 16:17:29 devstack cinder-volume[86193]: DEBUG oslo_concurrency.processutils [None req-33093a34-ec07-4a1b-b516-44fd5f798900 tempest-GroupSnapshotsTest-481713576 None] Running cmd (subprocess): sudo cinder-rootwrap /etc/cinder/rootwrap.conf qemu-img create -f qcow2 -o preallocation=metadata /opt/stack/data/cinder/mnt/cb15b9a419addfff2481ffb223ec22a9/volume-5892dc49-7f9e-4c77-9c5c-49eac1352264 1073741824 {{(pid=86193) execute /opt/stack/data/venv/lib/python3.12/site-packages/oslo_concurrency/processutils.py:440}}
Aug 28 16:17:29 devstack sudo[88659]: quobyte : PWD=/ ; USER=root ; COMMAND=/opt/stack/data/venv/bin/cinder-rootwrap /etc/cinder/rootwrap.conf qemu-img create -f qcow2 -o preallocation=metadata /opt/stack/data/cinder/mnt/cb15b9a419addfff2481ffb223ec22a9/volume-5892dc49-7f9e-4c77-9c5c-49eac1352264 1073741824
Aug 28 16:17:29 devstack sudo[88659]: pam_unix(sudo:session): session opened for user root(uid=0) by (uid=1000)
Aug 28 16:17:29 devstack sudo[88659]: pam_unix(sudo:session): session closed for user root
Aug 28 16:17:29 devstack cinder-volume[86193]: DEBUG oslo_concurrency.processutils [None req-33093a34-ec07-4a1b-b516-44fd5f798900 tempest-GroupSnapshotsTest-481713576 None] CMD "sudo cinder-rootwrap /etc/cinder/rootwrap.conf qemu-img create -f qcow2 -o preallocation=metadata /opt/stack/data/cinder/mnt/cb15b9a419addfff2481ffb223ec22a9/volume-5892dc49-7f9e-4c77-9c5c-49eac1352264 1073741824" returned: 0 in 0.559s {{(pid=86193) execute /opt/stack/data/venv/lib/python3.12/site-packages/oslo_concurrency/processutils.py:468}}
Aug 28 16:17:29 devstack cinder-volume[86193]: DEBUG oslo_concurrency.processutils [None req-33093a34-ec07-4a1b-b516-44fd5f798900 tempest-GroupSnapshotsTest-481713576 None] Running cmd (subprocess): sudo cinder-rootwrap /etc/cinder/rootwrap.conf chmod ugo+rw /opt/stack/data/cinder/mnt/cb15b9a419addfff2481ffb223ec22a9/volume-5892dc49-7f9e-4c77-9c5c-49eac1352264 {{(pid=86193) execute /opt/stack/data/venv/lib/python3.12/site-packages/oslo_concurrency/processutils.py:440}}
Aug 28 16:17:29 devstack sudo[88665]: quobyte : PWD=/ ; USER=root ; COMMAND=/opt/stack/data/venv/bin/cinder-rootwrap /etc/cinder/rootwrap.conf chmod ugo+rw /opt/stack/data/cinder/mnt/cb15b9a419addfff2481ffb223ec22a9/volume-5892dc49-7f9e-4c77-9c5c-49eac1352264
Aug 28 16:17:29 devstack sudo[88665]: pam_unix(sudo:session): session opened for user root(uid=0) by (uid=1000)
Aug 28 16:17:30 devstack sudo[88665]: pam_unix(sudo:session): session closed for user root
Aug 28 16:17:30 devstack cinder-volume[86193]: DEBUG oslo_concurrency.processutils [None req-33093a34-ec07-4a1b-b516-44fd5f798900 tempest-GroupSnapshotsTest-481713576 None] CMD "sudo cinder-rootwrap /etc/cinder/rootwrap.conf chmod ugo+rw /opt/stack/data/cinder/mnt/cb15b9a419addfff2481ffb223ec22a9/volume-5892dc49-7f9e-4c77-9c5c-49eac1352264" returned: 0 in 0.418s {{(pid=86193) execute /opt/stack/data/venv/lib/python3.12/site-packages/oslo_concurrency/processutils.py:468}}
Aug 28 16:17:30 devstack cinder-volume[86193]: DEBUG cinder.volume.drivers.quobyte [None req-33093a34-ec07-4a1b-b516-44fd5f798900 tempest-GroupSnapshotsTest-481713576 None] <== create_volume: return (1053ms) {'provider_location': 'osci02.corp.quobyte.com/cinder-vol-1fc32eae-951b-43f7-97b1-d5bcb72f6cfa'} {{(pid=86193) trace_logging_wrapper /opt/stack/cinder/cinder/volume/volume_utils.py:1522}}
Aug 28 16:17:30 devstack cinder-volume[86193]: DEBUG oslo_concurrency.lockutils [None req-33093a34-ec07-4a1b-b516-44fd5f798900 tempest-GroupSnapshotsTest-481713576 None] Lock "quobyte" "released" by "cinder.volume.drivers.quobyte.QuobyteDriver.create_volume" :: held 1.058s {{(pid=86193) inner /opt/stack/data/venv/lib/python3.12/site-packages/oslo_concurrency/lockutils.py:544}}
Aug 28 16:17:30 devstack cinder-volume[86193]: DEBUG cinder.volume.manager [None req-33093a34-ec07-4a1b-b516-44fd5f798900 tempest-GroupSnapshotsTest-481713576 None] Task 'cinder.volume.flows.manager.create_volume.CreateVolumeFromSpecTask;volume:create' (8b2a38ca-52a5-4850-8b10-4182b67e7765) transitioned into state 'SUCCESS' from state 'RUNNING' with result '{'status': 'creating', 'volume_name': 'volume-5892dc49-7f9e-4c77-9c5c-49eac1352264', 'volume_size': 1}' {{(pid=86193) _task_receiver /opt/stack/data/venv/lib/python3.12/site-packages/taskflow/listeners/logging.py:218}}
Aug 28 16:17:30 devstack cinder-volume[86193]: DEBUG cinder.volume.manager [None req-33093a34-ec07-4a1b-b516-44fd5f798900 tempest-GroupSnapshotsTest-481713576 None] Task 'cinder.volume.flows.manager.create_volume.CreateVolumeOnFinishTask;volume:create, create.end' (16af41f2-f692-4a63-80bd-33ef9dc85285) transitioned into state 'RUNNING' from state 'PENDING' {{(pid=86193) _task_receiver /opt/stack/data/venv/lib/python3.12/site-packages/taskflow/listeners/logging.py:242}}
Aug 28 16:17:30 devstack cinder-volume[86193]: INFO cinder.volume.flows.manager.create_volume [None req-33093a34-ec07-4a1b-b516-44fd5f798900 tempest-GroupSnapshotsTest-481713576 None] Volume volume-5892dc49-7f9e-4c77-9c5c-49eac1352264 (5892dc49-7f9e-4c77-9c5c-49eac1352264): created successfully
Aug 28 16:17:30 devstack cinder-volume[86193]: DEBUG cinder.volume.manager [None req-33093a34-ec07-4a1b-b516-44fd5f798900 tempest-GroupSnapshotsTest-481713576 None] Task 'cinder.volume.flows.manager.create_volume.CreateVolumeOnFinishTask;volume:create, create.end' (16af41f2-f692-4a63-80bd-33ef9dc85285) transitioned into state 'SUCCESS' from state 'RUNNING' with result 'None' {{(pid=86193) _task_receiver /opt/stack/data/venv/lib/python3.12/site-packages/taskflow/listeners/logging.py:218}}
Aug 28 16:17:30 devstack cinder-volume[86193]: DEBUG cinder.volume.manager [None req-33093a34-ec07-4a1b-b516-44fd5f798900 tempest-GroupSnapshotsTest-481713576 None] Flow 'volume_create_manager' (8ad69bd1-3615-40ac-97d4-3f3d006aa2aa) transitioned into state 'SUCCESS' from state 'RUNNING' {{(pid=86193) _flow_receiver /opt/stack/data/venv/lib/python3.12/site-packages/taskflow/listeners/logging.py:160}}
Aug 28 16:17:30 devstack cinder-volume[86193]: INFO cinder.volume.manager [None req-33093a34-ec07-4a1b-b516-44fd5f798900 tempest-GroupSnapshotsTest-481713576 None] Created volume successfully.
Aug 28 16:17:30 devstack cinder-volume[86193]: DEBUG cinder.coordination [None req-7d12ae8c-4f76-42f9-a595-3417e7d6f812 tempest-TaggedAttachmentsTest-1189693567 None] Acquiring lock "cinder-b8504bad-5667-402d-ab54-13579fc19fae-delete_volume" by "delete_volume" {{(pid=86193) __acquire /opt/stack/cinder/cinder/coordination.py:138}}
Aug 28 16:17:30 devstack cinder-volume[86193]: DEBUG cinder.coordination [None req-7d12ae8c-4f76-42f9-a595-3417e7d6f812 tempest-TaggedAttachmentsTest-1189693567 None] Lock "cinder-b8504bad-5667-402d-ab54-13579fc19fae-delete_volume" acquired by "delete_volume" :: waited 0.018s {{(pid=86193) __acquire /opt/stack/cinder/cinder/coordination.py:141}}
Aug 28 16:17:30 devstack cinder-volume[86193]: DEBUG cinder.coordination [None req-7d12ae8c-4f76-42f9-a595-3417e7d6f812 tempest-TaggedAttachmentsTest-1189693567 None] Acquiring lock "cinder-quobyte-b8504bad-5667-402d-ab54-13579fc19fae" by "delete_volume" {{(pid=86193) __acquire /opt/stack/cinder/cinder/coordination.py:138}}
Aug 28 16:17:30 devstack cinder-volume[86193]: DEBUG cinder.coordination [None req-7d12ae8c-4f76-42f9-a595-3417e7d6f812 tempest-TaggedAttachmentsTest-1189693567 None] Lock "cinder-quobyte-b8504bad-5667-402d-ab54-13579fc19fae" acquired by "delete_volume" :: waited 0.021s {{(pid=86193) __acquire /opt/stack/cinder/cinder/coordination.py:141}}
Aug 28 16:17:30 devstack cinder-volume[86193]: DEBUG oslo.privsep.daemon [-] privsep: reply[c704eaad-cd95-41b9-878a-3899d21da0de]: (4, 'qcow2') {{(pid=87665) _call_back /opt/stack/data/venv/lib/python3.12/site-packages/oslo_privsep/daemon.py:580}}
Aug 28 16:17:30 devstack cinder-volume[86193]: DEBUG oslo_concurrency.processutils [None req-7d12ae8c-4f76-42f9-a595-3417e7d6f812 tempest-TaggedAttachmentsTest-1189693567 None] Running cmd (subprocess): /opt/stack/data/venv/bin/python3.12 -m oslo_concurrency.prlimit --as=1073741824 --cpu=60 -- sudo cinder-rootwrap /etc/cinder/rootwrap.conf env LC_ALL=C qemu-img info -f qcow2 --output=json --force-share /opt/stack/data/cinder/mnt/cb15b9a419addfff2481ffb223ec22a9/volume-b8504bad-5667-402d-ab54-13579fc19fae {{(pid=86193) execute /opt/stack/data/venv/lib/python3.12/site-packages/oslo_concurrency/processutils.py:440}}
Aug 28 16:17:30 devstack sudo[88669]: quobyte : PWD=/ ; USER=root ; COMMAND=/opt/stack/data/venv/bin/cinder-rootwrap /etc/cinder/rootwrap.conf env LC_ALL=C qemu-img info -f qcow2 --output=json --force-share /opt/stack/data/cinder/mnt/cb15b9a419addfff2481ffb223ec22a9/volume-b8504bad-5667-402d-ab54-13579fc19fae
Aug 28 16:17:30 devstack sudo[88669]: pam_unix(sudo:session): session opened for user root(uid=0) by (uid=1000)
Aug 28 16:17:30 devstack sudo[88669]: pam_unix(sudo:session): session closed for user root
Aug 28 16:17:30 devstack cinder-volume[86193]: DEBUG oslo_concurrency.processutils [None req-7d12ae8c-4f76-42f9-a595-3417e7d6f812 tempest-TaggedAttachmentsTest-1189693567 None] CMD "/opt/stack/data/venv/bin/python3.12 -m oslo_concurrency.prlimit --as=1073741824 --cpu=60 -- sudo cinder-rootwrap /etc/cinder/rootwrap.conf env LC_ALL=C qemu-img info -f qcow2 --output=json --force-share /opt/stack/data/cinder/mnt/cb15b9a419addfff2481ffb223ec22a9/volume-b8504bad-5667-402d-ab54-13579fc19fae" returned: 0 in 0.564s {{(pid=86193) execute /opt/stack/data/venv/lib/python3.12/site-packages/oslo_concurrency/processutils.py:468}}
Aug 28 16:17:30 devstack cinder-volume[86193]: DEBUG oslo_concurrency.processutils [None req-7d12ae8c-4f76-42f9-a595-3417e7d6f812 tempest-TaggedAttachmentsTest-1189693567 None] Running cmd (subprocess): sudo cinder-rootwrap /etc/cinder/rootwrap.conf rm -f /opt/stack/data/cinder/mnt/cb15b9a419addfff2481ffb223ec22a9/volume-b8504bad-5667-402d-ab54-13579fc19fae {{(pid=86193) execute /opt/stack/data/venv/lib/python3.12/site-packages/oslo_concurrency/processutils.py:440}}
Aug 28 16:17:30 devstack sudo[88675]: quobyte : PWD=/ ; USER=root ; COMMAND=/opt/stack/data/venv/bin/cinder-rootwrap /etc/cinder/rootwrap.conf rm -f /opt/stack/data/cinder/mnt/cb15b9a419addfff2481ffb223ec22a9/volume-b8504bad-5667-402d-ab54-13579fc19fae
Aug 28 16:17:30 devstack sudo[88675]: pam_unix(sudo:session): session opened for user root(uid=0) by (uid=1000)
Aug 28 16:17:31 devstack sudo[88675]: pam_unix(sudo:session): session closed for user root
Aug 28 16:17:31 devstack cinder-volume[86193]: DEBUG oslo_concurrency.processutils [None req-7d12ae8c-4f76-42f9-a595-3417e7d6f812 tempest-TaggedAttachmentsTest-1189693567 None] CMD "sudo cinder-rootwrap /etc/cinder/rootwrap.conf rm -f /opt/stack/data/cinder/mnt/cb15b9a419addfff2481ffb223ec22a9/volume-b8504bad-5667-402d-ab54-13579fc19fae" returned: 0 in 0.279s {{(pid=86193) execute /opt/stack/data/venv/lib/python3.12/site-packages/oslo_concurrency/processutils.py:468}}
Aug 28 16:17:31 devstack cinder-volume[86193]: DEBUG cinder.coordination [None req-7d12ae8c-4f76-42f9-a595-3417e7d6f812 tempest-TaggedAttachmentsTest-1189693567 None] Lock "cinder-quobyte-b8504bad-5667-402d-ab54-13579fc19fae" released by "delete_volume" :: held 0.897s {{(pid=86193) __release /opt/stack/cinder/cinder/coordination.py:152}}
Aug 28 16:17:31 devstack cinder-volume[86193]: DEBUG cinder.quota [None req-7d12ae8c-4f76-42f9-a595-3417e7d6f812 tempest-TaggedAttachmentsTest-1189693567 None] Created reservations ['f9091596-d6ed-4961-8b95-b44f2c51517c', '9a81bc0e-7c2f-44f8-a4eb-2195d351cb9d', '8bdcd3a6-a568-463a-982f-fc6f29e83c15', '9f461b2c-9c10-4dd9-b20c-649d03d26161'] {{(pid=86193) reserve /opt/stack/cinder/cinder/quota.py:752}}
Aug 28 16:17:31 devstack cinder-volume[86193]: DEBUG oslo_service.periodic_task [None req-f4b802cd-1634-4285-9c7a-7644d714c1bb None None] Running periodic task VolumeManager.publish_service_capabilities {{(pid=86193) run_periodic_tasks /opt/stack/data/venv/lib/python3.12/site-packages/oslo_service/periodic_task.py:254}}
Aug 28 16:17:31 devstack cinder-volume[86193]: DEBUG oslo_concurrency.lockutils [None req-f4b802cd-1634-4285-9c7a-7644d714c1bb None None] Acquiring lock "quobyte_ensure" by "cinder.volume.drivers.quobyte.QuobyteDriver._ensure_shares_mounted" {{(pid=86193) inner /opt/stack/data/venv/lib/python3.12/site-packages/oslo_concurrency/lockutils.py:512}}
Aug 28 16:17:31 devstack cinder-volume[86193]: DEBUG oslo_concurrency.lockutils [None req-f4b802cd-1634-4285-9c7a-7644d714c1bb None None] Lock "quobyte_ensure" acquired by "cinder.volume.drivers.quobyte.QuobyteDriver._ensure_shares_mounted" :: waited 0.000s {{(pid=86193) inner /opt/stack/data/venv/lib/python3.12/site-packages/oslo_concurrency/lockutils.py:525}}
Aug 28 16:17:31 devstack cinder-volume[86193]: DEBUG cinder.volume.drivers.quobyte [None req-f4b802cd-1634-4285-9c7a-7644d714c1bb None None] Quobyte Volume URL set to: {'osci02.corp.quobyte.com/cinder-vol-1fc32eae-951b-43f7-97b1-d5bcb72f6cfa': None} {{(pid=86193) _load_shares_config /opt/stack/cinder/cinder/volume/drivers/quobyte.py:662}}
Aug 28 16:17:31 devstack cinder-volume[86193]: DEBUG cinder.volume.drivers.quobyte [None req-f4b802cd-1634-4285-9c7a-7644d714c1bb None None] Available shares ['osci02.corp.quobyte.com/cinder-vol-1fc32eae-951b-43f7-97b1-d5bcb72f6cfa'] {{(pid=86193) _ensure_shares_mounted /opt/stack/cinder/cinder/volume/drivers/quobyte.py:692}}
Aug 28 16:17:31 devstack cinder-volume[86193]: DEBUG oslo_concurrency.lockutils [None req-f4b802cd-1634-4285-9c7a-7644d714c1bb None None] Lock "quobyte_ensure" "released" by "cinder.volume.drivers.quobyte.QuobyteDriver._ensure_shares_mounted" :: held 0.008s {{(pid=86193) inner /opt/stack/data/venv/lib/python3.12/site-packages/oslo_concurrency/lockutils.py:544}}
Aug 28 16:17:31 devstack cinder-volume[86193]: DEBUG oslo_concurrency.processutils [None req-f4b802cd-1634-4285-9c7a-7644d714c1bb None None] Running cmd (subprocess): sudo cinder-rootwrap /etc/cinder/rootwrap.conf df --portability --block-size 1 /opt/stack/data/cinder/mnt/cb15b9a419addfff2481ffb223ec22a9 {{(pid=86193) execute /opt/stack/data/venv/lib/python3.12/site-packages/oslo_concurrency/processutils.py:440}}
Aug 28 16:17:31 devstack sudo[88678]: quobyte : PWD=/ ; USER=root ; COMMAND=/opt/stack/data/venv/bin/cinder-rootwrap /etc/cinder/rootwrap.conf df --portability --block-size 1 /opt/stack/data/cinder/mnt/cb15b9a419addfff2481ffb223ec22a9
Aug 28 16:17:31 devstack cinder-volume[86193]: DEBUG oslo_concurrency.lockutils [None req-7d12ae8c-4f76-42f9-a595-3417e7d6f812 tempest-TaggedAttachmentsTest-1189693567 None] Acquiring lock "quobyte_ensure" by "cinder.volume.drivers.quobyte.QuobyteDriver._ensure_shares_mounted" {{(pid=86193) inner /opt/stack/data/venv/lib/python3.12/site-packages/oslo_concurrency/lockutils.py:512}}
Aug 28 16:17:31 devstack cinder-volume[86193]: DEBUG oslo_concurrency.lockutils [None req-7d12ae8c-4f76-42f9-a595-3417e7d6f812 tempest-TaggedAttachmentsTest-1189693567 None] Lock "quobyte_ensure" acquired by "cinder.volume.drivers.quobyte.QuobyteDriver._ensure_shares_mounted" :: waited 0.001s {{(pid=86193) inner /opt/stack/data/venv/lib/python3.12/site-packages/oslo_concurrency/lockutils.py:525}}
Aug 28 16:17:31 devstack cinder-volume[86193]: DEBUG cinder.volume.drivers.quobyte [None req-7d12ae8c-4f76-42f9-a595-3417e7d6f812 tempest-TaggedAttachmentsTest-1189693567 None] Quobyte Volume URL set to: {'osci02.corp.quobyte.com/cinder-vol-1fc32eae-951b-43f7-97b1-d5bcb72f6cfa': None} {{(pid=86193) _load_shares_config /opt/stack/cinder/cinder/volume/drivers/quobyte.py:662}}
Aug 28 16:17:31 devstack sudo[88678]: pam_unix(sudo:session): session opened for user root(uid=0) by (uid=1000)
Aug 28 16:17:31 devstack cinder-volume[86193]: DEBUG cinder.volume.drivers.quobyte [None req-7d12ae8c-4f76-42f9-a595-3417e7d6f812 tempest-TaggedAttachmentsTest-1189693567 None] Available shares ['osci02.corp.quobyte.com/cinder-vol-1fc32eae-951b-43f7-97b1-d5bcb72f6cfa'] {{(pid=86193) _ensure_shares_mounted /opt/stack/cinder/cinder/volume/drivers/quobyte.py:692}}
Aug 28 16:17:31 devstack cinder-volume[86193]: DEBUG oslo_concurrency.lockutils [None req-7d12ae8c-4f76-42f9-a595-3417e7d6f812 tempest-TaggedAttachmentsTest-1189693567 None] Lock "quobyte_ensure" "released" by "cinder.volume.drivers.quobyte.QuobyteDriver._ensure_shares_mounted" :: held 0.008s {{(pid=86193) inner /opt/stack/data/venv/lib/python3.12/site-packages/oslo_concurrency/lockutils.py:544}}
Aug 28 16:17:31 devstack cinder-volume[86193]: DEBUG oslo_concurrency.processutils [None req-7d12ae8c-4f76-42f9-a595-3417e7d6f812 tempest-TaggedAttachmentsTest-1189693567 None] Running cmd (subprocess): sudo cinder-rootwrap /etc/cinder/rootwrap.conf df --portability --block-size 1 /opt/stack/data/cinder/mnt/cb15b9a419addfff2481ffb223ec22a9 {{(pid=86193) execute /opt/stack/data/venv/lib/python3.12/site-packages/oslo_concurrency/processutils.py:440}}
Aug 28 16:17:31 devstack sudo[88680]: quobyte : PWD=/ ; USER=root ; COMMAND=/opt/stack/data/venv/bin/cinder-rootwrap /etc/cinder/rootwrap.conf df --portability --block-size 1 /opt/stack/data/cinder/mnt/cb15b9a419addfff2481ffb223ec22a9
Aug 28 16:17:31 devstack sudo[88680]: pam_unix(sudo:session): session opened for user root(uid=0) by (uid=1000)
Aug 28 16:17:31 devstack cinder-volume[86193]: INFO cinder.volume.manager [None req-956e18cb-0116-4906-8027-7325eacefe18 tempest-GroupSnapshotsTest-481713576 None] Update group completed successfully.
Aug 28 16:17:31 devstack sudo[88678]: pam_unix(sudo:session): session closed for user root
Aug 28 16:17:31 devstack cinder-volume[86193]: DEBUG oslo_concurrency.processutils [None req-f4b802cd-1634-4285-9c7a-7644d714c1bb None None] CMD "sudo cinder-rootwrap /etc/cinder/rootwrap.conf df --portability --block-size 1 /opt/stack/data/cinder/mnt/cb15b9a419addfff2481ffb223ec22a9" returned: 0 in 0.428s {{(pid=86193) execute /opt/stack/data/venv/lib/python3.12/site-packages/oslo_concurrency/processutils.py:468}}
Aug 28 16:17:31 devstack cinder-volume[86193]: DEBUG cinder.manager [None req-f4b802cd-1634-4285-9c7a-7644d714c1bb None None] Notifying Schedulers of capabilities ... {{(pid=86193) _publish_service_capabilities /opt/stack/cinder/cinder/manager.py:219}}
Aug 28 16:17:31 devstack sudo[88680]: pam_unix(sudo:session): session closed for user root
Aug 28 16:17:31 devstack cinder-volume[86193]: DEBUG oslo_concurrency.processutils [None req-7d12ae8c-4f76-42f9-a595-3417e7d6f812 tempest-TaggedAttachmentsTest-1189693567 None] CMD "sudo cinder-rootwrap /etc/cinder/rootwrap.conf df --portability --block-size 1 /opt/stack/data/cinder/mnt/cb15b9a419addfff2481ffb223ec22a9" returned: 0 in 0.456s {{(pid=86193) execute /opt/stack/data/venv/lib/python3.12/site-packages/oslo_concurrency/processutils.py:468}}
Aug 28 16:17:31 devstack cinder-volume[86193]: DEBUG cinder.manager [None req-7d12ae8c-4f76-42f9-a595-3417e7d6f812 tempest-TaggedAttachmentsTest-1189693567 None] Notifying Schedulers of capabilities ... {{(pid=86193) _publish_service_capabilities /opt/stack/cinder/cinder/manager.py:219}}
Aug 28 16:17:31 devstack cinder-volume[86193]: INFO cinder.volume.manager [None req-7d12ae8c-4f76-42f9-a595-3417e7d6f812 tempest-TaggedAttachmentsTest-1189693567 None] Deleted volume successfully.
Aug 28 16:17:31 devstack cinder-volume[86193]: DEBUG cinder.coordination [None req-7d12ae8c-4f76-42f9-a595-3417e7d6f812 tempest-TaggedAttachmentsTest-1189693567 None] Lock "cinder-b8504bad-5667-402d-ab54-13579fc19fae-delete_volume" released by "delete_volume" :: held 1.648s {{(pid=86193) __release /opt/stack/cinder/cinder/coordination.py:152}}
Aug 28 16:17:33 devstack cinder-volume[86193]: INFO cinder.volume.manager [None req-08ad14da-c291-458d-9eca-99d045f99ba3 tempest-GroupSnapshotsTest-481713576 None] Update group completed successfully.
Aug 28 16:17:34 devstack cinder-volume[86193]: INFO cinder.volume.manager [None req-8c7f6685-25d2-42a9-9f3a-be37c8bbb0b6 tempest-GroupSnapshotsTest-481713576 None] Update group completed successfully.
Aug 28 16:17:35 devstack cinder-volume[86193]: INFO cinder.volume.manager [None req-1a076b90-c8b2-4413-a0a6-a55f9fe408a9 tempest-GroupSnapshotsTest-481713576 None] Update group completed successfully.
Aug 28 16:17:37 devstack cinder-volume[86193]: INFO cinder.volume.manager [None req-6986b2b8-fff3-43fe-8415-ccf486a5f4dc tempest-GroupSnapshotsTest-481713576 None] GroupSnapshot 5afb5f52-9a25-48f1-b395-fab1af23c5ed: creating.
Aug 28 16:17:37 devstack cinder-volume[86193]: DEBUG cinder.volume.manager [None req-6986b2b8-fff3-43fe-8415-ccf486a5f4dc tempest-GroupSnapshotsTest-481713576 None] Group snapshot 5afb5f52-9a25-48f1-b395-fab1af23c5ed: creating. {{(pid=86193) create_group_snapshot /opt/stack/cinder/cinder/volume/manager.py:4175}}
Aug 28 16:17:37 devstack cinder-volume[86193]: DEBUG oslo_concurrency.lockutils [None req-6986b2b8-fff3-43fe-8415-ccf486a5f4dc tempest-GroupSnapshotsTest-481713576 None] Acquiring lock "quobyte" by "cinder.volume.drivers.quobyte.QuobyteDriver.create_snapshot" {{(pid=86193) inner /opt/stack/data/venv/lib/python3.12/site-packages/oslo_concurrency/lockutils.py:512}}
Aug 28 16:17:37 devstack cinder-volume[86193]: DEBUG oslo_concurrency.lockutils [None req-6986b2b8-fff3-43fe-8415-ccf486a5f4dc tempest-GroupSnapshotsTest-481713576 None] Lock "quobyte" acquired by "cinder.volume.drivers.quobyte.QuobyteDriver.create_snapshot" :: waited 0.001s {{(pid=86193) inner /opt/stack/data/venv/lib/python3.12/site-packages/oslo_concurrency/lockutils.py:525}}
Aug 28 16:17:37 devstack cinder-volume[86193]: DEBUG cinder.volume.drivers.remotefs [None req-6986b2b8-fff3-43fe-8415-ccf486a5f4dc tempest-GroupSnapshotsTest-481713576 None] Creating offline snapshot 440f766e-ce99-4ccc-b3c3-69d35a05f01b of volume 48ef1da0-def5-46cc-94eb-e7008bd06864 {{(pid=86193) _create_snapshot /opt/stack/cinder/cinder/volume/drivers/remotefs.py:1816}}
Aug 28 16:17:37 devstack cinder-volume[86193]: DEBUG oslo.privsep.daemon [-] privsep: reply[f4b82b35-b97d-49fd-a81a-5298908c7ca7]: (4, 'qcow2') {{(pid=87665) _call_back /opt/stack/data/venv/lib/python3.12/site-packages/oslo_privsep/daemon.py:580}}
Aug 28 16:17:37 devstack cinder-volume[86193]: DEBUG oslo_concurrency.processutils [None req-6986b2b8-fff3-43fe-8415-ccf486a5f4dc tempest-GroupSnapshotsTest-481713576 None] Running cmd (subprocess): /opt/stack/data/venv/bin/python3.12 -m oslo_concurrency.prlimit --as=1073741824 --cpu=60 -- sudo cinder-rootwrap /etc/cinder/rootwrap.conf env LC_ALL=C qemu-img info -f qcow2 --output=json --force-share /opt/stack/data/cinder/mnt/cb15b9a419addfff2481ffb223ec22a9/volume-48ef1da0-def5-46cc-94eb-e7008bd06864 {{(pid=86193) execute /opt/stack/data/venv/lib/python3.12/site-packages/oslo_concurrency/processutils.py:440}}
Aug 28 16:17:37 devstack sudo[88719]: quobyte : PWD=/ ; USER=root ; COMMAND=/opt/stack/data/venv/bin/cinder-rootwrap /etc/cinder/rootwrap.conf env LC_ALL=C qemu-img info -f qcow2 --output=json --force-share /opt/stack/data/cinder/mnt/cb15b9a419addfff2481ffb223ec22a9/volume-48ef1da0-def5-46cc-94eb-e7008bd06864
Aug 28 16:17:37 devstack sudo[88719]: pam_unix(sudo:session): session opened for user root(uid=0) by (uid=1000)
Aug 28 16:17:38 devstack sudo[88719]: pam_unix(sudo:session): session closed for user root
Aug 28 16:17:38 devstack cinder-volume[86193]: DEBUG oslo_concurrency.processutils [None req-6986b2b8-fff3-43fe-8415-ccf486a5f4dc tempest-GroupSnapshotsTest-481713576 None] CMD "/opt/stack/data/venv/bin/python3.12 -m oslo_concurrency.prlimit --as=1073741824 --cpu=60 -- sudo cinder-rootwrap /etc/cinder/rootwrap.conf env LC_ALL=C qemu-img info -f qcow2 --output=json --force-share /opt/stack/data/cinder/mnt/cb15b9a419addfff2481ffb223ec22a9/volume-48ef1da0-def5-46cc-94eb-e7008bd06864" returned: 0 in 0.580s {{(pid=86193) execute /opt/stack/data/venv/lib/python3.12/site-packages/oslo_concurrency/processutils.py:468}}
Aug 28 16:17:38 devstack cinder-volume[86193]: DEBUG oslo_concurrency.processutils [None req-6986b2b8-fff3-43fe-8415-ccf486a5f4dc tempest-GroupSnapshotsTest-481713576 None] Running cmd (subprocess): sudo cinder-rootwrap /etc/cinder/rootwrap.conf qemu-img create -f qcow2 -o backing_file=/opt/stack/data/cinder/mnt/cb15b9a419addfff2481ffb223ec22a9/volume-48ef1da0-def5-46cc-94eb-e7008bd06864,backing_fmt=qcow2 /opt/stack/data/cinder/mnt/cb15b9a419addfff2481ffb223ec22a9/volume-48ef1da0-def5-46cc-94eb-e7008bd06864.440f766e-ce99-4ccc-b3c3-69d35a05f01b 1G {{(pid=86193) execute /opt/stack/data/venv/lib/python3.12/site-packages/oslo_concurrency/processutils.py:440}}
Aug 28 16:17:38 devstack sudo[88724]: quobyte : PWD=/ ; USER=root ; COMMAND=/opt/stack/data/venv/bin/cinder-rootwrap /etc/cinder/rootwrap.conf qemu-img create -f qcow2 -o backing_file=/opt/stack/data/cinder/mnt/cb15b9a419addfff2481ffb223ec22a9/volume-48ef1da0-def5-46cc-94eb-e7008bd06864,backing_fmt=qcow2 /opt/stack/data/cinder/mnt/cb15b9a419addfff2481ffb223ec22a9/volume-48ef1da0-def5-46cc-94eb-e7008bd06864.440f766e-ce99-4ccc-b3c3-69d35a05f01b 1G
Aug 28 16:17:38 devstack sudo[88724]: pam_unix(sudo:session): session opened for user root(uid=0) by (uid=1000)
Aug 28 16:17:38 devstack sudo[88724]: pam_unix(sudo:session): session closed for user root
Aug 28 16:17:38 devstack cinder-volume[86193]: DEBUG oslo_concurrency.processutils [None req-6986b2b8-fff3-43fe-8415-ccf486a5f4dc tempest-GroupSnapshotsTest-481713576 None] CMD "sudo cinder-rootwrap /etc/cinder/rootwrap.conf qemu-img create -f qcow2 -o backing_file=/opt/stack/data/cinder/mnt/cb15b9a419addfff2481ffb223ec22a9/volume-48ef1da0-def5-46cc-94eb-e7008bd06864,backing_fmt=qcow2 /opt/stack/data/cinder/mnt/cb15b9a419addfff2481ffb223ec22a9/volume-48ef1da0-def5-46cc-94eb-e7008bd06864.440f766e-ce99-4ccc-b3c3-69d35a05f01b 1G" returned: 0 in 0.654s {{(pid=86193) execute /opt/stack/data/venv/lib/python3.12/site-packages/oslo_concurrency/processutils.py:468}}
Aug 28 16:17:38 devstack cinder-volume[86193]: DEBUG oslo_concurrency.processutils [None req-6986b2b8-fff3-43fe-8415-ccf486a5f4dc tempest-GroupSnapshotsTest-481713576 None] Running cmd (subprocess): sudo cinder-rootwrap /etc/cinder/rootwrap.conf qemu-img rebase -u -b volume-48ef1da0-def5-46cc-94eb-e7008bd06864 -F qcow2 /opt/stack/data/cinder/mnt/cb15b9a419addfff2481ffb223ec22a9/volume-48ef1da0-def5-46cc-94eb-e7008bd06864.440f766e-ce99-4ccc-b3c3-69d35a05f01b {{(pid=86193) execute /opt/stack/data/venv/lib/python3.12/site-packages/oslo_concurrency/processutils.py:440}}
Aug 28 16:17:38 devstack sudo[88732]: quobyte : PWD=/ ; USER=root ; COMMAND=/opt/stack/data/venv/bin/cinder-rootwrap /etc/cinder/rootwrap.conf qemu-img rebase -u -b volume-48ef1da0-def5-46cc-94eb-e7008bd06864 -F qcow2 /opt/stack/data/cinder/mnt/cb15b9a419addfff2481ffb223ec22a9/volume-48ef1da0-def5-46cc-94eb-e7008bd06864.440f766e-ce99-4ccc-b3c3-69d35a05f01b
Aug 28 16:17:38 devstack sudo[88732]: pam_unix(sudo:session): session opened for user root(uid=0) by (uid=1000)
Aug 28 16:17:39 devstack sudo[88732]: pam_unix(sudo:session): session closed for user root
Aug 28 16:17:39 devstack cinder-volume[86193]: DEBUG oslo_concurrency.processutils [None req-6986b2b8-fff3-43fe-8415-ccf486a5f4dc tempest-GroupSnapshotsTest-481713576 None] CMD "sudo cinder-rootwrap /etc/cinder/rootwrap.conf qemu-img rebase -u -b volume-48ef1da0-def5-46cc-94eb-e7008bd06864 -F qcow2 /opt/stack/data/cinder/mnt/cb15b9a419addfff2481ffb223ec22a9/volume-48ef1da0-def5-46cc-94eb-e7008bd06864.440f766e-ce99-4ccc-b3c3-69d35a05f01b" returned: 0 in 0.503s {{(pid=86193) execute /opt/stack/data/venv/lib/python3.12/site-packages/oslo_concurrency/processutils.py:468}}
Aug 28 16:17:39 devstack cinder-volume[86193]: WARNING cinder.volume.drivers.remotefs [None req-6986b2b8-fff3-43fe-8415-ccf486a5f4dc tempest-GroupSnapshotsTest-481713576 None] /opt/stack/data/cinder/mnt/cb15b9a419addfff2481ffb223ec22a9/volume-48ef1da0-def5-46cc-94eb-e7008bd06864.440f766e-ce99-4ccc-b3c3-69d35a05f01b is being set with open permissions: ugo+rw: NotImplementedError
Aug 28 16:17:39 devstack cinder-volume[86193]: DEBUG oslo_concurrency.processutils [None req-6986b2b8-fff3-43fe-8415-ccf486a5f4dc tempest-GroupSnapshotsTest-481713576 None] Running cmd (subprocess): sudo cinder-rootwrap /etc/cinder/rootwrap.conf chmod ugo+rw /opt/stack/data/cinder/mnt/cb15b9a419addfff2481ffb223ec22a9/volume-48ef1da0-def5-46cc-94eb-e7008bd06864.440f766e-ce99-4ccc-b3c3-69d35a05f01b {{(pid=86193) execute /opt/stack/data/venv/lib/python3.12/site-packages/oslo_concurrency/processutils.py:440}}
Aug 28 16:17:39 devstack sudo[88738]: quobyte : PWD=/ ; USER=root ; COMMAND=/opt/stack/data/venv/bin/cinder-rootwrap /etc/cinder/rootwrap.conf chmod ugo+rw /opt/stack/data/cinder/mnt/cb15b9a419addfff2481ffb223ec22a9/volume-48ef1da0-def5-46cc-94eb-e7008bd06864.440f766e-ce99-4ccc-b3c3-69d35a05f01b
Aug 28 16:17:39 devstack sudo[88738]: pam_unix(sudo:session): session opened for user root(uid=0) by (uid=1000)
Aug 28 16:17:39 devstack sudo[88738]: pam_unix(sudo:session): session closed for user root
Aug 28 16:17:39 devstack cinder-volume[86193]: DEBUG oslo_concurrency.processutils [None req-6986b2b8-fff3-43fe-8415-ccf486a5f4dc tempest-GroupSnapshotsTest-481713576 None] CMD "sudo cinder-rootwrap /etc/cinder/rootwrap.conf chmod ugo+rw /opt/stack/data/cinder/mnt/cb15b9a419addfff2481ffb223ec22a9/volume-48ef1da0-def5-46cc-94eb-e7008bd06864.440f766e-ce99-4ccc-b3c3-69d35a05f01b" returned: 0 in 0.367s {{(pid=86193) execute /opt/stack/data/venv/lib/python3.12/site-packages/oslo_concurrency/processutils.py:468}}
Aug 28 16:17:39 devstack cinder-volume[86193]: DEBUG oslo_concurrency.processutils [None req-6986b2b8-fff3-43fe-8415-ccf486a5f4dc tempest-GroupSnapshotsTest-481713576 None] Running cmd (subprocess): sudo cinder-rootwrap /etc/cinder/rootwrap.conf truncate -s0 /opt/stack/data/cinder/mnt/cb15b9a419addfff2481ffb223ec22a9/volume-48ef1da0-def5-46cc-94eb-e7008bd06864.info {{(pid=86193) execute /opt/stack/data/venv/lib/python3.12/site-packages/oslo_concurrency/processutils.py:440}}
Aug 28 16:17:39 devstack sudo[88743]: quobyte : PWD=/ ; USER=root ; COMMAND=/opt/stack/data/venv/bin/cinder-rootwrap /etc/cinder/rootwrap.conf truncate -s0 /opt/stack/data/cinder/mnt/cb15b9a419addfff2481ffb223ec22a9/volume-48ef1da0-def5-46cc-94eb-e7008bd06864.info
Aug 28 16:17:39 devstack sudo[88743]: pam_unix(sudo:session): session opened for user root(uid=0) by (uid=1000)
Aug 28 16:17:40 devstack sudo[88743]: pam_unix(sudo:session): session closed for user root
Aug 28 16:17:40 devstack cinder-volume[86193]: DEBUG oslo_concurrency.processutils [None req-6986b2b8-fff3-43fe-8415-ccf486a5f4dc tempest-GroupSnapshotsTest-481713576 None] CMD "sudo cinder-rootwrap /etc/cinder/rootwrap.conf truncate -s0 /opt/stack/data/cinder/mnt/cb15b9a419addfff2481ffb223ec22a9/volume-48ef1da0-def5-46cc-94eb-e7008bd06864.info" returned: 0 in 0.469s {{(pid=86193) execute /opt/stack/data/venv/lib/python3.12/site-packages/oslo_concurrency/processutils.py:468}}
Aug 28 16:17:40 devstack cinder-volume[86193]: WARNING cinder.volume.drivers.remotefs [None req-6986b2b8-fff3-43fe-8415-ccf486a5f4dc tempest-GroupSnapshotsTest-481713576 None] /opt/stack/data/cinder/mnt/cb15b9a419addfff2481ffb223ec22a9/volume-48ef1da0-def5-46cc-94eb-e7008bd06864.info is being set with open permissions: ugo+rw: NotImplementedError
Aug 28 16:17:40 devstack cinder-volume[86193]: DEBUG oslo_concurrency.processutils [None req-6986b2b8-fff3-43fe-8415-ccf486a5f4dc tempest-GroupSnapshotsTest-481713576 None] Running cmd (subprocess): sudo cinder-rootwrap /etc/cinder/rootwrap.conf chmod ugo+rw /opt/stack/data/cinder/mnt/cb15b9a419addfff2481ffb223ec22a9/volume-48ef1da0-def5-46cc-94eb-e7008bd06864.info {{(pid=86193) execute /opt/stack/data/venv/lib/python3.12/site-packages/oslo_concurrency/processutils.py:440}}
Aug 28 16:17:40 devstack sudo[88746]: quobyte : PWD=/ ; USER=root ; COMMAND=/opt/stack/data/venv/bin/cinder-rootwrap /etc/cinder/rootwrap.conf chmod ugo+rw /opt/stack/data/cinder/mnt/cb15b9a419addfff2481ffb223ec22a9/volume-48ef1da0-def5-46cc-94eb-e7008bd06864.info
Aug 28 16:17:40 devstack sudo[88746]: pam_unix(sudo:session): session opened for user root(uid=0) by (uid=1000)
Aug 28 16:17:40 devstack sudo[88746]: pam_unix(sudo:session): session closed for user root
Aug 28 16:17:40 devstack cinder-volume[86193]: DEBUG oslo_concurrency.processutils [None req-6986b2b8-fff3-43fe-8415-ccf486a5f4dc tempest-GroupSnapshotsTest-481713576 None] CMD "sudo cinder-rootwrap /etc/cinder/rootwrap.conf chmod ugo+rw /opt/stack/data/cinder/mnt/cb15b9a419addfff2481ffb223ec22a9/volume-48ef1da0-def5-46cc-94eb-e7008bd06864.info" returned: 0 in 0.330s {{(pid=86193) execute /opt/stack/data/venv/lib/python3.12/site-packages/oslo_concurrency/processutils.py:468}}
Aug 28 16:17:40 devstack cinder-volume[86193]: DEBUG oslo_concurrency.lockutils [None req-6986b2b8-fff3-43fe-8415-ccf486a5f4dc tempest-GroupSnapshotsTest-481713576 None] Lock "quobyte" "released" by "cinder.volume.drivers.quobyte.QuobyteDriver.create_snapshot" :: held 3.032s {{(pid=86193) inner /opt/stack/data/venv/lib/python3.12/site-packages/oslo_concurrency/lockutils.py:544}}
Aug 28 16:17:40 devstack cinder-volume[86193]: DEBUG oslo_concurrency.lockutils [None req-6986b2b8-fff3-43fe-8415-ccf486a5f4dc tempest-GroupSnapshotsTest-481713576 None] Acquiring lock "quobyte" by "cinder.volume.drivers.quobyte.QuobyteDriver.create_snapshot" {{(pid=86193) inner /opt/stack/data/venv/lib/python3.12/site-packages/oslo_concurrency/lockutils.py:512}}
Aug 28 16:17:40 devstack cinder-volume[86193]: DEBUG oslo_concurrency.lockutils [None req-6986b2b8-fff3-43fe-8415-ccf486a5f4dc tempest-GroupSnapshotsTest-481713576 None] Lock "quobyte" acquired by "cinder.volume.drivers.quobyte.QuobyteDriver.create_snapshot" :: waited 0.001s {{(pid=86193) inner /opt/stack/data/venv/lib/python3.12/site-packages/oslo_concurrency/lockutils.py:525}}
Aug 28 16:17:40 devstack cinder-volume[86193]: DEBUG cinder.volume.drivers.remotefs [None req-6986b2b8-fff3-43fe-8415-ccf486a5f4dc tempest-GroupSnapshotsTest-481713576 None] Creating offline snapshot 71b8f87f-606e-4f27-af93-235c8659641c of volume 5892dc49-7f9e-4c77-9c5c-49eac1352264 {{(pid=86193) _create_snapshot /opt/stack/cinder/cinder/volume/drivers/remotefs.py:1816}}
Aug 28 16:17:40 devstack cinder-volume[86193]: DEBUG oslo.privsep.daemon [-] privsep: reply[95d6e9fe-5f9f-4c32-a3a6-39ba020eb9ce]: (4, 'qcow2') {{(pid=87665) _call_back /opt/stack/data/venv/lib/python3.12/site-packages/oslo_privsep/daemon.py:580}}
Aug 28 16:17:40 devstack cinder-volume[86193]: DEBUG oslo_concurrency.processutils [None req-6986b2b8-fff3-43fe-8415-ccf486a5f4dc tempest-GroupSnapshotsTest-481713576 None] Running cmd (subprocess): /opt/stack/data/venv/bin/python3.12 -m oslo_concurrency.prlimit --as=1073741824 --cpu=60 -- sudo cinder-rootwrap /etc/cinder/rootwrap.conf env LC_ALL=C qemu-img info -f qcow2 --output=json --force-share /opt/stack/data/cinder/mnt/cb15b9a419addfff2481ffb223ec22a9/volume-5892dc49-7f9e-4c77-9c5c-49eac1352264 {{(pid=86193) execute /opt/stack/data/venv/lib/python3.12/site-packages/oslo_concurrency/processutils.py:440}}
Aug 28 16:17:40 devstack sudo[88749]: quobyte : PWD=/ ; USER=root ; COMMAND=/opt/stack/data/venv/bin/cinder-rootwrap /etc/cinder/rootwrap.conf env LC_ALL=C qemu-img info -f qcow2 --output=json --force-share /opt/stack/data/cinder/mnt/cb15b9a419addfff2481ffb223ec22a9/volume-5892dc49-7f9e-4c77-9c5c-49eac1352264
Aug 28 16:17:40 devstack sudo[88749]: pam_unix(sudo:session): session opened for user root(uid=0) by (uid=1000)
Aug 28 16:17:41 devstack sudo[88749]: pam_unix(sudo:session): session closed for user root
Aug 28 16:17:41 devstack cinder-volume[86193]: DEBUG oslo_concurrency.processutils [None req-6986b2b8-fff3-43fe-8415-ccf486a5f4dc tempest-GroupSnapshotsTest-481713576 None] CMD "/opt/stack/data/venv/bin/python3.12 -m oslo_concurrency.prlimit --as=1073741824 --cpu=60 -- sudo cinder-rootwrap /etc/cinder/rootwrap.conf env LC_ALL=C qemu-img info -f qcow2 --output=json --force-share /opt/stack/data/cinder/mnt/cb15b9a419addfff2481ffb223ec22a9/volume-5892dc49-7f9e-4c77-9c5c-49eac1352264" returned: 0 in 0.480s {{(pid=86193) execute /opt/stack/data/venv/lib/python3.12/site-packages/oslo_concurrency/processutils.py:468}}
Aug 28 16:17:41 devstack cinder-volume[86193]: DEBUG oslo_concurrency.processutils [None req-6986b2b8-fff3-43fe-8415-ccf486a5f4dc tempest-GroupSnapshotsTest-481713576 None] Running cmd (subprocess): sudo cinder-rootwrap /etc/cinder/rootwrap.conf qemu-img create -f qcow2 -o backing_file=/opt/stack/data/cinder/mnt/cb15b9a419addfff2481ffb223ec22a9/volume-5892dc49-7f9e-4c77-9c5c-49eac1352264,backing_fmt=qcow2 /opt/stack/data/cinder/mnt/cb15b9a419addfff2481ffb223ec22a9/volume-5892dc49-7f9e-4c77-9c5c-49eac1352264.71b8f87f-606e-4f27-af93-235c8659641c 1G {{(pid=86193) execute /opt/stack/data/venv/lib/python3.12/site-packages/oslo_concurrency/processutils.py:440}}
Aug 28 16:17:41 devstack sudo[88754]: quobyte : PWD=/ ; USER=root ; COMMAND=/opt/stack/data/venv/bin/cinder-rootwrap /etc/cinder/rootwrap.conf qemu-img create -f qcow2 -o backing_file=/opt/stack/data/cinder/mnt/cb15b9a419addfff2481ffb223ec22a9/volume-5892dc49-7f9e-4c77-9c5c-49eac1352264,backing_fmt=qcow2 /opt/stack/data/cinder/mnt/cb15b9a419addfff2481ffb223ec22a9/volume-5892dc49-7f9e-4c77-9c5c-49eac1352264.71b8f87f-606e-4f27-af93-235c8659641c 1G
Aug 28 16:17:41 devstack sudo[88754]: pam_unix(sudo:session): session opened for user root(uid=0) by (uid=1000)
Aug 28 16:17:41 devstack sudo[88754]: pam_unix(sudo:session): session closed for user root
Aug 28 16:17:41 devstack cinder-volume[86193]: DEBUG oslo_concurrency.processutils [None req-6986b2b8-fff3-43fe-8415-ccf486a5f4dc tempest-GroupSnapshotsTest-481713576 None] CMD "sudo cinder-rootwrap /etc/cinder/rootwrap.conf qemu-img create -f qcow2 -o backing_file=/opt/stack/data/cinder/mnt/cb15b9a419addfff2481ffb223ec22a9/volume-5892dc49-7f9e-4c77-9c5c-49eac1352264,backing_fmt=qcow2 /opt/stack/data/cinder/mnt/cb15b9a419addfff2481ffb223ec22a9/volume-5892dc49-7f9e-4c77-9c5c-49eac1352264.71b8f87f-606e-4f27-af93-235c8659641c 1G" returned: 0 in 0.630s {{(pid=86193) execute /opt/stack/data/venv/lib/python3.12/site-packages/oslo_concurrency/processutils.py:468}}
Aug 28 16:17:41 devstack cinder-volume[86193]: DEBUG oslo_concurrency.processutils [None req-6986b2b8-fff3-43fe-8415-ccf486a5f4dc tempest-GroupSnapshotsTest-481713576 None] Running cmd (subprocess): sudo cinder-rootwrap /etc/cinder/rootwrap.conf qemu-img rebase -u -b volume-5892dc49-7f9e-4c77-9c5c-49eac1352264 -F qcow2 /opt/stack/data/cinder/mnt/cb15b9a419addfff2481ffb223ec22a9/volume-5892dc49-7f9e-4c77-9c5c-49eac1352264.71b8f87f-606e-4f27-af93-235c8659641c {{(pid=86193) execute /opt/stack/data/venv/lib/python3.12/site-packages/oslo_concurrency/processutils.py:440}}
Aug 28 16:17:41 devstack sudo[88760]: quobyte : PWD=/ ; USER=root ; COMMAND=/opt/stack/data/venv/bin/cinder-rootwrap /etc/cinder/rootwrap.conf qemu-img rebase -u -b volume-5892dc49-7f9e-4c77-9c5c-49eac1352264 -F qcow2 /opt/stack/data/cinder/mnt/cb15b9a419addfff2481ffb223ec22a9/volume-5892dc49-7f9e-4c77-9c5c-49eac1352264.71b8f87f-606e-4f27-af93-235c8659641c
Aug 28 16:17:41 devstack sudo[88760]: pam_unix(sudo:session): session opened for user root(uid=0) by (uid=1000)
Aug 28 16:17:42 devstack sudo[88760]: pam_unix(sudo:session): session closed for user root
Aug 28 16:17:42 devstack cinder-volume[86193]: DEBUG oslo_concurrency.processutils [None req-6986b2b8-fff3-43fe-8415-ccf486a5f4dc tempest-GroupSnapshotsTest-481713576 None] CMD "sudo cinder-rootwrap /etc/cinder/rootwrap.conf qemu-img rebase -u -b volume-5892dc49-7f9e-4c77-9c5c-49eac1352264 -F qcow2 /opt/stack/data/cinder/mnt/cb15b9a419addfff2481ffb223ec22a9/volume-5892dc49-7f9e-4c77-9c5c-49eac1352264.71b8f87f-606e-4f27-af93-235c8659641c" returned: 0 in 0.530s {{(pid=86193) execute /opt/stack/data/venv/lib/python3.12/site-packages/oslo_concurrency/processutils.py:468}}
Aug 28 16:17:42 devstack cinder-volume[86193]: WARNING cinder.volume.drivers.remotefs [None req-6986b2b8-fff3-43fe-8415-ccf486a5f4dc tempest-GroupSnapshotsTest-481713576 None] /opt/stack/data/cinder/mnt/cb15b9a419addfff2481ffb223ec22a9/volume-5892dc49-7f9e-4c77-9c5c-49eac1352264.71b8f87f-606e-4f27-af93-235c8659641c is being set with open permissions: ugo+rw: NotImplementedError
Aug 28 16:17:42 devstack cinder-volume[86193]: DEBUG oslo_concurrency.processutils [None req-6986b2b8-fff3-43fe-8415-ccf486a5f4dc tempest-GroupSnapshotsTest-481713576 None] Running cmd (subprocess): sudo cinder-rootwrap /etc/cinder/rootwrap.conf chmod ugo+rw /opt/stack/data/cinder/mnt/cb15b9a419addfff2481ffb223ec22a9/volume-5892dc49-7f9e-4c77-9c5c-49eac1352264.71b8f87f-606e-4f27-af93-235c8659641c {{(pid=86193) execute /opt/stack/data/venv/lib/python3.12/site-packages/oslo_concurrency/processutils.py:440}}
Aug 28 16:17:42 devstack sudo[88771]: quobyte : PWD=/ ; USER=root ; COMMAND=/opt/stack/data/venv/bin/cinder-rootwrap /etc/cinder/rootwrap.conf chmod ugo+rw /opt/stack/data/cinder/mnt/cb15b9a419addfff2481ffb223ec22a9/volume-5892dc49-7f9e-4c77-9c5c-49eac1352264.71b8f87f-606e-4f27-af93-235c8659641c
Aug 28 16:17:42 devstack sudo[88771]: pam_unix(sudo:session): session opened for user root(uid=0) by (uid=1000)
Aug 28 16:17:42 devstack cinder-volume[86193]: INFO cinder.volume.manager [req-aeef32f5-aede-4cbf-8b39-c642da921501 req-0c2b2f3c-003e-4bfd-b353-4a468553139a tempest-AttachVolumeNegativeTest-149611832 None] Terminate volume connection completed successfully.
Aug 28 16:17:42 devstack cinder-volume[86193]: DEBUG cinder.volume.manager [req-aeef32f5-aede-4cbf-8b39-c642da921501 req-0c2b2f3c-003e-4bfd-b353-4a468553139a tempest-AttachVolumeNegativeTest-149611832 None] Deleting attachment 8532cc21-ed9f-41fe-b83c-d205fac48db4. {{(pid=86193) attachment_delete /opt/stack/cinder/cinder/volume/manager.py:5055}}
Aug 28 16:17:42 devstack sudo[88771]: pam_unix(sudo:session): session closed for user root
Aug 28 16:17:42 devstack cinder-volume[86193]: DEBUG oslo_concurrency.processutils [None req-6986b2b8-fff3-43fe-8415-ccf486a5f4dc tempest-GroupSnapshotsTest-481713576 None] CMD "sudo cinder-rootwrap /etc/cinder/rootwrap.conf chmod ugo+rw /opt/stack/data/cinder/mnt/cb15b9a419addfff2481ffb223ec22a9/volume-5892dc49-7f9e-4c77-9c5c-49eac1352264.71b8f87f-606e-4f27-af93-235c8659641c" returned: 0 in 0.321s {{(pid=86193) execute /opt/stack/data/venv/lib/python3.12/site-packages/oslo_concurrency/processutils.py:468}}
Aug 28 16:17:42 devstack cinder-volume[86193]: DEBUG oslo_concurrency.processutils [None req-6986b2b8-fff3-43fe-8415-ccf486a5f4dc tempest-GroupSnapshotsTest-481713576 None] Running cmd (subprocess): sudo cinder-rootwrap /etc/cinder/rootwrap.conf truncate -s0 /opt/stack/data/cinder/mnt/cb15b9a419addfff2481ffb223ec22a9/volume-5892dc49-7f9e-4c77-9c5c-49eac1352264.info {{(pid=86193) execute /opt/stack/data/venv/lib/python3.12/site-packages/oslo_concurrency/processutils.py:440}}
Aug 28 16:17:42 devstack sudo[88775]: quobyte : PWD=/ ; USER=root ; COMMAND=/opt/stack/data/venv/bin/cinder-rootwrap /etc/cinder/rootwrap.conf truncate -s0 /opt/stack/data/cinder/mnt/cb15b9a419addfff2481ffb223ec22a9/volume-5892dc49-7f9e-4c77-9c5c-49eac1352264.info
Aug 28 16:17:42 devstack sudo[88775]: pam_unix(sudo:session): session opened for user root(uid=0) by (uid=1000)
Aug 28 16:17:42 devstack sudo[88775]: pam_unix(sudo:session): session closed for user root
Aug 28 16:17:42 devstack cinder-volume[86193]: DEBUG oslo_concurrency.processutils [None req-6986b2b8-fff3-43fe-8415-ccf486a5f4dc tempest-GroupSnapshotsTest-481713576 None] CMD "sudo cinder-rootwrap /etc/cinder/rootwrap.conf truncate -s0 /opt/stack/data/cinder/mnt/cb15b9a419addfff2481ffb223ec22a9/volume-5892dc49-7f9e-4c77-9c5c-49eac1352264.info" returned: 0 in 0.359s {{(pid=86193) execute /opt/stack/data/venv/lib/python3.12/site-packages/oslo_concurrency/processutils.py:468}}
Aug 28 16:17:42 devstack cinder-volume[86193]: WARNING cinder.volume.drivers.remotefs [None req-6986b2b8-fff3-43fe-8415-ccf486a5f4dc tempest-GroupSnapshotsTest-481713576 None] /opt/stack/data/cinder/mnt/cb15b9a419addfff2481ffb223ec22a9/volume-5892dc49-7f9e-4c77-9c5c-49eac1352264.info is being set with open permissions: ugo+rw: NotImplementedError
Aug 28 16:17:42 devstack cinder-volume[86193]: DEBUG oslo_concurrency.processutils [None req-6986b2b8-fff3-43fe-8415-ccf486a5f4dc tempest-GroupSnapshotsTest-481713576 None] Running cmd (subprocess): sudo cinder-rootwrap /etc/cinder/rootwrap.conf chmod ugo+rw /opt/stack/data/cinder/mnt/cb15b9a419addfff2481ffb223ec22a9/volume-5892dc49-7f9e-4c77-9c5c-49eac1352264.info {{(pid=86193) execute /opt/stack/data/venv/lib/python3.12/site-packages/oslo_concurrency/processutils.py:440}}
Aug 28 16:17:43 devstack sudo[88779]: quobyte : PWD=/ ; USER=root ; COMMAND=/opt/stack/data/venv/bin/cinder-rootwrap /etc/cinder/rootwrap.conf chmod ugo+rw /opt/stack/data/cinder/mnt/cb15b9a419addfff2481ffb223ec22a9/volume-5892dc49-7f9e-4c77-9c5c-49eac1352264.info
Aug 28 16:17:43 devstack sudo[88779]: pam_unix(sudo:session): session opened for user root(uid=0) by (uid=1000)
Aug 28 16:17:43 devstack sudo[88779]: pam_unix(sudo:session): session closed for user root
Aug 28 16:17:43 devstack cinder-volume[86193]: DEBUG oslo_concurrency.processutils [None req-6986b2b8-fff3-43fe-8415-ccf486a5f4dc tempest-GroupSnapshotsTest-481713576 None] CMD "sudo cinder-rootwrap /etc/cinder/rootwrap.conf chmod ugo+rw /opt/stack/data/cinder/mnt/cb15b9a419addfff2481ffb223ec22a9/volume-5892dc49-7f9e-4c77-9c5c-49eac1352264.info" returned: 0 in 0.404s {{(pid=86193) execute /opt/stack/data/venv/lib/python3.12/site-packages/oslo_concurrency/processutils.py:468}}
Aug 28 16:17:43 devstack cinder-volume[86193]: DEBUG oslo_concurrency.lockutils [None req-6986b2b8-fff3-43fe-8415-ccf486a5f4dc tempest-GroupSnapshotsTest-481713576 None] Lock "quobyte" "released" by "cinder.volume.drivers.quobyte.QuobyteDriver.create_snapshot" :: held 2.865s {{(pid=86193) inner /opt/stack/data/venv/lib/python3.12/site-packages/oslo_concurrency/lockutils.py:544}}
Aug 28 16:17:43 devstack cinder-volume[86193]: INFO cinder.volume.manager [None req-6986b2b8-fff3-43fe-8415-ccf486a5f4dc tempest-GroupSnapshotsTest-481713576 None] group_snapshot 5afb5f52-9a25-48f1-b395-fab1af23c5ed: created successfully
Aug 28 16:17:44 devstack cinder-volume[86193]: INFO cinder.volume.manager [None req-fd735a91-9d6b-421a-a699-3784d7ae6f5f tempest-GroupSnapshotsTest-481713576 None] group_snapshot 5afb5f52-9a25-48f1-b395-fab1af23c5ed: deleting
Aug 28 16:17:44 devstack cinder-volume[86193]: DEBUG cinder.volume.manager [None req-fd735a91-9d6b-421a-a699-3784d7ae6f5f tempest-GroupSnapshotsTest-481713576 None] group_snapshot 5afb5f52-9a25-48f1-b395-fab1af23c5ed: deleting {{(pid=86193) delete_group_snapshot /opt/stack/cinder/cinder/volume/manager.py:4350}}
Aug 28 16:17:44 devstack cinder-volume[86193]: DEBUG cinder.coordination [None req-fd735a91-9d6b-421a-a699-3784d7ae6f5f tempest-GroupSnapshotsTest-481713576 None] Acquiring lock "cinder-quobyte-48ef1da0-def5-46cc-94eb-e7008bd06864" by "delete_snapshot" {{(pid=86193) __acquire /opt/stack/cinder/cinder/coordination.py:138}}
Aug 28 16:17:44 devstack cinder-volume[86193]: DEBUG cinder.coordination [None req-fd735a91-9d6b-421a-a699-3784d7ae6f5f tempest-GroupSnapshotsTest-481713576 None] Lock "cinder-quobyte-48ef1da0-def5-46cc-94eb-e7008bd06864" acquired by "delete_snapshot" :: waited 0.027s {{(pid=86193) __acquire /opt/stack/cinder/cinder/coordination.py:141}}
