Feb 13 11:29:15 devstack cinder-volume[79381]: DEBUG oslo_concurrency.processutils [None req-925cbcbc-ea1f-4626-936e-332ec6406408 tempest-GroupSnapshotsTest-41862898 None] Running cmd (subprocess): /opt/stack/data/venv/bin/python3.10 -m oslo_concurrency.prlimit --as=1073741824 --cpu=60 -- sudo cinder-rootwrap /etc/cinder/rootwrap.conf env LC_ALL=C qemu-img info -f qcow2 --output=json /opt/stack/data/cinder/mnt/dc58058391deb7a33ffdc8cd33adaa45/volume-c00048aa-21c6-4f9c-92da-1e7d1639acda {{(pid=79381) execute /opt/stack/data/venv/lib/python3.10/site-packages/oslo_concurrency/processutils.py:368}}
Feb 13 11:29:15 devstack sudo[80957]: pam_unix(sudo:session): session closed for user root
Feb 13 11:29:15 devstack cinder-volume[79381]: DEBUG oslo_concurrency.processutils [None req-ae218591-10fa-44df-be3d-0ab196ee4aa6 tempest-DeleteServersTestJSON-1184207355 None] CMD "sudo cinder-rootwrap /etc/cinder/rootwrap.conf rm -f /opt/stack/data/cinder/mnt/dc58058391deb7a33ffdc8cd33adaa45/volume-9c30bd39-d192-4a34-b2b0-35690aa7a411" returned: 0 in 2.804s {{(pid=79381) execute /opt/stack/data/venv/lib/python3.10/site-packages/oslo_concurrency/processutils.py:396}}
Feb 13 11:29:15 devstack cinder-volume[79381]: DEBUG cinder.coordination [None req-ae218591-10fa-44df-be3d-0ab196ee4aa6 tempest-DeleteServersTestJSON-1184207355 None] Lock "cinder-quobyte-9c30bd39-d192-4a34-b2b0-35690aa7a411" released by "delete_volume" :: held 4.344s {{(pid=79381) __release /opt/stack/cinder/cinder/coordination.py:157}}
Feb 13 11:29:15 devstack sudo[81006]: quobyte : PWD=/ ; USER=root ; COMMAND=/opt/stack/data/venv/bin/cinder-rootwrap /etc/cinder/rootwrap.conf env LC_ALL=C qemu-img info -f qcow2 --output=json /opt/stack/data/cinder/mnt/dc58058391deb7a33ffdc8cd33adaa45/volume-c00048aa-21c6-4f9c-92da-1e7d1639acda
Feb 13 11:29:15 devstack sudo[81006]: pam_unix(sudo:session): session opened for user root(uid=0) by (uid=1000)
Feb 13 11:29:15 devstack cinder-volume[79381]: DEBUG cinder.quota [None req-ae218591-10fa-44df-be3d-0ab196ee4aa6 tempest-DeleteServersTestJSON-1184207355 None] Created reservations ['cd3663f0-acb7-4042-94fa-ecb3801f6bb8', 'b0ff68a1-9223-41d9-9158-8440c4c7d2ca', '4c1e39cd-a66a-403f-96b2-43bb683414a8', 'beacc4c9-0a61-4eb7-991a-fcc293f73532'] {{(pid=79381) reserve /opt/stack/cinder/cinder/quota.py:752}}
Feb 13 11:29:15 devstack cinder-volume[79381]: DEBUG oslo_concurrency.lockutils [None req-ae218591-10fa-44df-be3d-0ab196ee4aa6 tempest-DeleteServersTestJSON-1184207355 None] Acquiring lock "quobyte_ensure" by "cinder.volume.drivers.quobyte.QuobyteDriver._ensure_shares_mounted" {{(pid=79381) inner /opt/stack/data/venv/lib/python3.10/site-packages/oslo_concurrency/lockutils.py:506}}
Feb 13 11:29:15 devstack cinder-volume[79381]: DEBUG oslo_concurrency.lockutils [None req-ae218591-10fa-44df-be3d-0ab196ee4aa6 tempest-DeleteServersTestJSON-1184207355 None] Lock "quobyte_ensure" acquired by "cinder.volume.drivers.quobyte.QuobyteDriver._ensure_shares_mounted" :: waited 0.001s {{(pid=79381) inner /opt/stack/data/venv/lib/python3.10/site-packages/oslo_concurrency/lockutils.py:519}}
Feb 13 11:29:15 devstack cinder-volume[79381]: DEBUG cinder.volume.drivers.quobyte [None req-ae218591-10fa-44df-be3d-0ab196ee4aa6 tempest-DeleteServersTestJSON-1184207355 None] Quobyte Volume URL set to: {'osci02.corp.quobyte.com/cinder-vol-2412a2e1-7ec5-4c05-bef3-9b4213ae48af': None} {{(pid=79381) _load_shares_config /opt/stack/cinder/cinder/volume/drivers/quobyte.py:620}}
Feb 13 11:29:15 devstack cinder-volume[79381]: DEBUG cinder.volume.drivers.quobyte [None req-ae218591-10fa-44df-be3d-0ab196ee4aa6 tempest-DeleteServersTestJSON-1184207355 None] Available shares ['osci02.corp.quobyte.com/cinder-vol-2412a2e1-7ec5-4c05-bef3-9b4213ae48af'] {{(pid=79381) _ensure_shares_mounted /opt/stack/cinder/cinder/volume/drivers/quobyte.py:650}}
Feb 13 11:29:15 devstack cinder-volume[79381]: DEBUG oslo_concurrency.lockutils [None req-ae218591-10fa-44df-be3d-0ab196ee4aa6 tempest-DeleteServersTestJSON-1184207355 None] Lock "quobyte_ensure" "released" by "cinder.volume.drivers.quobyte.QuobyteDriver._ensure_shares_mounted" :: held 0.007s {{(pid=79381) inner /opt/stack/data/venv/lib/python3.10/site-packages/oslo_concurrency/lockutils.py:538}}
Feb 13 11:29:15 devstack cinder-volume[79381]: DEBUG oslo_concurrency.processutils [None req-ae218591-10fa-44df-be3d-0ab196ee4aa6 tempest-DeleteServersTestJSON-1184207355 None] Running cmd (subprocess): sudo cinder-rootwrap /etc/cinder/rootwrap.conf df --portability --block-size 1 /opt/stack/data/cinder/mnt/dc58058391deb7a33ffdc8cd33adaa45 {{(pid=79381) execute /opt/stack/data/venv/lib/python3.10/site-packages/oslo_concurrency/processutils.py:368}}
Feb 13 11:29:15 devstack sudo[81008]: quobyte : PWD=/ ; USER=root ; COMMAND=/opt/stack/data/venv/bin/cinder-rootwrap /etc/cinder/rootwrap.conf df --portability --block-size 1 /opt/stack/data/cinder/mnt/dc58058391deb7a33ffdc8cd33adaa45
Feb 13 11:29:15 devstack sudo[81008]: pam_unix(sudo:session): session opened for user root(uid=0) by (uid=1000)
Feb 13 11:29:16 devstack sudo[81008]: pam_unix(sudo:session): session closed for user root
Feb 13 11:29:16 devstack cinder-volume[79381]: DEBUG oslo_concurrency.processutils [None req-ae218591-10fa-44df-be3d-0ab196ee4aa6 tempest-DeleteServersTestJSON-1184207355 None] CMD "sudo cinder-rootwrap /etc/cinder/rootwrap.conf df --portability --block-size 1 /opt/stack/data/cinder/mnt/dc58058391deb7a33ffdc8cd33adaa45" returned: 0 in 0.627s {{(pid=79381) execute /opt/stack/data/venv/lib/python3.10/site-packages/oslo_concurrency/processutils.py:396}}
Feb 13 11:29:16 devstack cinder-volume[79381]: DEBUG cinder.manager [None req-ae218591-10fa-44df-be3d-0ab196ee4aa6 tempest-DeleteServersTestJSON-1184207355 None] Notifying Schedulers of capabilities ... {{(pid=79381) _publish_service_capabilities /opt/stack/cinder/cinder/manager.py:202}}
Feb 13 11:29:16 devstack cinder-volume[79381]: INFO cinder.volume.manager [None req-ae218591-10fa-44df-be3d-0ab196ee4aa6 tempest-DeleteServersTestJSON-1184207355 None] Deleted volume successfully.
Feb 13 11:29:16 devstack cinder-volume[79381]: DEBUG cinder.coordination [None req-ae218591-10fa-44df-be3d-0ab196ee4aa6 tempest-DeleteServersTestJSON-1184207355 None] Lock "cinder-9c30bd39-d192-4a34-b2b0-35690aa7a411-delete_volume" released by "delete_volume" :: held 5.407s {{(pid=79381) __release /opt/stack/cinder/cinder/coordination.py:157}}
Feb 13 11:29:16 devstack sudo[81006]: pam_unix(sudo:session): session closed for user root
Feb 13 11:29:16 devstack cinder-volume[79381]: DEBUG oslo_concurrency.processutils [None req-925cbcbc-ea1f-4626-936e-332ec6406408 tempest-GroupSnapshotsTest-41862898 None] CMD "/opt/stack/data/venv/bin/python3.10 -m oslo_concurrency.prlimit --as=1073741824 --cpu=60 -- sudo cinder-rootwrap /etc/cinder/rootwrap.conf env LC_ALL=C qemu-img info -f qcow2 --output=json /opt/stack/data/cinder/mnt/dc58058391deb7a33ffdc8cd33adaa45/volume-c00048aa-21c6-4f9c-92da-1e7d1639acda" returned: 0 in 1.098s {{(pid=79381) execute /opt/stack/data/venv/lib/python3.10/site-packages/oslo_concurrency/processutils.py:396}}
Feb 13 11:29:16 devstack cinder-volume[79381]: DEBUG cinder.image.image_utils [None req-925cbcbc-ea1f-4626-936e-332ec6406408 tempest-GroupSnapshotsTest-41862898 None] Image conversion details: src /opt/stack/data/cinder/mnt/dc58058391deb7a33ffdc8cd33adaa45/volume-c00048aa-21c6-4f9c-92da-1e7d1639acda, size 1024.00 MB, duration 4.20 sec, destination /opt/stack/data/cinder/mnt/dc58058391deb7a33ffdc8cd33adaa45/volume-8a012d28-0af9-4eb6-a090-b7bc2edac4fd {{(pid=79381) _convert_image /opt/stack/cinder/cinder/image/image_utils.py:537}}
Feb 13 11:29:16 devstack cinder-volume[79381]: INFO cinder.image.image_utils [None req-925cbcbc-ea1f-4626-936e-332ec6406408 tempest-GroupSnapshotsTest-41862898 None] Converted 1024.00 MB image at 243.86 MB/s
Feb 13 11:29:16 devstack cinder-volume[79381]: WARNING cinder.volume.drivers.remotefs [None req-925cbcbc-ea1f-4626-936e-332ec6406408 tempest-GroupSnapshotsTest-41862898 None] /opt/stack/data/cinder/mnt/dc58058391deb7a33ffdc8cd33adaa45/volume-8a012d28-0af9-4eb6-a090-b7bc2edac4fd is being set with open permissions: ugo+rw: NotImplementedError
Feb 13 11:29:16 devstack cinder-volume[79381]: DEBUG oslo_concurrency.processutils [None req-925cbcbc-ea1f-4626-936e-332ec6406408 tempest-GroupSnapshotsTest-41862898 None] Running cmd (subprocess): sudo cinder-rootwrap /etc/cinder/rootwrap.conf chmod ugo+rw /opt/stack/data/cinder/mnt/dc58058391deb7a33ffdc8cd33adaa45/volume-8a012d28-0af9-4eb6-a090-b7bc2edac4fd {{(pid=79381) execute /opt/stack/data/venv/lib/python3.10/site-packages/oslo_concurrency/processutils.py:368}}
Feb 13 11:29:16 devstack sudo[81015]: quobyte : PWD=/ ; USER=root ; COMMAND=/opt/stack/data/venv/bin/cinder-rootwrap /etc/cinder/rootwrap.conf chmod ugo+rw /opt/stack/data/cinder/mnt/dc58058391deb7a33ffdc8cd33adaa45/volume-8a012d28-0af9-4eb6-a090-b7bc2edac4fd
Feb 13 11:29:16 devstack sudo[81015]: pam_unix(sudo:session): session opened for user root(uid=0) by (uid=1000)
Feb 13 11:29:17 devstack sudo[81015]: pam_unix(sudo:session): session closed for user root
Feb 13 11:29:17 devstack cinder-volume[79381]: DEBUG oslo_concurrency.processutils [None req-925cbcbc-ea1f-4626-936e-332ec6406408 tempest-GroupSnapshotsTest-41862898 None] CMD "sudo cinder-rootwrap /etc/cinder/rootwrap.conf chmod ugo+rw /opt/stack/data/cinder/mnt/dc58058391deb7a33ffdc8cd33adaa45/volume-8a012d28-0af9-4eb6-a090-b7bc2edac4fd" returned: 0 in 0.695s {{(pid=79381) execute /opt/stack/data/venv/lib/python3.10/site-packages/oslo_concurrency/processutils.py:396}}
Feb 13 11:29:17 devstack cinder-volume[79381]: DEBUG cinder.coordination [None req-925cbcbc-ea1f-4626-936e-332ec6406408 tempest-GroupSnapshotsTest-41862898 None] Lock "cinder-quobyte-8a012d28-0af9-4eb6-a090-b7bc2edac4fd" released by "_copy_volume_from_snapshot" :: held 8.568s {{(pid=79381) __release /opt/stack/cinder/cinder/coordination.py:157}}
Feb 13 11:29:17 devstack cinder-volume[79381]: DEBUG cinder.coordination [None req-925cbcbc-ea1f-4626-936e-332ec6406408 tempest-GroupSnapshotsTest-41862898 None] Lock "cinder-quobyte-c40776b6-e95e-4e14-b94c-3f54ea10b018-8a012d28-0af9-4eb6-a090-b7bc2edac4fd" released by "_create_volume_from_snapshot" :: held 8.604s {{(pid=79381) __release /opt/stack/cinder/cinder/coordination.py:157}}
Feb 13 11:29:17 devstack cinder-volume[79381]: DEBUG oslo_concurrency.lockutils [None req-925cbcbc-ea1f-4626-936e-332ec6406408 tempest-GroupSnapshotsTest-41862898 None] Lock "quobyte" "released" by "cinder.volume.drivers.quobyte.QuobyteDriver.create_volume_from_snapshot" :: held 8.618s {{(pid=79381) inner /opt/stack/data/venv/lib/python3.10/site-packages/oslo_concurrency/lockutils.py:538}}
Feb 13 11:29:17 devstack cinder-volume[79381]: INFO cinder.volume.manager [None req-925cbcbc-ea1f-4626-936e-332ec6406408 tempest-GroupSnapshotsTest-41862898 None] Create group from source-snapshot-cdb12445-b4ba-4c96-a503-6e7a224d3dcd completed successfully.
Feb 13 11:29:17 devstack cinder-volume[79381]: WARNING cinder.volume.volume_utils [None req-561f5fcb-2790-4d14-849e-24ac7b0a1dad tempest-GroupSnapshotsTest-41862898 None] Volume driver (QuobyteDriver 1.1.14) is currently unsupported and may be removed in the next release of OpenStack. Use at your own risk.
Feb 13 11:29:17 devstack cinder-volume[79381]: DEBUG cinder.coordination [None req-561f5fcb-2790-4d14-849e-24ac7b0a1dad tempest-GroupSnapshotsTest-41862898 None] Acquiring lock "cinder-quobyte-8a012d28-0af9-4eb6-a090-b7bc2edac4fd" by "delete_volume" {{(pid=79381) __acquire /opt/stack/cinder/cinder/coordination.py:143}}
Feb 13 11:29:17 devstack cinder-volume[79381]: DEBUG cinder.coordination [None req-561f5fcb-2790-4d14-849e-24ac7b0a1dad tempest-GroupSnapshotsTest-41862898 None] Lock "cinder-quobyte-8a012d28-0af9-4eb6-a090-b7bc2edac4fd" acquired by "delete_volume" :: waited 0.010s {{(pid=79381) __acquire /opt/stack/cinder/cinder/coordination.py:146}}
Feb 13 11:29:17 devstack cinder-volume[79381]: DEBUG oslo.privsep.daemon [-] privsep: reply[42668649-d4f0-4af4-ab66-0d2cb910b251]: (4, 'qcow2') {{(pid=80313) _call_back /opt/stack/data/venv/lib/python3.10/site-packages/oslo_privsep/daemon.py:515}}
Feb 13 11:29:17 devstack cinder-volume[79381]: DEBUG oslo_concurrency.processutils [None req-561f5fcb-2790-4d14-849e-24ac7b0a1dad tempest-GroupSnapshotsTest-41862898 None] Running cmd (subprocess): /opt/stack/data/venv/bin/python3.10 -m oslo_concurrency.prlimit --as=1073741824 --cpu=60 -- sudo cinder-rootwrap /etc/cinder/rootwrap.conf env LC_ALL=C qemu-img info -f qcow2 --output=json --force-share /opt/stack/data/cinder/mnt/dc58058391deb7a33ffdc8cd33adaa45/volume-8a012d28-0af9-4eb6-a090-b7bc2edac4fd {{(pid=79381) execute /opt/stack/data/venv/lib/python3.10/site-packages/oslo_concurrency/processutils.py:368}}
Feb 13 11:29:17 devstack sudo[81019]: quobyte : PWD=/ ; USER=root ; COMMAND=/opt/stack/data/venv/bin/cinder-rootwrap /etc/cinder/rootwrap.conf env LC_ALL=C qemu-img info -f qcow2 --output=json --force-share /opt/stack/data/cinder/mnt/dc58058391deb7a33ffdc8cd33adaa45/volume-8a012d28-0af9-4eb6-a090-b7bc2edac4fd
Feb 13 11:29:17 devstack sudo[81019]: pam_unix(sudo:session): session opened for user root(uid=0) by (uid=1000)
Feb 13 11:29:18 devstack sudo[81019]: pam_unix(sudo:session): session closed for user root
Feb 13 11:29:18 devstack cinder-volume[79381]: DEBUG oslo_concurrency.processutils [None req-561f5fcb-2790-4d14-849e-24ac7b0a1dad tempest-GroupSnapshotsTest-41862898 None] CMD "/opt/stack/data/venv/bin/python3.10 -m oslo_concurrency.prlimit --as=1073741824 --cpu=60 -- sudo cinder-rootwrap /etc/cinder/rootwrap.conf env LC_ALL=C qemu-img info -f qcow2 --output=json --force-share /opt/stack/data/cinder/mnt/dc58058391deb7a33ffdc8cd33adaa45/volume-8a012d28-0af9-4eb6-a090-b7bc2edac4fd" returned: 0 in 0.580s {{(pid=79381) execute /opt/stack/data/venv/lib/python3.10/site-packages/oslo_concurrency/processutils.py:396}}
Feb 13 11:29:18 devstack cinder-volume[79381]: DEBUG oslo_concurrency.processutils [None req-561f5fcb-2790-4d14-849e-24ac7b0a1dad tempest-GroupSnapshotsTest-41862898 None] Running cmd (subprocess): sudo cinder-rootwrap /etc/cinder/rootwrap.conf rm -f /opt/stack/data/cinder/mnt/dc58058391deb7a33ffdc8cd33adaa45/volume-8a012d28-0af9-4eb6-a090-b7bc2edac4fd {{(pid=79381) execute /opt/stack/data/venv/lib/python3.10/site-packages/oslo_concurrency/processutils.py:368}}
Feb 13 11:29:18 devstack sudo[81025]: quobyte : PWD=/ ; USER=root ; COMMAND=/opt/stack/data/venv/bin/cinder-rootwrap /etc/cinder/rootwrap.conf rm -f /opt/stack/data/cinder/mnt/dc58058391deb7a33ffdc8cd33adaa45/volume-8a012d28-0af9-4eb6-a090-b7bc2edac4fd
Feb 13 11:29:18 devstack sudo[81025]: pam_unix(sudo:session): session opened for user root(uid=0) by (uid=1000)
Feb 13 11:29:19 devstack sudo[81025]: pam_unix(sudo:session): session closed for user root
Feb 13 11:29:19 devstack cinder-volume[79381]: DEBUG oslo_concurrency.processutils [None req-561f5fcb-2790-4d14-849e-24ac7b0a1dad tempest-GroupSnapshotsTest-41862898 None] CMD "sudo cinder-rootwrap /etc/cinder/rootwrap.conf rm -f /opt/stack/data/cinder/mnt/dc58058391deb7a33ffdc8cd33adaa45/volume-8a012d28-0af9-4eb6-a090-b7bc2edac4fd" returned: 0 in 0.880s {{(pid=79381) execute /opt/stack/data/venv/lib/python3.10/site-packages/oslo_concurrency/processutils.py:396}}
Feb 13 11:29:19 devstack cinder-volume[79381]: DEBUG cinder.coordination [None req-561f5fcb-2790-4d14-849e-24ac7b0a1dad tempest-GroupSnapshotsTest-41862898 None] Lock "cinder-quobyte-8a012d28-0af9-4eb6-a090-b7bc2edac4fd" released by "delete_volume" :: held 1.514s {{(pid=79381) __release /opt/stack/cinder/cinder/coordination.py:157}}
Feb 13 11:29:19 devstack cinder-volume[79381]: DEBUG cinder.quota [None req-561f5fcb-2790-4d14-849e-24ac7b0a1dad tempest-GroupSnapshotsTest-41862898 None] Created reservations ['b1ad40e6-eb6e-4bcb-8e37-db874f9cff76'] {{(pid=79381) reserve /opt/stack/cinder/cinder/quota.py:752}}
Feb 13 11:29:19 devstack cinder-volume[79381]: WARNING cinder.quota [None req-561f5fcb-2790-4d14-849e-24ac7b0a1dad tempest-GroupSnapshotsTest-41862898 None] Deprecated: Default quota for resource: volumes_tempest-GroupSnapshotsTest-volume-type-1030250844 is set by the default quota flag: quota_volumes_tempest-GroupSnapshotsTest-volume-type-1030250844, it is now deprecated. Please use the default quota class for default quota.
Feb 13 11:29:19 devstack cinder-volume[79381]: WARNING cinder.quota [None req-561f5fcb-2790-4d14-849e-24ac7b0a1dad tempest-GroupSnapshotsTest-41862898 None] Deprecated: Default quota for resource: gigabytes_tempest-GroupSnapshotsTest-volume-type-1030250844 is set by the default quota flag: quota_gigabytes_tempest-GroupSnapshotsTest-volume-type-1030250844, it is now deprecated. Please use the default quota class for default quota.
Feb 13 11:29:19 devstack cinder-volume[79381]: DEBUG cinder.quota [None req-561f5fcb-2790-4d14-849e-24ac7b0a1dad tempest-GroupSnapshotsTest-41862898 None] Created reservations ['aca9e33b-e1ac-4320-ab9f-0a29f446dba8', 'd5409e5a-d5a3-4369-bc4f-ae0995b5cd57', '08106b43-d3bd-4671-9be6-bd0d52ed8ea6', '04e9c64b-6f90-422b-a52c-7298c0e464ff'] {{(pid=79381) reserve /opt/stack/cinder/cinder/quota.py:752}}
Feb 13 11:29:19 devstack cinder-volume[79381]: DEBUG oslo_concurrency.lockutils [None req-561f5fcb-2790-4d14-849e-24ac7b0a1dad tempest-GroupSnapshotsTest-41862898 None] Acquiring lock "quobyte_ensure" by "cinder.volume.drivers.quobyte.QuobyteDriver._ensure_shares_mounted" {{(pid=79381) inner /opt/stack/data/venv/lib/python3.10/site-packages/oslo_concurrency/lockutils.py:506}}
Feb 13 11:29:19 devstack cinder-volume[79381]: DEBUG oslo_concurrency.lockutils [None req-561f5fcb-2790-4d14-849e-24ac7b0a1dad tempest-GroupSnapshotsTest-41862898 None] Lock "quobyte_ensure" acquired by "cinder.volume.drivers.quobyte.QuobyteDriver._ensure_shares_mounted" :: waited 0.001s {{(pid=79381) inner /opt/stack/data/venv/lib/python3.10/site-packages/oslo_concurrency/lockutils.py:519}}
Feb 13 11:29:19 devstack cinder-volume[79381]: DEBUG cinder.volume.drivers.quobyte [None req-561f5fcb-2790-4d14-849e-24ac7b0a1dad tempest-GroupSnapshotsTest-41862898 None] Quobyte Volume URL set to: {'osci02.corp.quobyte.com/cinder-vol-2412a2e1-7ec5-4c05-bef3-9b4213ae48af': None} {{(pid=79381) _load_shares_config /opt/stack/cinder/cinder/volume/drivers/quobyte.py:620}}
Feb 13 11:29:19 devstack cinder-volume[79381]: DEBUG cinder.volume.drivers.quobyte [None req-561f5fcb-2790-4d14-849e-24ac7b0a1dad tempest-GroupSnapshotsTest-41862898 None] Available shares ['osci02.corp.quobyte.com/cinder-vol-2412a2e1-7ec5-4c05-bef3-9b4213ae48af'] {{(pid=79381) _ensure_shares_mounted /opt/stack/cinder/cinder/volume/drivers/quobyte.py:650}}
Feb 13 11:29:19 devstack cinder-volume[79381]: DEBUG oslo_concurrency.lockutils [None req-561f5fcb-2790-4d14-849e-24ac7b0a1dad tempest-GroupSnapshotsTest-41862898 None] Lock "quobyte_ensure" "released" by "cinder.volume.drivers.quobyte.QuobyteDriver._ensure_shares_mounted" :: held 0.015s {{(pid=79381) inner /opt/stack/data/venv/lib/python3.10/site-packages/oslo_concurrency/lockutils.py:538}}
Feb 13 11:29:19 devstack cinder-volume[79381]: DEBUG oslo_concurrency.processutils [None req-561f5fcb-2790-4d14-849e-24ac7b0a1dad tempest-GroupSnapshotsTest-41862898 None] Running cmd (subprocess): sudo cinder-rootwrap /etc/cinder/rootwrap.conf df --portability --block-size 1 /opt/stack/data/cinder/mnt/dc58058391deb7a33ffdc8cd33adaa45 {{(pid=79381) execute /opt/stack/data/venv/lib/python3.10/site-packages/oslo_concurrency/processutils.py:368}}
Feb 13 11:29:19 devstack sudo[81058]: quobyte : PWD=/ ; USER=root ; COMMAND=/opt/stack/data/venv/bin/cinder-rootwrap /etc/cinder/rootwrap.conf df --portability --block-size 1 /opt/stack/data/cinder/mnt/dc58058391deb7a33ffdc8cd33adaa45
Feb 13 11:29:19 devstack sudo[81058]: pam_unix(sudo:session): session opened for user root(uid=0) by (uid=1000)
Feb 13 11:29:20 devstack cinder-volume[79381]: INFO cinder.volume.manager [None req-cdb6bc2d-25c7-4743-ab4d-3f8d0424f4d8 tempest-GroupSnapshotsTest-41862898 None] group_snapshot cdb12445-b4ba-4c96-a503-6e7a224d3dcd: deleting
Feb 13 11:29:20 devstack cinder-volume[79381]: WARNING cinder.volume.volume_utils [None req-cdb6bc2d-25c7-4743-ab4d-3f8d0424f4d8 tempest-GroupSnapshotsTest-41862898 None] Volume driver (QuobyteDriver 1.1.14) is currently unsupported and may be removed in the next release of OpenStack. Use at your own risk.
Feb 13 11:29:20 devstack cinder-volume[79381]: DEBUG cinder.volume.manager [None req-cdb6bc2d-25c7-4743-ab4d-3f8d0424f4d8 tempest-GroupSnapshotsTest-41862898 None] group_snapshot cdb12445-b4ba-4c96-a503-6e7a224d3dcd: deleting {{(pid=79381) delete_group_snapshot /opt/stack/cinder/cinder/volume/manager.py:4350}}
Feb 13 11:29:20 devstack cinder-volume[79381]: DEBUG cinder.coordination [None req-cdb6bc2d-25c7-4743-ab4d-3f8d0424f4d8 tempest-GroupSnapshotsTest-41862898 None] Acquiring lock "cinder-quobyte-c00048aa-21c6-4f9c-92da-1e7d1639acda" by "delete_snapshot" {{(pid=79381) __acquire /opt/stack/cinder/cinder/coordination.py:143}}
Feb 13 11:29:20 devstack cinder-volume[79381]: DEBUG cinder.coordination [None req-cdb6bc2d-25c7-4743-ab4d-3f8d0424f4d8 tempest-GroupSnapshotsTest-41862898 None] Lock "cinder-quobyte-c00048aa-21c6-4f9c-92da-1e7d1639acda" acquired by "delete_snapshot" :: waited 0.023s {{(pid=79381) __acquire /opt/stack/cinder/cinder/coordination.py:146}}
Feb 13 11:29:20 devstack cinder-volume[79381]: DEBUG cinder.coordination [None req-cdb6bc2d-25c7-4743-ab4d-3f8d0424f4d8 tempest-GroupSnapshotsTest-41862898 None] Acquiring lock "cinder-quobyte-c40776b6-e95e-4e14-b94c-3f54ea10b018" by "_delete_snapshot" {{(pid=79381) __acquire /opt/stack/cinder/cinder/coordination.py:143}}
Feb 13 11:29:20 devstack cinder-volume[79381]: DEBUG cinder.coordination [None req-cdb6bc2d-25c7-4743-ab4d-3f8d0424f4d8 tempest-GroupSnapshotsTest-41862898 None] Lock "cinder-quobyte-c40776b6-e95e-4e14-b94c-3f54ea10b018" acquired by "_delete_snapshot" :: waited 0.017s {{(pid=79381) __acquire /opt/stack/cinder/cinder/coordination.py:146}}
Feb 13 11:29:20 devstack cinder-volume[79381]: DEBUG cinder.volume.drivers.remotefs [None req-cdb6bc2d-25c7-4743-ab4d-3f8d0424f4d8 tempest-GroupSnapshotsTest-41862898 None] Deleting offline snapshot c40776b6-e95e-4e14-b94c-3f54ea10b018 of volume c00048aa-21c6-4f9c-92da-1e7d1639acda {{(pid=79381) _delete_snapshot /opt/stack/cinder/cinder/volume/drivers/remotefs.py:1290}}
Feb 13 11:29:20 devstack cinder-volume[79381]: DEBUG cinder.volume.drivers.remotefs [None req-cdb6bc2d-25c7-4743-ab4d-3f8d0424f4d8 tempest-GroupSnapshotsTest-41862898 None] snapshot_file for this snap is: volume-c00048aa-21c6-4f9c-92da-1e7d1639acda.c40776b6-e95e-4e14-b94c-3f54ea10b018 {{(pid=79381) _delete_snapshot /opt/stack/cinder/cinder/volume/drivers/remotefs.py:1319}}
Feb 13 11:29:20 devstack cinder-volume[79381]: DEBUG oslo.privsep.daemon [-] privsep: reply[51afd8e8-c215-4591-bc3a-8832389f9f1d]: (4, 'qcow2') {{(pid=80313) _call_back /opt/stack/data/venv/lib/python3.10/site-packages/oslo_privsep/daemon.py:515}}
Feb 13 11:29:20 devstack cinder-volume[79381]: DEBUG oslo_concurrency.processutils [None req-cdb6bc2d-25c7-4743-ab4d-3f8d0424f4d8 tempest-GroupSnapshotsTest-41862898 None] Running cmd (subprocess): /opt/stack/data/venv/bin/python3.10 -m oslo_concurrency.prlimit --as=1073741824 --cpu=60 -- sudo cinder-rootwrap /etc/cinder/rootwrap.conf env LC_ALL=C qemu-img info -f qcow2 --output=json --force-share /opt/stack/data/cinder/mnt/dc58058391deb7a33ffdc8cd33adaa45/volume-c00048aa-21c6-4f9c-92da-1e7d1639acda.c40776b6-e95e-4e14-b94c-3f54ea10b018 {{(pid=79381) execute /opt/stack/data/venv/lib/python3.10/site-packages/oslo_concurrency/processutils.py:368}}
Feb 13 11:29:20 devstack sudo[81060]: quobyte : PWD=/ ; USER=root ; COMMAND=/opt/stack/data/venv/bin/cinder-rootwrap /etc/cinder/rootwrap.conf env LC_ALL=C qemu-img info -f qcow2 --output=json --force-share /opt/stack/data/cinder/mnt/dc58058391deb7a33ffdc8cd33adaa45/volume-c00048aa-21c6-4f9c-92da-1e7d1639acda.c40776b6-e95e-4e14-b94c-3f54ea10b018
Feb 13 11:29:20 devstack sudo[81060]: pam_unix(sudo:session): session opened for user root(uid=0) by (uid=1000)
Feb 13 11:29:21 devstack sudo[81060]: pam_unix(sudo:session): session closed for user root
Feb 13 11:29:21 devstack cinder-volume[79381]: DEBUG oslo_concurrency.processutils [None req-cdb6bc2d-25c7-4743-ab4d-3f8d0424f4d8 tempest-GroupSnapshotsTest-41862898 None] CMD "/opt/stack/data/venv/bin/python3.10 -m oslo_concurrency.prlimit --as=1073741824 --cpu=60 -- sudo cinder-rootwrap /etc/cinder/rootwrap.conf env LC_ALL=C qemu-img info -f qcow2 --output=json --force-share /opt/stack/data/cinder/mnt/dc58058391deb7a33ffdc8cd33adaa45/volume-c00048aa-21c6-4f9c-92da-1e7d1639acda.c40776b6-e95e-4e14-b94c-3f54ea10b018" returned: 0 in 0.780s {{(pid=79381) execute /opt/stack/data/venv/lib/python3.10/site-packages/oslo_concurrency/processutils.py:396}}
Feb 13 11:29:21 devstack cinder-volume[79381]: DEBUG cinder.volume.drivers.remotefs [None req-cdb6bc2d-25c7-4743-ab4d-3f8d0424f4d8 tempest-GroupSnapshotsTest-41862898 None] Fetching qemu-img info with special backing_file_template: (/opt/stack/data/cinder/mnt/[0-9a-f]+/)?(volume-c00048aa-21c6-4f9c-92da-1e7d1639acda(.(tmp-snap-)?[0-9a-f-]+)?|volume_from_snapshot_cache/(tmp-snap-)?[0-9a-f-]+(.(child-|parent-)[0-9a-f-]+)?)$ {{(pid=79381) _qemu_img_info_base /opt/stack/cinder/cinder/volume/drivers/remotefs.py:898}}
Feb 13 11:29:21 devstack cinder-volume[79381]: DEBUG oslo.privsep.daemon [-] privsep: reply[46b963e0-f7ae-4cb0-ac4e-77095c94fb5d]: (4, 'qcow2') {{(pid=80313) _call_back /opt/stack/data/venv/lib/python3.10/site-packages/oslo_privsep/daemon.py:515}}
Feb 13 11:29:21 devstack cinder-volume[79381]: DEBUG oslo_concurrency.processutils [None req-cdb6bc2d-25c7-4743-ab4d-3f8d0424f4d8 tempest-GroupSnapshotsTest-41862898 None] Running cmd (subprocess): /opt/stack/data/venv/bin/python3.10 -m oslo_concurrency.prlimit --as=1073741824 --cpu=60 -- sudo cinder-rootwrap /etc/cinder/rootwrap.conf env LC_ALL=C qemu-img info -f qcow2 --output=json --force-share /opt/stack/data/cinder/mnt/dc58058391deb7a33ffdc8cd33adaa45/volume-c00048aa-21c6-4f9c-92da-1e7d1639acda {{(pid=79381) execute /opt/stack/data/venv/lib/python3.10/site-packages/oslo_concurrency/processutils.py:368}}
Feb 13 11:29:21 devstack sudo[81058]: pam_unix(sudo:session): session closed for user root
Feb 13 11:29:21 devstack cinder-volume[79381]: DEBUG oslo_concurrency.processutils [None req-561f5fcb-2790-4d14-849e-24ac7b0a1dad tempest-GroupSnapshotsTest-41862898 None] CMD "sudo cinder-rootwrap /etc/cinder/rootwrap.conf df --portability --block-size 1 /opt/stack/data/cinder/mnt/dc58058391deb7a33ffdc8cd33adaa45" returned: 0 in 1.351s {{(pid=79381) execute /opt/stack/data/venv/lib/python3.10/site-packages/oslo_concurrency/processutils.py:396}}
Feb 13 11:29:21 devstack cinder-volume[79381]: DEBUG cinder.manager [None req-561f5fcb-2790-4d14-849e-24ac7b0a1dad tempest-GroupSnapshotsTest-41862898 None] Notifying Schedulers of capabilities ... {{(pid=79381) _publish_service_capabilities /opt/stack/cinder/cinder/manager.py:202}}
Feb 13 11:29:21 devstack cinder-volume[79381]: INFO cinder.volume.manager [None req-561f5fcb-2790-4d14-849e-24ac7b0a1dad tempest-GroupSnapshotsTest-41862898 None] Delete group completed successfully.
Feb 13 11:29:21 devstack sudo[81066]: quobyte : PWD=/ ; USER=root ; COMMAND=/opt/stack/data/venv/bin/cinder-rootwrap /etc/cinder/rootwrap.conf env LC_ALL=C qemu-img info -f qcow2 --output=json --force-share /opt/stack/data/cinder/mnt/dc58058391deb7a33ffdc8cd33adaa45/volume-c00048aa-21c6-4f9c-92da-1e7d1639acda
Feb 13 11:29:21 devstack sudo[81066]: pam_unix(sudo:session): session opened for user root(uid=0) by (uid=1000)
Feb 13 11:29:21 devstack sudo[81066]: pam_unix(sudo:session): session closed for user root
Feb 13 11:29:21 devstack cinder-volume[79381]: DEBUG oslo_concurrency.processutils [None req-cdb6bc2d-25c7-4743-ab4d-3f8d0424f4d8 tempest-GroupSnapshotsTest-41862898 None] CMD "/opt/stack/data/venv/bin/python3.10 -m oslo_concurrency.prlimit --as=1073741824 --cpu=60 -- sudo cinder-rootwrap /etc/cinder/rootwrap.conf env LC_ALL=C qemu-img info -f qcow2 --output=json --force-share /opt/stack/data/cinder/mnt/dc58058391deb7a33ffdc8cd33adaa45/volume-c00048aa-21c6-4f9c-92da-1e7d1639acda" returned: 0 in 0.833s {{(pid=79381) execute /opt/stack/data/venv/lib/python3.10/site-packages/oslo_concurrency/processutils.py:396}}
Feb 13 11:29:21 devstack cinder-volume[79381]: DEBUG oslo_concurrency.processutils [None req-cdb6bc2d-25c7-4743-ab4d-3f8d0424f4d8 tempest-GroupSnapshotsTest-41862898 None] Running cmd (subprocess): sudo cinder-rootwrap /etc/cinder/rootwrap.conf qemu-img commit -d /opt/stack/data/cinder/mnt/dc58058391deb7a33ffdc8cd33adaa45/volume-c00048aa-21c6-4f9c-92da-1e7d1639acda.c40776b6-e95e-4e14-b94c-3f54ea10b018 {{(pid=79381) execute /opt/stack/data/venv/lib/python3.10/site-packages/oslo_concurrency/processutils.py:368}}
Feb 13 11:29:22 devstack sudo[81073]: quobyte : PWD=/ ; USER=root ; COMMAND=/opt/stack/data/venv/bin/cinder-rootwrap /etc/cinder/rootwrap.conf qemu-img commit -d /opt/stack/data/cinder/mnt/dc58058391deb7a33ffdc8cd33adaa45/volume-c00048aa-21c6-4f9c-92da-1e7d1639acda.c40776b6-e95e-4e14-b94c-3f54ea10b018
Feb 13 11:29:22 devstack sudo[81073]: pam_unix(sudo:session): session opened for user root(uid=0) by (uid=1000)
Feb 13 11:29:22 devstack sudo[81073]: pam_unix(sudo:session): session closed for user root
Feb 13 11:29:22 devstack cinder-volume[79381]: DEBUG oslo_concurrency.processutils [None req-cdb6bc2d-25c7-4743-ab4d-3f8d0424f4d8 tempest-GroupSnapshotsTest-41862898 None] CMD "sudo cinder-rootwrap /etc/cinder/rootwrap.conf qemu-img commit -d /opt/stack/data/cinder/mnt/dc58058391deb7a33ffdc8cd33adaa45/volume-c00048aa-21c6-4f9c-92da-1e7d1639acda.c40776b6-e95e-4e14-b94c-3f54ea10b018" returned: 0 in 0.977s {{(pid=79381) execute /opt/stack/data/venv/lib/python3.10/site-packages/oslo_concurrency/processutils.py:396}}
Feb 13 11:29:22 devstack cinder-volume[79381]: DEBUG oslo_concurrency.processutils [None req-cdb6bc2d-25c7-4743-ab4d-3f8d0424f4d8 tempest-GroupSnapshotsTest-41862898 None] Running cmd (subprocess): sudo cinder-rootwrap /etc/cinder/rootwrap.conf rm -f /opt/stack/data/cinder/mnt/dc58058391deb7a33ffdc8cd33adaa45/volume-c00048aa-21c6-4f9c-92da-1e7d1639acda.c40776b6-e95e-4e14-b94c-3f54ea10b018 {{(pid=79381) execute /opt/stack/data/venv/lib/python3.10/site-packages/oslo_concurrency/processutils.py:368}}
Feb 13 11:29:23 devstack sudo[81078]: quobyte : PWD=/ ; USER=root ; COMMAND=/opt/stack/data/venv/bin/cinder-rootwrap /etc/cinder/rootwrap.conf rm -f /opt/stack/data/cinder/mnt/dc58058391deb7a33ffdc8cd33adaa45/volume-c00048aa-21c6-4f9c-92da-1e7d1639acda.c40776b6-e95e-4e14-b94c-3f54ea10b018
Feb 13 11:29:23 devstack sudo[81078]: pam_unix(sudo:session): session opened for user root(uid=0) by (uid=1000)
Feb 13 11:29:23 devstack sudo[81078]: pam_unix(sudo:session): session closed for user root
Feb 13 11:29:23 devstack cinder-volume[79381]: DEBUG oslo_concurrency.processutils [None req-cdb6bc2d-25c7-4743-ab4d-3f8d0424f4d8 tempest-GroupSnapshotsTest-41862898 None] CMD "sudo cinder-rootwrap /etc/cinder/rootwrap.conf rm -f /opt/stack/data/cinder/mnt/dc58058391deb7a33ffdc8cd33adaa45/volume-c00048aa-21c6-4f9c-92da-1e7d1639acda.c40776b6-e95e-4e14-b94c-3f54ea10b018" returned: 0 in 0.980s {{(pid=79381) execute /opt/stack/data/venv/lib/python3.10/site-packages/oslo_concurrency/processutils.py:396}}
Feb 13 11:29:24 devstack cinder-volume[79381]: DEBUG cinder.coordination [None req-cdb6bc2d-25c7-4743-ab4d-3f8d0424f4d8 tempest-GroupSnapshotsTest-41862898 None] Lock "cinder-quobyte-c40776b6-e95e-4e14-b94c-3f54ea10b018" released by "_delete_snapshot" :: held 3.717s {{(pid=79381) __release /opt/stack/cinder/cinder/coordination.py:157}}
Feb 13 11:29:24 devstack cinder-volume[79381]: DEBUG cinder.coordination [None req-cdb6bc2d-25c7-4743-ab4d-3f8d0424f4d8 tempest-GroupSnapshotsTest-41862898 None] Lock "cinder-quobyte-c00048aa-21c6-4f9c-92da-1e7d1639acda" released by "delete_snapshot" :: held 3.741s {{(pid=79381) __release /opt/stack/cinder/cinder/coordination.py:157}}
Feb 13 11:29:24 devstack cinder-volume[79381]: WARNING cinder.quota [None req-cdb6bc2d-25c7-4743-ab4d-3f8d0424f4d8 tempest-GroupSnapshotsTest-41862898 None] Deprecated: Default quota for resource: snapshots_tempest-GroupSnapshotsTest-volume-type-1030250844 is set by the default quota flag: quota_snapshots_tempest-GroupSnapshotsTest-volume-type-1030250844, it is now deprecated. Please use the default quota class for default quota.
Feb 13 11:29:24 devstack cinder-volume[79381]: DEBUG cinder.quota [None req-cdb6bc2d-25c7-4743-ab4d-3f8d0424f4d8 tempest-GroupSnapshotsTest-41862898 None] Created reservations ['4d476a2c-f7a3-40df-a9de-e3b223064fcb', 'fd2a9c1e-11f4-4d49-b163-8219d5adeeda', '0c9555d7-e2a5-4237-b9b2-307f008b7f1a', '4fa1b6dd-5b5a-461a-a6ca-74341533a7e2'] {{(pid=79381) reserve /opt/stack/cinder/cinder/quota.py:752}}
Feb 13 11:29:24 devstack cinder-volume[79381]: INFO cinder.volume.manager [None req-cdb6bc2d-25c7-4743-ab4d-3f8d0424f4d8 tempest-GroupSnapshotsTest-41862898 None] group_snapshot cdb12445-b4ba-4c96-a503-6e7a224d3dcd: deleted successfully
Feb 13 11:29:25 devstack cinder-volume[79381]: WARNING cinder.volume.volume_utils [None req-40aa74fd-80cb-4246-91fa-e2bc6faa1a6c tempest-GroupSnapshotsTest-41862898 None] Volume driver (QuobyteDriver 1.1.14) is currently unsupported and may be removed in the next release of OpenStack. Use at your own risk.
Feb 13 11:29:25 devstack cinder-volume[79381]: DEBUG cinder.coordination [None req-40aa74fd-80cb-4246-91fa-e2bc6faa1a6c tempest-GroupSnapshotsTest-41862898 None] Acquiring lock "cinder-quobyte-c00048aa-21c6-4f9c-92da-1e7d1639acda" by "delete_volume" {{(pid=79381) __acquire /opt/stack/cinder/cinder/coordination.py:143}}
Feb 13 11:29:25 devstack cinder-volume[79381]: DEBUG cinder.coordination [None req-40aa74fd-80cb-4246-91fa-e2bc6faa1a6c tempest-GroupSnapshotsTest-41862898 None] Lock "cinder-quobyte-c00048aa-21c6-4f9c-92da-1e7d1639acda" acquired by "delete_volume" :: waited 0.028s {{(pid=79381) __acquire /opt/stack/cinder/cinder/coordination.py:146}}
Feb 13 11:29:25 devstack cinder-volume[79381]: DEBUG oslo.privsep.daemon [-] privsep: reply[f075cfd2-41d5-43fe-a2a4-1f94054d49fe]: (4, 'qcow2') {{(pid=80313) _call_back /opt/stack/data/venv/lib/python3.10/site-packages/oslo_privsep/daemon.py:515}}
Feb 13 11:29:25 devstack cinder-volume[79381]: DEBUG oslo_concurrency.processutils [None req-40aa74fd-80cb-4246-91fa-e2bc6faa1a6c tempest-GroupSnapshotsTest-41862898 None] Running cmd (subprocess): /opt/stack/data/venv/bin/python3.10 -m oslo_concurrency.prlimit --as=1073741824 --cpu=60 -- sudo cinder-rootwrap /etc/cinder/rootwrap.conf env LC_ALL=C qemu-img info -f qcow2 --output=json --force-share /opt/stack/data/cinder/mnt/dc58058391deb7a33ffdc8cd33adaa45/volume-c00048aa-21c6-4f9c-92da-1e7d1639acda {{(pid=79381) execute /opt/stack/data/venv/lib/python3.10/site-packages/oslo_concurrency/processutils.py:368}}
Feb 13 11:29:25 devstack sudo[81089]: quobyte : PWD=/ ; USER=root ; COMMAND=/opt/stack/data/venv/bin/cinder-rootwrap /etc/cinder/rootwrap.conf env LC_ALL=C qemu-img info -f qcow2 --output=json --force-share /opt/stack/data/cinder/mnt/dc58058391deb7a33ffdc8cd33adaa45/volume-c00048aa-21c6-4f9c-92da-1e7d1639acda
Feb 13 11:29:25 devstack sudo[81089]: pam_unix(sudo:session): session opened for user root(uid=0) by (uid=1000)
Feb 13 11:29:26 devstack sudo[81089]: pam_unix(sudo:session): session closed for user root
Feb 13 11:29:26 devstack cinder-volume[79381]: DEBUG oslo_concurrency.processutils [None req-40aa74fd-80cb-4246-91fa-e2bc6faa1a6c tempest-GroupSnapshotsTest-41862898 None] CMD "/opt/stack/data/venv/bin/python3.10 -m oslo_concurrency.prlimit --as=1073741824 --cpu=60 -- sudo cinder-rootwrap /etc/cinder/rootwrap.conf env LC_ALL=C qemu-img info -f qcow2 --output=json --force-share /opt/stack/data/cinder/mnt/dc58058391deb7a33ffdc8cd33adaa45/volume-c00048aa-21c6-4f9c-92da-1e7d1639acda" returned: 0 in 1.101s {{(pid=79381) execute /opt/stack/data/venv/lib/python3.10/site-packages/oslo_concurrency/processutils.py:396}}
Feb 13 11:29:26 devstack cinder-volume[79381]: DEBUG oslo_concurrency.processutils [None req-40aa74fd-80cb-4246-91fa-e2bc6faa1a6c tempest-GroupSnapshotsTest-41862898 None] Running cmd (subprocess): sudo cinder-rootwrap /etc/cinder/rootwrap.conf rm -f /opt/stack/data/cinder/mnt/dc58058391deb7a33ffdc8cd33adaa45/volume-c00048aa-21c6-4f9c-92da-1e7d1639acda {{(pid=79381) execute /opt/stack/data/venv/lib/python3.10/site-packages/oslo_concurrency/processutils.py:368}}
Feb 13 11:29:26 devstack sudo[81140]: quobyte : PWD=/ ; USER=root ; COMMAND=/opt/stack/data/venv/bin/cinder-rootwrap /etc/cinder/rootwrap.conf rm -f /opt/stack/data/cinder/mnt/dc58058391deb7a33ffdc8cd33adaa45/volume-c00048aa-21c6-4f9c-92da-1e7d1639acda
Feb 13 11:29:26 devstack sudo[81140]: pam_unix(sudo:session): session opened for user root(uid=0) by (uid=1000)
Feb 13 11:29:27 devstack sudo[81140]: pam_unix(sudo:session): session closed for user root
Feb 13 11:29:27 devstack cinder-volume[79381]: DEBUG oslo_concurrency.processutils [None req-40aa74fd-80cb-4246-91fa-e2bc6faa1a6c tempest-GroupSnapshotsTest-41862898 None] CMD "sudo cinder-rootwrap /etc/cinder/rootwrap.conf rm -f /opt/stack/data/cinder/mnt/dc58058391deb7a33ffdc8cd33adaa45/volume-c00048aa-21c6-4f9c-92da-1e7d1639acda" returned: 0 in 1.038s {{(pid=79381) execute /opt/stack/data/venv/lib/python3.10/site-packages/oslo_concurrency/processutils.py:396}}
Feb 13 11:29:27 devstack cinder-volume[79381]: DEBUG cinder.coordination [None req-40aa74fd-80cb-4246-91fa-e2bc6faa1a6c tempest-GroupSnapshotsTest-41862898 None] Lock "cinder-quobyte-c00048aa-21c6-4f9c-92da-1e7d1639acda" released by "delete_volume" :: held 2.305s {{(pid=79381) __release /opt/stack/cinder/cinder/coordination.py:157}}
Feb 13 11:29:27 devstack cinder-volume[79381]: DEBUG cinder.coordination [None req-e8aa167b-7697-4847-885b-1eb84587b838 tempest-ServerRescueNegativeTestJSON-1276946453 None] Acquiring lock "cinder-69044926-17e1-4521-8423-890bd4076663-delete_volume" by "delete_volume" {{(pid=79381) __acquire /opt/stack/cinder/cinder/coordination.py:143}}
Feb 13 11:29:27 devstack cinder-volume[79381]: DEBUG cinder.coordination [None req-e8aa167b-7697-4847-885b-1eb84587b838 tempest-ServerRescueNegativeTestJSON-1276946453 None] Lock "cinder-69044926-17e1-4521-8423-890bd4076663-delete_volume" acquired by "delete_volume" :: waited 0.031s {{(pid=79381) __acquire /opt/stack/cinder/cinder/coordination.py:146}}
Feb 13 11:29:27 devstack cinder-volume[79381]: DEBUG cinder.quota [None req-40aa74fd-80cb-4246-91fa-e2bc6faa1a6c tempest-GroupSnapshotsTest-41862898 None] Created reservations ['82b950af-9555-4e60-a416-8658323bd65e'] {{(pid=79381) reserve /opt/stack/cinder/cinder/quota.py:752}}
Feb 13 11:29:27 devstack cinder-volume[79381]: WARNING cinder.volume.volume_utils [None req-e8aa167b-7697-4847-885b-1eb84587b838 tempest-ServerRescueNegativeTestJSON-1276946453 None] Volume driver (QuobyteDriver 1.1.14) is currently unsupported and may be removed in the next release of OpenStack. Use at your own risk.
Feb 13 11:29:27 devstack cinder-volume[79381]: DEBUG cinder.coordination [None req-e8aa167b-7697-4847-885b-1eb84587b838 tempest-ServerRescueNegativeTestJSON-1276946453 None] Acquiring lock "cinder-quobyte-69044926-17e1-4521-8423-890bd4076663" by "delete_volume" {{(pid=79381) __acquire /opt/stack/cinder/cinder/coordination.py:143}}
Feb 13 11:29:27 devstack cinder-volume[79381]: WARNING cinder.db.sqlalchemy.api [None req-40aa74fd-80cb-4246-91fa-e2bc6faa1a6c tempest-GroupSnapshotsTest-41862898 None] Reservation would make usage less than 0 for the following resources, so on commit they will be limited to prevent going below 0: ['gigabytes', 'gigabytes_tempest-GroupSnapshotsTest-volume-type-1030250844']
Feb 13 11:29:27 devstack cinder-volume[79381]: DEBUG cinder.quota [None req-40aa74fd-80cb-4246-91fa-e2bc6faa1a6c tempest-GroupSnapshotsTest-41862898 None] Created reservations ['c71ba984-58d6-4a63-a44f-8502817b9ea0', '14d6646a-1b21-4f33-b20b-816e9a658cfc', '7fe97a53-2146-41b9-98a4-e2e49568464c', '09cc1d25-65d4-4e84-8e6f-f3a585e773e5'] {{(pid=79381) reserve /opt/stack/cinder/cinder/quota.py:752}}
Feb 13 11:29:27 devstack cinder-volume[79381]: DEBUG cinder.coordination [None req-e8aa167b-7697-4847-885b-1eb84587b838 tempest-ServerRescueNegativeTestJSON-1276946453 None] Lock "cinder-quobyte-69044926-17e1-4521-8423-890bd4076663" acquired by "delete_volume" :: waited 0.055s {{(pid=79381) __acquire /opt/stack/cinder/cinder/coordination.py:146}}
Feb 13 11:29:27 devstack cinder-volume[79381]: DEBUG oslo.privsep.daemon [-] privsep: reply[7497f285-283d-4a7d-9cd3-31cdebd6bf0e]: (4, 'qcow2') {{(pid=80313) _call_back /opt/stack/data/venv/lib/python3.10/site-packages/oslo_privsep/daemon.py:515}}
Feb 13 11:29:27 devstack cinder-volume[79381]: DEBUG oslo_concurrency.processutils [None req-e8aa167b-7697-4847-885b-1eb84587b838 tempest-ServerRescueNegativeTestJSON-1276946453 None] Running cmd (subprocess): /opt/stack/data/venv/bin/python3.10 -m oslo_concurrency.prlimit --as=1073741824 --cpu=60 -- sudo cinder-rootwrap /etc/cinder/rootwrap.conf env LC_ALL=C qemu-img info -f qcow2 --output=json --force-share /opt/stack/data/cinder/mnt/dc58058391deb7a33ffdc8cd33adaa45/volume-69044926-17e1-4521-8423-890bd4076663 {{(pid=79381) execute /opt/stack/data/venv/lib/python3.10/site-packages/oslo_concurrency/processutils.py:368}}
Feb 13 11:29:27 devstack cinder-volume[79381]: DEBUG oslo_concurrency.lockutils [None req-40aa74fd-80cb-4246-91fa-e2bc6faa1a6c tempest-GroupSnapshotsTest-41862898 None] Acquiring lock "quobyte_ensure" by "cinder.volume.drivers.quobyte.QuobyteDriver._ensure_shares_mounted" {{(pid=79381) inner /opt/stack/data/venv/lib/python3.10/site-packages/oslo_concurrency/lockutils.py:506}}
Feb 13 11:29:27 devstack cinder-volume[79381]: DEBUG oslo_concurrency.lockutils [None req-40aa74fd-80cb-4246-91fa-e2bc6faa1a6c tempest-GroupSnapshotsTest-41862898 None] Lock "quobyte_ensure" acquired by "cinder.volume.drivers.quobyte.QuobyteDriver._ensure_shares_mounted" :: waited 0.001s {{(pid=79381) inner /opt/stack/data/venv/lib/python3.10/site-packages/oslo_concurrency/lockutils.py:519}}
Feb 13 11:29:27 devstack cinder-volume[79381]: DEBUG cinder.volume.drivers.quobyte [None req-40aa74fd-80cb-4246-91fa-e2bc6faa1a6c tempest-GroupSnapshotsTest-41862898 None] Quobyte Volume URL set to: {'osci02.corp.quobyte.com/cinder-vol-2412a2e1-7ec5-4c05-bef3-9b4213ae48af': None} {{(pid=79381) _load_shares_config /opt/stack/cinder/cinder/volume/drivers/quobyte.py:620}}
Feb 13 11:29:27 devstack cinder-volume[79381]: DEBUG cinder.volume.drivers.quobyte [None req-40aa74fd-80cb-4246-91fa-e2bc6faa1a6c tempest-GroupSnapshotsTest-41862898 None] Available shares ['osci02.corp.quobyte.com/cinder-vol-2412a2e1-7ec5-4c05-bef3-9b4213ae48af'] {{(pid=79381) _ensure_shares_mounted /opt/stack/cinder/cinder/volume/drivers/quobyte.py:650}}
Feb 13 11:29:27 devstack cinder-volume[79381]: DEBUG oslo_concurrency.lockutils [None req-40aa74fd-80cb-4246-91fa-e2bc6faa1a6c tempest-GroupSnapshotsTest-41862898 None] Lock "quobyte_ensure" "released" by "cinder.volume.drivers.quobyte.QuobyteDriver._ensure_shares_mounted" :: held 0.008s {{(pid=79381) inner /opt/stack/data/venv/lib/python3.10/site-packages/oslo_concurrency/lockutils.py:538}}
Feb 13 11:29:27 devstack cinder-volume[79381]: DEBUG oslo_concurrency.processutils [None req-40aa74fd-80cb-4246-91fa-e2bc6faa1a6c tempest-GroupSnapshotsTest-41862898 None] Running cmd (subprocess): sudo cinder-rootwrap /etc/cinder/rootwrap.conf df --portability --block-size 1 /opt/stack/data/cinder/mnt/dc58058391deb7a33ffdc8cd33adaa45 {{(pid=79381) execute /opt/stack/data/venv/lib/python3.10/site-packages/oslo_concurrency/processutils.py:368}}
Feb 13 11:29:27 devstack sudo[81146]: quobyte : PWD=/ ; USER=root ; COMMAND=/opt/stack/data/venv/bin/cinder-rootwrap /etc/cinder/rootwrap.conf df --portability --block-size 1 /opt/stack/data/cinder/mnt/dc58058391deb7a33ffdc8cd33adaa45
Feb 13 11:29:27 devstack sudo[81146]: pam_unix(sudo:session): session opened for user root(uid=0) by (uid=1000)
Feb 13 11:29:28 devstack sudo[81145]: quobyte : PWD=/ ; USER=root ; COMMAND=/opt/stack/data/venv/bin/cinder-rootwrap /etc/cinder/rootwrap.conf env LC_ALL=C qemu-img info -f qcow2 --output=json --force-share /opt/stack/data/cinder/mnt/dc58058391deb7a33ffdc8cd33adaa45/volume-69044926-17e1-4521-8423-890bd4076663
Feb 13 11:29:28 devstack sudo[81145]: pam_unix(sudo:session): session opened for user root(uid=0) by (uid=1000)
Feb 13 11:29:28 devstack sudo[81146]: pam_unix(sudo:session): session closed for user root
Feb 13 11:29:28 devstack cinder-volume[79381]: DEBUG oslo_concurrency.processutils [None req-40aa74fd-80cb-4246-91fa-e2bc6faa1a6c tempest-GroupSnapshotsTest-41862898 None] CMD "sudo cinder-rootwrap /etc/cinder/rootwrap.conf df --portability --block-size 1 /opt/stack/data/cinder/mnt/dc58058391deb7a33ffdc8cd33adaa45" returned: 0 in 0.785s {{(pid=79381) execute /opt/stack/data/venv/lib/python3.10/site-packages/oslo_concurrency/processutils.py:396}}
Feb 13 11:29:28 devstack cinder-volume[79381]: DEBUG cinder.manager [None req-40aa74fd-80cb-4246-91fa-e2bc6faa1a6c tempest-GroupSnapshotsTest-41862898 None] Notifying Schedulers of capabilities ... {{(pid=79381) _publish_service_capabilities /opt/stack/cinder/cinder/manager.py:202}}
Feb 13 11:29:28 devstack cinder-volume[79381]: INFO cinder.volume.manager [None req-40aa74fd-80cb-4246-91fa-e2bc6faa1a6c tempest-GroupSnapshotsTest-41862898 None] Delete group completed successfully.
Feb 13 11:29:28 devstack sudo[81145]: pam_unix(sudo:session): session closed for user root
Feb 13 11:29:28 devstack cinder-volume[79381]: DEBUG oslo_concurrency.processutils [None req-e8aa167b-7697-4847-885b-1eb84587b838 tempest-ServerRescueNegativeTestJSON-1276946453 None] CMD "/opt/stack/data/venv/bin/python3.10 -m oslo_concurrency.prlimit --as=1073741824 --cpu=60 -- sudo cinder-rootwrap /etc/cinder/rootwrap.conf env LC_ALL=C qemu-img info -f qcow2 --output=json --force-share /opt/stack/data/cinder/mnt/dc58058391deb7a33ffdc8cd33adaa45/volume-69044926-17e1-4521-8423-890bd4076663" returned: 0 in 1.120s {{(pid=79381) execute /opt/stack/data/venv/lib/python3.10/site-packages/oslo_concurrency/processutils.py:396}}
Feb 13 11:29:28 devstack cinder-volume[79381]: DEBUG oslo_concurrency.processutils [None req-e8aa167b-7697-4847-885b-1eb84587b838 tempest-ServerRescueNegativeTestJSON-1276946453 None] Running cmd (subprocess): sudo cinder-rootwrap /etc/cinder/rootwrap.conf rm -f /opt/stack/data/cinder/mnt/dc58058391deb7a33ffdc8cd33adaa45/volume-69044926-17e1-4521-8423-890bd4076663 {{(pid=79381) execute /opt/stack/data/venv/lib/python3.10/site-packages/oslo_concurrency/processutils.py:368}}
Feb 13 11:29:28 devstack sudo[81154]: quobyte : PWD=/ ; USER=root ; COMMAND=/opt/stack/data/venv/bin/cinder-rootwrap /etc/cinder/rootwrap.conf rm -f /opt/stack/data/cinder/mnt/dc58058391deb7a33ffdc8cd33adaa45/volume-69044926-17e1-4521-8423-890bd4076663
Feb 13 11:29:28 devstack sudo[81154]: pam_unix(sudo:session): session opened for user root(uid=0) by (uid=1000)
Feb 13 11:29:29 devstack cinder-volume[79381]: WARNING cinder.volume.volume_utils [None req-0d505033-b97a-4475-91cb-802dec79ba0c tempest-GroupSnapshotsTest-41862898 None] Volume driver (QuobyteDriver 1.1.14) is currently unsupported and may be removed in the next release of OpenStack. Use at your own risk.
Feb 13 11:29:29 devstack cinder-volume[79381]: INFO cinder.volume.manager [None req-0d505033-b97a-4475-91cb-802dec79ba0c tempest-GroupSnapshotsTest-41862898 None] Group tempest-GroupSnapshotsTest-Group-2005566674: creating
Feb 13 11:29:29 devstack cinder-volume[79381]: INFO cinder.volume.manager [None req-0d505033-b97a-4475-91cb-802dec79ba0c tempest-GroupSnapshotsTest-41862898 None] Group tempest-GroupSnapshotsTest-Group-2005566674: created successfully
Feb 13 11:29:29 devstack cinder-volume[79381]: INFO cinder.volume.manager [None req-0d505033-b97a-4475-91cb-802dec79ba0c tempest-GroupSnapshotsTest-41862898 None] Create group completed successfully.
Feb 13 11:29:30 devstack sudo[81154]: pam_unix(sudo:session): session closed for user root
Feb 13 11:29:30 devstack cinder-volume[79381]: DEBUG oslo_concurrency.processutils [None req-e8aa167b-7697-4847-885b-1eb84587b838 tempest-ServerRescueNegativeTestJSON-1276946453 None] CMD "sudo cinder-rootwrap /etc/cinder/rootwrap.conf rm -f /opt/stack/data/cinder/mnt/dc58058391deb7a33ffdc8cd33adaa45/volume-69044926-17e1-4521-8423-890bd4076663" returned: 0 in 1.048s {{(pid=79381) execute /opt/stack/data/venv/lib/python3.10/site-packages/oslo_concurrency/processutils.py:396}}
Feb 13 11:29:30 devstack cinder-volume[79381]: DEBUG cinder.coordination [None req-e8aa167b-7697-4847-885b-1eb84587b838 tempest-ServerRescueNegativeTestJSON-1276946453 None] Lock "cinder-quobyte-69044926-17e1-4521-8423-890bd4076663" released by "delete_volume" :: held 2.228s {{(pid=79381) __release /opt/stack/cinder/cinder/coordination.py:157}}
Feb 13 11:29:30 devstack cinder-volume[79381]: DEBUG cinder.quota [None req-e8aa167b-7697-4847-885b-1eb84587b838 tempest-ServerRescueNegativeTestJSON-1276946453 None] Created reservations ['cdc420ad-bbee-48ed-b3fc-af7ec746c583', 'b16c7047-676d-4010-924b-2c388dd44e94', 'bfa890eb-346d-43cf-96ae-e73819ed701d', '5dd8efed-0a5f-4330-943b-849c4ed23c0c'] {{(pid=79381) reserve /opt/stack/cinder/cinder/quota.py:752}}
Feb 13 11:29:30 devstack cinder-volume[79381]: DEBUG oslo_concurrency.lockutils [None req-e8aa167b-7697-4847-885b-1eb84587b838 tempest-ServerRescueNegativeTestJSON-1276946453 None] Acquiring lock "quobyte_ensure" by "cinder.volume.drivers.quobyte.QuobyteDriver._ensure_shares_mounted" {{(pid=79381) inner /opt/stack/data/venv/lib/python3.10/site-packages/oslo_concurrency/lockutils.py:506}}
