Jun 03 23:40:20 devstack cinder-volume[86557]: DEBUG oslo_concurrency.processutils [None req-5f47cd6a-ea32-4269-9839-3b69042b148e tempest-GroupSnapshotsTest-1387327322 None] Running cmd (subprocess): sudo cinder-rootwrap /etc/cinder/rootwrap.conf qemu-img rebase -u -b volume-b2244964-0cbd-49ae-9c8c-722d0a1deb84 -F qcow2 /opt/stack/data/cinder/mnt/45df2764f8882d0312ca34d58a562f90/volume-b2244964-0cbd-49ae-9c8c-722d0a1deb84.409ddfeb-747d-4dd5-9356-6afc6408ca9c {{(pid=86557) execute /opt/stack/data/venv/lib/python3.12/site-packages/oslo_concurrency/processutils.py:440}}
Jun 03 23:40:20 devstack sudo[87621]: quobyte : PWD=/ ; USER=root ; COMMAND=/opt/stack/data/venv/bin/cinder-rootwrap /etc/cinder/rootwrap.conf qemu-img rebase -u -b volume-b2244964-0cbd-49ae-9c8c-722d0a1deb84 -F qcow2 /opt/stack/data/cinder/mnt/45df2764f8882d0312ca34d58a562f90/volume-b2244964-0cbd-49ae-9c8c-722d0a1deb84.409ddfeb-747d-4dd5-9356-6afc6408ca9c
Jun 03 23:40:20 devstack sudo[87621]: pam_unix(sudo:session): session opened for user root(uid=0) by (uid=1000)
Jun 03 23:40:21 devstack sudo[87621]: pam_unix(sudo:session): session closed for user root
Jun 03 23:40:21 devstack cinder-volume[86557]: DEBUG oslo_concurrency.processutils [None req-5f47cd6a-ea32-4269-9839-3b69042b148e tempest-GroupSnapshotsTest-1387327322 None] CMD "sudo cinder-rootwrap /etc/cinder/rootwrap.conf qemu-img rebase -u -b volume-b2244964-0cbd-49ae-9c8c-722d0a1deb84 -F qcow2 /opt/stack/data/cinder/mnt/45df2764f8882d0312ca34d58a562f90/volume-b2244964-0cbd-49ae-9c8c-722d0a1deb84.409ddfeb-747d-4dd5-9356-6afc6408ca9c" returned: 0 in 0.805s {{(pid=86557) execute /opt/stack/data/venv/lib/python3.12/site-packages/oslo_concurrency/processutils.py:468}}
Jun 03 23:40:21 devstack cinder-volume[86557]: WARNING cinder.volume.drivers.remotefs [None req-5f47cd6a-ea32-4269-9839-3b69042b148e tempest-GroupSnapshotsTest-1387327322 None] /opt/stack/data/cinder/mnt/45df2764f8882d0312ca34d58a562f90/volume-b2244964-0cbd-49ae-9c8c-722d0a1deb84.409ddfeb-747d-4dd5-9356-6afc6408ca9c is being set with open permissions: ugo+rw: NotImplementedError
Jun 03 23:40:21 devstack cinder-volume[86557]: DEBUG oslo_concurrency.processutils [None req-5f47cd6a-ea32-4269-9839-3b69042b148e tempest-GroupSnapshotsTest-1387327322 None] Running cmd (subprocess): sudo cinder-rootwrap /etc/cinder/rootwrap.conf chmod ugo+rw /opt/stack/data/cinder/mnt/45df2764f8882d0312ca34d58a562f90/volume-b2244964-0cbd-49ae-9c8c-722d0a1deb84.409ddfeb-747d-4dd5-9356-6afc6408ca9c {{(pid=86557) execute /opt/stack/data/venv/lib/python3.12/site-packages/oslo_concurrency/processutils.py:440}}
Jun 03 23:40:21 devstack sudo[87627]: quobyte : PWD=/ ; USER=root ; COMMAND=/opt/stack/data/venv/bin/cinder-rootwrap /etc/cinder/rootwrap.conf chmod ugo+rw /opt/stack/data/cinder/mnt/45df2764f8882d0312ca34d58a562f90/volume-b2244964-0cbd-49ae-9c8c-722d0a1deb84.409ddfeb-747d-4dd5-9356-6afc6408ca9c
Jun 03 23:40:21 devstack sudo[87627]: pam_unix(sudo:session): session opened for user root(uid=0) by (uid=1000)
Jun 03 23:40:21 devstack sudo[87627]: pam_unix(sudo:session): session closed for user root
Jun 03 23:40:21 devstack cinder-volume[86557]: DEBUG oslo_concurrency.processutils [None req-5f47cd6a-ea32-4269-9839-3b69042b148e tempest-GroupSnapshotsTest-1387327322 None] CMD "sudo cinder-rootwrap /etc/cinder/rootwrap.conf chmod ugo+rw /opt/stack/data/cinder/mnt/45df2764f8882d0312ca34d58a562f90/volume-b2244964-0cbd-49ae-9c8c-722d0a1deb84.409ddfeb-747d-4dd5-9356-6afc6408ca9c" returned: 0 in 0.717s {{(pid=86557) execute /opt/stack/data/venv/lib/python3.12/site-packages/oslo_concurrency/processutils.py:468}}
Jun 03 23:40:21 devstack cinder-volume[86557]: DEBUG oslo_concurrency.processutils [None req-5f47cd6a-ea32-4269-9839-3b69042b148e tempest-GroupSnapshotsTest-1387327322 None] Running cmd (subprocess): sudo cinder-rootwrap /etc/cinder/rootwrap.conf truncate -s0 /opt/stack/data/cinder/mnt/45df2764f8882d0312ca34d58a562f90/volume-b2244964-0cbd-49ae-9c8c-722d0a1deb84.info {{(pid=86557) execute /opt/stack/data/venv/lib/python3.12/site-packages/oslo_concurrency/processutils.py:440}}
Jun 03 23:40:22 devstack sudo[87630]: quobyte : PWD=/ ; USER=root ; COMMAND=/opt/stack/data/venv/bin/cinder-rootwrap /etc/cinder/rootwrap.conf truncate -s0 /opt/stack/data/cinder/mnt/45df2764f8882d0312ca34d58a562f90/volume-b2244964-0cbd-49ae-9c8c-722d0a1deb84.info
Jun 03 23:40:22 devstack sudo[87630]: pam_unix(sudo:session): session opened for user root(uid=0) by (uid=1000)
Jun 03 23:40:22 devstack sudo[87630]: pam_unix(sudo:session): session closed for user root
Jun 03 23:40:22 devstack cinder-volume[86557]: DEBUG oslo_concurrency.processutils [None req-5f47cd6a-ea32-4269-9839-3b69042b148e tempest-GroupSnapshotsTest-1387327322 None] CMD "sudo cinder-rootwrap /etc/cinder/rootwrap.conf truncate -s0 /opt/stack/data/cinder/mnt/45df2764f8882d0312ca34d58a562f90/volume-b2244964-0cbd-49ae-9c8c-722d0a1deb84.info" returned: 0 in 0.657s {{(pid=86557) execute /opt/stack/data/venv/lib/python3.12/site-packages/oslo_concurrency/processutils.py:468}}
Jun 03 23:40:22 devstack cinder-volume[86557]: WARNING cinder.volume.drivers.remotefs [None req-5f47cd6a-ea32-4269-9839-3b69042b148e tempest-GroupSnapshotsTest-1387327322 None] /opt/stack/data/cinder/mnt/45df2764f8882d0312ca34d58a562f90/volume-b2244964-0cbd-49ae-9c8c-722d0a1deb84.info is being set with open permissions: ugo+rw: NotImplementedError
Jun 03 23:40:22 devstack cinder-volume[86557]: DEBUG oslo_concurrency.processutils [None req-5f47cd6a-ea32-4269-9839-3b69042b148e tempest-GroupSnapshotsTest-1387327322 None] Running cmd (subprocess): sudo cinder-rootwrap /etc/cinder/rootwrap.conf chmod ugo+rw /opt/stack/data/cinder/mnt/45df2764f8882d0312ca34d58a562f90/volume-b2244964-0cbd-49ae-9c8c-722d0a1deb84.info {{(pid=86557) execute /opt/stack/data/venv/lib/python3.12/site-packages/oslo_concurrency/processutils.py:440}}
Jun 03 23:40:22 devstack sudo[87637]: quobyte : PWD=/ ; USER=root ; COMMAND=/opt/stack/data/venv/bin/cinder-rootwrap /etc/cinder/rootwrap.conf chmod ugo+rw /opt/stack/data/cinder/mnt/45df2764f8882d0312ca34d58a562f90/volume-b2244964-0cbd-49ae-9c8c-722d0a1deb84.info
Jun 03 23:40:22 devstack sudo[87637]: pam_unix(sudo:session): session opened for user root(uid=0) by (uid=1000)
Jun 03 23:40:23 devstack sudo[87637]: pam_unix(sudo:session): session closed for user root
Jun 03 23:40:23 devstack cinder-volume[86557]: DEBUG oslo_concurrency.processutils [None req-5f47cd6a-ea32-4269-9839-3b69042b148e tempest-GroupSnapshotsTest-1387327322 None] CMD "sudo cinder-rootwrap /etc/cinder/rootwrap.conf chmod ugo+rw /opt/stack/data/cinder/mnt/45df2764f8882d0312ca34d58a562f90/volume-b2244964-0cbd-49ae-9c8c-722d0a1deb84.info" returned: 0 in 0.647s {{(pid=86557) execute /opt/stack/data/venv/lib/python3.12/site-packages/oslo_concurrency/processutils.py:468}}
Jun 03 23:40:23 devstack cinder-volume[86557]: DEBUG oslo_concurrency.lockutils [None req-5f47cd6a-ea32-4269-9839-3b69042b148e tempest-GroupSnapshotsTest-1387327322 None] Lock "quobyte" "released" by "cinder.volume.drivers.quobyte.QuobyteDriver.create_snapshot" :: held 4.815s {{(pid=86557) inner /opt/stack/data/venv/lib/python3.12/site-packages/oslo_concurrency/lockutils.py:538}}
Jun 03 23:40:23 devstack cinder-volume[86557]: DEBUG oslo_concurrency.lockutils [None req-5f47cd6a-ea32-4269-9839-3b69042b148e tempest-GroupSnapshotsTest-1387327322 None] Acquiring lock "quobyte" by "cinder.volume.drivers.quobyte.QuobyteDriver.create_snapshot" {{(pid=86557) inner /opt/stack/data/venv/lib/python3.12/site-packages/oslo_concurrency/lockutils.py:506}}
Jun 03 23:40:23 devstack cinder-volume[86557]: DEBUG oslo_concurrency.lockutils [None req-5f47cd6a-ea32-4269-9839-3b69042b148e tempest-GroupSnapshotsTest-1387327322 None] Lock "quobyte" acquired by "cinder.volume.drivers.quobyte.QuobyteDriver.create_snapshot" :: waited 0.001s {{(pid=86557) inner /opt/stack/data/venv/lib/python3.12/site-packages/oslo_concurrency/lockutils.py:519}}
Jun 03 23:40:23 devstack cinder-volume[86557]: DEBUG cinder.volume.drivers.remotefs [None req-5f47cd6a-ea32-4269-9839-3b69042b148e tempest-GroupSnapshotsTest-1387327322 None] Creating offline snapshot 55b222f4-7465-4983-b93b-0b51f36666e9 of volume 372ff5c1-d33b-4555-a501-a08eacd261aa {{(pid=86557) _create_snapshot /opt/stack/cinder/cinder/volume/drivers/remotefs.py:1815}}
Jun 03 23:40:23 devstack cinder-volume[86557]: DEBUG oslo.privsep.daemon [-] privsep: reply[811f63a2-cfd5-438b-86ce-b688c0cd28d6]: (4, 'qcow2') {{(pid=87062) _call_back /opt/stack/data/venv/lib/python3.12/site-packages/oslo_privsep/daemon.py:573}}
Jun 03 23:40:23 devstack cinder-volume[86557]: DEBUG oslo_concurrency.processutils [None req-5f47cd6a-ea32-4269-9839-3b69042b148e tempest-GroupSnapshotsTest-1387327322 None] Running cmd (subprocess): /opt/stack/data/venv/bin/python3.12 -m oslo_concurrency.prlimit --as=1073741824 --cpu=60 -- sudo cinder-rootwrap /etc/cinder/rootwrap.conf env LC_ALL=C qemu-img info -f qcow2 --output=json --force-share /opt/stack/data/cinder/mnt/45df2764f8882d0312ca34d58a562f90/volume-372ff5c1-d33b-4555-a501-a08eacd261aa {{(pid=86557) execute /opt/stack/data/venv/lib/python3.12/site-packages/oslo_concurrency/processutils.py:440}}
Jun 03 23:40:23 devstack sudo[87640]: quobyte : PWD=/ ; USER=root ; COMMAND=/opt/stack/data/venv/bin/cinder-rootwrap /etc/cinder/rootwrap.conf env LC_ALL=C qemu-img info -f qcow2 --output=json --force-share /opt/stack/data/cinder/mnt/45df2764f8882d0312ca34d58a562f90/volume-372ff5c1-d33b-4555-a501-a08eacd261aa
Jun 03 23:40:23 devstack sudo[87640]: pam_unix(sudo:session): session opened for user root(uid=0) by (uid=1000)
Jun 03 23:40:24 devstack sudo[87640]: pam_unix(sudo:session): session closed for user root
Jun 03 23:40:24 devstack cinder-volume[86557]: DEBUG oslo_concurrency.processutils [None req-5f47cd6a-ea32-4269-9839-3b69042b148e tempest-GroupSnapshotsTest-1387327322 None] CMD "/opt/stack/data/venv/bin/python3.12 -m oslo_concurrency.prlimit --as=1073741824 --cpu=60 -- sudo cinder-rootwrap /etc/cinder/rootwrap.conf env LC_ALL=C qemu-img info -f qcow2 --output=json --force-share /opt/stack/data/cinder/mnt/45df2764f8882d0312ca34d58a562f90/volume-372ff5c1-d33b-4555-a501-a08eacd261aa" returned: 0 in 1.540s {{(pid=86557) execute /opt/stack/data/venv/lib/python3.12/site-packages/oslo_concurrency/processutils.py:468}}
Jun 03 23:40:24 devstack cinder-volume[86557]: DEBUG oslo_concurrency.processutils [None req-5f47cd6a-ea32-4269-9839-3b69042b148e tempest-GroupSnapshotsTest-1387327322 None] Running cmd (subprocess): sudo cinder-rootwrap /etc/cinder/rootwrap.conf qemu-img create -f qcow2 -o backing_file=/opt/stack/data/cinder/mnt/45df2764f8882d0312ca34d58a562f90/volume-372ff5c1-d33b-4555-a501-a08eacd261aa,backing_fmt=qcow2 /opt/stack/data/cinder/mnt/45df2764f8882d0312ca34d58a562f90/volume-372ff5c1-d33b-4555-a501-a08eacd261aa.55b222f4-7465-4983-b93b-0b51f36666e9 1G {{(pid=86557) execute /opt/stack/data/venv/lib/python3.12/site-packages/oslo_concurrency/processutils.py:440}}
Jun 03 23:40:24 devstack sudo[87727]: quobyte : PWD=/ ; USER=root ; COMMAND=/opt/stack/data/venv/bin/cinder-rootwrap /etc/cinder/rootwrap.conf qemu-img create -f qcow2 -o backing_file=/opt/stack/data/cinder/mnt/45df2764f8882d0312ca34d58a562f90/volume-372ff5c1-d33b-4555-a501-a08eacd261aa,backing_fmt=qcow2 /opt/stack/data/cinder/mnt/45df2764f8882d0312ca34d58a562f90/volume-372ff5c1-d33b-4555-a501-a08eacd261aa.55b222f4-7465-4983-b93b-0b51f36666e9 1G
Jun 03 23:40:24 devstack sudo[87727]: pam_unix(sudo:session): session opened for user root(uid=0) by (uid=1000)
Jun 03 23:40:26 devstack cinder-volume[86557]: DEBUG oslo_service.periodic_task [None req-fe4e6591-c363-41d2-8628-1619c3d1a831 None None] Running periodic task VolumeManager.publish_service_capabilities {{(pid=86557) run_periodic_tasks /opt/stack/data/venv/lib/python3.12/site-packages/oslo_service/periodic_task.py:210}}
Jun 03 23:40:26 devstack cinder-volume[86557]: DEBUG oslo_concurrency.lockutils [None req-fe4e6591-c363-41d2-8628-1619c3d1a831 None None] Acquiring lock "quobyte_ensure" by "cinder.volume.drivers.quobyte.QuobyteDriver._ensure_shares_mounted" {{(pid=86557) inner /opt/stack/data/venv/lib/python3.12/site-packages/oslo_concurrency/lockutils.py:506}}
Jun 03 23:40:26 devstack cinder-volume[86557]: DEBUG oslo_concurrency.lockutils [None req-fe4e6591-c363-41d2-8628-1619c3d1a831 None None] Lock "quobyte_ensure" acquired by "cinder.volume.drivers.quobyte.QuobyteDriver._ensure_shares_mounted" :: waited 0.018s {{(pid=86557) inner /opt/stack/data/venv/lib/python3.12/site-packages/oslo_concurrency/lockutils.py:519}}
Jun 03 23:40:26 devstack cinder-volume[86557]: DEBUG cinder.volume.drivers.quobyte [None req-fe4e6591-c363-41d2-8628-1619c3d1a831 None None] Quobyte Volume URL set to: {'osci02.corp.quobyte.com/cinder-vol-adcdeebf-af16-407c-ad08-fc432f80b8e7': None} {{(pid=86557) _load_shares_config /opt/stack/cinder/cinder/volume/drivers/quobyte.py:617}}
Jun 03 23:40:26 devstack cinder-volume[86557]: DEBUG cinder.volume.drivers.quobyte [None req-fe4e6591-c363-41d2-8628-1619c3d1a831 None None] Available shares ['osci02.corp.quobyte.com/cinder-vol-adcdeebf-af16-407c-ad08-fc432f80b8e7'] {{(pid=86557) _ensure_shares_mounted /opt/stack/cinder/cinder/volume/drivers/quobyte.py:647}}
Jun 03 23:40:26 devstack cinder-volume[86557]: DEBUG oslo_concurrency.lockutils [None req-fe4e6591-c363-41d2-8628-1619c3d1a831 None None] Lock "quobyte_ensure" "released" by "cinder.volume.drivers.quobyte.QuobyteDriver._ensure_shares_mounted" :: held 0.011s {{(pid=86557) inner /opt/stack/data/venv/lib/python3.12/site-packages/oslo_concurrency/lockutils.py:538}}
Jun 03 23:40:26 devstack cinder-volume[86557]: DEBUG oslo_concurrency.processutils [None req-fe4e6591-c363-41d2-8628-1619c3d1a831 None None] Running cmd (subprocess): sudo cinder-rootwrap /etc/cinder/rootwrap.conf df --portability --block-size 1 /opt/stack/data/cinder/mnt/45df2764f8882d0312ca34d58a562f90 {{(pid=86557) execute /opt/stack/data/venv/lib/python3.12/site-packages/oslo_concurrency/processutils.py:440}}
Jun 03 23:40:26 devstack sudo[87759]: quobyte : PWD=/ ; USER=root ; COMMAND=/opt/stack/data/venv/bin/cinder-rootwrap /etc/cinder/rootwrap.conf df --portability --block-size 1 /opt/stack/data/cinder/mnt/45df2764f8882d0312ca34d58a562f90
Jun 03 23:40:26 devstack sudo[87759]: pam_unix(sudo:session): session opened for user root(uid=0) by (uid=1000)
Jun 03 23:40:26 devstack sudo[87727]: pam_unix(sudo:session): session closed for user root
Jun 03 23:40:26 devstack cinder-volume[86557]: DEBUG oslo_concurrency.processutils [None req-5f47cd6a-ea32-4269-9839-3b69042b148e tempest-GroupSnapshotsTest-1387327322 None] CMD "sudo cinder-rootwrap /etc/cinder/rootwrap.conf qemu-img create -f qcow2 -o backing_file=/opt/stack/data/cinder/mnt/45df2764f8882d0312ca34d58a562f90/volume-372ff5c1-d33b-4555-a501-a08eacd261aa,backing_fmt=qcow2 /opt/stack/data/cinder/mnt/45df2764f8882d0312ca34d58a562f90/volume-372ff5c1-d33b-4555-a501-a08eacd261aa.55b222f4-7465-4983-b93b-0b51f36666e9 1G" returned: 0 in 1.861s {{(pid=86557) execute /opt/stack/data/venv/lib/python3.12/site-packages/oslo_concurrency/processutils.py:468}}
Jun 03 23:40:26 devstack cinder-volume[86557]: DEBUG oslo_concurrency.processutils [None req-5f47cd6a-ea32-4269-9839-3b69042b148e tempest-GroupSnapshotsTest-1387327322 None] Running cmd (subprocess): sudo cinder-rootwrap /etc/cinder/rootwrap.conf qemu-img rebase -u -b volume-372ff5c1-d33b-4555-a501-a08eacd261aa -F qcow2 /opt/stack/data/cinder/mnt/45df2764f8882d0312ca34d58a562f90/volume-372ff5c1-d33b-4555-a501-a08eacd261aa.55b222f4-7465-4983-b93b-0b51f36666e9 {{(pid=86557) execute /opt/stack/data/venv/lib/python3.12/site-packages/oslo_concurrency/processutils.py:440}}
Jun 03 23:40:26 devstack sudo[87767]: quobyte : PWD=/ ; USER=root ; COMMAND=/opt/stack/data/venv/bin/cinder-rootwrap /etc/cinder/rootwrap.conf qemu-img rebase -u -b volume-372ff5c1-d33b-4555-a501-a08eacd261aa -F qcow2 /opt/stack/data/cinder/mnt/45df2764f8882d0312ca34d58a562f90/volume-372ff5c1-d33b-4555-a501-a08eacd261aa.55b222f4-7465-4983-b93b-0b51f36666e9
Jun 03 23:40:26 devstack sudo[87767]: pam_unix(sudo:session): session opened for user root(uid=0) by (uid=1000)
Jun 03 23:40:27 devstack sudo[87759]: pam_unix(sudo:session): session closed for user root
Jun 03 23:40:27 devstack cinder-volume[86557]: DEBUG oslo_concurrency.processutils [None req-fe4e6591-c363-41d2-8628-1619c3d1a831 None None] CMD "sudo cinder-rootwrap /etc/cinder/rootwrap.conf df --portability --block-size 1 /opt/stack/data/cinder/mnt/45df2764f8882d0312ca34d58a562f90" returned: 0 in 1.099s {{(pid=86557) execute /opt/stack/data/venv/lib/python3.12/site-packages/oslo_concurrency/processutils.py:468}}
Jun 03 23:40:27 devstack cinder-volume[86557]: DEBUG cinder.manager [None req-fe4e6591-c363-41d2-8628-1619c3d1a831 None None] Notifying Schedulers of capabilities ... {{(pid=86557) _publish_service_capabilities /opt/stack/cinder/cinder/manager.py:202}}
Jun 03 23:40:27 devstack sudo[87767]: pam_unix(sudo:session): session closed for user root
Jun 03 23:40:27 devstack cinder-volume[86557]: DEBUG oslo_concurrency.processutils [None req-5f47cd6a-ea32-4269-9839-3b69042b148e tempest-GroupSnapshotsTest-1387327322 None] CMD "sudo cinder-rootwrap /etc/cinder/rootwrap.conf qemu-img rebase -u -b volume-372ff5c1-d33b-4555-a501-a08eacd261aa -F qcow2 /opt/stack/data/cinder/mnt/45df2764f8882d0312ca34d58a562f90/volume-372ff5c1-d33b-4555-a501-a08eacd261aa.55b222f4-7465-4983-b93b-0b51f36666e9" returned: 0 in 1.074s {{(pid=86557) execute /opt/stack/data/venv/lib/python3.12/site-packages/oslo_concurrency/processutils.py:468}}
Jun 03 23:40:27 devstack cinder-volume[86557]: WARNING cinder.volume.drivers.remotefs [None req-5f47cd6a-ea32-4269-9839-3b69042b148e tempest-GroupSnapshotsTest-1387327322 None] /opt/stack/data/cinder/mnt/45df2764f8882d0312ca34d58a562f90/volume-372ff5c1-d33b-4555-a501-a08eacd261aa.55b222f4-7465-4983-b93b-0b51f36666e9 is being set with open permissions: ugo+rw: NotImplementedError
Jun 03 23:40:27 devstack cinder-volume[86557]: DEBUG oslo_concurrency.processutils [None req-5f47cd6a-ea32-4269-9839-3b69042b148e tempest-GroupSnapshotsTest-1387327322 None] Running cmd (subprocess): sudo cinder-rootwrap /etc/cinder/rootwrap.conf chmod ugo+rw /opt/stack/data/cinder/mnt/45df2764f8882d0312ca34d58a562f90/volume-372ff5c1-d33b-4555-a501-a08eacd261aa.55b222f4-7465-4983-b93b-0b51f36666e9 {{(pid=86557) execute /opt/stack/data/venv/lib/python3.12/site-packages/oslo_concurrency/processutils.py:440}}
Jun 03 23:40:27 devstack sudo[87774]: quobyte : PWD=/ ; USER=root ; COMMAND=/opt/stack/data/venv/bin/cinder-rootwrap /etc/cinder/rootwrap.conf chmod ugo+rw /opt/stack/data/cinder/mnt/45df2764f8882d0312ca34d58a562f90/volume-372ff5c1-d33b-4555-a501-a08eacd261aa.55b222f4-7465-4983-b93b-0b51f36666e9
Jun 03 23:40:27 devstack sudo[87774]: pam_unix(sudo:session): session opened for user root(uid=0) by (uid=1000)
Jun 03 23:40:28 devstack sudo[87774]: pam_unix(sudo:session): session closed for user root
Jun 03 23:40:28 devstack cinder-volume[86557]: DEBUG oslo_concurrency.processutils [None req-5f47cd6a-ea32-4269-9839-3b69042b148e tempest-GroupSnapshotsTest-1387327322 None] CMD "sudo cinder-rootwrap /etc/cinder/rootwrap.conf chmod ugo+rw /opt/stack/data/cinder/mnt/45df2764f8882d0312ca34d58a562f90/volume-372ff5c1-d33b-4555-a501-a08eacd261aa.55b222f4-7465-4983-b93b-0b51f36666e9" returned: 0 in 0.988s {{(pid=86557) execute /opt/stack/data/venv/lib/python3.12/site-packages/oslo_concurrency/processutils.py:468}}
Jun 03 23:40:28 devstack cinder-volume[86557]: DEBUG oslo_concurrency.processutils [None req-5f47cd6a-ea32-4269-9839-3b69042b148e tempest-GroupSnapshotsTest-1387327322 None] Running cmd (subprocess): sudo cinder-rootwrap /etc/cinder/rootwrap.conf truncate -s0 /opt/stack/data/cinder/mnt/45df2764f8882d0312ca34d58a562f90/volume-372ff5c1-d33b-4555-a501-a08eacd261aa.info {{(pid=86557) execute /opt/stack/data/venv/lib/python3.12/site-packages/oslo_concurrency/processutils.py:440}}
Jun 03 23:40:28 devstack sudo[87777]: quobyte : PWD=/ ; USER=root ; COMMAND=/opt/stack/data/venv/bin/cinder-rootwrap /etc/cinder/rootwrap.conf truncate -s0 /opt/stack/data/cinder/mnt/45df2764f8882d0312ca34d58a562f90/volume-372ff5c1-d33b-4555-a501-a08eacd261aa.info
Jun 03 23:40:28 devstack sudo[87777]: pam_unix(sudo:session): session opened for user root(uid=0) by (uid=1000)
Jun 03 23:40:29 devstack sudo[87777]: pam_unix(sudo:session): session closed for user root
Jun 03 23:40:29 devstack cinder-volume[86557]: DEBUG oslo_concurrency.processutils [None req-5f47cd6a-ea32-4269-9839-3b69042b148e tempest-GroupSnapshotsTest-1387327322 None] CMD "sudo cinder-rootwrap /etc/cinder/rootwrap.conf truncate -s0 /opt/stack/data/cinder/mnt/45df2764f8882d0312ca34d58a562f90/volume-372ff5c1-d33b-4555-a501-a08eacd261aa.info" returned: 0 in 0.863s {{(pid=86557) execute /opt/stack/data/venv/lib/python3.12/site-packages/oslo_concurrency/processutils.py:468}}
Jun 03 23:40:29 devstack cinder-volume[86557]: WARNING cinder.volume.drivers.remotefs [None req-5f47cd6a-ea32-4269-9839-3b69042b148e tempest-GroupSnapshotsTest-1387327322 None] /opt/stack/data/cinder/mnt/45df2764f8882d0312ca34d58a562f90/volume-372ff5c1-d33b-4555-a501-a08eacd261aa.info is being set with open permissions: ugo+rw: NotImplementedError
Jun 03 23:40:29 devstack cinder-volume[86557]: DEBUG oslo_concurrency.processutils [None req-5f47cd6a-ea32-4269-9839-3b69042b148e tempest-GroupSnapshotsTest-1387327322 None] Running cmd (subprocess): sudo cinder-rootwrap /etc/cinder/rootwrap.conf chmod ugo+rw /opt/stack/data/cinder/mnt/45df2764f8882d0312ca34d58a562f90/volume-372ff5c1-d33b-4555-a501-a08eacd261aa.info {{(pid=86557) execute /opt/stack/data/venv/lib/python3.12/site-packages/oslo_concurrency/processutils.py:440}}
Jun 03 23:40:29 devstack sudo[87780]: quobyte : PWD=/ ; USER=root ; COMMAND=/opt/stack/data/venv/bin/cinder-rootwrap /etc/cinder/rootwrap.conf chmod ugo+rw /opt/stack/data/cinder/mnt/45df2764f8882d0312ca34d58a562f90/volume-372ff5c1-d33b-4555-a501-a08eacd261aa.info
Jun 03 23:40:29 devstack sudo[87780]: pam_unix(sudo:session): session opened for user root(uid=0) by (uid=1000)
Jun 03 23:40:30 devstack sudo[87780]: pam_unix(sudo:session): session closed for user root
Jun 03 23:40:30 devstack cinder-volume[86557]: DEBUG oslo_concurrency.processutils [None req-5f47cd6a-ea32-4269-9839-3b69042b148e tempest-GroupSnapshotsTest-1387327322 None] CMD "sudo cinder-rootwrap /etc/cinder/rootwrap.conf chmod ugo+rw /opt/stack/data/cinder/mnt/45df2764f8882d0312ca34d58a562f90/volume-372ff5c1-d33b-4555-a501-a08eacd261aa.info" returned: 0 in 0.784s {{(pid=86557) execute /opt/stack/data/venv/lib/python3.12/site-packages/oslo_concurrency/processutils.py:468}}
Jun 03 23:40:30 devstack cinder-volume[86557]: DEBUG oslo_concurrency.lockutils [None req-5f47cd6a-ea32-4269-9839-3b69042b148e tempest-GroupSnapshotsTest-1387327322 None] Lock "quobyte" "released" by "cinder.volume.drivers.quobyte.QuobyteDriver.create_snapshot" :: held 7.262s {{(pid=86557) inner /opt/stack/data/venv/lib/python3.12/site-packages/oslo_concurrency/lockutils.py:538}}
Jun 03 23:40:30 devstack cinder-volume[86557]: INFO cinder.volume.manager [None req-5f47cd6a-ea32-4269-9839-3b69042b148e tempest-GroupSnapshotsTest-1387327322 None] group_snapshot eeef20ec-b5cf-40eb-81a2-37e96e8a941e: created successfully
Jun 03 23:40:31 devstack cinder-volume[86557]: INFO cinder.volume.manager [None req-b4c088cd-c3d3-49ce-a6d0-5dcff282c679 tempest-GroupSnapshotsTest-1387327322 None] group_snapshot eeef20ec-b5cf-40eb-81a2-37e96e8a941e: deleting
Jun 03 23:40:31 devstack cinder-volume[86557]: DEBUG cinder.volume.manager [None req-b4c088cd-c3d3-49ce-a6d0-5dcff282c679 tempest-GroupSnapshotsTest-1387327322 None] group_snapshot eeef20ec-b5cf-40eb-81a2-37e96e8a941e: deleting {{(pid=86557) delete_group_snapshot /opt/stack/cinder/cinder/volume/manager.py:4350}}
Jun 03 23:40:31 devstack cinder-volume[86557]: DEBUG cinder.coordination [None req-b4c088cd-c3d3-49ce-a6d0-5dcff282c679 tempest-GroupSnapshotsTest-1387327322 None] Acquiring lock "cinder-quobyte-b2244964-0cbd-49ae-9c8c-722d0a1deb84" by "delete_snapshot" {{(pid=86557) __acquire /opt/stack/cinder/cinder/coordination.py:138}}
Jun 03 23:40:31 devstack cinder-volume[86557]: DEBUG cinder.coordination [None req-b4c088cd-c3d3-49ce-a6d0-5dcff282c679 tempest-GroupSnapshotsTest-1387327322 None] Lock "cinder-quobyte-b2244964-0cbd-49ae-9c8c-722d0a1deb84" acquired by "delete_snapshot" :: waited 0.040s {{(pid=86557) __acquire /opt/stack/cinder/cinder/coordination.py:141}}
Jun 03 23:40:31 devstack cinder-volume[86557]: DEBUG cinder.coordination [None req-b4c088cd-c3d3-49ce-a6d0-5dcff282c679 tempest-GroupSnapshotsTest-1387327322 None] Acquiring lock "cinder-quobyte-409ddfeb-747d-4dd5-9356-6afc6408ca9c" by "_delete_snapshot" {{(pid=86557) __acquire /opt/stack/cinder/cinder/coordination.py:138}}
Jun 03 23:40:31 devstack cinder-volume[86557]: DEBUG cinder.coordination [None req-b4c088cd-c3d3-49ce-a6d0-5dcff282c679 tempest-GroupSnapshotsTest-1387327322 None] Lock "cinder-quobyte-409ddfeb-747d-4dd5-9356-6afc6408ca9c" acquired by "_delete_snapshot" :: waited 0.032s {{(pid=86557) __acquire /opt/stack/cinder/cinder/coordination.py:141}}
Jun 03 23:40:31 devstack cinder-volume[86557]: DEBUG cinder.volume.drivers.remotefs [None req-b4c088cd-c3d3-49ce-a6d0-5dcff282c679 tempest-GroupSnapshotsTest-1387327322 None] Deleting offline snapshot 409ddfeb-747d-4dd5-9356-6afc6408ca9c of volume b2244964-0cbd-49ae-9c8c-722d0a1deb84 {{(pid=86557) _delete_snapshot /opt/stack/cinder/cinder/volume/drivers/remotefs.py:1288}}
Jun 03 23:40:31 devstack cinder-volume[86557]: DEBUG cinder.volume.drivers.remotefs [None req-b4c088cd-c3d3-49ce-a6d0-5dcff282c679 tempest-GroupSnapshotsTest-1387327322 None] snapshot_file for this snap is: volume-b2244964-0cbd-49ae-9c8c-722d0a1deb84.409ddfeb-747d-4dd5-9356-6afc6408ca9c {{(pid=86557) _delete_snapshot /opt/stack/cinder/cinder/volume/drivers/remotefs.py:1317}}
Jun 03 23:40:31 devstack cinder-volume[86557]: DEBUG oslo.privsep.daemon [-] privsep: reply[27f6de0a-3e0d-42d5-9572-ca8cd218429a]: (4, 'qcow2') {{(pid=87062) _call_back /opt/stack/data/venv/lib/python3.12/site-packages/oslo_privsep/daemon.py:573}}
Jun 03 23:40:31 devstack cinder-volume[86557]: DEBUG oslo_concurrency.processutils [None req-b4c088cd-c3d3-49ce-a6d0-5dcff282c679 tempest-GroupSnapshotsTest-1387327322 None] Running cmd (subprocess): /opt/stack/data/venv/bin/python3.12 -m oslo_concurrency.prlimit --as=1073741824 --cpu=60 -- sudo cinder-rootwrap /etc/cinder/rootwrap.conf env LC_ALL=C qemu-img info -f qcow2 --output=json --force-share /opt/stack/data/cinder/mnt/45df2764f8882d0312ca34d58a562f90/volume-b2244964-0cbd-49ae-9c8c-722d0a1deb84.409ddfeb-747d-4dd5-9356-6afc6408ca9c {{(pid=86557) execute /opt/stack/data/venv/lib/python3.12/site-packages/oslo_concurrency/processutils.py:440}}
Jun 03 23:40:32 devstack sudo[87821]: quobyte : PWD=/ ; USER=root ; COMMAND=/opt/stack/data/venv/bin/cinder-rootwrap /etc/cinder/rootwrap.conf env LC_ALL=C qemu-img info -f qcow2 --output=json --force-share /opt/stack/data/cinder/mnt/45df2764f8882d0312ca34d58a562f90/volume-b2244964-0cbd-49ae-9c8c-722d0a1deb84.409ddfeb-747d-4dd5-9356-6afc6408ca9c
Jun 03 23:40:32 devstack sudo[87821]: pam_unix(sudo:session): session opened for user root(uid=0) by (uid=1000)
Jun 03 23:40:33 devstack sudo[87821]: pam_unix(sudo:session): session closed for user root
Jun 03 23:40:33 devstack cinder-volume[86557]: DEBUG oslo_concurrency.processutils [None req-b4c088cd-c3d3-49ce-a6d0-5dcff282c679 tempest-GroupSnapshotsTest-1387327322 None] CMD "/opt/stack/data/venv/bin/python3.12 -m oslo_concurrency.prlimit --as=1073741824 --cpu=60 -- sudo cinder-rootwrap /etc/cinder/rootwrap.conf env LC_ALL=C qemu-img info -f qcow2 --output=json --force-share /opt/stack/data/cinder/mnt/45df2764f8882d0312ca34d58a562f90/volume-b2244964-0cbd-49ae-9c8c-722d0a1deb84.409ddfeb-747d-4dd5-9356-6afc6408ca9c" returned: 0 in 1.567s {{(pid=86557) execute /opt/stack/data/venv/lib/python3.12/site-packages/oslo_concurrency/processutils.py:468}}
Jun 03 23:40:33 devstack cinder-volume[86557]: DEBUG cinder.volume.drivers.remotefs [None req-b4c088cd-c3d3-49ce-a6d0-5dcff282c679 tempest-GroupSnapshotsTest-1387327322 None] Fetching qemu-img info with special backing_file_template: (/opt/stack/data/cinder/mnt/[0-9a-f]+/)?(volume-b2244964-0cbd-49ae-9c8c-722d0a1deb84(.(tmp-snap-)?[0-9a-f-]+)?|volume_from_snapshot_cache/(tmp-snap-)?[0-9a-f-]+(.(child-|parent-)[0-9a-f-]+)?)$ {{(pid=86557) _qemu_img_info_base /opt/stack/cinder/cinder/volume/drivers/remotefs.py:896}}
Jun 03 23:40:33 devstack cinder-volume[86557]: DEBUG oslo.privsep.daemon [-] privsep: reply[82a935c2-182c-4472-85ae-0c8d3236f23a]: (4, 'qcow2') {{(pid=87062) _call_back /opt/stack/data/venv/lib/python3.12/site-packages/oslo_privsep/daemon.py:573}}
Jun 03 23:40:33 devstack cinder-volume[86557]: DEBUG oslo_concurrency.processutils [None req-b4c088cd-c3d3-49ce-a6d0-5dcff282c679 tempest-GroupSnapshotsTest-1387327322 None] Running cmd (subprocess): /opt/stack/data/venv/bin/python3.12 -m oslo_concurrency.prlimit --as=1073741824 --cpu=60 -- sudo cinder-rootwrap /etc/cinder/rootwrap.conf env LC_ALL=C qemu-img info -f qcow2 --output=json --force-share /opt/stack/data/cinder/mnt/45df2764f8882d0312ca34d58a562f90/volume-b2244964-0cbd-49ae-9c8c-722d0a1deb84 {{(pid=86557) execute /opt/stack/data/venv/lib/python3.12/site-packages/oslo_concurrency/processutils.py:440}}
Jun 03 23:40:33 devstack sudo[87831]: quobyte : PWD=/ ; USER=root ; COMMAND=/opt/stack/data/venv/bin/cinder-rootwrap /etc/cinder/rootwrap.conf env LC_ALL=C qemu-img info -f qcow2 --output=json --force-share /opt/stack/data/cinder/mnt/45df2764f8882d0312ca34d58a562f90/volume-b2244964-0cbd-49ae-9c8c-722d0a1deb84
Jun 03 23:40:33 devstack sudo[87831]: pam_unix(sudo:session): session opened for user root(uid=0) by (uid=1000)
Jun 03 23:40:35 devstack sudo[87831]: pam_unix(sudo:session): session closed for user root
Jun 03 23:40:35 devstack cinder-volume[86557]: DEBUG oslo_concurrency.processutils [None req-b4c088cd-c3d3-49ce-a6d0-5dcff282c679 tempest-GroupSnapshotsTest-1387327322 None] CMD "/opt/stack/data/venv/bin/python3.12 -m oslo_concurrency.prlimit --as=1073741824 --cpu=60 -- sudo cinder-rootwrap /etc/cinder/rootwrap.conf env LC_ALL=C qemu-img info -f qcow2 --output=json --force-share /opt/stack/data/cinder/mnt/45df2764f8882d0312ca34d58a562f90/volume-b2244964-0cbd-49ae-9c8c-722d0a1deb84" returned: 0 in 1.607s {{(pid=86557) execute /opt/stack/data/venv/lib/python3.12/site-packages/oslo_concurrency/processutils.py:468}}
Jun 03 23:40:35 devstack cinder-volume[86557]: DEBUG oslo_concurrency.processutils [None req-b4c088cd-c3d3-49ce-a6d0-5dcff282c679 tempest-GroupSnapshotsTest-1387327322 None] Running cmd (subprocess): sudo cinder-rootwrap /etc/cinder/rootwrap.conf qemu-img commit -d /opt/stack/data/cinder/mnt/45df2764f8882d0312ca34d58a562f90/volume-b2244964-0cbd-49ae-9c8c-722d0a1deb84.409ddfeb-747d-4dd5-9356-6afc6408ca9c {{(pid=86557) execute /opt/stack/data/venv/lib/python3.12/site-packages/oslo_concurrency/processutils.py:440}}
Jun 03 23:40:35 devstack sudo[87838]: quobyte : PWD=/ ; USER=root ; COMMAND=/opt/stack/data/venv/bin/cinder-rootwrap /etc/cinder/rootwrap.conf qemu-img commit -d /opt/stack/data/cinder/mnt/45df2764f8882d0312ca34d58a562f90/volume-b2244964-0cbd-49ae-9c8c-722d0a1deb84.409ddfeb-747d-4dd5-9356-6afc6408ca9c
Jun 03 23:40:35 devstack sudo[87838]: pam_unix(sudo:session): session opened for user root(uid=0) by (uid=1000)
Jun 03 23:40:35 devstack cinder-volume[86557]: WARNING py.warnings [req-f4f1b7e2-5162-498b-851e-eddbc7916caa req-9a1e6412-a617-4879-a69f-a6610bf22bb2 tempest-TaggedAttachmentsTest-1302000572 None] /opt/stack/cinder/cinder/db/sqlalchemy/api.py:2470: SAWarning: SELECT statement has a cartesian product between FROM element(s) "volumes" and FROM element "volume_attachment". Apply join condition(s) between each element to resolve.
Jun 03 23:40:35 devstack cinder-volume[86557]: .first()
Jun 03 23:40:35 devstack cinder-volume[86557]:
Jun 03 23:40:35 devstack cinder-volume[86557]: DEBUG oslo_concurrency.lockutils [req-f4f1b7e2-5162-498b-851e-eddbc7916caa req-9a1e6412-a617-4879-a69f-a6610bf22bb2 tempest-TaggedAttachmentsTest-1302000572 None] Acquiring lock "quobyte" by "cinder.volume.drivers.quobyte.QuobyteDriver.initialize_connection" {{(pid=86557) inner /opt/stack/data/venv/lib/python3.12/site-packages/oslo_concurrency/lockutils.py:506}}
Jun 03 23:40:35 devstack cinder-volume[86557]: DEBUG oslo_concurrency.lockutils [req-f4f1b7e2-5162-498b-851e-eddbc7916caa req-9a1e6412-a617-4879-a69f-a6610bf22bb2 tempest-TaggedAttachmentsTest-1302000572 None] Lock "quobyte" acquired by "cinder.volume.drivers.quobyte.QuobyteDriver.initialize_connection" :: waited 0.001s {{(pid=86557) inner /opt/stack/data/venv/lib/python3.12/site-packages/oslo_concurrency/lockutils.py:519}}
Jun 03 23:40:35 devstack cinder-volume[86557]: DEBUG oslo.privsep.daemon [-] privsep: reply[78a84719-87ea-4e7c-a63f-7aae4ac8e292]: (4, 'qcow2') {{(pid=87062) _call_back /opt/stack/data/venv/lib/python3.12/site-packages/oslo_privsep/daemon.py:573}}
Jun 03 23:40:35 devstack cinder-volume[86557]: DEBUG oslo_concurrency.processutils [req-f4f1b7e2-5162-498b-851e-eddbc7916caa req-9a1e6412-a617-4879-a69f-a6610bf22bb2 tempest-TaggedAttachmentsTest-1302000572 None] Running cmd (subprocess): /opt/stack/data/venv/bin/python3.12 -m oslo_concurrency.prlimit --as=1073741824 --cpu=60 -- sudo cinder-rootwrap /etc/cinder/rootwrap.conf env LC_ALL=C qemu-img info -f qcow2 --output=json --force-share /opt/stack/data/cinder/mnt/45df2764f8882d0312ca34d58a562f90/volume-b945a248-3138-4649-bde5-e09f663770f4 {{(pid=86557) execute /opt/stack/data/venv/lib/python3.12/site-packages/oslo_concurrency/processutils.py:440}}
Jun 03 23:40:36 devstack sudo[87849]: quobyte : PWD=/ ; USER=root ; COMMAND=/opt/stack/data/venv/bin/cinder-rootwrap /etc/cinder/rootwrap.conf env LC_ALL=C qemu-img info -f qcow2 --output=json --force-share /opt/stack/data/cinder/mnt/45df2764f8882d0312ca34d58a562f90/volume-b945a248-3138-4649-bde5-e09f663770f4
Jun 03 23:40:36 devstack sudo[87849]: pam_unix(sudo:session): session opened for user root(uid=0) by (uid=1000)
Jun 03 23:40:36 devstack sudo[87838]: pam_unix(sudo:session): session closed for user root
Jun 03 23:40:36 devstack cinder-volume[86557]: DEBUG oslo_concurrency.processutils [None req-b4c088cd-c3d3-49ce-a6d0-5dcff282c679 tempest-GroupSnapshotsTest-1387327322 None] CMD "sudo cinder-rootwrap /etc/cinder/rootwrap.conf qemu-img commit -d /opt/stack/data/cinder/mnt/45df2764f8882d0312ca34d58a562f90/volume-b2244964-0cbd-49ae-9c8c-722d0a1deb84.409ddfeb-747d-4dd5-9356-6afc6408ca9c" returned: 0 in 1.528s {{(pid=86557) execute /opt/stack/data/venv/lib/python3.12/site-packages/oslo_concurrency/processutils.py:468}}
Jun 03 23:40:36 devstack cinder-volume[86557]: DEBUG oslo_concurrency.processutils [None req-b4c088cd-c3d3-49ce-a6d0-5dcff282c679 tempest-GroupSnapshotsTest-1387327322 None] Running cmd (subprocess): sudo cinder-rootwrap /etc/cinder/rootwrap.conf rm -f /opt/stack/data/cinder/mnt/45df2764f8882d0312ca34d58a562f90/volume-b2244964-0cbd-49ae-9c8c-722d0a1deb84.409ddfeb-747d-4dd5-9356-6afc6408ca9c {{(pid=86557) execute /opt/stack/data/venv/lib/python3.12/site-packages/oslo_concurrency/processutils.py:440}}
Jun 03 23:40:36 devstack sudo[87854]: quobyte : PWD=/ ; USER=root ; COMMAND=/opt/stack/data/venv/bin/cinder-rootwrap /etc/cinder/rootwrap.conf rm -f /opt/stack/data/cinder/mnt/45df2764f8882d0312ca34d58a562f90/volume-b2244964-0cbd-49ae-9c8c-722d0a1deb84.409ddfeb-747d-4dd5-9356-6afc6408ca9c
Jun 03 23:40:36 devstack sudo[87854]: pam_unix(sudo:session): session opened for user root(uid=0) by (uid=1000)
Jun 03 23:40:37 devstack sudo[87849]: pam_unix(sudo:session): session closed for user root
Jun 03 23:40:37 devstack cinder-volume[86557]: DEBUG oslo_concurrency.processutils [req-f4f1b7e2-5162-498b-851e-eddbc7916caa req-9a1e6412-a617-4879-a69f-a6610bf22bb2 tempest-TaggedAttachmentsTest-1302000572 None] CMD "/opt/stack/data/venv/bin/python3.12 -m oslo_concurrency.prlimit --as=1073741824 --cpu=60 -- sudo cinder-rootwrap /etc/cinder/rootwrap.conf env LC_ALL=C qemu-img info -f qcow2 --output=json --force-share /opt/stack/data/cinder/mnt/45df2764f8882d0312ca34d58a562f90/volume-b945a248-3138-4649-bde5-e09f663770f4" returned: 0 in 1.301s {{(pid=86557) execute /opt/stack/data/venv/lib/python3.12/site-packages/oslo_concurrency/processutils.py:468}}
Jun 03 23:40:37 devstack cinder-volume[86557]: DEBUG oslo_concurrency.lockutils [req-f4f1b7e2-5162-498b-851e-eddbc7916caa req-9a1e6412-a617-4879-a69f-a6610bf22bb2 tempest-TaggedAttachmentsTest-1302000572 None] Lock "quobyte" "released" by "cinder.volume.drivers.quobyte.QuobyteDriver.initialize_connection" :: held 1.340s {{(pid=86557) inner /opt/stack/data/venv/lib/python3.12/site-packages/oslo_concurrency/lockutils.py:538}}
Jun 03 23:40:37 devstack cinder-volume[86557]: DEBUG cinder.volume.manager [req-f4f1b7e2-5162-498b-851e-eddbc7916caa req-9a1e6412-a617-4879-a69f-a6610bf22bb2 tempest-TaggedAttachmentsTest-1302000572 None] Connection info returned from driver {'export': 'osci02.corp.quobyte.com/cinder-vol-adcdeebf-af16-407c-ad08-fc432f80b8e7', 'name': 'volume-b945a248-3138-4649-bde5-e09f663770f4', 'options': None, 'format': 'qcow2', 'qos_specs': None, 'access_mode': 'rw', 'encrypted': False, 'cacheable': False, 'driver_volume_type': 'quobyte', 'mount_point_base': '/opt/stack/data/cinder/mnt', 'attachment_id': 'e031364d-282c-4821-a772-3830d1efa065', 'enforce_multipath': True} {{(pid=86557) _connection_create /opt/stack/cinder/cinder/volume/manager.py:4924}}
Jun 03 23:40:37 devstack cinder-volume[86557]: INFO cinder.volume.manager [req-f4f1b7e2-5162-498b-851e-eddbc7916caa req-9a1e6412-a617-4879-a69f-a6610bf22bb2 tempest-TaggedAttachmentsTest-1302000572 None] attachment_update completed successfully.
Jun 03 23:40:37 devstack sudo[87854]: pam_unix(sudo:session): session closed for user root
Jun 03 23:40:37 devstack cinder-volume[86557]: DEBUG oslo_concurrency.processutils [None req-b4c088cd-c3d3-49ce-a6d0-5dcff282c679 tempest-GroupSnapshotsTest-1387327322 None] CMD "sudo cinder-rootwrap /etc/cinder/rootwrap.conf rm -f /opt/stack/data/cinder/mnt/45df2764f8882d0312ca34d58a562f90/volume-b2244964-0cbd-49ae-9c8c-722d0a1deb84.409ddfeb-747d-4dd5-9356-6afc6408ca9c" returned: 0 in 0.977s {{(pid=86557) execute /opt/stack/data/venv/lib/python3.12/site-packages/oslo_concurrency/processutils.py:468}}
Jun 03 23:40:37 devstack cinder-volume[86557]: DEBUG cinder.coordination [None req-b4c088cd-c3d3-49ce-a6d0-5dcff282c679 tempest-GroupSnapshotsTest-1387327322 None] Lock "cinder-quobyte-409ddfeb-747d-4dd5-9356-6afc6408ca9c" released by "_delete_snapshot" :: held 5.906s {{(pid=86557) __release /opt/stack/cinder/cinder/coordination.py:152}}
Jun 03 23:40:37 devstack cinder-volume[86557]: DEBUG cinder.coordination [None req-b4c088cd-c3d3-49ce-a6d0-5dcff282c679 tempest-GroupSnapshotsTest-1387327322 None] Lock "cinder-quobyte-b2244964-0cbd-49ae-9c8c-722d0a1deb84" released by "delete_snapshot" :: held 5.948s {{(pid=86557) __release /opt/stack/cinder/cinder/coordination.py:152}}
Jun 03 23:40:37 devstack cinder-volume[86557]: DEBUG cinder.coordination [None req-b4c088cd-c3d3-49ce-a6d0-5dcff282c679 tempest-GroupSnapshotsTest-1387327322 None] Acquiring lock "cinder-quobyte-372ff5c1-d33b-4555-a501-a08eacd261aa" by "delete_snapshot" {{(pid=86557) __acquire /opt/stack/cinder/cinder/coordination.py:138}}
Jun 03 23:40:37 devstack cinder-volume[86557]: DEBUG cinder.coordination [None req-b4c088cd-c3d3-49ce-a6d0-5dcff282c679 tempest-GroupSnapshotsTest-1387327322 None] Lock "cinder-quobyte-372ff5c1-d33b-4555-a501-a08eacd261aa" acquired by "delete_snapshot" :: waited 0.034s {{(pid=86557) __acquire /opt/stack/cinder/cinder/coordination.py:141}}
Jun 03 23:40:37 devstack cinder-volume[86557]: DEBUG cinder.coordination [None req-b4c088cd-c3d3-49ce-a6d0-5dcff282c679 tempest-GroupSnapshotsTest-1387327322 None] Acquiring lock "cinder-quobyte-55b222f4-7465-4983-b93b-0b51f36666e9" by "_delete_snapshot" {{(pid=86557) __acquire /opt/stack/cinder/cinder/coordination.py:138}}
Jun 03 23:40:37 devstack cinder-volume[86557]: DEBUG cinder.coordination [None req-b4c088cd-c3d3-49ce-a6d0-5dcff282c679 tempest-GroupSnapshotsTest-1387327322 None] Lock "cinder-quobyte-55b222f4-7465-4983-b93b-0b51f36666e9" acquired by "_delete_snapshot" :: waited 0.029s {{(pid=86557) __acquire /opt/stack/cinder/cinder/coordination.py:141}}
Jun 03 23:40:37 devstack cinder-volume[86557]: DEBUG cinder.volume.drivers.remotefs [None req-b4c088cd-c3d3-49ce-a6d0-5dcff282c679 tempest-GroupSnapshotsTest-1387327322 None] Deleting offline snapshot 55b222f4-7465-4983-b93b-0b51f36666e9 of volume 372ff5c1-d33b-4555-a501-a08eacd261aa {{(pid=86557) _delete_snapshot /opt/stack/cinder/cinder/volume/drivers/remotefs.py:1288}}
Jun 03 23:40:37 devstack cinder-volume[86557]: DEBUG cinder.volume.drivers.remotefs [None req-b4c088cd-c3d3-49ce-a6d0-5dcff282c679 tempest-GroupSnapshotsTest-1387327322 None] snapshot_file for this snap is: volume-372ff5c1-d33b-4555-a501-a08eacd261aa.55b222f4-7465-4983-b93b-0b51f36666e9 {{(pid=86557) _delete_snapshot /opt/stack/cinder/cinder/volume/drivers/remotefs.py:1317}}
Jun 03 23:40:37 devstack cinder-volume[86557]: DEBUG oslo.privsep.daemon [-] privsep: reply[721184a9-3a27-48b1-9014-bb887a0112dc]: (4, 'qcow2') {{(pid=87062) _call_back /opt/stack/data/venv/lib/python3.12/site-packages/oslo_privsep/daemon.py:573}}
Jun 03 23:40:37 devstack cinder-volume[86557]: DEBUG oslo_concurrency.processutils [None req-b4c088cd-c3d3-49ce-a6d0-5dcff282c679 tempest-GroupSnapshotsTest-1387327322 None] Running cmd (subprocess): /opt/stack/data/venv/bin/python3.12 -m oslo_concurrency.prlimit --as=1073741824 --cpu=60 -- sudo cinder-rootwrap /etc/cinder/rootwrap.conf env LC_ALL=C qemu-img info -f qcow2 --output=json --force-share /opt/stack/data/cinder/mnt/45df2764f8882d0312ca34d58a562f90/volume-372ff5c1-d33b-4555-a501-a08eacd261aa.55b222f4-7465-4983-b93b-0b51f36666e9 {{(pid=86557) execute /opt/stack/data/venv/lib/python3.12/site-packages/oslo_concurrency/processutils.py:440}}
Jun 03 23:40:38 devstack sudo[87876]: quobyte : PWD=/ ; USER=root ; COMMAND=/opt/stack/data/venv/bin/cinder-rootwrap /etc/cinder/rootwrap.conf env LC_ALL=C qemu-img info -f qcow2 --output=json --force-share /opt/stack/data/cinder/mnt/45df2764f8882d0312ca34d58a562f90/volume-372ff5c1-d33b-4555-a501-a08eacd261aa.55b222f4-7465-4983-b93b-0b51f36666e9
Jun 03 23:40:38 devstack sudo[87876]: pam_unix(sudo:session): session opened for user root(uid=0) by (uid=1000)
Jun 03 23:40:38 devstack sudo[87876]: pam_unix(sudo:session): session closed for user root
Jun 03 23:40:38 devstack cinder-volume[86557]: DEBUG oslo_concurrency.processutils [None req-b4c088cd-c3d3-49ce-a6d0-5dcff282c679 tempest-GroupSnapshotsTest-1387327322 None] CMD "/opt/stack/data/venv/bin/python3.12 -m oslo_concurrency.prlimit --as=1073741824 --cpu=60 -- sudo cinder-rootwrap /etc/cinder/rootwrap.conf env LC_ALL=C qemu-img info -f qcow2 --output=json --force-share /opt/stack/data/cinder/mnt/45df2764f8882d0312ca34d58a562f90/volume-372ff5c1-d33b-4555-a501-a08eacd261aa.55b222f4-7465-4983-b93b-0b51f36666e9" returned: 0 in 0.805s {{(pid=86557) execute /opt/stack/data/venv/lib/python3.12/site-packages/oslo_concurrency/processutils.py:468}}
Jun 03 23:40:38 devstack cinder-volume[86557]: DEBUG cinder.volume.drivers.remotefs [None req-b4c088cd-c3d3-49ce-a6d0-5dcff282c679 tempest-GroupSnapshotsTest-1387327322 None] Fetching qemu-img info with special backing_file_template: (/opt/stack/data/cinder/mnt/[0-9a-f]+/)?(volume-372ff5c1-d33b-4555-a501-a08eacd261aa(.(tmp-snap-)?[0-9a-f-]+)?|volume_from_snapshot_cache/(tmp-snap-)?[0-9a-f-]+(.(child-|parent-)[0-9a-f-]+)?)$ {{(pid=86557) _qemu_img_info_base /opt/stack/cinder/cinder/volume/drivers/remotefs.py:896}}
Jun 03 23:40:38 devstack cinder-volume[86557]: DEBUG oslo.privsep.daemon [-] privsep: reply[5843a669-f031-47be-a2ef-97b25688ea00]: (4, 'qcow2') {{(pid=87062) _call_back /opt/stack/data/venv/lib/python3.12/site-packages/oslo_privsep/daemon.py:573}}
Jun 03 23:40:38 devstack cinder-volume[86557]: DEBUG oslo_concurrency.processutils [None req-b4c088cd-c3d3-49ce-a6d0-5dcff282c679 tempest-GroupSnapshotsTest-1387327322 None] Running cmd (subprocess): /opt/stack/data/venv/bin/python3.12 -m oslo_concurrency.prlimit --as=1073741824 --cpu=60 -- sudo cinder-rootwrap /etc/cinder/rootwrap.conf env LC_ALL=C qemu-img info -f qcow2 --output=json --force-share /opt/stack/data/cinder/mnt/45df2764f8882d0312ca34d58a562f90/volume-372ff5c1-d33b-4555-a501-a08eacd261aa {{(pid=86557) execute /opt/stack/data/venv/lib/python3.12/site-packages/oslo_concurrency/processutils.py:440}}
Jun 03 23:40:38 devstack sudo[87948]: quobyte : PWD=/ ; USER=root ; COMMAND=/opt/stack/data/venv/bin/cinder-rootwrap /etc/cinder/rootwrap.conf env LC_ALL=C qemu-img info -f qcow2 --output=json --force-share /opt/stack/data/cinder/mnt/45df2764f8882d0312ca34d58a562f90/volume-372ff5c1-d33b-4555-a501-a08eacd261aa
Jun 03 23:40:38 devstack sudo[87948]: pam_unix(sudo:session): session opened for user root(uid=0) by (uid=1000)
Jun 03 23:40:39 devstack sudo[87948]: pam_unix(sudo:session): session closed for user root
Jun 03 23:40:39 devstack cinder-volume[86557]: DEBUG oslo_concurrency.processutils [None req-b4c088cd-c3d3-49ce-a6d0-5dcff282c679 tempest-GroupSnapshotsTest-1387327322 None] CMD "/opt/stack/data/venv/bin/python3.12 -m oslo_concurrency.prlimit --as=1073741824 --cpu=60 -- sudo cinder-rootwrap /etc/cinder/rootwrap.conf env LC_ALL=C qemu-img info -f qcow2 --output=json --force-share /opt/stack/data/cinder/mnt/45df2764f8882d0312ca34d58a562f90/volume-372ff5c1-d33b-4555-a501-a08eacd261aa" returned: 0 in 0.700s {{(pid=86557) execute /opt/stack/data/venv/lib/python3.12/site-packages/oslo_concurrency/processutils.py:468}}
Jun 03 23:40:39 devstack cinder-volume[86557]: DEBUG oslo_concurrency.processutils [None req-b4c088cd-c3d3-49ce-a6d0-5dcff282c679 tempest-GroupSnapshotsTest-1387327322 None] Running cmd (subprocess): sudo cinder-rootwrap /etc/cinder/rootwrap.conf qemu-img commit -d /opt/stack/data/cinder/mnt/45df2764f8882d0312ca34d58a562f90/volume-372ff5c1-d33b-4555-a501-a08eacd261aa.55b222f4-7465-4983-b93b-0b51f36666e9 {{(pid=86557) execute /opt/stack/data/venv/lib/python3.12/site-packages/oslo_concurrency/processutils.py:440}}
Jun 03 23:40:39 devstack sudo[88268]: quobyte : PWD=/ ; USER=root ; COMMAND=/opt/stack/data/venv/bin/cinder-rootwrap /etc/cinder/rootwrap.conf qemu-img commit -d /opt/stack/data/cinder/mnt/45df2764f8882d0312ca34d58a562f90/volume-372ff5c1-d33b-4555-a501-a08eacd261aa.55b222f4-7465-4983-b93b-0b51f36666e9
Jun 03 23:40:39 devstack sudo[88268]: pam_unix(sudo:session): session opened for user root(uid=0) by (uid=1000)
Jun 03 23:40:40 devstack sudo[88268]: pam_unix(sudo:session): session closed for user root
Jun 03 23:40:40 devstack cinder-volume[86557]: DEBUG oslo_concurrency.processutils [None req-b4c088cd-c3d3-49ce-a6d0-5dcff282c679 tempest-GroupSnapshotsTest-1387327322 None] CMD "sudo cinder-rootwrap /etc/cinder/rootwrap.conf qemu-img commit -d /opt/stack/data/cinder/mnt/45df2764f8882d0312ca34d58a562f90/volume-372ff5c1-d33b-4555-a501-a08eacd261aa.55b222f4-7465-4983-b93b-0b51f36666e9" returned: 0 in 0.678s {{(pid=86557) execute /opt/stack/data/venv/lib/python3.12/site-packages/oslo_concurrency/processutils.py:468}}
Jun 03 23:40:40 devstack cinder-volume[86557]: DEBUG oslo_concurrency.processutils [None req-b4c088cd-c3d3-49ce-a6d0-5dcff282c679 tempest-GroupSnapshotsTest-1387327322 None] Running cmd (subprocess): sudo cinder-rootwrap /etc/cinder/rootwrap.conf rm -f /opt/stack/data/cinder/mnt/45df2764f8882d0312ca34d58a562f90/volume-372ff5c1-d33b-4555-a501-a08eacd261aa.55b222f4-7465-4983-b93b-0b51f36666e9 {{(pid=86557) execute /opt/stack/data/venv/lib/python3.12/site-packages/oslo_concurrency/processutils.py:440}}
Jun 03 23:40:40 devstack sudo[88274]: quobyte : PWD=/ ; USER=root ; COMMAND=/opt/stack/data/venv/bin/cinder-rootwrap /etc/cinder/rootwrap.conf rm -f /opt/stack/data/cinder/mnt/45df2764f8882d0312ca34d58a562f90/volume-372ff5c1-d33b-4555-a501-a08eacd261aa.55b222f4-7465-4983-b93b-0b51f36666e9
Jun 03 23:40:40 devstack sudo[88274]: pam_unix(sudo:session): session opened for user root(uid=0) by (uid=1000)
Jun 03 23:40:40 devstack sudo[88274]: pam_unix(sudo:session): session closed for user root
Jun 03 23:40:40 devstack cinder-volume[86557]: DEBUG oslo_concurrency.processutils [None req-b4c088cd-c3d3-49ce-a6d0-5dcff282c679 tempest-GroupSnapshotsTest-1387327322 None] CMD "sudo cinder-rootwrap /etc/cinder/rootwrap.conf rm -f /opt/stack/data/cinder/mnt/45df2764f8882d0312ca34d58a562f90/volume-372ff5c1-d33b-4555-a501-a08eacd261aa.55b222f4-7465-4983-b93b-0b51f36666e9" returned: 0 in 0.562s {{(pid=86557) execute /opt/stack/data/venv/lib/python3.12/site-packages/oslo_concurrency/processutils.py:468}}
Jun 03 23:40:40 devstack cinder-volume[86557]: DEBUG cinder.coordination [None req-b4c088cd-c3d3-49ce-a6d0-5dcff282c679 tempest-GroupSnapshotsTest-1387327322 None] Lock "cinder-quobyte-55b222f4-7465-4983-b93b-0b51f36666e9" released by "_delete_snapshot" :: held 2.861s {{(pid=86557) __release /opt/stack/cinder/cinder/coordination.py:152}}
Jun 03 23:40:40 devstack cinder-volume[86557]: DEBUG cinder.coordination [None req-b4c088cd-c3d3-49ce-a6d0-5dcff282c679 tempest-GroupSnapshotsTest-1387327322 None] Lock "cinder-quobyte-372ff5c1-d33b-4555-a501-a08eacd261aa" released by "delete_snapshot" :: held 2.897s {{(pid=86557) __release /opt/stack/cinder/cinder/coordination.py:152}}
