Jun 03 23:42:02 devstack cinder-volume[86557]: DEBUG oslo_concurrency.processutils [None req-7f4b0f48-795a-4132-a968-0f7baca3beff tempest-GroupsV314Test-322012891 None] CMD "/opt/stack/data/venv/bin/python3.12 -m oslo_concurrency.prlimit --as=1073741824 --cpu=60 -- sudo cinder-rootwrap /etc/cinder/rootwrap.conf env LC_ALL=C qemu-img info -f qcow2 --output=json --force-share /opt/stack/data/cinder/mnt/45df2764f8882d0312ca34d58a562f90/volume-adfbdf7c-ebc3-4737-94c4-6eaaaf8e860f" returned: 0 in 1.584s {{(pid=86557) execute /opt/stack/data/venv/lib/python3.12/site-packages/oslo_concurrency/processutils.py:468}}
Jun 03 23:42:02 devstack cinder-volume[86557]: DEBUG oslo_concurrency.processutils [None req-7f4b0f48-795a-4132-a968-0f7baca3beff tempest-GroupsV314Test-322012891 None] Running cmd (subprocess): sudo cinder-rootwrap /etc/cinder/rootwrap.conf qemu-img create -f qcow2 -o backing_file=/opt/stack/data/cinder/mnt/45df2764f8882d0312ca34d58a562f90/volume-adfbdf7c-ebc3-4737-94c4-6eaaaf8e860f,backing_fmt=qcow2 /opt/stack/data/cinder/mnt/45df2764f8882d0312ca34d58a562f90/volume-adfbdf7c-ebc3-4737-94c4-6eaaaf8e860f.51bbc2d0-9557-48a6-91ae-6d00940b9ee9 1G {{(pid=86557) execute /opt/stack/data/venv/lib/python3.12/site-packages/oslo_concurrency/processutils.py:440}}
Jun 03 23:42:02 devstack sudo[90028]: quobyte : PWD=/ ; USER=root ; COMMAND=/opt/stack/data/venv/bin/cinder-rootwrap /etc/cinder/rootwrap.conf qemu-img create -f qcow2 -o backing_file=/opt/stack/data/cinder/mnt/45df2764f8882d0312ca34d58a562f90/volume-adfbdf7c-ebc3-4737-94c4-6eaaaf8e860f,backing_fmt=qcow2 /opt/stack/data/cinder/mnt/45df2764f8882d0312ca34d58a562f90/volume-adfbdf7c-ebc3-4737-94c4-6eaaaf8e860f.51bbc2d0-9557-48a6-91ae-6d00940b9ee9 1G
Jun 03 23:42:02 devstack sudo[90028]: pam_unix(sudo:session): session opened for user root(uid=0) by (uid=1000)
Jun 03 23:42:03 devstack sudo[90028]: pam_unix(sudo:session): session closed for user root
Jun 03 23:42:03 devstack cinder-volume[86557]: DEBUG oslo_concurrency.processutils [None req-7f4b0f48-795a-4132-a968-0f7baca3beff tempest-GroupsV314Test-322012891 None] CMD "sudo cinder-rootwrap /etc/cinder/rootwrap.conf qemu-img create -f qcow2 -o backing_file=/opt/stack/data/cinder/mnt/45df2764f8882d0312ca34d58a562f90/volume-adfbdf7c-ebc3-4737-94c4-6eaaaf8e860f,backing_fmt=qcow2 /opt/stack/data/cinder/mnt/45df2764f8882d0312ca34d58a562f90/volume-adfbdf7c-ebc3-4737-94c4-6eaaaf8e860f.51bbc2d0-9557-48a6-91ae-6d00940b9ee9 1G" returned: 0 in 1.219s {{(pid=86557) execute /opt/stack/data/venv/lib/python3.12/site-packages/oslo_concurrency/processutils.py:468}}
Jun 03 23:42:03 devstack cinder-volume[86557]: DEBUG oslo_concurrency.processutils [None req-7f4b0f48-795a-4132-a968-0f7baca3beff tempest-GroupsV314Test-322012891 None] Running cmd (subprocess): sudo cinder-rootwrap /etc/cinder/rootwrap.conf qemu-img rebase -u -b volume-adfbdf7c-ebc3-4737-94c4-6eaaaf8e860f -F qcow2 /opt/stack/data/cinder/mnt/45df2764f8882d0312ca34d58a562f90/volume-adfbdf7c-ebc3-4737-94c4-6eaaaf8e860f.51bbc2d0-9557-48a6-91ae-6d00940b9ee9 {{(pid=86557) execute /opt/stack/data/venv/lib/python3.12/site-packages/oslo_concurrency/processutils.py:440}}
Jun 03 23:42:03 devstack sudo[90041]: quobyte : PWD=/ ; USER=root ; COMMAND=/opt/stack/data/venv/bin/cinder-rootwrap /etc/cinder/rootwrap.conf qemu-img rebase -u -b volume-adfbdf7c-ebc3-4737-94c4-6eaaaf8e860f -F qcow2 /opt/stack/data/cinder/mnt/45df2764f8882d0312ca34d58a562f90/volume-adfbdf7c-ebc3-4737-94c4-6eaaaf8e860f.51bbc2d0-9557-48a6-91ae-6d00940b9ee9
Jun 03 23:42:03 devstack sudo[90041]: pam_unix(sudo:session): session opened for user root(uid=0) by (uid=1000)
Jun 03 23:42:04 devstack sudo[90041]: pam_unix(sudo:session): session closed for user root
Jun 03 23:42:04 devstack cinder-volume[86557]: DEBUG oslo_concurrency.processutils [None req-7f4b0f48-795a-4132-a968-0f7baca3beff tempest-GroupsV314Test-322012891 None] CMD "sudo cinder-rootwrap /etc/cinder/rootwrap.conf qemu-img rebase -u -b volume-adfbdf7c-ebc3-4737-94c4-6eaaaf8e860f -F qcow2 /opt/stack/data/cinder/mnt/45df2764f8882d0312ca34d58a562f90/volume-adfbdf7c-ebc3-4737-94c4-6eaaaf8e860f.51bbc2d0-9557-48a6-91ae-6d00940b9ee9" returned: 0 in 1.180s {{(pid=86557) execute /opt/stack/data/venv/lib/python3.12/site-packages/oslo_concurrency/processutils.py:468}}
Jun 03 23:42:04 devstack cinder-volume[86557]: WARNING cinder.volume.drivers.remotefs [None req-7f4b0f48-795a-4132-a968-0f7baca3beff tempest-GroupsV314Test-322012891 None] /opt/stack/data/cinder/mnt/45df2764f8882d0312ca34d58a562f90/volume-adfbdf7c-ebc3-4737-94c4-6eaaaf8e860f.51bbc2d0-9557-48a6-91ae-6d00940b9ee9 is being set with open permissions: ugo+rw: NotImplementedError
Jun 03 23:42:04 devstack cinder-volume[86557]: DEBUG oslo_concurrency.processutils [None req-7f4b0f48-795a-4132-a968-0f7baca3beff tempest-GroupsV314Test-322012891 None] Running cmd (subprocess): sudo cinder-rootwrap /etc/cinder/rootwrap.conf chmod ugo+rw /opt/stack/data/cinder/mnt/45df2764f8882d0312ca34d58a562f90/volume-adfbdf7c-ebc3-4737-94c4-6eaaaf8e860f.51bbc2d0-9557-48a6-91ae-6d00940b9ee9 {{(pid=86557) execute /opt/stack/data/venv/lib/python3.12/site-packages/oslo_concurrency/processutils.py:440}}
Jun 03 23:42:05 devstack sudo[90057]: quobyte : PWD=/ ; USER=root ; COMMAND=/opt/stack/data/venv/bin/cinder-rootwrap /etc/cinder/rootwrap.conf chmod ugo+rw /opt/stack/data/cinder/mnt/45df2764f8882d0312ca34d58a562f90/volume-adfbdf7c-ebc3-4737-94c4-6eaaaf8e860f.51bbc2d0-9557-48a6-91ae-6d00940b9ee9
Jun 03 23:42:05 devstack sudo[90057]: pam_unix(sudo:session): session opened for user root(uid=0) by (uid=1000)
Jun 03 23:42:05 devstack sudo[90057]: pam_unix(sudo:session): session closed for user root
Jun 03 23:42:05 devstack cinder-volume[86557]: DEBUG oslo_concurrency.processutils [None req-7f4b0f48-795a-4132-a968-0f7baca3beff tempest-GroupsV314Test-322012891 None] CMD "sudo cinder-rootwrap /etc/cinder/rootwrap.conf chmod ugo+rw /opt/stack/data/cinder/mnt/45df2764f8882d0312ca34d58a562f90/volume-adfbdf7c-ebc3-4737-94c4-6eaaaf8e860f.51bbc2d0-9557-48a6-91ae-6d00940b9ee9" returned: 0 in 0.877s {{(pid=86557) execute /opt/stack/data/venv/lib/python3.12/site-packages/oslo_concurrency/processutils.py:468}}
Jun 03 23:42:05 devstack cinder-volume[86557]: DEBUG oslo_concurrency.processutils [None req-7f4b0f48-795a-4132-a968-0f7baca3beff tempest-GroupsV314Test-322012891 None] Running cmd (subprocess): sudo cinder-rootwrap /etc/cinder/rootwrap.conf truncate -s0 /opt/stack/data/cinder/mnt/45df2764f8882d0312ca34d58a562f90/volume-adfbdf7c-ebc3-4737-94c4-6eaaaf8e860f.info {{(pid=86557) execute /opt/stack/data/venv/lib/python3.12/site-packages/oslo_concurrency/processutils.py:440}}
Jun 03 23:42:05 devstack sudo[90164]: quobyte : PWD=/ ; USER=root ; COMMAND=/opt/stack/data/venv/bin/cinder-rootwrap /etc/cinder/rootwrap.conf truncate -s0 /opt/stack/data/cinder/mnt/45df2764f8882d0312ca34d58a562f90/volume-adfbdf7c-ebc3-4737-94c4-6eaaaf8e860f.info
Jun 03 23:42:05 devstack sudo[90164]: pam_unix(sudo:session): session opened for user root(uid=0) by (uid=1000)
Jun 03 23:42:06 devstack sudo[90164]: pam_unix(sudo:session): session closed for user root
Jun 03 23:42:06 devstack cinder-volume[86557]: DEBUG oslo_concurrency.processutils [None req-7f4b0f48-795a-4132-a968-0f7baca3beff tempest-GroupsV314Test-322012891 None] CMD "sudo cinder-rootwrap /etc/cinder/rootwrap.conf truncate -s0 /opt/stack/data/cinder/mnt/45df2764f8882d0312ca34d58a562f90/volume-adfbdf7c-ebc3-4737-94c4-6eaaaf8e860f.info" returned: 0 in 1.025s {{(pid=86557) execute /opt/stack/data/venv/lib/python3.12/site-packages/oslo_concurrency/processutils.py:468}}
Jun 03 23:42:06 devstack cinder-volume[86557]: WARNING cinder.volume.drivers.remotefs [None req-7f4b0f48-795a-4132-a968-0f7baca3beff tempest-GroupsV314Test-322012891 None] /opt/stack/data/cinder/mnt/45df2764f8882d0312ca34d58a562f90/volume-adfbdf7c-ebc3-4737-94c4-6eaaaf8e860f.info is being set with open permissions: ugo+rw: NotImplementedError
Jun 03 23:42:06 devstack cinder-volume[86557]: DEBUG oslo_concurrency.processutils [None req-7f4b0f48-795a-4132-a968-0f7baca3beff tempest-GroupsV314Test-322012891 None] Running cmd (subprocess): sudo cinder-rootwrap /etc/cinder/rootwrap.conf chmod ugo+rw /opt/stack/data/cinder/mnt/45df2764f8882d0312ca34d58a562f90/volume-adfbdf7c-ebc3-4737-94c4-6eaaaf8e860f.info {{(pid=86557) execute /opt/stack/data/venv/lib/python3.12/site-packages/oslo_concurrency/processutils.py:440}}
Jun 03 23:42:06 devstack sudo[90173]: quobyte : PWD=/ ; USER=root ; COMMAND=/opt/stack/data/venv/bin/cinder-rootwrap /etc/cinder/rootwrap.conf chmod ugo+rw /opt/stack/data/cinder/mnt/45df2764f8882d0312ca34d58a562f90/volume-adfbdf7c-ebc3-4737-94c4-6eaaaf8e860f.info
Jun 03 23:42:06 devstack sudo[90173]: pam_unix(sudo:session): session opened for user root(uid=0) by (uid=1000)
Jun 03 23:42:07 devstack sudo[90173]: pam_unix(sudo:session): session closed for user root
Jun 03 23:42:07 devstack cinder-volume[86557]: DEBUG oslo_concurrency.processutils [None req-7f4b0f48-795a-4132-a968-0f7baca3beff tempest-GroupsV314Test-322012891 None] CMD "sudo cinder-rootwrap /etc/cinder/rootwrap.conf chmod ugo+rw /opt/stack/data/cinder/mnt/45df2764f8882d0312ca34d58a562f90/volume-adfbdf7c-ebc3-4737-94c4-6eaaaf8e860f.info" returned: 0 in 0.596s {{(pid=86557) execute /opt/stack/data/venv/lib/python3.12/site-packages/oslo_concurrency/processutils.py:468}}
Jun 03 23:42:07 devstack cinder-volume[86557]: DEBUG cinder.coordination [None req-7f4b0f48-795a-4132-a968-0f7baca3beff tempest-GroupsV314Test-322012891 None] Acquiring lock "cinder-quobyte-77edb80f-8e0b-4802-b97a-5a8d1f8ab8f3" by "_copy_volume_from_snapshot" {{(pid=86557) __acquire /opt/stack/cinder/cinder/coordination.py:138}}
Jun 03 23:42:07 devstack cinder-volume[86557]: DEBUG cinder.coordination [None req-7f4b0f48-795a-4132-a968-0f7baca3beff tempest-GroupsV314Test-322012891 None] Lock "cinder-quobyte-77edb80f-8e0b-4802-b97a-5a8d1f8ab8f3" acquired by "_copy_volume_from_snapshot" :: waited 0.020s {{(pid=86557) __acquire /opt/stack/cinder/cinder/coordination.py:141}}
Jun 03 23:42:07 devstack cinder-volume[86557]: DEBUG cinder.volume.drivers.quobyte [None req-7f4b0f48-795a-4132-a968-0f7baca3beff tempest-GroupsV314Test-322012891 None] snapshot: 51bbc2d0-9557-48a6-91ae-6d00940b9ee9, volume: 77edb80f-8e0b-4802-b97a-5a8d1f8ab8f3, {{(pid=86557) _copy_volume_from_snapshot /opt/stack/cinder/cinder/volume/drivers/quobyte.py:401}}
Jun 03 23:42:07 devstack cinder-volume[86557]: DEBUG oslo_concurrency.lockutils [None req-7f4b0f48-795a-4132-a968-0f7baca3beff tempest-GroupsV314Test-322012891 None] Acquiring lock "quobyte_ensure" by "cinder.volume.drivers.quobyte.QuobyteDriver._ensure_shares_mounted" {{(pid=86557) inner /opt/stack/data/venv/lib/python3.12/site-packages/oslo_concurrency/lockutils.py:506}}
Jun 03 23:42:07 devstack cinder-volume[86557]: DEBUG oslo_concurrency.lockutils [None req-7f4b0f48-795a-4132-a968-0f7baca3beff tempest-GroupsV314Test-322012891 None] Lock "quobyte_ensure" acquired by "cinder.volume.drivers.quobyte.QuobyteDriver._ensure_shares_mounted" :: waited 0.000s {{(pid=86557) inner /opt/stack/data/venv/lib/python3.12/site-packages/oslo_concurrency/lockutils.py:519}}
Jun 03 23:42:07 devstack cinder-volume[86557]: DEBUG cinder.volume.drivers.quobyte [None req-7f4b0f48-795a-4132-a968-0f7baca3beff tempest-GroupsV314Test-322012891 None] Quobyte Volume URL set to: {'osci02.corp.quobyte.com/cinder-vol-adcdeebf-af16-407c-ad08-fc432f80b8e7': None} {{(pid=86557) _load_shares_config /opt/stack/cinder/cinder/volume/drivers/quobyte.py:617}}
Jun 03 23:42:07 devstack cinder-volume[86557]: DEBUG cinder.volume.drivers.quobyte [None req-7f4b0f48-795a-4132-a968-0f7baca3beff tempest-GroupsV314Test-322012891 None] Available shares ['osci02.corp.quobyte.com/cinder-vol-adcdeebf-af16-407c-ad08-fc432f80b8e7'] {{(pid=86557) _ensure_shares_mounted /opt/stack/cinder/cinder/volume/drivers/quobyte.py:647}}
Jun 03 23:42:07 devstack cinder-volume[86557]: DEBUG oslo_concurrency.lockutils [None req-7f4b0f48-795a-4132-a968-0f7baca3beff tempest-GroupsV314Test-322012891 None] Lock "quobyte_ensure" "released" by "cinder.volume.drivers.quobyte.QuobyteDriver._ensure_shares_mounted" :: held 0.007s {{(pid=86557) inner /opt/stack/data/venv/lib/python3.12/site-packages/oslo_concurrency/lockutils.py:538}}
Jun 03 23:42:07 devstack cinder-volume[86557]: DEBUG oslo.privsep.daemon [-] privsep: reply[6cce758c-79fe-4bdb-8eda-a9b5d7ba4045]: (4, 'qcow2') {{(pid=87062) _call_back /opt/stack/data/venv/lib/python3.12/site-packages/oslo_privsep/daemon.py:573}}
Jun 03 23:42:07 devstack cinder-volume[86557]: DEBUG oslo_concurrency.processutils [None req-7f4b0f48-795a-4132-a968-0f7baca3beff tempest-GroupsV314Test-322012891 None] Running cmd (subprocess): /opt/stack/data/venv/bin/python3.12 -m oslo_concurrency.prlimit --as=1073741824 --cpu=60 -- sudo cinder-rootwrap /etc/cinder/rootwrap.conf env LC_ALL=C qemu-img info -f qcow2 --output=json --force-share /opt/stack/data/cinder/mnt/45df2764f8882d0312ca34d58a562f90/volume-adfbdf7c-ebc3-4737-94c4-6eaaaf8e860f.51bbc2d0-9557-48a6-91ae-6d00940b9ee9 {{(pid=86557) execute /opt/stack/data/venv/lib/python3.12/site-packages/oslo_concurrency/processutils.py:440}}
Jun 03 23:42:07 devstack sudo[90176]: quobyte : PWD=/ ; USER=root ; COMMAND=/opt/stack/data/venv/bin/cinder-rootwrap /etc/cinder/rootwrap.conf env LC_ALL=C qemu-img info -f qcow2 --output=json --force-share /opt/stack/data/cinder/mnt/45df2764f8882d0312ca34d58a562f90/volume-adfbdf7c-ebc3-4737-94c4-6eaaaf8e860f.51bbc2d0-9557-48a6-91ae-6d00940b9ee9
Jun 03 23:42:07 devstack sudo[90176]: pam_unix(sudo:session): session opened for user root(uid=0) by (uid=1000)
Jun 03 23:42:09 devstack sudo[90176]: pam_unix(sudo:session): session closed for user root
Jun 03 23:42:09 devstack cinder-volume[86557]: DEBUG oslo_concurrency.processutils [None req-7f4b0f48-795a-4132-a968-0f7baca3beff tempest-GroupsV314Test-322012891 None] CMD "/opt/stack/data/venv/bin/python3.12 -m oslo_concurrency.prlimit --as=1073741824 --cpu=60 -- sudo cinder-rootwrap /etc/cinder/rootwrap.conf env LC_ALL=C qemu-img info -f qcow2 --output=json --force-share /opt/stack/data/cinder/mnt/45df2764f8882d0312ca34d58a562f90/volume-adfbdf7c-ebc3-4737-94c4-6eaaaf8e860f.51bbc2d0-9557-48a6-91ae-6d00940b9ee9" returned: 0 in 1.542s {{(pid=86557) execute /opt/stack/data/venv/lib/python3.12/site-packages/oslo_concurrency/processutils.py:468}}
Jun 03 23:42:09 devstack cinder-volume[86557]: DEBUG cinder.volume.drivers.remotefs [None req-7f4b0f48-795a-4132-a968-0f7baca3beff tempest-GroupsV314Test-322012891 None] Fetching qemu-img info with special backing_file_template: (/opt/stack/data/cinder/mnt/[0-9a-f]+/)?(volume-adfbdf7c-ebc3-4737-94c4-6eaaaf8e860f(.(tmp-snap-)?[0-9a-f-]+)?|volume_from_snapshot_cache/(tmp-snap-)?[0-9a-f-]+(.(child-|parent-)[0-9a-f-]+)?)$ {{(pid=86557) _qemu_img_info_base /opt/stack/cinder/cinder/volume/drivers/remotefs.py:896}}
Jun 03 23:42:09 devstack cinder-volume[86557]: DEBUG cinder.volume.drivers.quobyte [None req-7f4b0f48-795a-4132-a968-0f7baca3beff tempest-GroupsV314Test-322012891 None] will copy from snapshot at /opt/stack/data/cinder/mnt/45df2764f8882d0312ca34d58a562f90/volume-adfbdf7c-ebc3-4737-94c4-6eaaaf8e860f {{(pid=86557) _copy_volume_from_snapshot /opt/stack/cinder/cinder/volume/drivers/quobyte.py:420}}
Jun 03 23:42:09 devstack cinder-volume[86557]: DEBUG cinder.volume.drivers.quobyte [None req-7f4b0f48-795a-4132-a968-0f7baca3beff tempest-GroupsV314Test-322012891 None] Creating direct copy from snapshot {{(pid=86557) _copy_volume_from_snapshot /opt/stack/cinder/cinder/volume/drivers/quobyte.py:428}}
Jun 03 23:42:09 devstack cinder-volume[86557]: DEBUG oslo.privsep.daemon [-] privsep: reply[4874464f-a521-4744-bea2-3b94b0c274ea]: (4, 'qcow2') {{(pid=87062) _call_back /opt/stack/data/venv/lib/python3.12/site-packages/oslo_privsep/daemon.py:573}}
Jun 03 23:42:09 devstack cinder-volume[86557]: DEBUG oslo_concurrency.processutils [None req-7f4b0f48-795a-4132-a968-0f7baca3beff tempest-GroupsV314Test-322012891 None] Running cmd (subprocess): /opt/stack/data/venv/bin/python3.12 -m oslo_concurrency.prlimit --as=1073741824 --cpu=60 -- sudo cinder-rootwrap /etc/cinder/rootwrap.conf env LC_ALL=C qemu-img info -f qcow2 --output=json /opt/stack/data/cinder/mnt/45df2764f8882d0312ca34d58a562f90/volume-adfbdf7c-ebc3-4737-94c4-6eaaaf8e860f {{(pid=86557) execute /opt/stack/data/venv/lib/python3.12/site-packages/oslo_concurrency/processutils.py:440}}
Jun 03 23:42:09 devstack sudo[90530]: quobyte : PWD=/ ; USER=root ; COMMAND=/opt/stack/data/venv/bin/cinder-rootwrap /etc/cinder/rootwrap.conf env LC_ALL=C qemu-img info -f qcow2 --output=json /opt/stack/data/cinder/mnt/45df2764f8882d0312ca34d58a562f90/volume-adfbdf7c-ebc3-4737-94c4-6eaaaf8e860f
Jun 03 23:42:09 devstack sudo[90530]: pam_unix(sudo:session): session opened for user root(uid=0) by (uid=1000)
Jun 03 23:42:10 devstack sudo[90530]: pam_unix(sudo:session): session closed for user root
Jun 03 23:42:10 devstack cinder-volume[86557]: DEBUG oslo_concurrency.processutils [None req-7f4b0f48-795a-4132-a968-0f7baca3beff tempest-GroupsV314Test-322012891 None] CMD "/opt/stack/data/venv/bin/python3.12 -m oslo_concurrency.prlimit --as=1073741824 --cpu=60 -- sudo cinder-rootwrap /etc/cinder/rootwrap.conf env LC_ALL=C qemu-img info -f qcow2 --output=json /opt/stack/data/cinder/mnt/45df2764f8882d0312ca34d58a562f90/volume-adfbdf7c-ebc3-4737-94c4-6eaaaf8e860f" returned: 0 in 1.297s {{(pid=86557) execute /opt/stack/data/venv/lib/python3.12/site-packages/oslo_concurrency/processutils.py:468}}
Jun 03 23:42:10 devstack cinder-volume[86557]: DEBUG cinder.utils [None req-7f4b0f48-795a-4132-a968-0f7baca3beff tempest-GroupsV314Test-322012891 None] Path /opt/stack/data/cinder/mnt/45df2764f8882d0312ca34d58a562f90/volume-77edb80f-8e0b-4802-b97a-5a8d1f8ab8f3 not found in is_blk_device check {{(pid=86557) is_blk_device /opt/stack/cinder/cinder/utils.py:602}}
Jun 03 23:42:10 devstack cinder-volume[86557]: DEBUG oslo_concurrency.processutils [None req-7f4b0f48-795a-4132-a968-0f7baca3beff tempest-GroupsV314Test-322012891 None] Running cmd (subprocess): sudo cinder-rootwrap /etc/cinder/rootwrap.conf qemu-img convert -O qcow2 /opt/stack/data/cinder/mnt/45df2764f8882d0312ca34d58a562f90/volume-adfbdf7c-ebc3-4737-94c4-6eaaaf8e860f /opt/stack/data/cinder/mnt/45df2764f8882d0312ca34d58a562f90/volume-77edb80f-8e0b-4802-b97a-5a8d1f8ab8f3 {{(pid=86557) execute /opt/stack/data/venv/lib/python3.12/site-packages/oslo_concurrency/processutils.py:440}}
Jun 03 23:42:10 devstack sudo[90538]: quobyte : PWD=/ ; USER=root ; COMMAND=/opt/stack/data/venv/bin/cinder-rootwrap /etc/cinder/rootwrap.conf qemu-img convert -O qcow2 /opt/stack/data/cinder/mnt/45df2764f8882d0312ca34d58a562f90/volume-adfbdf7c-ebc3-4737-94c4-6eaaaf8e860f /opt/stack/data/cinder/mnt/45df2764f8882d0312ca34d58a562f90/volume-77edb80f-8e0b-4802-b97a-5a8d1f8ab8f3
Jun 03 23:42:10 devstack sudo[90538]: pam_unix(sudo:session): session opened for user root(uid=0) by (uid=1000)
Jun 03 23:42:15 devstack cinder-volume[86557]: DEBUG dbcounter [-] [86557] Writing DB stats cinder:SELECT=13,cinder:UPDATE=5,cinder:DELETE=1 {{(pid=86557) stat_writer /opt/stack/data/venv/lib/python3.12/site-packages/dbcounter.py:115}}
Jun 03 23:42:15 devstack cinder-volume[86557]: DEBUG dbcounter [-] [86557] Writing DB stats cinder:SELECT=14,cinder:INSERT=3,cinder:UPDATE=4 {{(pid=86557) stat_writer /opt/stack/data/venv/lib/python3.12/site-packages/dbcounter.py:115}}
Jun 03 23:42:20 devstack sudo[90538]: pam_unix(sudo:session): session closed for user root
Jun 03 23:42:20 devstack cinder-volume[86557]: DEBUG oslo_concurrency.processutils [None req-7f4b0f48-795a-4132-a968-0f7baca3beff tempest-GroupsV314Test-322012891 None] CMD "sudo cinder-rootwrap /etc/cinder/rootwrap.conf qemu-img convert -O qcow2 /opt/stack/data/cinder/mnt/45df2764f8882d0312ca34d58a562f90/volume-adfbdf7c-ebc3-4737-94c4-6eaaaf8e860f /opt/stack/data/cinder/mnt/45df2764f8882d0312ca34d58a562f90/volume-77edb80f-8e0b-4802-b97a-5a8d1f8ab8f3" returned: 0 in 9.993s {{(pid=86557) execute /opt/stack/data/venv/lib/python3.12/site-packages/oslo_concurrency/processutils.py:468}}
Jun 03 23:42:20 devstack cinder-volume[86557]: DEBUG oslo.privsep.daemon [-] privsep: reply[a16a13f4-f56c-46c7-8a3d-49089c99248a]: (4, 'qcow2') {{(pid=87062) _call_back /opt/stack/data/venv/lib/python3.12/site-packages/oslo_privsep/daemon.py:573}}
Jun 03 23:42:20 devstack cinder-volume[86557]: DEBUG oslo_concurrency.processutils [None req-7f4b0f48-795a-4132-a968-0f7baca3beff tempest-GroupsV314Test-322012891 None] Running cmd (subprocess): /opt/stack/data/venv/bin/python3.12 -m oslo_concurrency.prlimit --as=1073741824 --cpu=60 -- sudo cinder-rootwrap /etc/cinder/rootwrap.conf env LC_ALL=C qemu-img info -f qcow2 --output=json /opt/stack/data/cinder/mnt/45df2764f8882d0312ca34d58a562f90/volume-adfbdf7c-ebc3-4737-94c4-6eaaaf8e860f {{(pid=86557) execute /opt/stack/data/venv/lib/python3.12/site-packages/oslo_concurrency/processutils.py:440}}
Jun 03 23:42:20 devstack sudo[90655]: quobyte : PWD=/ ; USER=root ; COMMAND=/opt/stack/data/venv/bin/cinder-rootwrap /etc/cinder/rootwrap.conf env LC_ALL=C qemu-img info -f qcow2 --output=json /opt/stack/data/cinder/mnt/45df2764f8882d0312ca34d58a562f90/volume-adfbdf7c-ebc3-4737-94c4-6eaaaf8e860f
Jun 03 23:42:20 devstack sudo[90655]: pam_unix(sudo:session): session opened for user root(uid=0) by (uid=1000)
Jun 03 23:42:20 devstack cinder-volume[86557]: DEBUG cinder.volume.flows.manager.create_volume [None req-3b8c4a76-a83f-4a0b-b5c3-9858aeb86aee tempest-AttachVolumeNegativeTest-1963379366 None] Volume reschedule parameters: True retry: {'num_attempts': 1, 'backends': ['devstack@QuobyteHD#QuobyteHD'], 'hosts': ['devstack@QuobyteHD#QuobyteHD']} {{(pid=86557) get_flow /opt/stack/cinder/cinder/volume/flows/manager/create_volume.py:1388}}
Jun 03 23:42:20 devstack cinder-volume[86557]: DEBUG cinder.volume.manager [None req-3b8c4a76-a83f-4a0b-b5c3-9858aeb86aee tempest-AttachVolumeNegativeTest-1963379366 None] Flow 'volume_create_manager' (695c95d6-9e38-46fd-ab35-ef56c8f339cb) transitioned into state 'RUNNING' from state 'PENDING' {{(pid=86557) _flow_receiver /opt/stack/data/venv/lib/python3.12/site-packages/taskflow/listeners/logging.py:145}}
Jun 03 23:42:20 devstack cinder-volume[86557]: DEBUG cinder.volume.manager [None req-3b8c4a76-a83f-4a0b-b5c3-9858aeb86aee tempest-AttachVolumeNegativeTest-1963379366 None] Task 'cinder.volume.flows.manager.create_volume.ExtractVolumeRefTask;volume:create' (cbec9199-c723-43c2-85a9-877848a647d2) transitioned into state 'RUNNING' from state 'PENDING' {{(pid=86557) _task_receiver /opt/stack/data/venv/lib/python3.12/site-packages/taskflow/listeners/logging.py:194}}
Jun 03 23:42:20 devstack cinder-volume[86557]: DEBUG cinder.volume.manager [None req-3b8c4a76-a83f-4a0b-b5c3-9858aeb86aee tempest-AttachVolumeNegativeTest-1963379366 None] Task 'cinder.volume.flows.manager.create_volume.ExtractVolumeRefTask;volume:create' (cbec9199-c723-43c2-85a9-877848a647d2) transitioned into state 'SUCCESS' from state 'RUNNING' with result 'Volume(_name_id=None,admin_metadata=,attach_status='detached',availability_zone='nova',bootable=False,cluster=,cluster_name=None,consistencygroup=,consistencygroup_id=None,created_at=2026-06-03T21:42:20Z,deleted=False,deleted_at=None,display_description=None,display_name='tempest-AttachVolumeNegativeTest-volume-364350933',ec2_id=None,encryption_key_id=None,glance_metadata=,group=,group_id=None,host='devstack@QuobyteHD#QuobyteHD',id=52efe482-1775-4731-a721-4d0350bd9bab,launched_at=None,metadata={},migration_status=None,multiattach=False,previous_status=None,project_id='23f8a5b0807645f492092fd6b41bdb89',provider_auth=None,provider_geometry=None,provider_id=None,provider_location=None,replication_driver_data=None,replication_extended_status=None,replication_status=None,scheduled_at=2026-06-03T21:42:21Z,service_uuid=None,shared_targets=True,size=1,snapshot_id=None,snapshots=,source_volid=None,status='creating',terminated_at=None,updated_at=2026-06-03T21:42:21Z,use_quota=True,user_id='de4a351d6d43401bab9ed5a4f123e97d',volume_attachment=VolumeAttachmentList,volume_type=VolumeType(ee1d7a24-3da5-47d4-b061-6e70adec9151),volume_type_id=ee1d7a24-3da5-47d4-b061-6e70adec9151)' {{(pid=86557) _task_receiver /opt/stack/data/venv/lib/python3.12/site-packages/taskflow/listeners/logging.py:182}}
Jun 03 23:42:20 devstack cinder-volume[86557]: DEBUG cinder.volume.manager [None req-3b8c4a76-a83f-4a0b-b5c3-9858aeb86aee tempest-AttachVolumeNegativeTest-1963379366 None] Task 'cinder.volume.flows.manager.create_volume.OnFailureRescheduleTask;volume:create' (291192a9-3072-4f93-8203-3c20b8bc2cca) transitioned into state 'RUNNING' from state 'PENDING' {{(pid=86557) _task_receiver /opt/stack/data/venv/lib/python3.12/site-packages/taskflow/listeners/logging.py:194}}
Jun 03 23:42:20 devstack cinder-volume[86557]: DEBUG cinder.volume.manager [None req-3b8c4a76-a83f-4a0b-b5c3-9858aeb86aee tempest-AttachVolumeNegativeTest-1963379366 None] Task 'cinder.volume.flows.manager.create_volume.OnFailureRescheduleTask;volume:create' (291192a9-3072-4f93-8203-3c20b8bc2cca) transitioned into state 'SUCCESS' from state 'RUNNING' with result 'None' {{(pid=86557) _task_receiver /opt/stack/data/venv/lib/python3.12/site-packages/taskflow/listeners/logging.py:182}}
Jun 03 23:42:20 devstack cinder-volume[86557]: DEBUG cinder.volume.manager [None req-3b8c4a76-a83f-4a0b-b5c3-9858aeb86aee tempest-AttachVolumeNegativeTest-1963379366 None] Task 'cinder.volume.flows.manager.create_volume.ExtractVolumeSpecTask;volume:create' (e1a9dbdd-3eab-4996-9ef3-cac47536a91a) transitioned into state 'RUNNING' from state 'PENDING' {{(pid=86557) _task_receiver /opt/stack/data/venv/lib/python3.12/site-packages/taskflow/listeners/logging.py:194}}
Jun 03 23:42:20 devstack cinder-volume[86557]: DEBUG cinder.volume.manager [None req-3b8c4a76-a83f-4a0b-b5c3-9858aeb86aee tempest-AttachVolumeNegativeTest-1963379366 None] Task 'cinder.volume.flows.manager.create_volume.ExtractVolumeSpecTask;volume:create' (e1a9dbdd-3eab-4996-9ef3-cac47536a91a) transitioned into state 'SUCCESS' from state 'RUNNING' with result '{'status': 'creating', 'type': 'raw', 'volume_id': '52efe482-1775-4731-a721-4d0350bd9bab', 'volume_name': 'volume-52efe482-1775-4731-a721-4d0350bd9bab', 'volume_size': 1}' {{(pid=86557) _task_receiver /opt/stack/data/venv/lib/python3.12/site-packages/taskflow/listeners/logging.py:182}}
Jun 03 23:42:20 devstack cinder-volume[86557]: DEBUG cinder.volume.manager [None req-3b8c4a76-a83f-4a0b-b5c3-9858aeb86aee tempest-AttachVolumeNegativeTest-1963379366 None] Task 'cinder.volume.flows.manager.create_volume.NotifyVolumeActionTask;volume:create, create.start' (8a40d29b-7eb5-4d0b-8594-2145e8898657) transitioned into state 'RUNNING' from state 'PENDING' {{(pid=86557) _task_receiver /opt/stack/data/venv/lib/python3.12/site-packages/taskflow/listeners/logging.py:194}}
Jun 03 23:42:20 devstack cinder-volume[86557]: DEBUG cinder.volume.manager [None req-3b8c4a76-a83f-4a0b-b5c3-9858aeb86aee tempest-AttachVolumeNegativeTest-1963379366 None] Task 'cinder.volume.flows.manager.create_volume.NotifyVolumeActionTask;volume:create, create.start' (8a40d29b-7eb5-4d0b-8594-2145e8898657) transitioned into state 'SUCCESS' from state 'RUNNING' with result 'None' {{(pid=86557) _task_receiver /opt/stack/data/venv/lib/python3.12/site-packages/taskflow/listeners/logging.py:182}}
Jun 03 23:42:20 devstack cinder-volume[86557]: DEBUG cinder.volume.manager [None req-3b8c4a76-a83f-4a0b-b5c3-9858aeb86aee tempest-AttachVolumeNegativeTest-1963379366 None] Task 'cinder.volume.flows.manager.create_volume.CreateVolumeFromSpecTask;volume:create' (5cbddfdd-79ff-47ff-b6e1-aa3075063557) transitioned into state 'RUNNING' from state 'PENDING' {{(pid=86557) _task_receiver /opt/stack/data/venv/lib/python3.12/site-packages/taskflow/listeners/logging.py:194}}
Jun 03 23:42:20 devstack cinder-volume[86557]: INFO cinder.volume.flows.manager.create_volume [None req-3b8c4a76-a83f-4a0b-b5c3-9858aeb86aee tempest-AttachVolumeNegativeTest-1963379366 None] Volume 52efe482-1775-4731-a721-4d0350bd9bab: being created as raw with specification: {'status': 'creating', 'volume_name': 'volume-52efe482-1775-4731-a721-4d0350bd9bab', 'volume_size': 1}
Jun 03 23:42:20 devstack cinder-volume[86557]: DEBUG oslo_concurrency.lockutils [None req-3b8c4a76-a83f-4a0b-b5c3-9858aeb86aee tempest-AttachVolumeNegativeTest-1963379366 None] Acquiring lock "quobyte" by "cinder.volume.drivers.quobyte.QuobyteDriver.create_volume" {{(pid=86557) inner /opt/stack/data/venv/lib/python3.12/site-packages/oslo_concurrency/lockutils.py:506}}
Jun 03 23:42:21 devstack sudo[90655]: pam_unix(sudo:session): session closed for user root
Jun 03 23:42:21 devstack cinder-volume[86557]: DEBUG oslo_concurrency.processutils [None req-7f4b0f48-795a-4132-a968-0f7baca3beff tempest-GroupsV314Test-322012891 None] CMD "/opt/stack/data/venv/bin/python3.12 -m oslo_concurrency.prlimit --as=1073741824 --cpu=60 -- sudo cinder-rootwrap /etc/cinder/rootwrap.conf env LC_ALL=C qemu-img info -f qcow2 --output=json /opt/stack/data/cinder/mnt/45df2764f8882d0312ca34d58a562f90/volume-adfbdf7c-ebc3-4737-94c4-6eaaaf8e860f" returned: 0 in 1.363s {{(pid=86557) execute /opt/stack/data/venv/lib/python3.12/site-packages/oslo_concurrency/processutils.py:468}}
Jun 03 23:42:21 devstack cinder-volume[86557]: DEBUG cinder.image.image_utils [None req-7f4b0f48-795a-4132-a968-0f7baca3beff tempest-GroupsV314Test-322012891 None] Image conversion details: src /opt/stack/data/cinder/mnt/45df2764f8882d0312ca34d58a562f90/volume-adfbdf7c-ebc3-4737-94c4-6eaaaf8e860f, size 1024.00 MB, duration 9.99 sec, destination /opt/stack/data/cinder/mnt/45df2764f8882d0312ca34d58a562f90/volume-77edb80f-8e0b-4802-b97a-5a8d1f8ab8f3 {{(pid=86557) _convert_image /opt/stack/cinder/cinder/image/image_utils.py:533}}
Jun 03 23:42:21 devstack cinder-volume[86557]: INFO cinder.image.image_utils [None req-7f4b0f48-795a-4132-a968-0f7baca3beff tempest-GroupsV314Test-322012891 None] Converted 1024.00 MB image at 102.46 MB/s
Jun 03 23:42:21 devstack cinder-volume[86557]: WARNING cinder.volume.drivers.remotefs [None req-7f4b0f48-795a-4132-a968-0f7baca3beff tempest-GroupsV314Test-322012891 None] /opt/stack/data/cinder/mnt/45df2764f8882d0312ca34d58a562f90/volume-77edb80f-8e0b-4802-b97a-5a8d1f8ab8f3 is being set with open permissions: ugo+rw: NotImplementedError
Jun 03 23:42:21 devstack cinder-volume[86557]: DEBUG oslo_concurrency.processutils [None req-7f4b0f48-795a-4132-a968-0f7baca3beff tempest-GroupsV314Test-322012891 None] Running cmd (subprocess): sudo cinder-rootwrap /etc/cinder/rootwrap.conf chmod ugo+rw /opt/stack/data/cinder/mnt/45df2764f8882d0312ca34d58a562f90/volume-77edb80f-8e0b-4802-b97a-5a8d1f8ab8f3 {{(pid=86557) execute /opt/stack/data/venv/lib/python3.12/site-packages/oslo_concurrency/processutils.py:440}}
Jun 03 23:42:22 devstack sudo[90662]: quobyte : PWD=/ ; USER=root ; COMMAND=/opt/stack/data/venv/bin/cinder-rootwrap /etc/cinder/rootwrap.conf chmod ugo+rw /opt/stack/data/cinder/mnt/45df2764f8882d0312ca34d58a562f90/volume-77edb80f-8e0b-4802-b97a-5a8d1f8ab8f3
Jun 03 23:42:22 devstack sudo[90662]: pam_unix(sudo:session): session opened for user root(uid=0) by (uid=1000)
Jun 03 23:42:22 devstack cinder-volume[86557]: DEBUG cinder.volume.flows.manager.create_volume [None req-a31f8bae-2f90-4647-a5d7-242eb562f8ed tempest-ServerRescueNegativeTestJSON-1232265557 None] Volume reschedule parameters: True retry: {'num_attempts': 1, 'backends': ['devstack@QuobyteHD#QuobyteHD'], 'hosts': ['devstack@QuobyteHD#QuobyteHD']} {{(pid=86557) get_flow /opt/stack/cinder/cinder/volume/flows/manager/create_volume.py:1388}}
Jun 03 23:42:22 devstack cinder-volume[86557]: DEBUG cinder.volume.manager [None req-a31f8bae-2f90-4647-a5d7-242eb562f8ed tempest-ServerRescueNegativeTestJSON-1232265557 None] Flow 'volume_create_manager' (fbc546c7-70e7-4a43-bb29-ffd9d40fdcaf) transitioned into state 'RUNNING' from state 'PENDING' {{(pid=86557) _flow_receiver /opt/stack/data/venv/lib/python3.12/site-packages/taskflow/listeners/logging.py:145}}
Jun 03 23:42:22 devstack cinder-volume[86557]: DEBUG cinder.volume.manager [None req-a31f8bae-2f90-4647-a5d7-242eb562f8ed tempest-ServerRescueNegativeTestJSON-1232265557 None] Task 'cinder.volume.flows.manager.create_volume.ExtractVolumeRefTask;volume:create' (0f0e489d-7ea6-45f2-bd5a-0cb7d5418f5d) transitioned into state 'RUNNING' from state 'PENDING' {{(pid=86557) _task_receiver /opt/stack/data/venv/lib/python3.12/site-packages/taskflow/listeners/logging.py:194}}
Jun 03 23:42:22 devstack cinder-volume[86557]: DEBUG cinder.volume.manager [None req-a31f8bae-2f90-4647-a5d7-242eb562f8ed tempest-ServerRescueNegativeTestJSON-1232265557 None] Task 'cinder.volume.flows.manager.create_volume.ExtractVolumeRefTask;volume:create' (0f0e489d-7ea6-45f2-bd5a-0cb7d5418f5d) transitioned into state 'SUCCESS' from state 'RUNNING' with result 'Volume(_name_id=None,admin_metadata=,attach_status='detached',availability_zone='nova',bootable=False,cluster=,cluster_name=None,consistencygroup=,consistencygroup_id=None,created_at=2026-06-03T21:42:22Z,deleted=False,deleted_at=None,display_description=None,display_name='tempest-ServerRescueNegativeTestJSON-volume-547796891',ec2_id=None,encryption_key_id=None,glance_metadata=,group=,group_id=None,host='devstack@QuobyteHD#QuobyteHD',id=b2b35809-d61c-4fc5-a87e-ec225a82742f,launched_at=None,metadata={},migration_status=None,multiattach=False,previous_status=None,project_id='44c22f12dbf342549acc3b4f44fa885d',provider_auth=None,provider_geometry=None,provider_id=None,provider_location=None,replication_driver_data=None,replication_extended_status=None,replication_status=None,scheduled_at=2026-06-03T21:42:22Z,service_uuid=None,shared_targets=True,size=1,snapshot_id=None,snapshots=,source_volid=None,status='creating',terminated_at=None,updated_at=2026-06-03T21:42:22Z,use_quota=True,user_id='6db276c9ac92433eb4a569b5c00c337f',volume_attachment=VolumeAttachmentList,volume_type=VolumeType(ee1d7a24-3da5-47d4-b061-6e70adec9151),volume_type_id=ee1d7a24-3da5-47d4-b061-6e70adec9151)' {{(pid=86557) _task_receiver /opt/stack/data/venv/lib/python3.12/site-packages/taskflow/listeners/logging.py:182}}
Jun 03 23:42:22 devstack cinder-volume[86557]: DEBUG cinder.volume.manager [None req-a31f8bae-2f90-4647-a5d7-242eb562f8ed tempest-ServerRescueNegativeTestJSON-1232265557 None] Task 'cinder.volume.flows.manager.create_volume.OnFailureRescheduleTask;volume:create' (cec3548a-3994-46f4-81bd-e9348f6d6e1a) transitioned into state 'RUNNING' from state 'PENDING' {{(pid=86557) _task_receiver /opt/stack/data/venv/lib/python3.12/site-packages/taskflow/listeners/logging.py:194}}
Jun 03 23:42:22 devstack cinder-volume[86557]: DEBUG cinder.volume.manager [None req-a31f8bae-2f90-4647-a5d7-242eb562f8ed tempest-ServerRescueNegativeTestJSON-1232265557 None] Task 'cinder.volume.flows.manager.create_volume.OnFailureRescheduleTask;volume:create' (cec3548a-3994-46f4-81bd-e9348f6d6e1a) transitioned into state 'SUCCESS' from state 'RUNNING' with result 'None' {{(pid=86557) _task_receiver /opt/stack/data/venv/lib/python3.12/site-packages/taskflow/listeners/logging.py:182}}
Jun 03 23:42:22 devstack cinder-volume[86557]: DEBUG cinder.volume.manager [None req-a31f8bae-2f90-4647-a5d7-242eb562f8ed tempest-ServerRescueNegativeTestJSON-1232265557 None] Task 'cinder.volume.flows.manager.create_volume.ExtractVolumeSpecTask;volume:create' (bb1ea82b-6804-4824-b2e7-a1e7d1652b77) transitioned into state 'RUNNING' from state 'PENDING' {{(pid=86557) _task_receiver /opt/stack/data/venv/lib/python3.12/site-packages/taskflow/listeners/logging.py:194}}
Jun 03 23:42:22 devstack cinder-volume[86557]: DEBUG cinder.volume.manager [None req-a31f8bae-2f90-4647-a5d7-242eb562f8ed tempest-ServerRescueNegativeTestJSON-1232265557 None] Task 'cinder.volume.flows.manager.create_volume.ExtractVolumeSpecTask;volume:create' (bb1ea82b-6804-4824-b2e7-a1e7d1652b77) transitioned into state 'SUCCESS' from state 'RUNNING' with result '{'status': 'creating', 'type': 'raw', 'volume_id': 'b2b35809-d61c-4fc5-a87e-ec225a82742f', 'volume_name': 'volume-b2b35809-d61c-4fc5-a87e-ec225a82742f', 'volume_size': 1}' {{(pid=86557) _task_receiver /opt/stack/data/venv/lib/python3.12/site-packages/taskflow/listeners/logging.py:182}}
Jun 03 23:42:22 devstack cinder-volume[86557]: DEBUG cinder.volume.manager [None req-a31f8bae-2f90-4647-a5d7-242eb562f8ed tempest-ServerRescueNegativeTestJSON-1232265557 None] Task 'cinder.volume.flows.manager.create_volume.NotifyVolumeActionTask;volume:create, create.start' (e786795c-e66c-47e3-819a-93641474daa4) transitioned into state 'RUNNING' from state 'PENDING' {{(pid=86557) _task_receiver /opt/stack/data/venv/lib/python3.12/site-packages/taskflow/listeners/logging.py:194}}
Jun 03 23:42:22 devstack cinder-volume[86557]: DEBUG cinder.volume.manager [None req-a31f8bae-2f90-4647-a5d7-242eb562f8ed tempest-ServerRescueNegativeTestJSON-1232265557 None] Task 'cinder.volume.flows.manager.create_volume.NotifyVolumeActionTask;volume:create, create.start' (e786795c-e66c-47e3-819a-93641474daa4) transitioned into state 'SUCCESS' from state 'RUNNING' with result 'None' {{(pid=86557) _task_receiver /opt/stack/data/venv/lib/python3.12/site-packages/taskflow/listeners/logging.py:182}}
Jun 03 23:42:22 devstack cinder-volume[86557]: DEBUG cinder.volume.manager [None req-a31f8bae-2f90-4647-a5d7-242eb562f8ed tempest-ServerRescueNegativeTestJSON-1232265557 None] Task 'cinder.volume.flows.manager.create_volume.CreateVolumeFromSpecTask;volume:create' (3eab524b-2934-444d-b28f-afd45c0c8080) transitioned into state 'RUNNING' from state 'PENDING' {{(pid=86557) _task_receiver /opt/stack/data/venv/lib/python3.12/site-packages/taskflow/listeners/logging.py:194}}
Jun 03 23:42:22 devstack cinder-volume[86557]: INFO cinder.volume.flows.manager.create_volume [None req-a31f8bae-2f90-4647-a5d7-242eb562f8ed tempest-ServerRescueNegativeTestJSON-1232265557 None] Volume b2b35809-d61c-4fc5-a87e-ec225a82742f: being created as raw with specification: {'status': 'creating', 'volume_name': 'volume-b2b35809-d61c-4fc5-a87e-ec225a82742f', 'volume_size': 1}
Jun 03 23:42:22 devstack cinder-volume[86557]: DEBUG oslo_concurrency.lockutils [None req-a31f8bae-2f90-4647-a5d7-242eb562f8ed tempest-ServerRescueNegativeTestJSON-1232265557 None] Acquiring lock "quobyte" by "cinder.volume.drivers.quobyte.QuobyteDriver.create_volume" {{(pid=86557) inner /opt/stack/data/venv/lib/python3.12/site-packages/oslo_concurrency/lockutils.py:506}}
Jun 03 23:42:22 devstack sudo[90662]: pam_unix(sudo:session): session closed for user root
Jun 03 23:42:22 devstack cinder-volume[86557]: DEBUG oslo_concurrency.processutils [None req-7f4b0f48-795a-4132-a968-0f7baca3beff tempest-GroupsV314Test-322012891 None] CMD "sudo cinder-rootwrap /etc/cinder/rootwrap.conf chmod ugo+rw /opt/stack/data/cinder/mnt/45df2764f8882d0312ca34d58a562f90/volume-77edb80f-8e0b-4802-b97a-5a8d1f8ab8f3" returned: 0 in 0.806s {{(pid=86557) execute /opt/stack/data/venv/lib/python3.12/site-packages/oslo_concurrency/processutils.py:468}}
Jun 03 23:42:22 devstack cinder-volume[86557]: DEBUG cinder.coordination [None req-7f4b0f48-795a-4132-a968-0f7baca3beff tempest-GroupsV314Test-322012891 None] Lock "cinder-quobyte-77edb80f-8e0b-4802-b97a-5a8d1f8ab8f3" released by "_copy_volume_from_snapshot" :: held 15.161s {{(pid=86557) __release /opt/stack/cinder/cinder/coordination.py:152}}
Jun 03 23:42:22 devstack cinder-volume[86557]: DEBUG cinder.coordination [None req-7f4b0f48-795a-4132-a968-0f7baca3beff tempest-GroupsV314Test-322012891 None] Acquiring lock "cinder-quobyte-51bbc2d0-9557-48a6-91ae-6d00940b9ee9" by "_delete_snapshot" {{(pid=86557) __acquire /opt/stack/cinder/cinder/coordination.py:138}}
Jun 03 23:42:22 devstack cinder-volume[86557]: DEBUG cinder.coordination [None req-7f4b0f48-795a-4132-a968-0f7baca3beff tempest-GroupsV314Test-322012891 None] Lock "cinder-quobyte-51bbc2d0-9557-48a6-91ae-6d00940b9ee9" acquired by "_delete_snapshot" :: waited 0.019s {{(pid=86557) __acquire /opt/stack/cinder/cinder/coordination.py:141}}
Jun 03 23:42:22 devstack cinder-volume[86557]: DEBUG cinder.volume.drivers.remotefs [None req-7f4b0f48-795a-4132-a968-0f7baca3beff tempest-GroupsV314Test-322012891 None] Deleting offline snapshot 51bbc2d0-9557-48a6-91ae-6d00940b9ee9 of volume adfbdf7c-ebc3-4737-94c4-6eaaaf8e860f {{(pid=86557) _delete_snapshot /opt/stack/cinder/cinder/volume/drivers/remotefs.py:1288}}
Jun 03 23:42:22 devstack cinder-volume[86557]: DEBUG cinder.volume.drivers.remotefs [None req-7f4b0f48-795a-4132-a968-0f7baca3beff tempest-GroupsV314Test-322012891 None] snapshot_file for this snap is: volume-adfbdf7c-ebc3-4737-94c4-6eaaaf8e860f.51bbc2d0-9557-48a6-91ae-6d00940b9ee9 {{(pid=86557) _delete_snapshot /opt/stack/cinder/cinder/volume/drivers/remotefs.py:1317}}
Jun 03 23:42:22 devstack cinder-volume[86557]: DEBUG oslo.privsep.daemon [-] privsep: reply[71d07e3c-edb6-4d70-a513-fe3351d9048a]: (4, 'qcow2') {{(pid=87062) _call_back /opt/stack/data/venv/lib/python3.12/site-packages/oslo_privsep/daemon.py:573}}
Jun 03 23:42:22 devstack cinder-volume[86557]: DEBUG oslo_concurrency.processutils [None req-7f4b0f48-795a-4132-a968-0f7baca3beff tempest-GroupsV314Test-322012891 None] Running cmd (subprocess): /opt/stack/data/venv/bin/python3.12 -m oslo_concurrency.prlimit --as=1073741824 --cpu=60 -- sudo cinder-rootwrap /etc/cinder/rootwrap.conf env LC_ALL=C qemu-img info -f qcow2 --output=json --force-share /opt/stack/data/cinder/mnt/45df2764f8882d0312ca34d58a562f90/volume-adfbdf7c-ebc3-4737-94c4-6eaaaf8e860f.51bbc2d0-9557-48a6-91ae-6d00940b9ee9 {{(pid=86557) execute /opt/stack/data/venv/lib/python3.12/site-packages/oslo_concurrency/processutils.py:440}}
Jun 03 23:42:22 devstack sudo[90665]: quobyte : PWD=/ ; USER=root ; COMMAND=/opt/stack/data/venv/bin/cinder-rootwrap /etc/cinder/rootwrap.conf env LC_ALL=C qemu-img info -f qcow2 --output=json --force-share /opt/stack/data/cinder/mnt/45df2764f8882d0312ca34d58a562f90/volume-adfbdf7c-ebc3-4737-94c4-6eaaaf8e860f.51bbc2d0-9557-48a6-91ae-6d00940b9ee9
Jun 03 23:42:22 devstack sudo[90665]: pam_unix(sudo:session): session opened for user root(uid=0) by (uid=1000)
Jun 03 23:42:23 devstack sudo[90665]: pam_unix(sudo:session): session closed for user root
Jun 03 23:42:23 devstack cinder-volume[86557]: DEBUG oslo_concurrency.processutils [None req-7f4b0f48-795a-4132-a968-0f7baca3beff tempest-GroupsV314Test-322012891 None] CMD "/opt/stack/data/venv/bin/python3.12 -m oslo_concurrency.prlimit --as=1073741824 --cpu=60 -- sudo cinder-rootwrap /etc/cinder/rootwrap.conf env LC_ALL=C qemu-img info -f qcow2 --output=json --force-share /opt/stack/data/cinder/mnt/45df2764f8882d0312ca34d58a562f90/volume-adfbdf7c-ebc3-4737-94c4-6eaaaf8e860f.51bbc2d0-9557-48a6-91ae-6d00940b9ee9" returned: 0 in 0.801s {{(pid=86557) execute /opt/stack/data/venv/lib/python3.12/site-packages/oslo_concurrency/processutils.py:468}}
Jun 03 23:42:23 devstack cinder-volume[86557]: DEBUG cinder.volume.drivers.remotefs [None req-7f4b0f48-795a-4132-a968-0f7baca3beff tempest-GroupsV314Test-322012891 None] Fetching qemu-img info with special backing_file_template: (/opt/stack/data/cinder/mnt/[0-9a-f]+/)?(volume-adfbdf7c-ebc3-4737-94c4-6eaaaf8e860f(.(tmp-snap-)?[0-9a-f-]+)?|volume_from_snapshot_cache/(tmp-snap-)?[0-9a-f-]+(.(child-|parent-)[0-9a-f-]+)?)$ {{(pid=86557) _qemu_img_info_base /opt/stack/cinder/cinder/volume/drivers/remotefs.py:896}}
Jun 03 23:42:23 devstack cinder-volume[86557]: DEBUG oslo.privsep.daemon [-] privsep: reply[941afd70-0a35-46be-8562-7927ffe07b63]: (4, 'qcow2') {{(pid=87062) _call_back /opt/stack/data/venv/lib/python3.12/site-packages/oslo_privsep/daemon.py:573}}
Jun 03 23:42:23 devstack cinder-volume[86557]: DEBUG oslo_concurrency.processutils [None req-7f4b0f48-795a-4132-a968-0f7baca3beff tempest-GroupsV314Test-322012891 None] Running cmd (subprocess): /opt/stack/data/venv/bin/python3.12 -m oslo_concurrency.prlimit --as=1073741824 --cpu=60 -- sudo cinder-rootwrap /etc/cinder/rootwrap.conf env LC_ALL=C qemu-img info -f qcow2 --output=json --force-share /opt/stack/data/cinder/mnt/45df2764f8882d0312ca34d58a562f90/volume-adfbdf7c-ebc3-4737-94c4-6eaaaf8e860f {{(pid=86557) execute /opt/stack/data/venv/lib/python3.12/site-packages/oslo_concurrency/processutils.py:440}}
Jun 03 23:42:23 devstack sudo[90671]: quobyte : PWD=/ ; USER=root ; COMMAND=/opt/stack/data/venv/bin/cinder-rootwrap /etc/cinder/rootwrap.conf env LC_ALL=C qemu-img info -f qcow2 --output=json --force-share /opt/stack/data/cinder/mnt/45df2764f8882d0312ca34d58a562f90/volume-adfbdf7c-ebc3-4737-94c4-6eaaaf8e860f
Jun 03 23:42:23 devstack sudo[90671]: pam_unix(sudo:session): session opened for user root(uid=0) by (uid=1000)
Jun 03 23:42:24 devstack sudo[90671]: pam_unix(sudo:session): session closed for user root
Jun 03 23:42:24 devstack cinder-volume[86557]: DEBUG oslo_concurrency.processutils [None req-7f4b0f48-795a-4132-a968-0f7baca3beff tempest-GroupsV314Test-322012891 None] CMD "/opt/stack/data/venv/bin/python3.12 -m oslo_concurrency.prlimit --as=1073741824 --cpu=60 -- sudo cinder-rootwrap /etc/cinder/rootwrap.conf env LC_ALL=C qemu-img info -f qcow2 --output=json --force-share /opt/stack/data/cinder/mnt/45df2764f8882d0312ca34d58a562f90/volume-adfbdf7c-ebc3-4737-94c4-6eaaaf8e860f" returned: 0 in 0.871s {{(pid=86557) execute /opt/stack/data/venv/lib/python3.12/site-packages/oslo_concurrency/processutils.py:468}}
Jun 03 23:42:24 devstack cinder-volume[86557]: DEBUG oslo_concurrency.processutils [None req-7f4b0f48-795a-4132-a968-0f7baca3beff tempest-GroupsV314Test-322012891 None] Running cmd (subprocess): sudo cinder-rootwrap /etc/cinder/rootwrap.conf qemu-img commit -d /opt/stack/data/cinder/mnt/45df2764f8882d0312ca34d58a562f90/volume-adfbdf7c-ebc3-4737-94c4-6eaaaf8e860f.51bbc2d0-9557-48a6-91ae-6d00940b9ee9 {{(pid=86557) execute /opt/stack/data/venv/lib/python3.12/site-packages/oslo_concurrency/processutils.py:440}}
Jun 03 23:42:24 devstack sudo[90676]: quobyte : PWD=/ ; USER=root ; COMMAND=/opt/stack/data/venv/bin/cinder-rootwrap /etc/cinder/rootwrap.conf qemu-img commit -d /opt/stack/data/cinder/mnt/45df2764f8882d0312ca34d58a562f90/volume-adfbdf7c-ebc3-4737-94c4-6eaaaf8e860f.51bbc2d0-9557-48a6-91ae-6d00940b9ee9
Jun 03 23:42:24 devstack sudo[90676]: pam_unix(sudo:session): session opened for user root(uid=0) by (uid=1000)
Jun 03 23:42:25 devstack sudo[90676]: pam_unix(sudo:session): session closed for user root
Jun 03 23:42:25 devstack cinder-volume[86557]: DEBUG oslo_concurrency.processutils [None req-7f4b0f48-795a-4132-a968-0f7baca3beff tempest-GroupsV314Test-322012891 None] CMD "sudo cinder-rootwrap /etc/cinder/rootwrap.conf qemu-img commit -d /opt/stack/data/cinder/mnt/45df2764f8882d0312ca34d58a562f90/volume-adfbdf7c-ebc3-4737-94c4-6eaaaf8e860f.51bbc2d0-9557-48a6-91ae-6d00940b9ee9" returned: 0 in 0.786s {{(pid=86557) execute /opt/stack/data/venv/lib/python3.12/site-packages/oslo_concurrency/processutils.py:468}}
Jun 03 23:42:25 devstack cinder-volume[86557]: DEBUG oslo_concurrency.processutils [None req-7f4b0f48-795a-4132-a968-0f7baca3beff tempest-GroupsV314Test-322012891 None] Running cmd (subprocess): sudo cinder-rootwrap /etc/cinder/rootwrap.conf rm -f /opt/stack/data/cinder/mnt/45df2764f8882d0312ca34d58a562f90/volume-adfbdf7c-ebc3-4737-94c4-6eaaaf8e860f.51bbc2d0-9557-48a6-91ae-6d00940b9ee9 {{(pid=86557) execute /opt/stack/data/venv/lib/python3.12/site-packages/oslo_concurrency/processutils.py:440}}
Jun 03 23:42:25 devstack sudo[90681]: quobyte : PWD=/ ; USER=root ; COMMAND=/opt/stack/data/venv/bin/cinder-rootwrap /etc/cinder/rootwrap.conf rm -f /opt/stack/data/cinder/mnt/45df2764f8882d0312ca34d58a562f90/volume-adfbdf7c-ebc3-4737-94c4-6eaaaf8e860f.51bbc2d0-9557-48a6-91ae-6d00940b9ee9
Jun 03 23:42:25 devstack sudo[90681]: pam_unix(sudo:session): session opened for user root(uid=0) by (uid=1000)
Jun 03 23:42:26 devstack sudo[90681]: pam_unix(sudo:session): session closed for user root
Jun 03 23:42:26 devstack cinder-volume[86557]: DEBUG oslo_concurrency.processutils [None req-7f4b0f48-795a-4132-a968-0f7baca3beff tempest-GroupsV314Test-322012891 None] CMD "sudo cinder-rootwrap /etc/cinder/rootwrap.conf rm -f /opt/stack/data/cinder/mnt/45df2764f8882d0312ca34d58a562f90/volume-adfbdf7c-ebc3-4737-94c4-6eaaaf8e860f.51bbc2d0-9557-48a6-91ae-6d00940b9ee9" returned: 0 in 0.717s {{(pid=86557) execute /opt/stack/data/venv/lib/python3.12/site-packages/oslo_concurrency/processutils.py:468}}
Jun 03 23:42:26 devstack cinder-volume[86557]: DEBUG cinder.coordination [None req-7f4b0f48-795a-4132-a968-0f7baca3beff tempest-GroupsV314Test-322012891 None] Lock "cinder-quobyte-51bbc2d0-9557-48a6-91ae-6d00940b9ee9" released by "_delete_snapshot" :: held 3.281s {{(pid=86557) __release /opt/stack/cinder/cinder/coordination.py:152}}
Jun 03 23:42:26 devstack cinder-volume[86557]: DEBUG oslo_service.periodic_task [None req-fe4e6591-c363-41d2-8628-1619c3d1a831 None None] Running periodic task VolumeManager.publish_service_capabilities {{(pid=86557) run_periodic_tasks /opt/stack/data/venv/lib/python3.12/site-packages/oslo_service/periodic_task.py:210}}
Jun 03 23:42:26 devstack cinder-volume[86557]: DEBUG oslo_concurrency.lockutils [None req-fe4e6591-c363-41d2-8628-1619c3d1a831 None None] Acquiring lock "quobyte_ensure" by "cinder.volume.drivers.quobyte.QuobyteDriver._ensure_shares_mounted" {{(pid=86557) inner /opt/stack/data/venv/lib/python3.12/site-packages/oslo_concurrency/lockutils.py:506}}
Jun 03 23:42:26 devstack cinder-volume[86557]: DEBUG oslo_concurrency.lockutils [None req-fe4e6591-c363-41d2-8628-1619c3d1a831 None None] Lock "quobyte_ensure" acquired by "cinder.volume.drivers.quobyte.QuobyteDriver._ensure_shares_mounted" :: waited 0.001s {{(pid=86557) inner /opt/stack/data/venv/lib/python3.12/site-packages/oslo_concurrency/lockutils.py:519}}
