Sep 04 15:49:31 devstack devstack@n-api.service[62145]: [pid: 62145|app: 0|req: 80/135] 192.168.122.230 () {60 vars in 1158 bytes} [Fri Sep 4 15:49:31 2026] POST /compute/v2.1/os-volumes => generated 125 bytes in 17 msecs (HTTP/1.1 400) 9 headers in 381 bytes (1 switches on core 0)
Sep 04 15:49:31 devstack devstack@n-api.service[62145]: DEBUG nova.api.openstack.wsgi [None req-8c8bf8c5-c640-4e53-ae3b-aecbcde79d15 tempest-VolumesNegativeTest-1139144672 tempest-VolumesNegativeTest-1139144672-project-member] Action: 'create', calling method: >, body: {"volume": {"size": "", "display_name": "tempest-VolumesNegativeTest-Volume-656551037", "metadata": {"Type": "work"}}} {{(pid=62145) _process_stack /opt/stack/nova/nova/api/openstack/wsgi.py:549}}
Sep 04 15:49:31 devstack devstack@n-api.service[62145]: DEBUG nova.api.openstack.wsgi [None req-8c8bf8c5-c640-4e53-ae3b-aecbcde79d15 tempest-VolumesNegativeTest-1139144672 tempest-VolumesNegativeTest-1139144672-project-member] Returning 400 to user: Invalid input for field/attribute size. Value: . '' does not match '^[0-9]+$' {{(pid=62145) __call__ /opt/stack/nova/nova/api/openstack/wsgi.py:908}}
Sep 04 15:49:31 devstack devstack@n-api.service[62145]: INFO nova.api.openstack.requestlog [None req-8c8bf8c5-c640-4e53-ae3b-aecbcde79d15 tempest-VolumesNegativeTest-1139144672 tempest-VolumesNegativeTest-1139144672-project-member] 192.168.122.230 "POST /compute/v2.1/os-volumes" status: 400 len: 121 microversion: 2.1 time: 0.011650
Sep 04 15:49:31 devstack devstack@n-api.service[62145]: [pid: 62145|app: 0|req: 81/136] 192.168.122.230 () {60 vars in 1158 bytes} [Fri Sep 4 15:49:31 2026] POST /compute/v2.1/os-volumes => generated 121 bytes in 14 msecs (HTTP/1.1 400) 9 headers in 381 bytes (1 switches on core 0)
Sep 04 15:49:31 devstack devstack@n-api.service[62145]: DEBUG nova.api.openstack.wsgi [None req-021120b4-c10c-4ab0-ac44-37f111770e1b tempest-VolumesNegativeTest-1139144672 tempest-VolumesNegativeTest-1139144672-project-member] Calling method '>' {{(pid=62145) _process_stack /opt/stack/nova/nova/api/openstack/wsgi.py:551}}
Sep 04 15:49:31 devstack devstack@n-api.service[62145]: INFO nova.api.openstack.wsgi [None req-021120b4-c10c-4ab0-ac44-37f111770e1b tempest-VolumesNegativeTest-1139144672 tempest-VolumesNegativeTest-1139144672-project-member] HTTP exception thrown: Volume tempest-invalid-115383864 could not be found.
Sep 04 15:49:31 devstack devstack@n-api.service[62145]: DEBUG nova.api.openstack.wsgi [None req-021120b4-c10c-4ab0-ac44-37f111770e1b tempest-VolumesNegativeTest-1139144672 tempest-VolumesNegativeTest-1139144672-project-member] Returning 404 to user: Volume tempest-invalid-115383864 could not be found. {{(pid=62145) __call__ /opt/stack/nova/nova/api/openstack/wsgi.py:908}}
Sep 04 15:49:31 devstack devstack@n-api.service[62145]: INFO nova.api.openstack.requestlog [None req-021120b4-c10c-4ab0-ac44-37f111770e1b tempest-VolumesNegativeTest-1139144672 tempest-VolumesNegativeTest-1139144672-project-member] 192.168.122.230 "DELETE /compute/v2.1/os-volumes/tempest-invalid-115383864" status: 404 len: 98 microversion: 2.1 time: 0.039523
Sep 04 15:49:31 devstack devstack@n-api.service[62145]: [pid: 62145|app: 0|req: 82/137] 192.168.122.230 () {58 vars in 1217 bytes} [Fri Sep 4 15:49:31 2026] DELETE /compute/v2.1/os-volumes/tempest-invalid-115383864 => generated 98 bytes in 41 msecs (HTTP/1.1 404) 9 headers in 378 bytes (1 switches on core 0)
Sep 04 15:49:31 devstack devstack@n-api.service[62145]: INFO nova.api.openstack.requestlog [None req-4c8c5b9a-2663-4dd6-98a1-6ea518dda314 tempest-VolumesNegativeTest-1139144672 tempest-VolumesNegativeTest-1139144672-project-member] 192.168.122.230 "DELETE /compute/v2.1/os-volumes/" status: 404 len: 112 microversion: - time: 0.003411
Sep 04 15:49:31 devstack devstack@n-api.service[62145]: [pid: 62145|app: 0|req: 83/138] 192.168.122.230 () {58 vars in 1142 bytes} [Fri Sep 4 15:49:31 2026] DELETE /compute/v2.1/os-volumes/ => generated 112 bytes in 5 msecs (HTTP/1.1 404) 5 headers in 228 bytes (1 switches on core 0)
Sep 04 15:49:31 devstack devstack@n-api.service[62145]: INFO nova.api.openstack.requestlog [None req-12f95aef-3e75-4f97-8580-adb1f176f938 tempest-VolumesNegativeTest-1139144672 tempest-VolumesNegativeTest-1139144672-project-reader] 192.168.122.230 "GET /compute/v2.1/os-volumes/" status: 404 len: 112 microversion: - time: 0.117588
Sep 04 15:49:31 devstack devstack@n-api.service[62145]: [pid: 62145|app: 0|req: 84/139] 192.168.122.230 () {58 vars in 1139 bytes} [Fri Sep 4 15:49:31 2026] GET /compute/v2.1/os-volumes/ => generated 112 bytes in 120 msecs (HTTP/1.1 404) 5 headers in 228 bytes (1 switches on core 0)
Sep 04 15:49:31 devstack devstack@n-api.service[62145]: DEBUG nova.api.openstack.wsgi [None req-882532b5-61b5-49c3-8250-a84e27730a50 tempest-VolumesNegativeTest-1139144672 tempest-VolumesNegativeTest-1139144672-project-member] Calling method '>' {{(pid=62145) _process_stack /opt/stack/nova/nova/api/openstack/wsgi.py:551}}
Sep 04 15:49:31 devstack devstack@n-api.service[62146]: DEBUG dbcounter [-] [62146] Writing DB stats nova_cell0:SELECT=2 {{(pid=62146) stat_writer /opt/stack/data/venv/lib/python3.12/site-packages/dbcounter.py:115}}
Sep 04 15:49:31 devstack devstack@n-api.service[62145]: INFO nova.api.openstack.wsgi [None req-882532b5-61b5-49c3-8250-a84e27730a50 tempest-VolumesNegativeTest-1139144672 tempest-VolumesNegativeTest-1139144672-project-member] HTTP exception thrown: Volume 8c7fbe99-e9c4-4b7a-85ec-2003634d09bf could not be found.
Sep 04 15:49:31 devstack devstack@n-api.service[62145]: DEBUG nova.api.openstack.wsgi [None req-882532b5-61b5-49c3-8250-a84e27730a50 tempest-VolumesNegativeTest-1139144672 tempest-VolumesNegativeTest-1139144672-project-member] Returning 404 to user: Volume 8c7fbe99-e9c4-4b7a-85ec-2003634d09bf could not be found. {{(pid=62145) __call__ /opt/stack/nova/nova/api/openstack/wsgi.py:908}}
Sep 04 15:49:31 devstack devstack@n-api.service[62145]: INFO nova.api.openstack.requestlog [None req-882532b5-61b5-49c3-8250-a84e27730a50 tempest-VolumesNegativeTest-1139144672 tempest-VolumesNegativeTest-1139144672-project-member] 192.168.122.230 "DELETE /compute/v2.1/os-volumes/8c7fbe99-e9c4-4b7a-85ec-2003634d09bf" status: 404 len: 109 microversion: 2.1 time: 0.073814
Sep 04 15:49:31 devstack devstack@n-api.service[62145]: [pid: 62145|app: 0|req: 85/140] 192.168.122.230 () {58 vars in 1250 bytes} [Fri Sep 4 15:49:31 2026] DELETE /compute/v2.1/os-volumes/8c7fbe99-e9c4-4b7a-85ec-2003634d09bf => generated 109 bytes in 75 msecs (HTTP/1.1 404) 9 headers in 379 bytes (1 switches on core 0)
Sep 04 15:49:31 devstack devstack@n-api.service[62146]: DEBUG dbcounter [-] [62146] Writing DB stats nova_cell0:SELECT=3 {{(pid=62146) stat_writer /opt/stack/data/venv/lib/python3.12/site-packages/dbcounter.py:115}}
Sep 04 15:49:31 devstack devstack@n-api.service[62145]: DEBUG nova.api.openstack.wsgi [None req-a8687aa3-32ca-4470-816a-476757e30ae6 tempest-VolumesNegativeTest-1139144672 tempest-VolumesNegativeTest-1139144672-project-reader] Calling method '>' {{(pid=62145) _process_stack /opt/stack/nova/nova/api/openstack/wsgi.py:551}}
Sep 04 15:49:31 devstack devstack@n-api.service[62146]: DEBUG nova.policy [None req-0641de97-cde4-42fe-970c-3c8478641c76 tempest-ServerActionsTestOtherA-270276429 tempest-ServerActionsTestOtherA-270276429-project-member] Policy check for os_compute_api:os-extended-server-attributes failed with credentials {'is_admin': False, 'user_id': '2463c3d2a8b74006a1f314ec63e4c849', 'user_domain_id': 'default', 'system_scope': None, 'domain_id': None, 'project_id': '48f17c11f72e403a8d805da13bff5d10', 'project_domain_id': 'default', 'roles': ['reader', 'member'], 'is_admin_project': True, 'service_user_id': None, 'service_user_domain_id': None, 'service_project_id': None, 'service_project_domain_id': None, 'service_roles': []} {{(pid=62146) authorize /opt/stack/nova/nova/policy.py:202}}
Sep 04 15:49:31 devstack devstack@n-api.service[62145]: INFO nova.api.openstack.wsgi [None req-a8687aa3-32ca-4470-816a-476757e30ae6 tempest-VolumesNegativeTest-1139144672 tempest-VolumesNegativeTest-1139144672-project-reader] HTTP exception thrown: Volume ccc96a5c-8eca-46c6-b932-f58a4fa4ebae could not be found.
Sep 04 15:49:31 devstack devstack@n-api.service[62145]: DEBUG nova.api.openstack.wsgi [None req-a8687aa3-32ca-4470-816a-476757e30ae6 tempest-VolumesNegativeTest-1139144672 tempest-VolumesNegativeTest-1139144672-project-reader] Returning 404 to user: Volume ccc96a5c-8eca-46c6-b932-f58a4fa4ebae could not be found. {{(pid=62145) __call__ /opt/stack/nova/nova/api/openstack/wsgi.py:908}}
Sep 04 15:49:31 devstack devstack@n-api.service[62145]: INFO nova.api.openstack.requestlog [None req-a8687aa3-32ca-4470-816a-476757e30ae6 tempest-VolumesNegativeTest-1139144672 tempest-VolumesNegativeTest-1139144672-project-reader] 192.168.122.230 "GET /compute/v2.1/os-volumes/ccc96a5c-8eca-46c6-b932-f58a4fa4ebae" status: 404 len: 109 microversion: 2.1 time: 0.042824
Sep 04 15:49:31 devstack devstack@n-api.service[62145]: [pid: 62145|app: 0|req: 86/141] 192.168.122.230 () {58 vars in 1247 bytes} [Fri Sep 4 15:49:31 2026] GET /compute/v2.1/os-volumes/ccc96a5c-8eca-46c6-b932-f58a4fa4ebae => generated 109 bytes in 45 msecs (HTTP/1.1 404) 9 headers in 379 bytes (2 switches on core 0)
Sep 04 15:49:31 devstack devstack@n-api.service[62146]: INFO nova.api.openstack.requestlog [None req-0641de97-cde4-42fe-970c-3c8478641c76 tempest-ServerActionsTestOtherA-270276429 tempest-ServerActionsTestOtherA-270276429-project-member] 192.168.122.230 "GET /compute/v2.1/servers/f7d8dc0c-c42b-4867-bef5-1d06fac627b1" status: 200 len: 1378 microversion: 2.1 time: 2.092346
Sep 04 15:49:31 devstack devstack@n-api.service[62146]: [pid: 62146|app: 0|req: 56/142] 192.168.122.230 () {58 vars in 1238 bytes} [Fri Sep 4 15:49:29 2026] GET /compute/v2.1/servers/f7d8dc0c-c42b-4867-bef5-1d06fac627b1 => generated 1378 bytes in 2094 msecs (HTTP/1.1 200) 9 headers in 358 bytes (1 switches on core 0)
Sep 04 15:49:31 devstack devstack@n-api.service[62145]: DEBUG dbcounter [-] [62145] Writing DB stats nova_cell0:SELECT=3 {{(pid=62145) stat_writer /opt/stack/data/venv/lib/python3.12/site-packages/dbcounter.py:115}}
Sep 04 15:49:32 devstack devstack@n-api.service[62145]: DEBUG nova.api.openstack.wsgi [None req-cb80a946-9a89-4691-a13d-a69d97538d2a tempest-TaggedAttachmentsTest-284237643 tempest-TaggedAttachmentsTest-284237643-project-admin] Calling method '>' {{(pid=62145) _process_stack /opt/stack/nova/nova/api/openstack/wsgi.py:551}}
Sep 04 15:49:32 devstack devstack@n-api.service[62145]: DEBUG nova.compute.api [None req-cb80a946-9a89-4691-a13d-a69d97538d2a tempest-TaggedAttachmentsTest-284237643 tempest-TaggedAttachmentsTest-284237643-project-admin] [instance: aea2687d-bfef-4775-9717-d733aaccd42d] Fetching instance by UUID {{(pid=62145) get /opt/stack/nova/nova/compute/api.py:3068}}
Sep 04 15:49:32 devstack devstack@n-api.service[62145]: DEBUG oslo_concurrency.lockutils [None req-cb80a946-9a89-4691-a13d-a69d97538d2a tempest-TaggedAttachmentsTest-284237643 tempest-TaggedAttachmentsTest-284237643-project-admin] Acquiring lock "41a4ad8f-0455-41c3-8598-cde67e1929ad" by "nova.context.set_target_cell..get_or_set_cached_cell_and_set_connections" {{(pid=62145) inner /opt/stack/data/venv/lib/python3.12/site-packages/oslo_concurrency/lockutils.py:512}}
Sep 04 15:49:32 devstack devstack@n-api.service[62145]: DEBUG oslo_concurrency.lockutils [None req-cb80a946-9a89-4691-a13d-a69d97538d2a tempest-TaggedAttachmentsTest-284237643 tempest-TaggedAttachmentsTest-284237643-project-admin] Lock "41a4ad8f-0455-41c3-8598-cde67e1929ad" acquired by "nova.context.set_target_cell..get_or_set_cached_cell_and_set_connections" :: waited 0.001s {{(pid=62145) inner /opt/stack/data/venv/lib/python3.12/site-packages/oslo_concurrency/lockutils.py:525}}
Sep 04 15:49:32 devstack devstack@n-api.service[62146]: DEBUG nova.api.openstack.wsgi [req-1285d02c-27a9-475c-847a-f0ddb6c71ed9 req-577ee385-a0c9-4286-82e0-4e4e22351e52 service nova] Action: 'create', calling method: >, body: {"events": [{"server_uuid": "aea2687d-bfef-4775-9717-d733aaccd42d", "name": "network-vif-unplugged", "status": "completed", "tag": "57c4349c-fb5f-4718-8c4b-c22c55fd0162"}]} {{(pid=62146) _process_stack /opt/stack/nova/nova/api/openstack/wsgi.py:549}}
Sep 04 15:49:32 devstack devstack@n-api.service[62145]: DEBUG oslo_concurrency.lockutils [None req-cb80a946-9a89-4691-a13d-a69d97538d2a tempest-TaggedAttachmentsTest-284237643 tempest-TaggedAttachmentsTest-284237643-project-admin] Lock "41a4ad8f-0455-41c3-8598-cde67e1929ad" "released" by "nova.context.set_target_cell..get_or_set_cached_cell_and_set_connections" :: held 0.003s {{(pid=62145) inner /opt/stack/data/venv/lib/python3.12/site-packages/oslo_concurrency/lockutils.py:544}}
Sep 04 15:49:32 devstack devstack@n-api.service[62145]: DEBUG oslo_concurrency.lockutils [None req-cb80a946-9a89-4691-a13d-a69d97538d2a tempest-TaggedAttachmentsTest-284237643 tempest-TaggedAttachmentsTest-284237643-project-admin] Acquiring lock "41a4ad8f-0455-41c3-8598-cde67e1929ad" by "nova.context.set_target_cell..get_or_set_cached_cell_and_set_connections" {{(pid=62145) inner /opt/stack/data/venv/lib/python3.12/site-packages/oslo_concurrency/lockutils.py:512}}
Sep 04 15:49:32 devstack devstack@n-api.service[62145]: DEBUG oslo_concurrency.lockutils [None req-cb80a946-9a89-4691-a13d-a69d97538d2a tempest-TaggedAttachmentsTest-284237643 tempest-TaggedAttachmentsTest-284237643-project-admin] Lock "41a4ad8f-0455-41c3-8598-cde67e1929ad" acquired by "nova.context.set_target_cell..get_or_set_cached_cell_and_set_connections" :: waited 0.001s {{(pid=62145) inner /opt/stack/data/venv/lib/python3.12/site-packages/oslo_concurrency/lockutils.py:525}}
Sep 04 15:49:32 devstack devstack@n-api.service[62145]: DEBUG oslo_concurrency.lockutils [None req-cb80a946-9a89-4691-a13d-a69d97538d2a tempest-TaggedAttachmentsTest-284237643 tempest-TaggedAttachmentsTest-284237643-project-admin] Lock "41a4ad8f-0455-41c3-8598-cde67e1929ad" "released" by "nova.context.set_target_cell..get_or_set_cached_cell_and_set_connections" :: held 0.000s {{(pid=62145) inner /opt/stack/data/venv/lib/python3.12/site-packages/oslo_concurrency/lockutils.py:544}}
Sep 04 15:49:32 devstack devstack@n-api.service[62146]: DEBUG oslo_concurrency.lockutils [req-1285d02c-27a9-475c-847a-f0ddb6c71ed9 req-577ee385-a0c9-4286-82e0-4e4e22351e52 service nova] Acquiring lock "41a4ad8f-0455-41c3-8598-cde67e1929ad" by "nova.context.set_target_cell..get_or_set_cached_cell_and_set_connections" {{(pid=62146) inner /opt/stack/data/venv/lib/python3.12/site-packages/oslo_concurrency/lockutils.py:512}}
Sep 04 15:49:32 devstack devstack@n-api.service[62146]: DEBUG oslo_concurrency.lockutils [req-1285d02c-27a9-475c-847a-f0ddb6c71ed9 req-577ee385-a0c9-4286-82e0-4e4e22351e52 service nova] Lock "41a4ad8f-0455-41c3-8598-cde67e1929ad" acquired by "nova.context.set_target_cell..get_or_set_cached_cell_and_set_connections" :: waited 0.000s {{(pid=62146) inner /opt/stack/data/venv/lib/python3.12/site-packages/oslo_concurrency/lockutils.py:525}}
Sep 04 15:49:32 devstack devstack@n-api.service[62146]: DEBUG oslo_concurrency.lockutils [req-1285d02c-27a9-475c-847a-f0ddb6c71ed9 req-577ee385-a0c9-4286-82e0-4e4e22351e52 service nova] Lock "41a4ad8f-0455-41c3-8598-cde67e1929ad" "released" by "nova.context.set_target_cell..get_or_set_cached_cell_and_set_connections" :: held 0.001s {{(pid=62146) inner /opt/stack/data/venv/lib/python3.12/site-packages/oslo_concurrency/lockutils.py:544}}
Sep 04 15:49:32 devstack devstack@n-api.service[62146]: INFO nova.api.openstack.compute.server_external_events [req-1285d02c-27a9-475c-847a-f0ddb6c71ed9 req-577ee385-a0c9-4286-82e0-4e4e22351e52 service nova] Creating event network-vif-unplugged:57c4349c-fb5f-4718-8c4b-c22c55fd0162 for instance aea2687d-bfef-4775-9717-d733aaccd42d on devstack
Sep 04 15:49:32 devstack devstack@n-api.service[62146]: DEBUG nova.compute.rpcapi [req-1285d02c-27a9-475c-847a-f0ddb6c71ed9 req-577ee385-a0c9-4286-82e0-4e4e22351e52 service nova] RPC: Sending the message to topic: compute-alt {{(pid=62146) prepare_for_alt_rpcserver /opt/stack/nova/nova/compute/rpcapi.py:595}}
Sep 04 15:49:32 devstack devstack@n-api.service[62146]: INFO nova.api.openstack.requestlog [req-1285d02c-27a9-475c-847a-f0ddb6c71ed9 req-577ee385-a0c9-4286-82e0-4e4e22351e52 service nova] 192.168.122.230 "POST /compute/v2.1/os-server-external-events" status: 200 len: 185 microversion: 2.1 time: 0.088926
Sep 04 15:49:32 devstack devstack@n-api.service[62146]: [pid: 62146|app: 0|req: 57/143] 192.168.122.230 () {64 vars in 1321 bytes} [Fri Sep 4 15:49:32 2026] POST /compute/v2.1/os-server-external-events => generated 185 bytes in 90 msecs (HTTP/1.1 200) 9 headers in 357 bytes (1 switches on core 0)
Sep 04 15:49:32 devstack devstack@n-api.service[62145]: INFO nova.api.openstack.requestlog [None req-cb80a946-9a89-4691-a13d-a69d97538d2a tempest-TaggedAttachmentsTest-284237643 tempest-TaggedAttachmentsTest-284237643-project-admin] 192.168.122.230 "GET /compute/v2.1/servers/aea2687d-bfef-4775-9717-d733aaccd42d/os-instance-actions/req-f5c2afc2-e18b-4e6a-b464-b6e3d6e607e9" status: 200 len: 474 microversion: 2.49 time: 0.134590
Sep 04 15:49:32 devstack devstack@n-api.service[62145]: [pid: 62145|app: 0|req: 87/144] 192.168.122.230 () {60 vars in 1462 bytes} [Fri Sep 4 15:49:32 2026] GET /compute/v2.1/servers/aea2687d-bfef-4775-9717-d733aaccd42d/os-instance-actions/req-f5c2afc2-e18b-4e6a-b464-b6e3d6e607e9 => generated 474 bytes in 139 msecs (HTTP/1.1 200) 9 headers in 359 bytes (1 switches on core 0)
Sep 04 15:49:32 devstack devstack@n-api.service[62145]: DEBUG nova.api.openstack.wsgi [None req-74fe6d85-d995-4a2d-a297-d7eeea69fb7b tempest-ServerActionsTestOtherA-270276429 tempest-ServerActionsTestOtherA-270276429-project-member] Calling method '>' {{(pid=62145) _process_stack /opt/stack/nova/nova/api/openstack/wsgi.py:551}}
Sep 04 15:49:32 devstack devstack@n-api.service[62145]: DEBUG nova.compute.api [None req-74fe6d85-d995-4a2d-a297-d7eeea69fb7b tempest-ServerActionsTestOtherA-270276429 tempest-ServerActionsTestOtherA-270276429-project-member] [instance: f7d8dc0c-c42b-4867-bef5-1d06fac627b1] Fetching instance by UUID {{(pid=62145) get /opt/stack/nova/nova/compute/api.py:3068}}
Sep 04 15:49:32 devstack devstack@n-api.service[62145]: DEBUG oslo_concurrency.lockutils [None req-74fe6d85-d995-4a2d-a297-d7eeea69fb7b tempest-ServerActionsTestOtherA-270276429 tempest-ServerActionsTestOtherA-270276429-project-member] Acquiring lock "41a4ad8f-0455-41c3-8598-cde67e1929ad" by "nova.context.set_target_cell..get_or_set_cached_cell_and_set_connections" {{(pid=62145) inner /opt/stack/data/venv/lib/python3.12/site-packages/oslo_concurrency/lockutils.py:512}}
Sep 04 15:49:32 devstack devstack@n-api.service[62145]: DEBUG oslo_concurrency.lockutils [None req-74fe6d85-d995-4a2d-a297-d7eeea69fb7b tempest-ServerActionsTestOtherA-270276429 tempest-ServerActionsTestOtherA-270276429-project-member] Lock "41a4ad8f-0455-41c3-8598-cde67e1929ad" acquired by "nova.context.set_target_cell..get_or_set_cached_cell_and_set_connections" :: waited 0.001s {{(pid=62145) inner /opt/stack/data/venv/lib/python3.12/site-packages/oslo_concurrency/lockutils.py:525}}
Sep 04 15:49:32 devstack devstack@n-api.service[62145]: DEBUG oslo_concurrency.lockutils [None req-74fe6d85-d995-4a2d-a297-d7eeea69fb7b tempest-ServerActionsTestOtherA-270276429 tempest-ServerActionsTestOtherA-270276429-project-member] Lock "41a4ad8f-0455-41c3-8598-cde67e1929ad" "released" by "nova.context.set_target_cell..get_or_set_cached_cell_and_set_connections" :: held 0.001s {{(pid=62145) inner /opt/stack/data/venv/lib/python3.12/site-packages/oslo_concurrency/lockutils.py:544}}
Sep 04 15:49:32 devstack devstack@n-api.service[62145]: DEBUG oslo_concurrency.lockutils [None req-74fe6d85-d995-4a2d-a297-d7eeea69fb7b tempest-ServerActionsTestOtherA-270276429 tempest-ServerActionsTestOtherA-270276429-project-member] Acquiring lock "41a4ad8f-0455-41c3-8598-cde67e1929ad" by "nova.context.set_target_cell..get_or_set_cached_cell_and_set_connections" {{(pid=62145) inner /opt/stack/data/venv/lib/python3.12/site-packages/oslo_concurrency/lockutils.py:512}}
Sep 04 15:49:32 devstack devstack@n-api.service[62145]: DEBUG oslo_concurrency.lockutils [None req-74fe6d85-d995-4a2d-a297-d7eeea69fb7b tempest-ServerActionsTestOtherA-270276429 tempest-ServerActionsTestOtherA-270276429-project-member] Lock "41a4ad8f-0455-41c3-8598-cde67e1929ad" acquired by "nova.context.set_target_cell..get_or_set_cached_cell_and_set_connections" :: waited 0.001s {{(pid=62145) inner /opt/stack/data/venv/lib/python3.12/site-packages/oslo_concurrency/lockutils.py:525}}
Sep 04 15:49:32 devstack devstack@n-api.service[62145]: DEBUG oslo_concurrency.lockutils [None req-74fe6d85-d995-4a2d-a297-d7eeea69fb7b tempest-ServerActionsTestOtherA-270276429 tempest-ServerActionsTestOtherA-270276429-project-member] Lock "41a4ad8f-0455-41c3-8598-cde67e1929ad" "released" by "nova.context.set_target_cell..get_or_set_cached_cell_and_set_connections" :: held 0.001s {{(pid=62145) inner /opt/stack/data/venv/lib/python3.12/site-packages/oslo_concurrency/lockutils.py:544}}
Sep 04 15:49:32 devstack devstack@n-api.service[62145]: WARNING neutronclient.v2_0.client [None req-74fe6d85-d995-4a2d-a297-d7eeea69fb7b tempest-ServerActionsTestOtherA-270276429 tempest-ServerActionsTestOtherA-270276429-project-member] The python binding code in neutronclient is deprecated in favor of OpenstackSDK, please use that as this will be removed in a future release.
Sep 04 15:49:32 devstack devstack@n-api.service[62146]: DEBUG nova.api.openstack.wsgi [None req-2e40c569-b6da-41bf-8e18-723ca42b7ffb tempest-ServersNegativeTestJSON-1440292159 tempest-ServersNegativeTestJSON-1440292159-project-member] Action: 'create', calling method: >, body: {"server": {"name": "tempest-ServersNegativeTestJSON-server-335485631", "imageRef": "b5558c17-c499-44af-95fb-afb0cb03a012", "flavorRef": "42", "networks": [{"uuid": "1222c539-61e8-47b1-8d0e-31da124843a5"}]}} {{(pid=62146) _process_stack /opt/stack/nova/nova/api/openstack/wsgi.py:549}}
Sep 04 15:49:32 devstack devstack@n-api.service[62146]: DEBUG oslo_concurrency.lockutils [None req-2e40c569-b6da-41bf-8e18-723ca42b7ffb tempest-ServersNegativeTestJSON-1440292159 tempest-ServersNegativeTestJSON-1440292159-project-member] Acquiring lock "00000000-0000-0000-0000-000000000000" by "nova.context.set_target_cell..get_or_set_cached_cell_and_set_connections" {{(pid=62146) inner /opt/stack/data/venv/lib/python3.12/site-packages/oslo_concurrency/lockutils.py:512}}
Sep 04 15:49:32 devstack devstack@n-api.service[62146]: DEBUG oslo_concurrency.lockutils [None req-2e40c569-b6da-41bf-8e18-723ca42b7ffb tempest-ServersNegativeTestJSON-1440292159 tempest-ServersNegativeTestJSON-1440292159-project-member] Lock "00000000-0000-0000-0000-000000000000" acquired by "nova.context.set_target_cell..get_or_set_cached_cell_and_set_connections" :: waited 0.001s {{(pid=62146) inner /opt/stack/data/venv/lib/python3.12/site-packages/oslo_concurrency/lockutils.py:525}}
Sep 04 15:49:33 devstack devstack@n-api.service[62146]: DEBUG oslo_concurrency.lockutils [None req-2e40c569-b6da-41bf-8e18-723ca42b7ffb tempest-ServersNegativeTestJSON-1440292159 tempest-ServersNegativeTestJSON-1440292159-project-member] Lock "00000000-0000-0000-0000-000000000000" "released" by "nova.context.set_target_cell..get_or_set_cached_cell_and_set_connections" :: held 0.001s {{(pid=62146) inner /opt/stack/data/venv/lib/python3.12/site-packages/oslo_concurrency/lockutils.py:544}}
Sep 04 15:49:33 devstack devstack@n-api.service[62146]: DEBUG oslo_concurrency.lockutils [None req-2e40c569-b6da-41bf-8e18-723ca42b7ffb tempest-ServersNegativeTestJSON-1440292159 tempest-ServersNegativeTestJSON-1440292159-project-member] Acquiring lock "41a4ad8f-0455-41c3-8598-cde67e1929ad" by "nova.context.set_target_cell..get_or_set_cached_cell_and_set_connections" {{(pid=62146) inner /opt/stack/data/venv/lib/python3.12/site-packages/oslo_concurrency/lockutils.py:512}}
Sep 04 15:49:33 devstack devstack@n-api.service[62146]: DEBUG oslo_concurrency.lockutils [None req-2e40c569-b6da-41bf-8e18-723ca42b7ffb tempest-ServersNegativeTestJSON-1440292159 tempest-ServersNegativeTestJSON-1440292159-project-member] Lock "41a4ad8f-0455-41c3-8598-cde67e1929ad" acquired by "nova.context.set_target_cell..get_or_set_cached_cell_and_set_connections" :: waited 0.001s {{(pid=62146) inner /opt/stack/data/venv/lib/python3.12/site-packages/oslo_concurrency/lockutils.py:525}}
Sep 04 15:49:33 devstack devstack@n-api.service[62146]: DEBUG oslo_concurrency.lockutils [None req-2e40c569-b6da-41bf-8e18-723ca42b7ffb tempest-ServersNegativeTestJSON-1440292159 tempest-ServersNegativeTestJSON-1440292159-project-member] Lock "41a4ad8f-0455-41c3-8598-cde67e1929ad" "released" by "nova.context.set_target_cell..get_or_set_cached_cell_and_set_connections" :: held 0.001s {{(pid=62146) inner /opt/stack/data/venv/lib/python3.12/site-packages/oslo_concurrency/lockutils.py:544}}
Sep 04 15:49:33 devstack devstack@n-api.service[62146]: DEBUG nova.network.neutron [None req-2e40c569-b6da-41bf-8e18-723ca42b7ffb tempest-ServersNegativeTestJSON-1440292159 tempest-ServersNegativeTestJSON-1440292159-project-member] validate_networks() for [('1222c539-61e8-47b1-8d0e-31da124843a5', None, None, None, None, None)] {{(pid=62146) validate_networks /opt/stack/nova/nova/network/neutron.py:2686}}
Sep 04 15:49:33 devstack devstack@n-api.service[62146]: WARNING neutronclient.v2_0.client [None req-2e40c569-b6da-41bf-8e18-723ca42b7ffb tempest-ServersNegativeTestJSON-1440292159 tempest-ServersNegativeTestJSON-1440292159-project-member] The python binding code in neutronclient is deprecated in favor of OpenstackSDK, please use that as this will be removed in a future release.
Sep 04 15:49:33 devstack devstack@n-api.service[62145]: DEBUG nova.policy [None req-74fe6d85-d995-4a2d-a297-d7eeea69fb7b tempest-ServerActionsTestOtherA-270276429 tempest-ServerActionsTestOtherA-270276429-project-member] Policy check for os_compute_api:os-extended-server-attributes failed with credentials {'is_admin': False, 'user_id': '2463c3d2a8b74006a1f314ec63e4c849', 'user_domain_id': 'default', 'system_scope': None, 'domain_id': None, 'project_id': '48f17c11f72e403a8d805da13bff5d10', 'project_domain_id': 'default', 'roles': ['reader', 'member'], 'is_admin_project': True, 'service_user_id': None, 'service_user_domain_id': None, 'service_project_id': None, 'service_project_domain_id': None, 'service_roles': []} {{(pid=62145) authorize /opt/stack/nova/nova/policy.py:202}}
Sep 04 15:49:33 devstack devstack@n-api.service[62145]: INFO nova.api.openstack.requestlog [None req-74fe6d85-d995-4a2d-a297-d7eeea69fb7b tempest-ServerActionsTestOtherA-270276429 tempest-ServerActionsTestOtherA-270276429-project-member] 192.168.122.230 "GET /compute/v2.1/servers/f7d8dc0c-c42b-4867-bef5-1d06fac627b1" status: 200 len: 1378 microversion: 2.1 time: 0.761835
Sep 04 15:49:33 devstack devstack@n-api.service[62145]: [pid: 62145|app: 0|req: 88/145] 192.168.122.230 () {58 vars in 1238 bytes} [Fri Sep 4 15:49:32 2026] GET /compute/v2.1/servers/f7d8dc0c-c42b-4867-bef5-1d06fac627b1 => generated 1378 bytes in 766 msecs (HTTP/1.1 200) 9 headers in 358 bytes (1 switches on core 0)
Sep 04 15:49:33 devstack devstack@n-api.service[62145]: DEBUG nova.api.openstack.wsgi [req-6a4118a8-60a2-48ea-b109-82fd5e4bcbfc req-af153ae0-fed4-4f2c-b8b0-29dbad766258 service nova] Action: 'create', calling method: >, body: {"events": [{"server_uuid": "aea2687d-bfef-4775-9717-d733aaccd42d", "name": "network-vif-deleted", "tag": "57c4349c-fb5f-4718-8c4b-c22c55fd0162"}]} {{(pid=62145) _process_stack /opt/stack/nova/nova/api/openstack/wsgi.py:549}}
Sep 04 15:49:33 devstack devstack@n-api.service[62145]: DEBUG oslo_concurrency.lockutils [req-6a4118a8-60a2-48ea-b109-82fd5e4bcbfc req-af153ae0-fed4-4f2c-b8b0-29dbad766258 service nova] Acquiring lock "41a4ad8f-0455-41c3-8598-cde67e1929ad" by "nova.context.set_target_cell..get_or_set_cached_cell_and_set_connections" {{(pid=62145) inner /opt/stack/data/venv/lib/python3.12/site-packages/oslo_concurrency/lockutils.py:512}}
Sep 04 15:49:33 devstack devstack@n-api.service[62145]: DEBUG oslo_concurrency.lockutils [req-6a4118a8-60a2-48ea-b109-82fd5e4bcbfc req-af153ae0-fed4-4f2c-b8b0-29dbad766258 service nova] Lock "41a4ad8f-0455-41c3-8598-cde67e1929ad" acquired by "nova.context.set_target_cell..get_or_set_cached_cell_and_set_connections" :: waited 0.001s {{(pid=62145) inner /opt/stack/data/venv/lib/python3.12/site-packages/oslo_concurrency/lockutils.py:525}}
Sep 04 15:49:33 devstack devstack@n-api.service[62145]: DEBUG oslo_concurrency.lockutils [req-6a4118a8-60a2-48ea-b109-82fd5e4bcbfc req-af153ae0-fed4-4f2c-b8b0-29dbad766258 service nova] Lock "41a4ad8f-0455-41c3-8598-cde67e1929ad" "released" by "nova.context.set_target_cell..get_or_set_cached_cell_and_set_connections" :: held 0.002s {{(pid=62145) inner /opt/stack/data/venv/lib/python3.12/site-packages/oslo_concurrency/lockutils.py:544}}
Sep 04 15:49:33 devstack devstack@n-api.service[62145]: INFO nova.api.openstack.compute.server_external_events [req-6a4118a8-60a2-48ea-b109-82fd5e4bcbfc req-af153ae0-fed4-4f2c-b8b0-29dbad766258 service nova] Creating event network-vif-deleted:57c4349c-fb5f-4718-8c4b-c22c55fd0162 for instance aea2687d-bfef-4775-9717-d733aaccd42d on devstack
Sep 04 15:49:33 devstack devstack@n-api.service[62145]: DEBUG nova.compute.rpcapi [req-6a4118a8-60a2-48ea-b109-82fd5e4bcbfc req-af153ae0-fed4-4f2c-b8b0-29dbad766258 service nova] RPC: Sending the message to topic: compute-alt {{(pid=62145) prepare_for_alt_rpcserver /opt/stack/nova/nova/compute/rpcapi.py:595}}
Sep 04 15:49:33 devstack devstack@n-api.service[62145]: INFO nova.api.openstack.requestlog [req-6a4118a8-60a2-48ea-b109-82fd5e4bcbfc req-af153ae0-fed4-4f2c-b8b0-29dbad766258 service nova] 192.168.122.230 "POST /compute/v2.1/os-server-external-events" status: 200 len: 183 microversion: 2.1 time: 0.068065
Sep 04 15:49:33 devstack devstack@n-api.service[62145]: [pid: 62145|app: 0|req: 89/146] 192.168.122.230 () {64 vars in 1321 bytes} [Fri Sep 4 15:49:33 2026] POST /compute/v2.1/os-server-external-events => generated 183 bytes in 69 msecs (HTTP/1.1 200) 9 headers in 357 bytes (1 switches on core 0)
Sep 04 15:49:33 devstack devstack@n-api.service[62145]: DEBUG nova.api.openstack.wsgi [None req-6a5f385f-d650-4aac-ac7f-a748b6e405f2 tempest-TaggedAttachmentsTest-284237643 tempest-TaggedAttachmentsTest-284237643-project-admin] Calling method '>' {{(pid=62145) _process_stack /opt/stack/nova/nova/api/openstack/wsgi.py:551}}
Sep 04 15:49:33 devstack devstack@n-api.service[62145]: DEBUG nova.compute.api [None req-6a5f385f-d650-4aac-ac7f-a748b6e405f2 tempest-TaggedAttachmentsTest-284237643 tempest-TaggedAttachmentsTest-284237643-project-admin] [instance: aea2687d-bfef-4775-9717-d733aaccd42d] Fetching instance by UUID {{(pid=62145) get /opt/stack/nova/nova/compute/api.py:3068}}
Sep 04 15:49:33 devstack devstack@n-api.service[62145]: DEBUG oslo_concurrency.lockutils [None req-6a5f385f-d650-4aac-ac7f-a748b6e405f2 tempest-TaggedAttachmentsTest-284237643 tempest-TaggedAttachmentsTest-284237643-project-admin] Acquiring lock "41a4ad8f-0455-41c3-8598-cde67e1929ad" by "nova.context.set_target_cell..get_or_set_cached_cell_and_set_connections" {{(pid=62145) inner /opt/stack/data/venv/lib/python3.12/site-packages/oslo_concurrency/lockutils.py:512}}
Sep 04 15:49:33 devstack devstack@n-api.service[62145]: DEBUG oslo_concurrency.lockutils [None req-6a5f385f-d650-4aac-ac7f-a748b6e405f2 tempest-TaggedAttachmentsTest-284237643 tempest-TaggedAttachmentsTest-284237643-project-admin] Lock "41a4ad8f-0455-41c3-8598-cde67e1929ad" acquired by "nova.context.set_target_cell..get_or_set_cached_cell_and_set_connections" :: waited 0.001s {{(pid=62145) inner /opt/stack/data/venv/lib/python3.12/site-packages/oslo_concurrency/lockutils.py:525}}
Sep 04 15:49:33 devstack devstack@n-api.service[62145]: DEBUG oslo_concurrency.lockutils [None req-6a5f385f-d650-4aac-ac7f-a748b6e405f2 tempest-TaggedAttachmentsTest-284237643 tempest-TaggedAttachmentsTest-284237643-project-admin] Lock "41a4ad8f-0455-41c3-8598-cde67e1929ad" "released" by "nova.context.set_target_cell..get_or_set_cached_cell_and_set_connections" :: held 0.002s {{(pid=62145) inner /opt/stack/data/venv/lib/python3.12/site-packages/oslo_concurrency/lockutils.py:544}}
Sep 04 15:49:33 devstack devstack@n-api.service[62145]: DEBUG oslo_concurrency.lockutils [None req-6a5f385f-d650-4aac-ac7f-a748b6e405f2 tempest-TaggedAttachmentsTest-284237643 tempest-TaggedAttachmentsTest-284237643-project-admin] Acquiring lock "41a4ad8f-0455-41c3-8598-cde67e1929ad" by "nova.context.set_target_cell..get_or_set_cached_cell_and_set_connections" {{(pid=62145) inner /opt/stack/data/venv/lib/python3.12/site-packages/oslo_concurrency/lockutils.py:512}}
Sep 04 15:49:33 devstack devstack@n-api.service[62145]: DEBUG oslo_concurrency.lockutils [None req-6a5f385f-d650-4aac-ac7f-a748b6e405f2 tempest-TaggedAttachmentsTest-284237643 tempest-TaggedAttachmentsTest-284237643-project-admin] Lock "41a4ad8f-0455-41c3-8598-cde67e1929ad" acquired by "nova.context.set_target_cell..get_or_set_cached_cell_and_set_connections" :: waited 0.001s {{(pid=62145) inner /opt/stack/data/venv/lib/python3.12/site-packages/oslo_concurrency/lockutils.py:525}}
Sep 04 15:49:33 devstack devstack@n-api.service[62145]: DEBUG oslo_concurrency.lockutils [None req-6a5f385f-d650-4aac-ac7f-a748b6e405f2 tempest-TaggedAttachmentsTest-284237643 tempest-TaggedAttachmentsTest-284237643-project-admin] Lock "41a4ad8f-0455-41c3-8598-cde67e1929ad" "released" by "nova.context.set_target_cell..get_or_set_cached_cell_and_set_connections" :: held 0.001s {{(pid=62145) inner /opt/stack/data/venv/lib/python3.12/site-packages/oslo_concurrency/lockutils.py:544}}
Sep 04 15:49:33 devstack devstack@n-api.service[62145]: INFO nova.api.openstack.requestlog [None req-6a5f385f-d650-4aac-ac7f-a748b6e405f2 tempest-TaggedAttachmentsTest-284237643 tempest-TaggedAttachmentsTest-284237643-project-admin] 192.168.122.230 "GET /compute/v2.1/servers/aea2687d-bfef-4775-9717-d733aaccd42d/os-instance-actions/req-f5c2afc2-e18b-4e6a-b464-b6e3d6e607e9" status: 200 len: 474 microversion: 2.49 time: 0.100334
Sep 04 15:49:33 devstack devstack@n-api.service[62145]: [pid: 62145|app: 0|req: 90/147] 192.168.122.230 () {60 vars in 1462 bytes} [Fri Sep 4 15:49:33 2026] GET /compute/v2.1/servers/aea2687d-bfef-4775-9717-d733aaccd42d/os-instance-actions/req-f5c2afc2-e18b-4e6a-b464-b6e3d6e607e9 => generated 474 bytes in 104 msecs (HTTP/1.1 200) 9 headers in 359 bytes (1 switches on core 0)
Sep 04 15:49:33 devstack devstack@n-api.service[62146]: WARNING neutronclient.v2_0.client [None req-2e40c569-b6da-41bf-8e18-723ca42b7ffb tempest-ServersNegativeTestJSON-1440292159 tempest-ServersNegativeTestJSON-1440292159-project-member] The python binding code in neutronclient is deprecated in favor of OpenstackSDK, please use that as this will be removed in a future release.
Sep 04 15:49:34 devstack devstack@n-api.service[62146]: DEBUG nova.virt.hardware [None req-2e40c569-b6da-41bf-8e18-723ca42b7ffb tempest-ServersNegativeTestJSON-1440292159 tempest-ServersNegativeTestJSON-1440292159-project-member] Flavor limits 0:0:0 {{(pid=62146) get_cpu_topology_constraints /opt/stack/nova/nova/virt/hardware.py:516}}
Sep 04 15:49:34 devstack devstack@n-api.service[62146]: DEBUG nova.virt.hardware [None req-2e40c569-b6da-41bf-8e18-723ca42b7ffb tempest-ServersNegativeTestJSON-1440292159 tempest-ServersNegativeTestJSON-1440292159-project-member] Image limits 0:0:0 {{(pid=62146) get_cpu_topology_constraints /opt/stack/nova/nova/virt/hardware.py:520}}
Sep 04 15:49:34 devstack devstack@n-api.service[62146]: DEBUG nova.virt.hardware [None req-2e40c569-b6da-41bf-8e18-723ca42b7ffb tempest-ServersNegativeTestJSON-1440292159 tempest-ServersNegativeTestJSON-1440292159-project-member] Flavor pref 0:0:0 {{(pid=62146) get_cpu_topology_constraints /opt/stack/nova/nova/virt/hardware.py:556}}
Sep 04 15:49:34 devstack devstack@n-api.service[62146]: DEBUG nova.virt.hardware [None req-2e40c569-b6da-41bf-8e18-723ca42b7ffb tempest-ServersNegativeTestJSON-1440292159 tempest-ServersNegativeTestJSON-1440292159-project-member] Image pref 0:0:0 {{(pid=62146) get_cpu_topology_constraints /opt/stack/nova/nova/virt/hardware.py:560}}
Sep 04 15:49:34 devstack devstack@n-api.service[62146]: DEBUG nova.virt.hardware [None req-2e40c569-b6da-41bf-8e18-723ca42b7ffb tempest-ServersNegativeTestJSON-1440292159 tempest-ServersNegativeTestJSON-1440292159-project-member] Chose sockets=0, cores=0, threads=0; limits were sockets=65536, cores=65536, threads=65536 {{(pid=62146) get_cpu_topology_constraints /opt/stack/nova/nova/virt/hardware.py:598}}
Sep 04 15:49:34 devstack devstack@n-api.service[62146]: DEBUG oslo_concurrency.lockutils [None req-2e40c569-b6da-41bf-8e18-723ca42b7ffb tempest-ServersNegativeTestJSON-1440292159 tempest-ServersNegativeTestJSON-1440292159-project-member] Acquiring lock "00000000-0000-0000-0000-000000000000" by "nova.context.set_target_cell..get_or_set_cached_cell_and_set_connections" {{(pid=62146) inner /opt/stack/data/venv/lib/python3.12/site-packages/oslo_concurrency/lockutils.py:512}}
Sep 04 15:49:34 devstack devstack@n-api.service[62146]: DEBUG oslo_concurrency.lockutils [None req-2e40c569-b6da-41bf-8e18-723ca42b7ffb tempest-ServersNegativeTestJSON-1440292159 tempest-ServersNegativeTestJSON-1440292159-project-member] Lock "00000000-0000-0000-0000-000000000000" acquired by "nova.context.set_target_cell..get_or_set_cached_cell_and_set_connections" :: waited 0.002s {{(pid=62146) inner /opt/stack/data/venv/lib/python3.12/site-packages/oslo_concurrency/lockutils.py:525}}
Sep 04 15:49:34 devstack devstack@n-api.service[62146]: DEBUG oslo_concurrency.lockutils [None req-2e40c569-b6da-41bf-8e18-723ca42b7ffb tempest-ServersNegativeTestJSON-1440292159 tempest-ServersNegativeTestJSON-1440292159-project-member] Lock "00000000-0000-0000-0000-000000000000" "released" by "nova.context.set_target_cell..get_or_set_cached_cell_and_set_connections" :: held 0.001s {{(pid=62146) inner /opt/stack/data/venv/lib/python3.12/site-packages/oslo_concurrency/lockutils.py:544}}
Sep 04 15:49:34 devstack devstack@n-api.service[62146]: DEBUG oslo_concurrency.lockutils [None req-2e40c569-b6da-41bf-8e18-723ca42b7ffb tempest-ServersNegativeTestJSON-1440292159 tempest-ServersNegativeTestJSON-1440292159-project-member] Acquiring lock "41a4ad8f-0455-41c3-8598-cde67e1929ad" by "nova.context.set_target_cell..get_or_set_cached_cell_and_set_connections" {{(pid=62146) inner /opt/stack/data/venv/lib/python3.12/site-packages/oslo_concurrency/lockutils.py:512}}
Sep 04 15:49:34 devstack devstack@n-api.service[62146]: DEBUG oslo_concurrency.lockutils [None req-2e40c569-b6da-41bf-8e18-723ca42b7ffb tempest-ServersNegativeTestJSON-1440292159 tempest-ServersNegativeTestJSON-1440292159-project-member] Lock "41a4ad8f-0455-41c3-8598-cde67e1929ad" acquired by "nova.context.set_target_cell..get_or_set_cached_cell_and_set_connections" :: waited 0.001s {{(pid=62146) inner /opt/stack/data/venv/lib/python3.12/site-packages/oslo_concurrency/lockutils.py:525}}
Sep 04 15:49:34 devstack devstack@n-api.service[62146]: DEBUG oslo_concurrency.lockutils [None req-2e40c569-b6da-41bf-8e18-723ca42b7ffb tempest-ServersNegativeTestJSON-1440292159 tempest-ServersNegativeTestJSON-1440292159-project-member] Lock "41a4ad8f-0455-41c3-8598-cde67e1929ad" "released" by "nova.context.set_target_cell..get_or_set_cached_cell_and_set_connections" :: held 0.000s {{(pid=62146) inner /opt/stack/data/venv/lib/python3.12/site-packages/oslo_concurrency/lockutils.py:544}}
Sep 04 15:49:34 devstack devstack@n-api.service[62146]: DEBUG nova.quota [None req-2e40c569-b6da-41bf-8e18-723ca42b7ffb tempest-ServersNegativeTestJSON-1440292159 tempest-ServersNegativeTestJSON-1440292159-project-member] Getting quotas for project bcfae9cada654b99823e22a1b32d2f93. Resources: {'cores', 'ram', 'instances'} {{(pid=62146) _get_quotas /opt/stack/nova/nova/quota.py:389}}
Sep 04 15:49:34 devstack devstack@n-api.service[62146]: DEBUG nova.quota [None req-2e40c569-b6da-41bf-8e18-723ca42b7ffb tempest-ServersNegativeTestJSON-1440292159 tempest-ServersNegativeTestJSON-1440292159-project-member] Getting quotas for user 158f2d6f436342adb4b66c4190e02280 and project bcfae9cada654b99823e22a1b32d2f93. Resources: {'cores', 'ram', 'instances'} {{(pid=62146) _get_quotas /opt/stack/nova/nova/quota.py:379}}
Sep 04 15:49:34 devstack devstack@n-api.service[62146]: DEBUG nova.compute.api [None req-2e40c569-b6da-41bf-8e18-723ca42b7ffb tempest-ServersNegativeTestJSON-1440292159 tempest-ServersNegativeTestJSON-1440292159-project-member] Going to run 1 instances... {{(pid=62146) _provision_instances /opt/stack/nova/nova/compute/api.py:1480}}
Sep 04 15:49:34 devstack devstack@n-api.service[62146]: DEBUG nova.compute.api [None req-2e40c569-b6da-41bf-8e18-723ca42b7ffb tempest-ServersNegativeTestJSON-1440292159 tempest-ServersNegativeTestJSON-1440292159-project-member] [instance: f492a13b-2882-4a21-a633-34752df21ec4] block_device_mapping [BlockDeviceMapping(attachment_id=,boot_index=0,connection_info=None,created_at=,delete_on_termination=True,deleted=,deleted_at=,destination_type='local',device_name=None,device_type='disk',disk_bus=None,encrypted=False,encryption_format=None,encryption_options=None,encryption_secret_uuid=None,guest_format=None,id=,image_id='b5558c17-c499-44af-95fb-afb0cb03a012',instance=,instance_uuid=,no_device=False,snapshot_id=None,source_type='image',tag=None,updated_at=,uuid=,volume_id=None,volume_size=None,volume_type=None)] {{(pid=62146) _bdm_validate_set_size_and_instance /opt/stack/nova/nova/compute/api.py:1942}}
Sep 04 15:49:34 devstack devstack@n-api.service[62146]: INFO nova.api.openstack.requestlog [None req-2e40c569-b6da-41bf-8e18-723ca42b7ffb tempest-ServersNegativeTestJSON-1440292159 tempest-ServersNegativeTestJSON-1440292159-project-member] 192.168.122.230 "POST /compute/v2.1/servers" status: 202 len: 388 microversion: 2.1 time: 1.733045
Sep 04 15:49:34 devstack devstack@n-api.service[62146]: [pid: 62146|app: 0|req: 58/148] 192.168.122.230 () {60 vars in 1149 bytes} [Fri Sep 4 15:49:32 2026] POST /compute/v2.1/servers => generated 388 bytes in 1734 msecs (HTTP/1.1 202) 10 headers in 455 bytes (1 switches on core 0)
Sep 04 15:49:34 devstack devstack@n-api.service[62145]: DEBUG nova.api.openstack.wsgi [None req-bf6592aa-b757-47ba-9371-8a08cd3065e8 tempest-ServersNegativeTestJSON-1440292159 tempest-ServersNegativeTestJSON-1440292159-project-member] Calling method '>' {{(pid=62145) _process_stack /opt/stack/nova/nova/api/openstack/wsgi.py:551}}
Sep 04 15:49:34 devstack devstack@n-api.service[62145]: DEBUG nova.compute.api [None req-bf6592aa-b757-47ba-9371-8a08cd3065e8 tempest-ServersNegativeTestJSON-1440292159 tempest-ServersNegativeTestJSON-1440292159-project-member] [instance: f492a13b-2882-4a21-a633-34752df21ec4] Fetching instance by UUID {{(pid=62145) get /opt/stack/nova/nova/compute/api.py:3068}}
Sep 04 15:49:34 devstack devstack@n-api.service[62145]: WARNING neutronclient.v2_0.client [None req-bf6592aa-b757-47ba-9371-8a08cd3065e8 tempest-ServersNegativeTestJSON-1440292159 tempest-ServersNegativeTestJSON-1440292159-project-member] The python binding code in neutronclient is deprecated in favor of OpenstackSDK, please use that as this will be removed in a future release.
Sep 04 15:49:34 devstack devstack@n-api.service[62146]: DEBUG nova.api.openstack.wsgi [None req-a5e2dda8-0c27-4b6d-91a7-0ea85232a1b4 tempest-ServerActionsTestOtherA-270276429 tempest-ServerActionsTestOtherA-270276429-project-member] Calling method '>' {{(pid=62146) _process_stack /opt/stack/nova/nova/api/openstack/wsgi.py:551}}
Sep 04 15:49:34 devstack devstack@n-api.service[62146]: DEBUG nova.compute.api [None req-a5e2dda8-0c27-4b6d-91a7-0ea85232a1b4 tempest-ServerActionsTestOtherA-270276429 tempest-ServerActionsTestOtherA-270276429-project-member] [instance: f7d8dc0c-c42b-4867-bef5-1d06fac627b1] Fetching instance by UUID {{(pid=62146) get /opt/stack/nova/nova/compute/api.py:3068}}
Sep 04 15:49:34 devstack devstack@n-api.service[62146]: DEBUG oslo_concurrency.lockutils [None req-a5e2dda8-0c27-4b6d-91a7-0ea85232a1b4 tempest-ServerActionsTestOtherA-270276429 tempest-ServerActionsTestOtherA-270276429-project-member] Acquiring lock "41a4ad8f-0455-41c3-8598-cde67e1929ad" by "nova.context.set_target_cell..get_or_set_cached_cell_and_set_connections" {{(pid=62146) inner /opt/stack/data/venv/lib/python3.12/site-packages/oslo_concurrency/lockutils.py:512}}
Sep 04 15:49:34 devstack devstack@n-api.service[62146]: DEBUG oslo_concurrency.lockutils [None req-a5e2dda8-0c27-4b6d-91a7-0ea85232a1b4 tempest-ServerActionsTestOtherA-270276429 tempest-ServerActionsTestOtherA-270276429-project-member] Lock "41a4ad8f-0455-41c3-8598-cde67e1929ad" acquired by "nova.context.set_target_cell..get_or_set_cached_cell_and_set_connections" :: waited 0.001s {{(pid=62146) inner /opt/stack/data/venv/lib/python3.12/site-packages/oslo_concurrency/lockutils.py:525}}
Sep 04 15:49:34 devstack devstack@n-api.service[62146]: DEBUG oslo_concurrency.lockutils [None req-a5e2dda8-0c27-4b6d-91a7-0ea85232a1b4 tempest-ServerActionsTestOtherA-270276429 tempest-ServerActionsTestOtherA-270276429-project-member] Lock "41a4ad8f-0455-41c3-8598-cde67e1929ad" "released" by "nova.context.set_target_cell..get_or_set_cached_cell_and_set_connections" :: held 0.001s {{(pid=62146) inner /opt/stack/data/venv/lib/python3.12/site-packages/oslo_concurrency/lockutils.py:544}}
Sep 04 15:49:34 devstack devstack@n-api.service[62146]: DEBUG oslo_concurrency.lockutils [None req-a5e2dda8-0c27-4b6d-91a7-0ea85232a1b4 tempest-ServerActionsTestOtherA-270276429 tempest-ServerActionsTestOtherA-270276429-project-member] Acquiring lock "41a4ad8f-0455-41c3-8598-cde67e1929ad" by "nova.context.set_target_cell..get_or_set_cached_cell_and_set_connections" {{(pid=62146) inner /opt/stack/data/venv/lib/python3.12/site-packages/oslo_concurrency/lockutils.py:512}}
Sep 04 15:49:34 devstack devstack@n-api.service[62146]: DEBUG oslo_concurrency.lockutils [None req-a5e2dda8-0c27-4b6d-91a7-0ea85232a1b4 tempest-ServerActionsTestOtherA-270276429 tempest-ServerActionsTestOtherA-270276429-project-member] Lock "41a4ad8f-0455-41c3-8598-cde67e1929ad" acquired by "nova.context.set_target_cell..get_or_set_cached_cell_and_set_connections" :: waited 0.002s {{(pid=62146) inner /opt/stack/data/venv/lib/python3.12/site-packages/oslo_concurrency/lockutils.py:525}}
Sep 04 15:49:34 devstack devstack@n-api.service[62146]: DEBUG oslo_concurrency.lockutils [None req-a5e2dda8-0c27-4b6d-91a7-0ea85232a1b4 tempest-ServerActionsTestOtherA-270276429 tempest-ServerActionsTestOtherA-270276429-project-member] Lock "41a4ad8f-0455-41c3-8598-cde67e1929ad" "released" by "nova.context.set_target_cell..get_or_set_cached_cell_and_set_connections" :: held 0.001s {{(pid=62146) inner /opt/stack/data/venv/lib/python3.12/site-packages/oslo_concurrency/lockutils.py:544}}
Sep 04 15:49:34 devstack devstack@n-api.service[62145]: DEBUG nova.policy [None req-bf6592aa-b757-47ba-9371-8a08cd3065e8 tempest-ServersNegativeTestJSON-1440292159 tempest-ServersNegativeTestJSON-1440292159-project-member] Policy check for os_compute_api:os-extended-server-attributes failed with credentials {'is_admin': False, 'user_id': '158f2d6f436342adb4b66c4190e02280', 'user_domain_id': 'default', 'system_scope': None, 'domain_id': None, 'project_id': 'bcfae9cada654b99823e22a1b32d2f93', 'project_domain_id': 'default', 'roles': ['reader', 'member'], 'is_admin_project': True, 'service_user_id': None, 'service_user_domain_id': None, 'service_project_id': None, 'service_project_domain_id': None, 'service_roles': []} {{(pid=62145) authorize /opt/stack/nova/nova/policy.py:202}}
Sep 04 15:49:34 devstack devstack@n-api.service[62145]: INFO nova.api.openstack.requestlog [None req-bf6592aa-b757-47ba-9371-8a08cd3065e8 tempest-ServersNegativeTestJSON-1440292159 tempest-ServersNegativeTestJSON-1440292159-project-member] 192.168.122.230 "GET /compute/v2.1/servers/f492a13b-2882-4a21-a633-34752df21ec4" status: 200 len: 1230 microversion: 2.1 time: 0.139938
Sep 04 15:49:34 devstack devstack@n-api.service[62145]: [pid: 62145|app: 0|req: 91/149] 192.168.122.230 () {58 vars in 1238 bytes} [Fri Sep 4 15:49:34 2026] GET /compute/v2.1/servers/f492a13b-2882-4a21-a633-34752df21ec4 => generated 1230 bytes in 143 msecs (HTTP/1.1 200) 9 headers in 358 bytes (1 switches on core 0)
Sep 04 15:49:34 devstack devstack@n-api.service[62146]: WARNING neutronclient.v2_0.client [None req-a5e2dda8-0c27-4b6d-91a7-0ea85232a1b4 tempest-ServerActionsTestOtherA-270276429 tempest-ServerActionsTestOtherA-270276429-project-member] The python binding code in neutronclient is deprecated in favor of OpenstackSDK, please use that as this will be removed in a future release.
Sep 04 15:49:34 devstack devstack@n-api.service[62145]: DEBUG nova.api.openstack.wsgi [None req-04ac5fb8-242c-4fef-9c12-a86982b4a7b6 tempest-TaggedAttachmentsTest-284237643 tempest-TaggedAttachmentsTest-284237643-project-admin] Calling method '>' {{(pid=62145) _process_stack /opt/stack/nova/nova/api/openstack/wsgi.py:551}}
Sep 04 15:49:34 devstack devstack@n-api.service[62145]: DEBUG nova.compute.api [None req-04ac5fb8-242c-4fef-9c12-a86982b4a7b6 tempest-TaggedAttachmentsTest-284237643 tempest-TaggedAttachmentsTest-284237643-project-admin] [instance: aea2687d-bfef-4775-9717-d733aaccd42d] Fetching instance by UUID {{(pid=62145) get /opt/stack/nova/nova/compute/api.py:3068}}
