Aug 03 08:33:53 devstack cinder-volume[88899]: DEBUG oslo_concurrency.processutils [None req-b451b5ea-44b7-4181-9c6f-7a09374b8c92 tempest-GroupSnapshotsTest-1944413600 None] CMD "/opt/stack/data/venv/bin/python3.12 -m oslo_concurrency.prlimit --as=1073741824 --cpu=60 -- sudo cinder-rootwrap /etc/cinder/rootwrap.conf env LC_ALL=C qemu-img info -f qcow2 --output=json --force-share /opt/stack/data/cinder/mnt/d5bb56c5ed6c284470faf15e48a17a9a/volume-d9319880-9aa9-4c4e-9fe1-ce86f035edf0" returned: 0 in 0.454s {{(pid=88899) execute /opt/stack/data/venv/lib/python3.12/site-packages/oslo_concurrency/processutils.py:468}}
Aug 03 08:33:53 devstack cinder-volume[88899]: DEBUG oslo_concurrency.processutils [None req-b451b5ea-44b7-4181-9c6f-7a09374b8c92 tempest-GroupSnapshotsTest-1944413600 None] Running cmd (subprocess): sudo cinder-rootwrap /etc/cinder/rootwrap.conf qemu-img create -f qcow2 -o backing_file=/opt/stack/data/cinder/mnt/d5bb56c5ed6c284470faf15e48a17a9a/volume-d9319880-9aa9-4c4e-9fe1-ce86f035edf0,backing_fmt=qcow2 /opt/stack/data/cinder/mnt/d5bb56c5ed6c284470faf15e48a17a9a/volume-d9319880-9aa9-4c4e-9fe1-ce86f035edf0.a9f917c0-df45-4ff9-95c5-2c1649da6911 1G {{(pid=88899) execute /opt/stack/data/venv/lib/python3.12/site-packages/oslo_concurrency/processutils.py:440}}
Aug 03 08:33:53 devstack sudo[96572]: quobyte : PWD=/ ; USER=root ; COMMAND=/opt/stack/data/venv/bin/cinder-rootwrap /etc/cinder/rootwrap.conf qemu-img create -f qcow2 -o backing_file=/opt/stack/data/cinder/mnt/d5bb56c5ed6c284470faf15e48a17a9a/volume-d9319880-9aa9-4c4e-9fe1-ce86f035edf0,backing_fmt=qcow2 /opt/stack/data/cinder/mnt/d5bb56c5ed6c284470faf15e48a17a9a/volume-d9319880-9aa9-4c4e-9fe1-ce86f035edf0.a9f917c0-df45-4ff9-95c5-2c1649da6911 1G
Aug 03 08:33:53 devstack sudo[96572]: pam_unix(sudo:session): session opened for user root(uid=0) by (uid=1000)
Aug 03 08:33:53 devstack sudo[96543]: pam_unix(sudo:session): session closed for user root
Aug 03 08:33:53 devstack cinder-volume[88899]: DEBUG oslo_concurrency.processutils [None req-52aa8b81-25f1-4a8d-ae16-857fe86fcccb tempest-ServerActionsTestOtherA-826446422 None] CMD "sudo cinder-rootwrap /etc/cinder/rootwrap.conf qemu-img convert -O qcow2 -f qcow2 /opt/stack/data/cinder/conversion/image_fetch_37045a76-b9b1-4156-b15f-85c62a8616c3_61gogb_rdevstack@QuobyteHD /opt/stack/data/cinder/mnt/d5bb56c5ed6c284470faf15e48a17a9a/volume-a62a55cb-cd3f-4d05-9d19-0aa3f9654f56" returned: 0 in 2.465s {{(pid=88899) execute /opt/stack/data/venv/lib/python3.12/site-packages/oslo_concurrency/processutils.py:468}}
Aug 03 08:33:53 devstack cinder-volume[88899]: DEBUG cinder.image.image_utils [None req-52aa8b81-25f1-4a8d-ae16-857fe86fcccb tempest-ServerActionsTestOtherA-826446422 None] Image conversion details: src /opt/stack/data/cinder/conversion/image_fetch_37045a76-b9b1-4156-b15f-85c62a8616c3_61gogb_rdevstack@QuobyteHD, size 112.00 MB, duration 2.47 sec, destination /opt/stack/data/cinder/mnt/d5bb56c5ed6c284470faf15e48a17a9a/volume-a62a55cb-cd3f-4d05-9d19-0aa3f9654f56 {{(pid=88899) _convert_image /opt/stack/cinder/cinder/image/image_utils.py:536}}
Aug 03 08:33:53 devstack cinder-volume[88899]: INFO cinder.image.image_utils [None req-52aa8b81-25f1-4a8d-ae16-857fe86fcccb tempest-ServerActionsTestOtherA-826446422 None] Converted 112.00 MB image at 45.41 MB/s
Aug 03 08:33:53 devstack cinder-volume[88899]: DEBUG oslo_concurrency.processutils [None req-52aa8b81-25f1-4a8d-ae16-857fe86fcccb tempest-ServerActionsTestOtherA-826446422 None] Running cmd (subprocess): sudo cinder-rootwrap /etc/cinder/rootwrap.conf qemu-img resize /opt/stack/data/cinder/mnt/d5bb56c5ed6c284470faf15e48a17a9a/volume-a62a55cb-cd3f-4d05-9d19-0aa3f9654f56 1G {{(pid=88899) execute /opt/stack/data/venv/lib/python3.12/site-packages/oslo_concurrency/processutils.py:440}}
Aug 03 08:33:53 devstack sudo[96577]: quobyte : PWD=/ ; USER=root ; COMMAND=/opt/stack/data/venv/bin/cinder-rootwrap /etc/cinder/rootwrap.conf qemu-img resize /opt/stack/data/cinder/mnt/d5bb56c5ed6c284470faf15e48a17a9a/volume-a62a55cb-cd3f-4d05-9d19-0aa3f9654f56 1G
Aug 03 08:33:53 devstack sudo[96577]: pam_unix(sudo:session): session opened for user root(uid=0) by (uid=1000)
Aug 03 08:33:53 devstack sudo[96572]: pam_unix(sudo:session): session closed for user root
Aug 03 08:33:53 devstack cinder-volume[88899]: DEBUG oslo_concurrency.processutils [None req-b451b5ea-44b7-4181-9c6f-7a09374b8c92 tempest-GroupSnapshotsTest-1944413600 None] CMD "sudo cinder-rootwrap /etc/cinder/rootwrap.conf qemu-img create -f qcow2 -o backing_file=/opt/stack/data/cinder/mnt/d5bb56c5ed6c284470faf15e48a17a9a/volume-d9319880-9aa9-4c4e-9fe1-ce86f035edf0,backing_fmt=qcow2 /opt/stack/data/cinder/mnt/d5bb56c5ed6c284470faf15e48a17a9a/volume-d9319880-9aa9-4c4e-9fe1-ce86f035edf0.a9f917c0-df45-4ff9-95c5-2c1649da6911 1G" returned: 0 in 0.625s {{(pid=88899) execute /opt/stack/data/venv/lib/python3.12/site-packages/oslo_concurrency/processutils.py:468}}
Aug 03 08:33:53 devstack cinder-volume[88899]: DEBUG oslo_concurrency.processutils [None req-b451b5ea-44b7-4181-9c6f-7a09374b8c92 tempest-GroupSnapshotsTest-1944413600 None] Running cmd (subprocess): sudo cinder-rootwrap /etc/cinder/rootwrap.conf qemu-img rebase -u -b volume-d9319880-9aa9-4c4e-9fe1-ce86f035edf0 -F qcow2 /opt/stack/data/cinder/mnt/d5bb56c5ed6c284470faf15e48a17a9a/volume-d9319880-9aa9-4c4e-9fe1-ce86f035edf0.a9f917c0-df45-4ff9-95c5-2c1649da6911 {{(pid=88899) execute /opt/stack/data/venv/lib/python3.12/site-packages/oslo_concurrency/processutils.py:440}}
Aug 03 08:33:53 devstack sudo[96580]: quobyte : PWD=/ ; USER=root ; COMMAND=/opt/stack/data/venv/bin/cinder-rootwrap /etc/cinder/rootwrap.conf qemu-img rebase -u -b volume-d9319880-9aa9-4c4e-9fe1-ce86f035edf0 -F qcow2 /opt/stack/data/cinder/mnt/d5bb56c5ed6c284470faf15e48a17a9a/volume-d9319880-9aa9-4c4e-9fe1-ce86f035edf0.a9f917c0-df45-4ff9-95c5-2c1649da6911
Aug 03 08:33:53 devstack sudo[96580]: pam_unix(sudo:session): session opened for user root(uid=0) by (uid=1000)
Aug 03 08:33:53 devstack sudo[96577]: pam_unix(sudo:session): session closed for user root
Aug 03 08:33:53 devstack cinder-volume[88899]: DEBUG oslo_concurrency.processutils [None req-52aa8b81-25f1-4a8d-ae16-857fe86fcccb tempest-ServerActionsTestOtherA-826446422 None] CMD "sudo cinder-rootwrap /etc/cinder/rootwrap.conf qemu-img resize /opt/stack/data/cinder/mnt/d5bb56c5ed6c284470faf15e48a17a9a/volume-a62a55cb-cd3f-4d05-9d19-0aa3f9654f56 1G" returned: 0 in 0.479s {{(pid=88899) execute /opt/stack/data/venv/lib/python3.12/site-packages/oslo_concurrency/processutils.py:468}}
Aug 03 08:33:53 devstack cinder-volume[88899]: DEBUG cinder.volume.volume_utils [None req-52aa8b81-25f1-4a8d-ae16-857fe86fcccb tempest-ServerActionsTestOtherA-826446422 None] Downloaded image 37045a76-b9b1-4156-b15f-85c62a8616c3 ((None, [{'url': 'file:///opt/stack/data/glance/images/37045a76-b9b1-4156-b15f-85c62a8616c3', 'metadata': {}}])) to volume a62a55cb-cd3f-4d05-9d19-0aa3f9654f56 successfully. {{(pid=88899) copy_image_to_volume /opt/stack/cinder/cinder/volume/volume_utils.py:1233}}
Aug 03 08:33:53 devstack cinder-volume[88899]: DEBUG cinder.image.image_utils [None req-52aa8b81-25f1-4a8d-ae16-857fe86fcccb tempest-ServerActionsTestOtherA-826446422 None] Temporary image 37045a76-b9b1-4156-b15f-85c62a8616c3 for user 87918a8b928c4bd1bc1147851e28ecf9 is deleted. {{(pid=88899) fetch /opt/stack/cinder/cinder/image/image_utils.py:1438}}
Aug 03 08:33:53 devstack cinder-volume[88899]: DEBUG cinder.volume.volume_utils [None req-52aa8b81-25f1-4a8d-ae16-857fe86fcccb tempest-ServerActionsTestOtherA-826446422 None] Marking volume a62a55cb-cd3f-4d05-9d19-0aa3f9654f56 as bootable. {{(pid=88899) enable_bootable_flag /opt/stack/cinder/cinder/volume/volume_utils.py:1137}}
Aug 03 08:33:53 devstack cinder-volume[88899]: DEBUG cinder.volume.flows.manager.create_volume [None req-52aa8b81-25f1-4a8d-ae16-857fe86fcccb tempest-ServerActionsTestOtherA-826446422 None] Copying metadata from image 37045a76-b9b1-4156-b15f-85c62a8616c3 to a62a55cb-cd3f-4d05-9d19-0aa3f9654f56. {{(pid=88899) _handle_bootable_volume_glance_meta /opt/stack/cinder/cinder/volume/flows/manager/create_volume.py:450}}
Aug 03 08:33:53 devstack cinder-volume[88899]: DEBUG cinder.volume.flows.manager.create_volume [None req-52aa8b81-25f1-4a8d-ae16-857fe86fcccb tempest-ServerActionsTestOtherA-826446422 None] Creating volume glance metadata for volume a62a55cb-cd3f-4d05-9d19-0aa3f9654f56 backed by image 37045a76-b9b1-4156-b15f-85c62a8616c3 with: {'hw_rng_model': 'virtio', 'owner_specified.openstack.md5': '', 'owner_specified.openstack.object': 'images/cirros-0.6.3-x86_64-disk', 'owner_specified.openstack.sha256': '', 'image_id': '37045a76-b9b1-4156-b15f-85c62a8616c3', 'image_name': 'cirros-0.6.3-x86_64-disk', 'checksum': '87617e24a5e30cb3b87fda8c0764838f', 'container_format': 'bare', 'disk_format': 'qcow2', 'min_disk': 0, 'min_ram': 0, 'size': 21692416}. {{(pid=88899) _capture_volume_image_metadata /opt/stack/cinder/cinder/volume/flows/manager/create_volume.py:682}}
Aug 03 08:33:54 devstack cinder-volume[88899]: DEBUG cinder.volume.manager [None req-52aa8b81-25f1-4a8d-ae16-857fe86fcccb tempest-ServerActionsTestOtherA-826446422 None] Task 'cinder.volume.flows.manager.create_volume.CreateVolumeFromSpecTask;volume:create' (a7a89f87-6f27-4412-a41f-ea20ba172d5e) transitioned into state 'SUCCESS' from state 'RUNNING' with result '{'status': 'creating', 'volume_name': 'volume-a62a55cb-cd3f-4d05-9d19-0aa3f9654f56', 'volume_size': 1, 'image_id': '37045a76-b9b1-4156-b15f-85c62a8616c3', 'image_location': (None, [{'url': 'file:///opt/stack/data/glance/images/37045a76-b9b1-4156-b15f-85c62a8616c3', 'metadata': {}}]), 'image_meta': {'name': 'cirros-0.6.3-x86_64-disk', 'disk_format': 'qcow2', 'container_format': 'bare', 'visibility': 'public', 'size': 21692416, 'virtual_size': 117440512, 'status': 'active', 'checksum': '87617e24a5e30cb3b87fda8c0764838f', 'protected': False, 'min_ram': 0, 'min_disk': 0, 'owner': 'adee82974e9f41769efcb3f4a0eef199', 'os_hidden': False, 'os_hash_algo': 'sha512', 'os_hash_value': '9a9bce0083a00939ec17c11febbfc767aa211aaa54f51e75c5a8b271a9b5637c77205a518b7a2007cb391d23cceb01e0e4e8d64832317151bc85b734b92a7be0', 'id': '37045a76-b9b1-4156-b15f-85c62a8616c3', 'created_at': datetime.datetime(2026, 8, 3, 6, 23, 4, tzinfo=datetime.timezone.utc), 'updated_at': datetime.datetime(2026, 8, 3, 6, 23, 6, tzinfo=datetime.timezone.utc), 'tags': [], 'file': '/v2/images/37045a76-b9b1-4156-b15f-85c62a8616c3/file', 'properties': {'hw_rng_model': 'virtio', 'owner_specified.openstack.md5': '', 'owner_specified.openstack.object': 'images/cirros-0.6.3-x86_64-disk', 'owner_specified.openstack.sha256': ''}}, 'image_service': }' {{(pid=88899) _task_receiver /opt/stack/data/venv/lib/python3.12/site-packages/taskflow/listeners/logging.py:218}}
Aug 03 08:33:54 devstack cinder-volume[88899]: DEBUG cinder.volume.manager [None req-52aa8b81-25f1-4a8d-ae16-857fe86fcccb tempest-ServerActionsTestOtherA-826446422 None] Task 'cinder.volume.flows.manager.create_volume.CreateVolumeOnFinishTask;volume:create, create.end' (09b7786e-4aee-4f3c-9c1b-ba9403b27b9a) transitioned into state 'RUNNING' from state 'PENDING' {{(pid=88899) _task_receiver /opt/stack/data/venv/lib/python3.12/site-packages/taskflow/listeners/logging.py:242}}
Aug 03 08:33:54 devstack cinder-volume[88899]: INFO cinder.volume.flows.manager.create_volume [None req-52aa8b81-25f1-4a8d-ae16-857fe86fcccb tempest-ServerActionsTestOtherA-826446422 None] Volume volume-a62a55cb-cd3f-4d05-9d19-0aa3f9654f56 (a62a55cb-cd3f-4d05-9d19-0aa3f9654f56): created successfully
Aug 03 08:33:54 devstack cinder-volume[88899]: DEBUG cinder.volume.manager [None req-52aa8b81-25f1-4a8d-ae16-857fe86fcccb tempest-ServerActionsTestOtherA-826446422 None] Task 'cinder.volume.flows.manager.create_volume.CreateVolumeOnFinishTask;volume:create, create.end' (09b7786e-4aee-4f3c-9c1b-ba9403b27b9a) transitioned into state 'SUCCESS' from state 'RUNNING' with result 'None' {{(pid=88899) _task_receiver /opt/stack/data/venv/lib/python3.12/site-packages/taskflow/listeners/logging.py:218}}
Aug 03 08:33:54 devstack cinder-volume[88899]: DEBUG cinder.volume.manager [None req-52aa8b81-25f1-4a8d-ae16-857fe86fcccb tempest-ServerActionsTestOtherA-826446422 None] Flow 'volume_create_manager' (48bc1ccd-ff90-48e2-90a6-97f421277012) transitioned into state 'SUCCESS' from state 'RUNNING' {{(pid=88899) _flow_receiver /opt/stack/data/venv/lib/python3.12/site-packages/taskflow/listeners/logging.py:160}}
Aug 03 08:33:54 devstack cinder-volume[88899]: INFO cinder.volume.manager [None req-52aa8b81-25f1-4a8d-ae16-857fe86fcccb tempest-ServerActionsTestOtherA-826446422 None] Created volume successfully.
Aug 03 08:33:54 devstack sudo[96580]: pam_unix(sudo:session): session closed for user root
Aug 03 08:33:54 devstack cinder-volume[88899]: DEBUG oslo_concurrency.processutils [None req-b451b5ea-44b7-4181-9c6f-7a09374b8c92 tempest-GroupSnapshotsTest-1944413600 None] CMD "sudo cinder-rootwrap /etc/cinder/rootwrap.conf qemu-img rebase -u -b volume-d9319880-9aa9-4c4e-9fe1-ce86f035edf0 -F qcow2 /opt/stack/data/cinder/mnt/d5bb56c5ed6c284470faf15e48a17a9a/volume-d9319880-9aa9-4c4e-9fe1-ce86f035edf0.a9f917c0-df45-4ff9-95c5-2c1649da6911" returned: 0 in 0.487s {{(pid=88899) execute /opt/stack/data/venv/lib/python3.12/site-packages/oslo_concurrency/processutils.py:468}}
Aug 03 08:33:54 devstack cinder-volume[88899]: WARNING cinder.volume.drivers.remotefs [None req-b451b5ea-44b7-4181-9c6f-7a09374b8c92 tempest-GroupSnapshotsTest-1944413600 None] /opt/stack/data/cinder/mnt/d5bb56c5ed6c284470faf15e48a17a9a/volume-d9319880-9aa9-4c4e-9fe1-ce86f035edf0.a9f917c0-df45-4ff9-95c5-2c1649da6911 is being set with open permissions: ugo+rw: NotImplementedError
Aug 03 08:33:54 devstack cinder-volume[88899]: DEBUG oslo_concurrency.processutils [None req-b451b5ea-44b7-4181-9c6f-7a09374b8c92 tempest-GroupSnapshotsTest-1944413600 None] Running cmd (subprocess): sudo cinder-rootwrap /etc/cinder/rootwrap.conf chmod ugo+rw /opt/stack/data/cinder/mnt/d5bb56c5ed6c284470faf15e48a17a9a/volume-d9319880-9aa9-4c4e-9fe1-ce86f035edf0.a9f917c0-df45-4ff9-95c5-2c1649da6911 {{(pid=88899) execute /opt/stack/data/venv/lib/python3.12/site-packages/oslo_concurrency/processutils.py:440}}
Aug 03 08:33:54 devstack sudo[96591]: quobyte : PWD=/ ; USER=root ; COMMAND=/opt/stack/data/venv/bin/cinder-rootwrap /etc/cinder/rootwrap.conf chmod ugo+rw /opt/stack/data/cinder/mnt/d5bb56c5ed6c284470faf15e48a17a9a/volume-d9319880-9aa9-4c4e-9fe1-ce86f035edf0.a9f917c0-df45-4ff9-95c5-2c1649da6911
Aug 03 08:33:54 devstack sudo[96591]: pam_unix(sudo:session): session opened for user root(uid=0) by (uid=1000)
Aug 03 08:33:54 devstack sudo[96591]: pam_unix(sudo:session): session closed for user root
Aug 03 08:33:54 devstack cinder-volume[88899]: DEBUG oslo_concurrency.processutils [None req-b451b5ea-44b7-4181-9c6f-7a09374b8c92 tempest-GroupSnapshotsTest-1944413600 None] CMD "sudo cinder-rootwrap /etc/cinder/rootwrap.conf chmod ugo+rw /opt/stack/data/cinder/mnt/d5bb56c5ed6c284470faf15e48a17a9a/volume-d9319880-9aa9-4c4e-9fe1-ce86f035edf0.a9f917c0-df45-4ff9-95c5-2c1649da6911" returned: 0 in 0.275s {{(pid=88899) execute /opt/stack/data/venv/lib/python3.12/site-packages/oslo_concurrency/processutils.py:468}}
Aug 03 08:33:54 devstack cinder-volume[88899]: DEBUG oslo_concurrency.processutils [None req-b451b5ea-44b7-4181-9c6f-7a09374b8c92 tempest-GroupSnapshotsTest-1944413600 None] Running cmd (subprocess): sudo cinder-rootwrap /etc/cinder/rootwrap.conf truncate -s0 /opt/stack/data/cinder/mnt/d5bb56c5ed6c284470faf15e48a17a9a/volume-d9319880-9aa9-4c4e-9fe1-ce86f035edf0.info {{(pid=88899) execute /opt/stack/data/venv/lib/python3.12/site-packages/oslo_concurrency/processutils.py:440}}
Aug 03 08:33:54 devstack sudo[96594]: quobyte : PWD=/ ; USER=root ; COMMAND=/opt/stack/data/venv/bin/cinder-rootwrap /etc/cinder/rootwrap.conf truncate -s0 /opt/stack/data/cinder/mnt/d5bb56c5ed6c284470faf15e48a17a9a/volume-d9319880-9aa9-4c4e-9fe1-ce86f035edf0.info
Aug 03 08:33:54 devstack sudo[96594]: pam_unix(sudo:session): session opened for user root(uid=0) by (uid=1000)
Aug 03 08:33:54 devstack sudo[96594]: pam_unix(sudo:session): session closed for user root
Aug 03 08:33:54 devstack cinder-volume[88899]: DEBUG oslo_concurrency.processutils [None req-b451b5ea-44b7-4181-9c6f-7a09374b8c92 tempest-GroupSnapshotsTest-1944413600 None] CMD "sudo cinder-rootwrap /etc/cinder/rootwrap.conf truncate -s0 /opt/stack/data/cinder/mnt/d5bb56c5ed6c284470faf15e48a17a9a/volume-d9319880-9aa9-4c4e-9fe1-ce86f035edf0.info" returned: 0 in 0.400s {{(pid=88899) execute /opt/stack/data/venv/lib/python3.12/site-packages/oslo_concurrency/processutils.py:468}}
Aug 03 08:33:54 devstack cinder-volume[88899]: WARNING cinder.volume.drivers.remotefs [None req-b451b5ea-44b7-4181-9c6f-7a09374b8c92 tempest-GroupSnapshotsTest-1944413600 None] /opt/stack/data/cinder/mnt/d5bb56c5ed6c284470faf15e48a17a9a/volume-d9319880-9aa9-4c4e-9fe1-ce86f035edf0.info is being set with open permissions: ugo+rw: NotImplementedError
Aug 03 08:33:54 devstack cinder-volume[88899]: DEBUG oslo_concurrency.processutils [None req-b451b5ea-44b7-4181-9c6f-7a09374b8c92 tempest-GroupSnapshotsTest-1944413600 None] Running cmd (subprocess): sudo cinder-rootwrap /etc/cinder/rootwrap.conf chmod ugo+rw /opt/stack/data/cinder/mnt/d5bb56c5ed6c284470faf15e48a17a9a/volume-d9319880-9aa9-4c4e-9fe1-ce86f035edf0.info {{(pid=88899) execute /opt/stack/data/venv/lib/python3.12/site-packages/oslo_concurrency/processutils.py:440}}
Aug 03 08:33:54 devstack sudo[96597]: quobyte : PWD=/ ; USER=root ; COMMAND=/opt/stack/data/venv/bin/cinder-rootwrap /etc/cinder/rootwrap.conf chmod ugo+rw /opt/stack/data/cinder/mnt/d5bb56c5ed6c284470faf15e48a17a9a/volume-d9319880-9aa9-4c4e-9fe1-ce86f035edf0.info
Aug 03 08:33:54 devstack sudo[96597]: pam_unix(sudo:session): session opened for user root(uid=0) by (uid=1000)
Aug 03 08:33:55 devstack sudo[96597]: pam_unix(sudo:session): session closed for user root
Aug 03 08:33:55 devstack cinder-volume[88899]: DEBUG oslo_concurrency.processutils [None req-b451b5ea-44b7-4181-9c6f-7a09374b8c92 tempest-GroupSnapshotsTest-1944413600 None] CMD "sudo cinder-rootwrap /etc/cinder/rootwrap.conf chmod ugo+rw /opt/stack/data/cinder/mnt/d5bb56c5ed6c284470faf15e48a17a9a/volume-d9319880-9aa9-4c4e-9fe1-ce86f035edf0.info" returned: 0 in 0.302s {{(pid=88899) execute /opt/stack/data/venv/lib/python3.12/site-packages/oslo_concurrency/processutils.py:468}}
Aug 03 08:33:55 devstack cinder-volume[88899]: DEBUG oslo_concurrency.lockutils [None req-b451b5ea-44b7-4181-9c6f-7a09374b8c92 tempest-GroupSnapshotsTest-1944413600 None] Lock "quobyte" "released" by "cinder.volume.drivers.quobyte.QuobyteDriver.create_snapshot" :: held 2.671s {{(pid=88899) inner /opt/stack/data/venv/lib/python3.12/site-packages/oslo_concurrency/lockutils.py:544}}
Aug 03 08:33:55 devstack cinder-volume[88899]: INFO cinder.volume.manager [None req-b451b5ea-44b7-4181-9c6f-7a09374b8c92 tempest-GroupSnapshotsTest-1944413600 None] group_snapshot 337b2c69-4a5b-46d2-bc3d-00d97abdabd4: created successfully
Aug 03 08:33:56 devstack cinder-volume[88899]: INFO cinder.volume.manager [None req-53131291-d7d7-4b06-9956-04cd023a9b11 tempest-GroupSnapshotsTest-1944413600 None] group_snapshot 337b2c69-4a5b-46d2-bc3d-00d97abdabd4: deleting
Aug 03 08:33:56 devstack cinder-volume[88899]: DEBUG cinder.volume.manager [None req-53131291-d7d7-4b06-9956-04cd023a9b11 tempest-GroupSnapshotsTest-1944413600 None] group_snapshot 337b2c69-4a5b-46d2-bc3d-00d97abdabd4: deleting {{(pid=88899) delete_group_snapshot /opt/stack/cinder/cinder/volume/manager.py:4350}}
Aug 03 08:33:56 devstack cinder-volume[88899]: DEBUG cinder.coordination [None req-53131291-d7d7-4b06-9956-04cd023a9b11 tempest-GroupSnapshotsTest-1944413600 None] Acquiring lock "cinder-quobyte-408a47fd-ac2d-4d65-9de5-595cb59982a4" by "delete_snapshot" {{(pid=88899) __acquire /opt/stack/cinder/cinder/coordination.py:138}}
Aug 03 08:33:56 devstack cinder-volume[88899]: DEBUG cinder.coordination [None req-53131291-d7d7-4b06-9956-04cd023a9b11 tempest-GroupSnapshotsTest-1944413600 None] Lock "cinder-quobyte-408a47fd-ac2d-4d65-9de5-595cb59982a4" acquired by "delete_snapshot" :: waited 0.035s {{(pid=88899) __acquire /opt/stack/cinder/cinder/coordination.py:141}}
Aug 03 08:33:56 devstack cinder-volume[88899]: DEBUG cinder.coordination [None req-53131291-d7d7-4b06-9956-04cd023a9b11 tempest-GroupSnapshotsTest-1944413600 None] Acquiring lock "cinder-quobyte-0a263736-01c0-4b75-9d23-da79f1ebe1b2" by "_delete_snapshot" {{(pid=88899) __acquire /opt/stack/cinder/cinder/coordination.py:138}}
Aug 03 08:33:56 devstack cinder-volume[88899]: DEBUG cinder.coordination [None req-53131291-d7d7-4b06-9956-04cd023a9b11 tempest-GroupSnapshotsTest-1944413600 None] Lock "cinder-quobyte-0a263736-01c0-4b75-9d23-da79f1ebe1b2" acquired by "_delete_snapshot" :: waited 0.023s {{(pid=88899) __acquire /opt/stack/cinder/cinder/coordination.py:141}}
Aug 03 08:33:56 devstack cinder-volume[88899]: DEBUG cinder.volume.drivers.remotefs [None req-53131291-d7d7-4b06-9956-04cd023a9b11 tempest-GroupSnapshotsTest-1944413600 None] Deleting offline snapshot 0a263736-01c0-4b75-9d23-da79f1ebe1b2 of volume 408a47fd-ac2d-4d65-9de5-595cb59982a4 {{(pid=88899) _delete_snapshot /opt/stack/cinder/cinder/volume/drivers/remotefs.py:1288}}
Aug 03 08:33:56 devstack cinder-volume[88899]: DEBUG cinder.volume.drivers.remotefs [None req-53131291-d7d7-4b06-9956-04cd023a9b11 tempest-GroupSnapshotsTest-1944413600 None] snapshot_file for this snap is: volume-408a47fd-ac2d-4d65-9de5-595cb59982a4.0a263736-01c0-4b75-9d23-da79f1ebe1b2 {{(pid=88899) _delete_snapshot /opt/stack/cinder/cinder/volume/drivers/remotefs.py:1317}}
Aug 03 08:33:56 devstack cinder-volume[88899]: DEBUG oslo.privsep.daemon [-] privsep: reply[8787f53e-dc89-441f-9217-9806fed1d3b9]: (4, 'qcow2') {{(pid=90633) _call_back /opt/stack/data/venv/lib/python3.12/site-packages/oslo_privsep/daemon.py:580}}
Aug 03 08:33:56 devstack cinder-volume[88899]: DEBUG oslo_concurrency.processutils [None req-53131291-d7d7-4b06-9956-04cd023a9b11 tempest-GroupSnapshotsTest-1944413600 None] Running cmd (subprocess): /opt/stack/data/venv/bin/python3.12 -m oslo_concurrency.prlimit --as=1073741824 --cpu=60 -- sudo cinder-rootwrap /etc/cinder/rootwrap.conf env LC_ALL=C qemu-img info -f qcow2 --output=json --force-share /opt/stack/data/cinder/mnt/d5bb56c5ed6c284470faf15e48a17a9a/volume-408a47fd-ac2d-4d65-9de5-595cb59982a4.0a263736-01c0-4b75-9d23-da79f1ebe1b2 {{(pid=88899) execute /opt/stack/data/venv/lib/python3.12/site-packages/oslo_concurrency/processutils.py:440}}
Aug 03 08:33:56 devstack sudo[96600]: quobyte : PWD=/ ; USER=root ; COMMAND=/opt/stack/data/venv/bin/cinder-rootwrap /etc/cinder/rootwrap.conf env LC_ALL=C qemu-img info -f qcow2 --output=json --force-share /opt/stack/data/cinder/mnt/d5bb56c5ed6c284470faf15e48a17a9a/volume-408a47fd-ac2d-4d65-9de5-595cb59982a4.0a263736-01c0-4b75-9d23-da79f1ebe1b2
Aug 03 08:33:56 devstack sudo[96600]: pam_unix(sudo:session): session opened for user root(uid=0) by (uid=1000)
Aug 03 08:33:56 devstack sudo[96600]: pam_unix(sudo:session): session closed for user root
Aug 03 08:33:56 devstack cinder-volume[88899]: DEBUG oslo_concurrency.processutils [None req-53131291-d7d7-4b06-9956-04cd023a9b11 tempest-GroupSnapshotsTest-1944413600 None] CMD "/opt/stack/data/venv/bin/python3.12 -m oslo_concurrency.prlimit --as=1073741824 --cpu=60 -- sudo cinder-rootwrap /etc/cinder/rootwrap.conf env LC_ALL=C qemu-img info -f qcow2 --output=json --force-share /opt/stack/data/cinder/mnt/d5bb56c5ed6c284470faf15e48a17a9a/volume-408a47fd-ac2d-4d65-9de5-595cb59982a4.0a263736-01c0-4b75-9d23-da79f1ebe1b2" returned: 0 in 0.586s {{(pid=88899) execute /opt/stack/data/venv/lib/python3.12/site-packages/oslo_concurrency/processutils.py:468}}
Aug 03 08:33:56 devstack cinder-volume[88899]: DEBUG cinder.volume.drivers.remotefs [None req-53131291-d7d7-4b06-9956-04cd023a9b11 tempest-GroupSnapshotsTest-1944413600 None] Fetching qemu-img info with special backing_file_template: (/opt/stack/data/cinder/mnt/[0-9a-f]+/)?(volume-408a47fd-ac2d-4d65-9de5-595cb59982a4(.(tmp-snap-)?[0-9a-f-]+)?|volume_from_snapshot_cache/(tmp-snap-)?[0-9a-f-]+(.(child-|parent-)[0-9a-f-]+)?)$ {{(pid=88899) _qemu_img_info_base /opt/stack/cinder/cinder/volume/drivers/remotefs.py:896}}
Aug 03 08:33:56 devstack cinder-volume[88899]: DEBUG oslo.privsep.daemon [-] privsep: reply[0180f5c5-7048-45b4-9557-79b26e29c106]: (4, 'qcow2') {{(pid=90633) _call_back /opt/stack/data/venv/lib/python3.12/site-packages/oslo_privsep/daemon.py:580}}
Aug 03 08:33:56 devstack cinder-volume[88899]: DEBUG oslo_concurrency.processutils [None req-53131291-d7d7-4b06-9956-04cd023a9b11 tempest-GroupSnapshotsTest-1944413600 None] Running cmd (subprocess): /opt/stack/data/venv/bin/python3.12 -m oslo_concurrency.prlimit --as=1073741824 --cpu=60 -- sudo cinder-rootwrap /etc/cinder/rootwrap.conf env LC_ALL=C qemu-img info -f qcow2 --output=json --force-share /opt/stack/data/cinder/mnt/d5bb56c5ed6c284470faf15e48a17a9a/volume-408a47fd-ac2d-4d65-9de5-595cb59982a4 {{(pid=88899) execute /opt/stack/data/venv/lib/python3.12/site-packages/oslo_concurrency/processutils.py:440}}
Aug 03 08:33:57 devstack sudo[96608]: quobyte : PWD=/ ; USER=root ; COMMAND=/opt/stack/data/venv/bin/cinder-rootwrap /etc/cinder/rootwrap.conf env LC_ALL=C qemu-img info -f qcow2 --output=json --force-share /opt/stack/data/cinder/mnt/d5bb56c5ed6c284470faf15e48a17a9a/volume-408a47fd-ac2d-4d65-9de5-595cb59982a4
Aug 03 08:33:57 devstack sudo[96608]: pam_unix(sudo:session): session opened for user root(uid=0) by (uid=1000)
Aug 03 08:33:57 devstack sudo[96608]: pam_unix(sudo:session): session closed for user root
Aug 03 08:33:57 devstack cinder-volume[88899]: DEBUG oslo_concurrency.processutils [None req-53131291-d7d7-4b06-9956-04cd023a9b11 tempest-GroupSnapshotsTest-1944413600 None] CMD "/opt/stack/data/venv/bin/python3.12 -m oslo_concurrency.prlimit --as=1073741824 --cpu=60 -- sudo cinder-rootwrap /etc/cinder/rootwrap.conf env LC_ALL=C qemu-img info -f qcow2 --output=json --force-share /opt/stack/data/cinder/mnt/d5bb56c5ed6c284470faf15e48a17a9a/volume-408a47fd-ac2d-4d65-9de5-595cb59982a4" returned: 0 in 0.547s {{(pid=88899) execute /opt/stack/data/venv/lib/python3.12/site-packages/oslo_concurrency/processutils.py:468}}
Aug 03 08:33:57 devstack cinder-volume[88899]: DEBUG oslo_concurrency.processutils [None req-53131291-d7d7-4b06-9956-04cd023a9b11 tempest-GroupSnapshotsTest-1944413600 None] Running cmd (subprocess): sudo cinder-rootwrap /etc/cinder/rootwrap.conf qemu-img commit -d /opt/stack/data/cinder/mnt/d5bb56c5ed6c284470faf15e48a17a9a/volume-408a47fd-ac2d-4d65-9de5-595cb59982a4.0a263736-01c0-4b75-9d23-da79f1ebe1b2 {{(pid=88899) execute /opt/stack/data/venv/lib/python3.12/site-packages/oslo_concurrency/processutils.py:440}}
Aug 03 08:33:57 devstack sudo[96617]: quobyte : PWD=/ ; USER=root ; COMMAND=/opt/stack/data/venv/bin/cinder-rootwrap /etc/cinder/rootwrap.conf qemu-img commit -d /opt/stack/data/cinder/mnt/d5bb56c5ed6c284470faf15e48a17a9a/volume-408a47fd-ac2d-4d65-9de5-595cb59982a4.0a263736-01c0-4b75-9d23-da79f1ebe1b2
Aug 03 08:33:57 devstack sudo[96617]: pam_unix(sudo:session): session opened for user root(uid=0) by (uid=1000)
Aug 03 08:33:57 devstack sudo[96617]: pam_unix(sudo:session): session closed for user root
Aug 03 08:33:57 devstack cinder-volume[88899]: DEBUG oslo_concurrency.processutils [None req-53131291-d7d7-4b06-9956-04cd023a9b11 tempest-GroupSnapshotsTest-1944413600 None] CMD "sudo cinder-rootwrap /etc/cinder/rootwrap.conf qemu-img commit -d /opt/stack/data/cinder/mnt/d5bb56c5ed6c284470faf15e48a17a9a/volume-408a47fd-ac2d-4d65-9de5-595cb59982a4.0a263736-01c0-4b75-9d23-da79f1ebe1b2" returned: 0 in 0.530s {{(pid=88899) execute /opt/stack/data/venv/lib/python3.12/site-packages/oslo_concurrency/processutils.py:468}}
Aug 03 08:33:58 devstack cinder-volume[88899]: DEBUG oslo_concurrency.processutils [None req-53131291-d7d7-4b06-9956-04cd023a9b11 tempest-GroupSnapshotsTest-1944413600 None] Running cmd (subprocess): sudo cinder-rootwrap /etc/cinder/rootwrap.conf rm -f /opt/stack/data/cinder/mnt/d5bb56c5ed6c284470faf15e48a17a9a/volume-408a47fd-ac2d-4d65-9de5-595cb59982a4.0a263736-01c0-4b75-9d23-da79f1ebe1b2 {{(pid=88899) execute /opt/stack/data/venv/lib/python3.12/site-packages/oslo_concurrency/processutils.py:440}}
Aug 03 08:33:58 devstack sudo[96623]: quobyte : PWD=/ ; USER=root ; COMMAND=/opt/stack/data/venv/bin/cinder-rootwrap /etc/cinder/rootwrap.conf rm -f /opt/stack/data/cinder/mnt/d5bb56c5ed6c284470faf15e48a17a9a/volume-408a47fd-ac2d-4d65-9de5-595cb59982a4.0a263736-01c0-4b75-9d23-da79f1ebe1b2
Aug 03 08:33:58 devstack sudo[96623]: pam_unix(sudo:session): session opened for user root(uid=0) by (uid=1000)
Aug 03 08:33:58 devstack sudo[96623]: pam_unix(sudo:session): session closed for user root
Aug 03 08:33:58 devstack cinder-volume[88899]: DEBUG oslo_concurrency.processutils [None req-53131291-d7d7-4b06-9956-04cd023a9b11 tempest-GroupSnapshotsTest-1944413600 None] CMD "sudo cinder-rootwrap /etc/cinder/rootwrap.conf rm -f /opt/stack/data/cinder/mnt/d5bb56c5ed6c284470faf15e48a17a9a/volume-408a47fd-ac2d-4d65-9de5-595cb59982a4.0a263736-01c0-4b75-9d23-da79f1ebe1b2" returned: 0 in 0.375s {{(pid=88899) execute /opt/stack/data/venv/lib/python3.12/site-packages/oslo_concurrency/processutils.py:468}}
Aug 03 08:33:58 devstack cinder-volume[88899]: DEBUG cinder.coordination [None req-53131291-d7d7-4b06-9956-04cd023a9b11 tempest-GroupSnapshotsTest-1944413600 None] Lock "cinder-quobyte-0a263736-01c0-4b75-9d23-da79f1ebe1b2" released by "_delete_snapshot" :: held 2.189s {{(pid=88899) __release /opt/stack/cinder/cinder/coordination.py:152}}
Aug 03 08:33:58 devstack cinder-volume[88899]: DEBUG cinder.coordination [None req-53131291-d7d7-4b06-9956-04cd023a9b11 tempest-GroupSnapshotsTest-1944413600 None] Lock "cinder-quobyte-408a47fd-ac2d-4d65-9de5-595cb59982a4" released by "delete_snapshot" :: held 2.223s {{(pid=88899) __release /opt/stack/cinder/cinder/coordination.py:152}}
Aug 03 08:33:58 devstack cinder-volume[88899]: DEBUG cinder.coordination [None req-53131291-d7d7-4b06-9956-04cd023a9b11 tempest-GroupSnapshotsTest-1944413600 None] Acquiring lock "cinder-quobyte-d9319880-9aa9-4c4e-9fe1-ce86f035edf0" by "delete_snapshot" {{(pid=88899) __acquire /opt/stack/cinder/cinder/coordination.py:138}}
Aug 03 08:33:58 devstack cinder-volume[88899]: DEBUG cinder.coordination [None req-53131291-d7d7-4b06-9956-04cd023a9b11 tempest-GroupSnapshotsTest-1944413600 None] Lock "cinder-quobyte-d9319880-9aa9-4c4e-9fe1-ce86f035edf0" acquired by "delete_snapshot" :: waited 0.021s {{(pid=88899) __acquire /opt/stack/cinder/cinder/coordination.py:141}}
Aug 03 08:33:58 devstack cinder-volume[88899]: DEBUG cinder.coordination [None req-53131291-d7d7-4b06-9956-04cd023a9b11 tempest-GroupSnapshotsTest-1944413600 None] Acquiring lock "cinder-quobyte-a9f917c0-df45-4ff9-95c5-2c1649da6911" by "_delete_snapshot" {{(pid=88899) __acquire /opt/stack/cinder/cinder/coordination.py:138}}
Aug 03 08:33:58 devstack cinder-volume[88899]: DEBUG cinder.coordination [None req-53131291-d7d7-4b06-9956-04cd023a9b11 tempest-GroupSnapshotsTest-1944413600 None] Lock "cinder-quobyte-a9f917c0-df45-4ff9-95c5-2c1649da6911" acquired by "_delete_snapshot" :: waited 0.026s {{(pid=88899) __acquire /opt/stack/cinder/cinder/coordination.py:141}}
Aug 03 08:33:58 devstack cinder-volume[88899]: DEBUG cinder.volume.drivers.remotefs [None req-53131291-d7d7-4b06-9956-04cd023a9b11 tempest-GroupSnapshotsTest-1944413600 None] Deleting offline snapshot a9f917c0-df45-4ff9-95c5-2c1649da6911 of volume d9319880-9aa9-4c4e-9fe1-ce86f035edf0 {{(pid=88899) _delete_snapshot /opt/stack/cinder/cinder/volume/drivers/remotefs.py:1288}}
Aug 03 08:33:58 devstack cinder-volume[88899]: DEBUG cinder.volume.drivers.remotefs [None req-53131291-d7d7-4b06-9956-04cd023a9b11 tempest-GroupSnapshotsTest-1944413600 None] snapshot_file for this snap is: volume-d9319880-9aa9-4c4e-9fe1-ce86f035edf0.a9f917c0-df45-4ff9-95c5-2c1649da6911 {{(pid=88899) _delete_snapshot /opt/stack/cinder/cinder/volume/drivers/remotefs.py:1317}}
Aug 03 08:33:58 devstack cinder-volume[88899]: DEBUG oslo.privsep.daemon [-] privsep: reply[ac3ca858-8565-44e9-8c65-b25a8411772e]: (4, 'qcow2') {{(pid=90633) _call_back /opt/stack/data/venv/lib/python3.12/site-packages/oslo_privsep/daemon.py:580}}
Aug 03 08:33:58 devstack cinder-volume[88899]: DEBUG oslo_concurrency.processutils [None req-53131291-d7d7-4b06-9956-04cd023a9b11 tempest-GroupSnapshotsTest-1944413600 None] Running cmd (subprocess): /opt/stack/data/venv/bin/python3.12 -m oslo_concurrency.prlimit --as=1073741824 --cpu=60 -- sudo cinder-rootwrap /etc/cinder/rootwrap.conf env LC_ALL=C qemu-img info -f qcow2 --output=json --force-share /opt/stack/data/cinder/mnt/d5bb56c5ed6c284470faf15e48a17a9a/volume-d9319880-9aa9-4c4e-9fe1-ce86f035edf0.a9f917c0-df45-4ff9-95c5-2c1649da6911 {{(pid=88899) execute /opt/stack/data/venv/lib/python3.12/site-packages/oslo_concurrency/processutils.py:440}}
Aug 03 08:33:58 devstack sudo[96627]: quobyte : PWD=/ ; USER=root ; COMMAND=/opt/stack/data/venv/bin/cinder-rootwrap /etc/cinder/rootwrap.conf env LC_ALL=C qemu-img info -f qcow2 --output=json --force-share /opt/stack/data/cinder/mnt/d5bb56c5ed6c284470faf15e48a17a9a/volume-d9319880-9aa9-4c4e-9fe1-ce86f035edf0.a9f917c0-df45-4ff9-95c5-2c1649da6911
Aug 03 08:33:58 devstack sudo[96627]: pam_unix(sudo:session): session opened for user root(uid=0) by (uid=1000)
Aug 03 08:33:59 devstack sudo[96627]: pam_unix(sudo:session): session closed for user root
Aug 03 08:33:59 devstack cinder-volume[88899]: DEBUG oslo_concurrency.processutils [None req-53131291-d7d7-4b06-9956-04cd023a9b11 tempest-GroupSnapshotsTest-1944413600 None] CMD "/opt/stack/data/venv/bin/python3.12 -m oslo_concurrency.prlimit --as=1073741824 --cpu=60 -- sudo cinder-rootwrap /etc/cinder/rootwrap.conf env LC_ALL=C qemu-img info -f qcow2 --output=json --force-share /opt/stack/data/cinder/mnt/d5bb56c5ed6c284470faf15e48a17a9a/volume-d9319880-9aa9-4c4e-9fe1-ce86f035edf0.a9f917c0-df45-4ff9-95c5-2c1649da6911" returned: 0 in 0.504s {{(pid=88899) execute /opt/stack/data/venv/lib/python3.12/site-packages/oslo_concurrency/processutils.py:468}}
Aug 03 08:33:59 devstack cinder-volume[88899]: DEBUG cinder.volume.drivers.remotefs [None req-53131291-d7d7-4b06-9956-04cd023a9b11 tempest-GroupSnapshotsTest-1944413600 None] Fetching qemu-img info with special backing_file_template: (/opt/stack/data/cinder/mnt/[0-9a-f]+/)?(volume-d9319880-9aa9-4c4e-9fe1-ce86f035edf0(.(tmp-snap-)?[0-9a-f-]+)?|volume_from_snapshot_cache/(tmp-snap-)?[0-9a-f-]+(.(child-|parent-)[0-9a-f-]+)?)$ {{(pid=88899) _qemu_img_info_base /opt/stack/cinder/cinder/volume/drivers/remotefs.py:896}}
Aug 03 08:33:59 devstack cinder-volume[88899]: DEBUG oslo.privsep.daemon [-] privsep: reply[303dce7d-7bdc-4aea-b617-d09d4a83d66b]: (4, 'qcow2') {{(pid=90633) _call_back /opt/stack/data/venv/lib/python3.12/site-packages/oslo_privsep/daemon.py:580}}
Aug 03 08:33:59 devstack cinder-volume[88899]: DEBUG oslo_concurrency.processutils [None req-53131291-d7d7-4b06-9956-04cd023a9b11 tempest-GroupSnapshotsTest-1944413600 None] Running cmd (subprocess): /opt/stack/data/venv/bin/python3.12 -m oslo_concurrency.prlimit --as=1073741824 --cpu=60 -- sudo cinder-rootwrap /etc/cinder/rootwrap.conf env LC_ALL=C qemu-img info -f qcow2 --output=json --force-share /opt/stack/data/cinder/mnt/d5bb56c5ed6c284470faf15e48a17a9a/volume-d9319880-9aa9-4c4e-9fe1-ce86f035edf0 {{(pid=88899) execute /opt/stack/data/venv/lib/python3.12/site-packages/oslo_concurrency/processutils.py:440}}
Aug 03 08:33:59 devstack sudo[96632]: quobyte : PWD=/ ; USER=root ; COMMAND=/opt/stack/data/venv/bin/cinder-rootwrap /etc/cinder/rootwrap.conf env LC_ALL=C qemu-img info -f qcow2 --output=json --force-share /opt/stack/data/cinder/mnt/d5bb56c5ed6c284470faf15e48a17a9a/volume-d9319880-9aa9-4c4e-9fe1-ce86f035edf0
Aug 03 08:33:59 devstack sudo[96632]: pam_unix(sudo:session): session opened for user root(uid=0) by (uid=1000)
Aug 03 08:33:59 devstack cinder-volume[88899]: DEBUG oslo_concurrency.lockutils [req-e6cbaf42-c332-41e5-96d3-78a3bc1526f1 req-331ec830-c058-41bc-8db0-fec6caec3cfb tempest-ServerActionsTestOtherA-826446422 None] Acquiring lock "quobyte" by "cinder.volume.drivers.quobyte.QuobyteDriver.initialize_connection" {{(pid=88899) inner /opt/stack/data/venv/lib/python3.12/site-packages/oslo_concurrency/lockutils.py:512}}
Aug 03 08:33:59 devstack cinder-volume[88899]: DEBUG oslo_concurrency.lockutils [req-e6cbaf42-c332-41e5-96d3-78a3bc1526f1 req-331ec830-c058-41bc-8db0-fec6caec3cfb tempest-ServerActionsTestOtherA-826446422 None] Lock "quobyte" acquired by "cinder.volume.drivers.quobyte.QuobyteDriver.initialize_connection" :: waited 0.001s {{(pid=88899) inner /opt/stack/data/venv/lib/python3.12/site-packages/oslo_concurrency/lockutils.py:525}}
Aug 03 08:33:59 devstack cinder-volume[88899]: DEBUG oslo_concurrency.lockutils [req-e6cbaf42-c332-41e5-96d3-78a3bc1526f1 req-331ec830-c058-41bc-8db0-fec6caec3cfb tempest-ServerActionsTestOtherA-826446422 None] Lock "quobyte" "released" by "cinder.volume.drivers.quobyte.QuobyteDriver.initialize_connection" :: held 0.019s {{(pid=88899) inner /opt/stack/data/venv/lib/python3.12/site-packages/oslo_concurrency/lockutils.py:544}}
Aug 03 08:33:59 devstack cinder-volume[88899]: DEBUG cinder.volume.manager [req-e6cbaf42-c332-41e5-96d3-78a3bc1526f1 req-331ec830-c058-41bc-8db0-fec6caec3cfb tempest-ServerActionsTestOtherA-826446422 None] Connection info returned from driver {'export': 'osci02.corp.quobyte.com/cinder-vol-0c2b256f-5995-45cd-bd86-aa9e4f2e1385', 'name': 'volume-a62a55cb-cd3f-4d05-9d19-0aa3f9654f56', 'options': None, 'format': 'qcow2', 'qos_specs': None, 'access_mode': 'rw', 'encrypted': False, 'cacheable': False, 'driver_volume_type': 'quobyte', 'mount_point_base': '/opt/stack/data/cinder/mnt', 'attachment_id': '9df575e3-f819-4b63-be8f-cf2018cb95a0', 'enforce_multipath': True} {{(pid=88899) _connection_create /opt/stack/cinder/cinder/volume/manager.py:4924}}
Aug 03 08:33:59 devstack cinder-volume[88899]: INFO cinder.volume.manager [req-e6cbaf42-c332-41e5-96d3-78a3bc1526f1 req-331ec830-c058-41bc-8db0-fec6caec3cfb tempest-ServerActionsTestOtherA-826446422 None] attachment_update completed successfully.
Aug 03 08:33:59 devstack sudo[96632]: pam_unix(sudo:session): session closed for user root
Aug 03 08:33:59 devstack cinder-volume[88899]: DEBUG oslo_concurrency.processutils [None req-53131291-d7d7-4b06-9956-04cd023a9b11 tempest-GroupSnapshotsTest-1944413600 None] CMD "/opt/stack/data/venv/bin/python3.12 -m oslo_concurrency.prlimit --as=1073741824 --cpu=60 -- sudo cinder-rootwrap /etc/cinder/rootwrap.conf env LC_ALL=C qemu-img info -f qcow2 --output=json --force-share /opt/stack/data/cinder/mnt/d5bb56c5ed6c284470faf15e48a17a9a/volume-d9319880-9aa9-4c4e-9fe1-ce86f035edf0" returned: 0 in 0.875s {{(pid=88899) execute /opt/stack/data/venv/lib/python3.12/site-packages/oslo_concurrency/processutils.py:468}}
Aug 03 08:33:59 devstack cinder-volume[88899]: DEBUG oslo_concurrency.processutils [None req-53131291-d7d7-4b06-9956-04cd023a9b11 tempest-GroupSnapshotsTest-1944413600 None] Running cmd (subprocess): sudo cinder-rootwrap /etc/cinder/rootwrap.conf qemu-img commit -d /opt/stack/data/cinder/mnt/d5bb56c5ed6c284470faf15e48a17a9a/volume-d9319880-9aa9-4c4e-9fe1-ce86f035edf0.a9f917c0-df45-4ff9-95c5-2c1649da6911 {{(pid=88899) execute /opt/stack/data/venv/lib/python3.12/site-packages/oslo_concurrency/processutils.py:440}}
Aug 03 08:34:00 devstack sudo[96646]: quobyte : PWD=/ ; USER=root ; COMMAND=/opt/stack/data/venv/bin/cinder-rootwrap /etc/cinder/rootwrap.conf qemu-img commit -d /opt/stack/data/cinder/mnt/d5bb56c5ed6c284470faf15e48a17a9a/volume-d9319880-9aa9-4c4e-9fe1-ce86f035edf0.a9f917c0-df45-4ff9-95c5-2c1649da6911
Aug 03 08:34:00 devstack sudo[96646]: pam_unix(sudo:session): session opened for user root(uid=0) by (uid=1000)
Aug 03 08:34:00 devstack sudo[96646]: pam_unix(sudo:session): session closed for user root
Aug 03 08:34:00 devstack cinder-volume[88899]: DEBUG oslo_concurrency.processutils [None req-53131291-d7d7-4b06-9956-04cd023a9b11 tempest-GroupSnapshotsTest-1944413600 None] CMD "sudo cinder-rootwrap /etc/cinder/rootwrap.conf qemu-img commit -d /opt/stack/data/cinder/mnt/d5bb56c5ed6c284470faf15e48a17a9a/volume-d9319880-9aa9-4c4e-9fe1-ce86f035edf0.a9f917c0-df45-4ff9-95c5-2c1649da6911" returned: 0 in 0.569s {{(pid=88899) execute /opt/stack/data/venv/lib/python3.12/site-packages/oslo_concurrency/processutils.py:468}}
Aug 03 08:34:00 devstack cinder-volume[88899]: DEBUG oslo_concurrency.processutils [None req-53131291-d7d7-4b06-9956-04cd023a9b11 tempest-GroupSnapshotsTest-1944413600 None] Running cmd (subprocess): sudo cinder-rootwrap /etc/cinder/rootwrap.conf rm -f /opt/stack/data/cinder/mnt/d5bb56c5ed6c284470faf15e48a17a9a/volume-d9319880-9aa9-4c4e-9fe1-ce86f035edf0.a9f917c0-df45-4ff9-95c5-2c1649da6911 {{(pid=88899) execute /opt/stack/data/venv/lib/python3.12/site-packages/oslo_concurrency/processutils.py:440}}
Aug 03 08:34:00 devstack sudo[96661]: quobyte : PWD=/ ; USER=root ; COMMAND=/opt/stack/data/venv/bin/cinder-rootwrap /etc/cinder/rootwrap.conf rm -f /opt/stack/data/cinder/mnt/d5bb56c5ed6c284470faf15e48a17a9a/volume-d9319880-9aa9-4c4e-9fe1-ce86f035edf0.a9f917c0-df45-4ff9-95c5-2c1649da6911
Aug 03 08:34:00 devstack sudo[96661]: pam_unix(sudo:session): session opened for user root(uid=0) by (uid=1000)
Aug 03 08:34:00 devstack sudo[96661]: pam_unix(sudo:session): session closed for user root
Aug 03 08:34:00 devstack cinder-volume[88899]: DEBUG oslo_concurrency.processutils [None req-53131291-d7d7-4b06-9956-04cd023a9b11 tempest-GroupSnapshotsTest-1944413600 None] CMD "sudo cinder-rootwrap /etc/cinder/rootwrap.conf rm -f /opt/stack/data/cinder/mnt/d5bb56c5ed6c284470faf15e48a17a9a/volume-d9319880-9aa9-4c4e-9fe1-ce86f035edf0.a9f917c0-df45-4ff9-95c5-2c1649da6911" returned: 0 in 0.314s {{(pid=88899) execute /opt/stack/data/venv/lib/python3.12/site-packages/oslo_concurrency/processutils.py:468}}
Aug 03 08:34:00 devstack cinder-volume[88899]: DEBUG cinder.coordination [None req-53131291-d7d7-4b06-9956-04cd023a9b11 tempest-GroupSnapshotsTest-1944413600 None] Lock "cinder-quobyte-a9f917c0-df45-4ff9-95c5-2c1649da6911" released by "_delete_snapshot" :: held 2.411s {{(pid=88899) __release /opt/stack/cinder/cinder/coordination.py:152}}
Aug 03 08:34:00 devstack cinder-volume[88899]: DEBUG cinder.coordination [None req-53131291-d7d7-4b06-9956-04cd023a9b11 tempest-GroupSnapshotsTest-1944413600 None] Lock "cinder-quobyte-d9319880-9aa9-4c4e-9fe1-ce86f035edf0" released by "delete_snapshot" :: held 2.445s {{(pid=88899) __release /opt/stack/cinder/cinder/coordination.py:152}}
Aug 03 08:34:01 devstack cinder-volume[88899]: WARNING cinder.quota [None req-53131291-d7d7-4b06-9956-04cd023a9b11 tempest-GroupSnapshotsTest-1944413600 None] Deprecated: Default quota for resource: gigabytes_tempest-GroupSnapshotsTest-volume-type-1397177391 is set by the default quota flag: quota_gigabytes_tempest-GroupSnapshotsTest-volume-type-1397177391, it is now deprecated. Please use the default quota class for default quota.
Aug 03 08:34:01 devstack cinder-volume[88899]: WARNING cinder.quota [None req-53131291-d7d7-4b06-9956-04cd023a9b11 tempest-GroupSnapshotsTest-1944413600 None] Deprecated: Default quota for resource: snapshots_tempest-GroupSnapshotsTest-volume-type-1397177391 is set by the default quota flag: quota_snapshots_tempest-GroupSnapshotsTest-volume-type-1397177391, it is now deprecated. Please use the default quota class for default quota.
Aug 03 08:34:01 devstack cinder-volume[88899]: DEBUG cinder.quota [None req-53131291-d7d7-4b06-9956-04cd023a9b11 tempest-GroupSnapshotsTest-1944413600 None] Created reservations ['ffe0283e-763a-4421-af43-5e983acce61e', '8fb001d9-a156-4aa4-b062-1e5e0011cef1', 'f509be0a-ef95-49ac-bac5-c5022b9e6425', '0d609744-5751-459c-9df0-d18f15a4db0c'] {{(pid=88899) reserve /opt/stack/cinder/cinder/quota.py:752}}
Aug 03 08:34:01 devstack cinder-volume[88899]: DEBUG cinder.quota [None req-53131291-d7d7-4b06-9956-04cd023a9b11 tempest-GroupSnapshotsTest-1944413600 None] Created reservations ['0a933883-856e-465e-8c19-73cd959e8d6e', '6737b9e3-5e58-4c87-89d0-daf86c18d8e4', 'a3ac19da-6bca-4188-92b7-510e660ec280', 'c86eaea4-86a6-4223-99ec-31a6d9b20586'] {{(pid=88899) reserve /opt/stack/cinder/cinder/quota.py:752}}
Aug 03 08:34:01 devstack cinder-volume[88899]: INFO cinder.volume.manager [None req-53131291-d7d7-4b06-9956-04cd023a9b11 tempest-GroupSnapshotsTest-1944413600 None] group_snapshot 337b2c69-4a5b-46d2-bc3d-00d97abdabd4: deleted successfully
Aug 03 08:34:02 devstack cinder-volume[88899]: DEBUG cinder.coordination [None req-ffa245b7-8bf1-406b-ada5-159a70841a2c tempest-GroupSnapshotsTest-1944413600 None] Acquiring lock "cinder-quobyte-408a47fd-ac2d-4d65-9de5-595cb59982a4" by "delete_volume" {{(pid=88899) __acquire /opt/stack/cinder/cinder/coordination.py:138}}
Aug 03 08:34:02 devstack cinder-volume[88899]: DEBUG cinder.coordination [None req-ffa245b7-8bf1-406b-ada5-159a70841a2c tempest-GroupSnapshotsTest-1944413600 None] Lock "cinder-quobyte-408a47fd-ac2d-4d65-9de5-595cb59982a4" acquired by "delete_volume" :: waited 0.021s {{(pid=88899) __acquire /opt/stack/cinder/cinder/coordination.py:141}}
Aug 03 08:34:02 devstack cinder-volume[88899]: DEBUG oslo.privsep.daemon [-] privsep: reply[eebbfd6c-9ae3-44d6-9d90-825f894705e2]: (4, 'qcow2') {{(pid=90633) _call_back /opt/stack/data/venv/lib/python3.12/site-packages/oslo_privsep/daemon.py:580}}
Aug 03 08:34:02 devstack cinder-volume[88899]: DEBUG oslo_concurrency.processutils [None req-ffa245b7-8bf1-406b-ada5-159a70841a2c tempest-GroupSnapshotsTest-1944413600 None] Running cmd (subprocess): /opt/stack/data/venv/bin/python3.12 -m oslo_concurrency.prlimit --as=1073741824 --cpu=60 -- sudo cinder-rootwrap /etc/cinder/rootwrap.conf env LC_ALL=C qemu-img info -f qcow2 --output=json --force-share /opt/stack/data/cinder/mnt/d5bb56c5ed6c284470faf15e48a17a9a/volume-408a47fd-ac2d-4d65-9de5-595cb59982a4 {{(pid=88899) execute /opt/stack/data/venv/lib/python3.12/site-packages/oslo_concurrency/processutils.py:440}}
Aug 03 08:34:02 devstack sudo[96669]: quobyte : PWD=/ ; USER=root ; COMMAND=/opt/stack/data/venv/bin/cinder-rootwrap /etc/cinder/rootwrap.conf env LC_ALL=C qemu-img info -f qcow2 --output=json --force-share /opt/stack/data/cinder/mnt/d5bb56c5ed6c284470faf15e48a17a9a/volume-408a47fd-ac2d-4d65-9de5-595cb59982a4
Aug 03 08:34:02 devstack sudo[96669]: pam_unix(sudo:session): session opened for user root(uid=0) by (uid=1000)
Aug 03 08:34:02 devstack sudo[96669]: pam_unix(sudo:session): session closed for user root
Aug 03 08:34:02 devstack cinder-volume[88899]: DEBUG oslo_concurrency.processutils [None req-ffa245b7-8bf1-406b-ada5-159a70841a2c tempest-GroupSnapshotsTest-1944413600 None] CMD "/opt/stack/data/venv/bin/python3.12 -m oslo_concurrency.prlimit --as=1073741824 --cpu=60 -- sudo cinder-rootwrap /etc/cinder/rootwrap.conf env LC_ALL=C qemu-img info -f qcow2 --output=json --force-share /opt/stack/data/cinder/mnt/d5bb56c5ed6c284470faf15e48a17a9a/volume-408a47fd-ac2d-4d65-9de5-595cb59982a4" returned: 0 in 0.479s {{(pid=88899) execute /opt/stack/data/venv/lib/python3.12/site-packages/oslo_concurrency/processutils.py:468}}
Aug 03 08:34:02 devstack cinder-volume[88899]: DEBUG oslo_concurrency.processutils [None req-ffa245b7-8bf1-406b-ada5-159a70841a2c tempest-GroupSnapshotsTest-1944413600 None] Running cmd (subprocess): sudo cinder-rootwrap /etc/cinder/rootwrap.conf rm -f /opt/stack/data/cinder/mnt/d5bb56c5ed6c284470faf15e48a17a9a/volume-408a47fd-ac2d-4d65-9de5-595cb59982a4 {{(pid=88899) execute /opt/stack/data/venv/lib/python3.12/site-packages/oslo_concurrency/processutils.py:440}}
Aug 03 08:34:02 devstack sudo[96674]: quobyte : PWD=/ ; USER=root ; COMMAND=/opt/stack/data/venv/bin/cinder-rootwrap /etc/cinder/rootwrap.conf rm -f /opt/stack/data/cinder/mnt/d5bb56c5ed6c284470faf15e48a17a9a/volume-408a47fd-ac2d-4d65-9de5-595cb59982a4
Aug 03 08:34:02 devstack sudo[96674]: pam_unix(sudo:session): session opened for user root(uid=0) by (uid=1000)
Aug 03 08:34:03 devstack sudo[96674]: pam_unix(sudo:session): session closed for user root
Aug 03 08:34:03 devstack cinder-volume[88899]: DEBUG oslo_concurrency.processutils [None req-ffa245b7-8bf1-406b-ada5-159a70841a2c tempest-GroupSnapshotsTest-1944413600 None] CMD "sudo cinder-rootwrap /etc/cinder/rootwrap.conf rm -f /opt/stack/data/cinder/mnt/d5bb56c5ed6c284470faf15e48a17a9a/volume-408a47fd-ac2d-4d65-9de5-595cb59982a4" returned: 0 in 0.288s {{(pid=88899) execute /opt/stack/data/venv/lib/python3.12/site-packages/oslo_concurrency/processutils.py:468}}
Aug 03 08:34:03 devstack cinder-volume[88899]: DEBUG cinder.coordination [None req-ffa245b7-8bf1-406b-ada5-159a70841a2c tempest-GroupSnapshotsTest-1944413600 None] Lock "cinder-quobyte-408a47fd-ac2d-4d65-9de5-595cb59982a4" released by "delete_volume" :: held 0.853s {{(pid=88899) __release /opt/stack/cinder/cinder/coordination.py:152}}
Aug 03 08:34:03 devstack cinder-volume[88899]: DEBUG cinder.coordination [None req-ffa245b7-8bf1-406b-ada5-159a70841a2c tempest-GroupSnapshotsTest-1944413600 None] Acquiring lock "cinder-quobyte-d9319880-9aa9-4c4e-9fe1-ce86f035edf0" by "delete_volume" {{(pid=88899) __acquire /opt/stack/cinder/cinder/coordination.py:138}}
Aug 03 08:34:03 devstack cinder-volume[88899]: DEBUG cinder.coordination [None req-ffa245b7-8bf1-406b-ada5-159a70841a2c tempest-GroupSnapshotsTest-1944413600 None] Lock "cinder-quobyte-d9319880-9aa9-4c4e-9fe1-ce86f035edf0" acquired by "delete_volume" :: waited 0.028s {{(pid=88899) __acquire /opt/stack/cinder/cinder/coordination.py:141}}
