Jul 19 13:06:40 devstack cinder-volume[87305]: DEBUG cinder.volume.drivers.quobyte [None req-583e2aaf-2fcf-447b-9224-1c023359ce40 tempest-GroupsV314Test-2124852993 None] Selected osci02.corp.quobyte.com/cinder-vol-b0ee0b29-18c1-4df4-a476-7124b84771b4 as target Quobyte volume. {{(pid=87305) _find_share /opt/stack/cinder/cinder/volume/drivers/quobyte.py:702}}
Jul 19 13:06:40 devstack cinder-volume[87305]: INFO cinder.volume.drivers.remotefs [None req-583e2aaf-2fcf-447b-9224-1c023359ce40 tempest-GroupsV314Test-2124852993 None] casted to osci02.corp.quobyte.com/cinder-vol-b0ee0b29-18c1-4df4-a476-7124b84771b4
Jul 19 13:06:40 devstack cinder-volume[87305]: DEBUG oslo_concurrency.processutils [None req-583e2aaf-2fcf-447b-9224-1c023359ce40 tempest-GroupsV314Test-2124852993 None] Running cmd (subprocess): sudo cinder-rootwrap /etc/cinder/rootwrap.conf qemu-img create -f qcow2 -o preallocation=metadata /opt/stack/data/cinder/mnt/aa05c62252ba54d57126d4f4e1890fcb/volume-8c94940c-6ed1-4590-acc3-7bc8f32336a0 1073741824 {{(pid=87305) execute /opt/stack/data/venv/lib/python3.12/site-packages/oslo_concurrency/processutils.py:440}}
Jul 19 13:06:40 devstack cinder-volume[87305]: DEBUG oslo_concurrency.processutils [None req-c80a88d1-17d5-4852-afc4-17427cf2d13f tempest-TaggedAttachmentsTest-2091064195 None] CMD "sudo cinder-rootwrap /etc/cinder/rootwrap.conf df --portability --block-size 1 /opt/stack/data/cinder/mnt/aa05c62252ba54d57126d4f4e1890fcb" returned: 0 in 0.403s {{(pid=87305) execute /opt/stack/data/venv/lib/python3.12/site-packages/oslo_concurrency/processutils.py:468}}
Jul 19 13:06:40 devstack cinder-volume[87305]: DEBUG cinder.manager [None req-c80a88d1-17d5-4852-afc4-17427cf2d13f tempest-TaggedAttachmentsTest-2091064195 None] Notifying Schedulers of capabilities ... {{(pid=87305) _publish_service_capabilities /opt/stack/cinder/cinder/manager.py:219}}
Jul 19 13:06:40 devstack cinder-volume[87305]: INFO cinder.volume.manager [None req-c80a88d1-17d5-4852-afc4-17427cf2d13f tempest-TaggedAttachmentsTest-2091064195 None] Deleted volume successfully.
Jul 19 13:06:40 devstack sudo[92301]: quobyte : PWD=/ ; USER=root ; COMMAND=/opt/stack/data/venv/bin/cinder-rootwrap /etc/cinder/rootwrap.conf qemu-img create -f qcow2 -o preallocation=metadata /opt/stack/data/cinder/mnt/aa05c62252ba54d57126d4f4e1890fcb/volume-8c94940c-6ed1-4590-acc3-7bc8f32336a0 1073741824
Jul 19 13:06:40 devstack sudo[92301]: pam_unix(sudo:session): session opened for user root(uid=0) by (uid=1000)
Jul 19 13:06:40 devstack cinder-volume[87305]: DEBUG cinder.coordination [None req-c80a88d1-17d5-4852-afc4-17427cf2d13f tempest-TaggedAttachmentsTest-2091064195 None] Lock "cinder-1ef1dc1e-9dc8-4f72-a7a9-1929c0b4babd-delete_volume" released by "delete_volume" :: held 1.449s {{(pid=87305) __release /opt/stack/cinder/cinder/coordination.py:152}}
Jul 19 13:06:40 devstack sudo[92301]: pam_unix(sudo:session): session closed for user root
Jul 19 13:06:40 devstack cinder-volume[87305]: DEBUG oslo_concurrency.processutils [None req-583e2aaf-2fcf-447b-9224-1c023359ce40 tempest-GroupsV314Test-2124852993 None] CMD "sudo cinder-rootwrap /etc/cinder/rootwrap.conf qemu-img create -f qcow2 -o preallocation=metadata /opt/stack/data/cinder/mnt/aa05c62252ba54d57126d4f4e1890fcb/volume-8c94940c-6ed1-4590-acc3-7bc8f32336a0 1073741824" returned: 0 in 0.524s {{(pid=87305) execute /opt/stack/data/venv/lib/python3.12/site-packages/oslo_concurrency/processutils.py:468}}
Jul 19 13:06:40 devstack cinder-volume[87305]: DEBUG oslo_concurrency.processutils [None req-583e2aaf-2fcf-447b-9224-1c023359ce40 tempest-GroupsV314Test-2124852993 None] Running cmd (subprocess): sudo cinder-rootwrap /etc/cinder/rootwrap.conf chmod ugo+rw /opt/stack/data/cinder/mnt/aa05c62252ba54d57126d4f4e1890fcb/volume-8c94940c-6ed1-4590-acc3-7bc8f32336a0 {{(pid=87305) execute /opt/stack/data/venv/lib/python3.12/site-packages/oslo_concurrency/processutils.py:440}}
Jul 19 13:06:40 devstack sudo[92308]: quobyte : PWD=/ ; USER=root ; COMMAND=/opt/stack/data/venv/bin/cinder-rootwrap /etc/cinder/rootwrap.conf chmod ugo+rw /opt/stack/data/cinder/mnt/aa05c62252ba54d57126d4f4e1890fcb/volume-8c94940c-6ed1-4590-acc3-7bc8f32336a0
Jul 19 13:06:40 devstack sudo[92308]: pam_unix(sudo:session): session opened for user root(uid=0) by (uid=1000)
Jul 19 13:06:41 devstack sudo[92308]: pam_unix(sudo:session): session closed for user root
Jul 19 13:06:41 devstack cinder-volume[87305]: DEBUG oslo_concurrency.processutils [None req-583e2aaf-2fcf-447b-9224-1c023359ce40 tempest-GroupsV314Test-2124852993 None] CMD "sudo cinder-rootwrap /etc/cinder/rootwrap.conf chmod ugo+rw /opt/stack/data/cinder/mnt/aa05c62252ba54d57126d4f4e1890fcb/volume-8c94940c-6ed1-4590-acc3-7bc8f32336a0" returned: 0 in 0.311s {{(pid=87305) execute /opt/stack/data/venv/lib/python3.12/site-packages/oslo_concurrency/processutils.py:468}}
Jul 19 13:06:41 devstack cinder-volume[87305]: DEBUG cinder.volume.drivers.quobyte [None req-583e2aaf-2fcf-447b-9224-1c023359ce40 tempest-GroupsV314Test-2124852993 None] <== create_volume: return (891ms) {'provider_location': 'osci02.corp.quobyte.com/cinder-vol-b0ee0b29-18c1-4df4-a476-7124b84771b4'} {{(pid=87305) trace_logging_wrapper /opt/stack/cinder/cinder/volume/volume_utils.py:1522}}
Jul 19 13:06:41 devstack cinder-volume[87305]: DEBUG oslo_concurrency.lockutils [None req-583e2aaf-2fcf-447b-9224-1c023359ce40 tempest-GroupsV314Test-2124852993 None] Lock "quobyte" "released" by "cinder.volume.drivers.quobyte.QuobyteDriver.create_volume" :: held 0.893s {{(pid=87305) inner /opt/stack/data/venv/lib/python3.12/site-packages/oslo_concurrency/lockutils.py:544}}
Jul 19 13:06:41 devstack cinder-volume[87305]: DEBUG cinder.volume.manager [None req-583e2aaf-2fcf-447b-9224-1c023359ce40 tempest-GroupsV314Test-2124852993 None] Task 'cinder.volume.flows.manager.create_volume.CreateVolumeFromSpecTask;volume:create' (34e9554a-2cd7-4067-8efe-c48f7d67bdb1) transitioned into state 'SUCCESS' from state 'RUNNING' with result '{'status': 'creating', 'volume_name': 'volume-8c94940c-6ed1-4590-acc3-7bc8f32336a0', 'volume_size': 1}' {{(pid=87305) _task_receiver /opt/stack/data/venv/lib/python3.12/site-packages/taskflow/listeners/logging.py:218}}
Jul 19 13:06:41 devstack cinder-volume[87305]: DEBUG cinder.volume.manager [None req-583e2aaf-2fcf-447b-9224-1c023359ce40 tempest-GroupsV314Test-2124852993 None] Task 'cinder.volume.flows.manager.create_volume.CreateVolumeOnFinishTask;volume:create, create.end' (ba652c53-135f-4ad4-88e2-329c525cdc2b) transitioned into state 'RUNNING' from state 'PENDING' {{(pid=87305) _task_receiver /opt/stack/data/venv/lib/python3.12/site-packages/taskflow/listeners/logging.py:242}}
Jul 19 13:06:41 devstack cinder-volume[87305]: INFO cinder.volume.flows.manager.create_volume [None req-583e2aaf-2fcf-447b-9224-1c023359ce40 tempest-GroupsV314Test-2124852993 None] Volume volume-8c94940c-6ed1-4590-acc3-7bc8f32336a0 (8c94940c-6ed1-4590-acc3-7bc8f32336a0): created successfully
Jul 19 13:06:41 devstack cinder-volume[87305]: DEBUG cinder.volume.manager [None req-583e2aaf-2fcf-447b-9224-1c023359ce40 tempest-GroupsV314Test-2124852993 None] Task 'cinder.volume.flows.manager.create_volume.CreateVolumeOnFinishTask;volume:create, create.end' (ba652c53-135f-4ad4-88e2-329c525cdc2b) transitioned into state 'SUCCESS' from state 'RUNNING' with result 'None' {{(pid=87305) _task_receiver /opt/stack/data/venv/lib/python3.12/site-packages/taskflow/listeners/logging.py:218}}
Jul 19 13:06:41 devstack cinder-volume[87305]: DEBUG cinder.volume.manager [None req-583e2aaf-2fcf-447b-9224-1c023359ce40 tempest-GroupsV314Test-2124852993 None] Flow 'volume_create_manager' (597b7384-e37a-4b04-9c8e-6729faf1e46c) transitioned into state 'SUCCESS' from state 'RUNNING' {{(pid=87305) _flow_receiver /opt/stack/data/venv/lib/python3.12/site-packages/taskflow/listeners/logging.py:160}}
Jul 19 13:06:41 devstack cinder-volume[87305]: INFO cinder.volume.manager [None req-583e2aaf-2fcf-447b-9224-1c023359ce40 tempest-GroupsV314Test-2124852993 None] Created volume successfully.
Jul 19 13:06:42 devstack cinder-volume[87305]: DEBUG oslo_concurrency.lockutils [None req-ad6743bc-a786-4205-84ef-828c6877521d tempest-GroupsV314Test-2124852993 None] Acquiring lock "quobyte" by "cinder.volume.drivers.quobyte.QuobyteDriver.create_cloned_volume" {{(pid=87305) inner /opt/stack/data/venv/lib/python3.12/site-packages/oslo_concurrency/lockutils.py:512}}
Jul 19 13:06:42 devstack cinder-volume[87305]: DEBUG oslo_concurrency.lockutils [None req-ad6743bc-a786-4205-84ef-828c6877521d tempest-GroupsV314Test-2124852993 None] Lock "quobyte" acquired by "cinder.volume.drivers.quobyte.QuobyteDriver.create_cloned_volume" :: waited 0.001s {{(pid=87305) inner /opt/stack/data/venv/lib/python3.12/site-packages/oslo_concurrency/lockutils.py:525}}
Jul 19 13:06:42 devstack cinder-volume[87305]: INFO cinder.volume.drivers.remotefs [None req-ad6743bc-a786-4205-84ef-828c6877521d tempest-GroupsV314Test-2124852993 None] Cloning volume 8c94940c-6ed1-4590-acc3-7bc8f32336a0 to volume e3f29d23-2d5e-4fc6-94ef-dfc7cd7e31eb
Jul 19 13:06:42 devstack cinder-volume[87305]: DEBUG cinder.volume.drivers.remotefs [None req-ad6743bc-a786-4205-84ef-828c6877521d tempest-GroupsV314Test-2124852993 None] Creating offline snapshot 8fda78b2-ed51-45db-ad19-d341c5e75857 of volume 8c94940c-6ed1-4590-acc3-7bc8f32336a0 {{(pid=87305) _create_snapshot /opt/stack/cinder/cinder/volume/drivers/remotefs.py:1816}}
Jul 19 13:06:42 devstack cinder-volume[87305]: DEBUG oslo.privsep.daemon [-] privsep: reply[e596293e-45d1-4002-844e-ce98007610ac]: (4, 'qcow2') {{(pid=88583) _call_back /opt/stack/data/venv/lib/python3.12/site-packages/oslo_privsep/daemon.py:580}}
Jul 19 13:06:42 devstack cinder-volume[87305]: DEBUG oslo_concurrency.processutils [None req-ad6743bc-a786-4205-84ef-828c6877521d tempest-GroupsV314Test-2124852993 None] Running cmd (subprocess): /opt/stack/data/venv/bin/python3.12 -m oslo_concurrency.prlimit --as=1073741824 --cpu=60 -- sudo cinder-rootwrap /etc/cinder/rootwrap.conf env LC_ALL=C qemu-img info -f qcow2 --output=json --force-share /opt/stack/data/cinder/mnt/aa05c62252ba54d57126d4f4e1890fcb/volume-8c94940c-6ed1-4590-acc3-7bc8f32336a0 {{(pid=87305) execute /opt/stack/data/venv/lib/python3.12/site-packages/oslo_concurrency/processutils.py:440}}
Jul 19 13:06:42 devstack sudo[92312]: quobyte : PWD=/ ; USER=root ; COMMAND=/opt/stack/data/venv/bin/cinder-rootwrap /etc/cinder/rootwrap.conf env LC_ALL=C qemu-img info -f qcow2 --output=json --force-share /opt/stack/data/cinder/mnt/aa05c62252ba54d57126d4f4e1890fcb/volume-8c94940c-6ed1-4590-acc3-7bc8f32336a0
Jul 19 13:06:42 devstack sudo[92312]: pam_unix(sudo:session): session opened for user root(uid=0) by (uid=1000)
Jul 19 13:06:42 devstack cinder-volume[87305]: DEBUG oslo_service.periodic_task [None req-5c672e01-b766-493b-b9c8-0763221627f0 None None] Running periodic task VolumeManager.publish_service_capabilities {{(pid=87305) run_periodic_tasks /opt/stack/data/venv/lib/python3.12/site-packages/oslo_service/periodic_task.py:254}}
Jul 19 13:06:42 devstack cinder-volume[87305]: DEBUG oslo_concurrency.lockutils [None req-5c672e01-b766-493b-b9c8-0763221627f0 None None] Acquiring lock "quobyte_ensure" by "cinder.volume.drivers.quobyte.QuobyteDriver._ensure_shares_mounted" {{(pid=87305) inner /opt/stack/data/venv/lib/python3.12/site-packages/oslo_concurrency/lockutils.py:512}}
Jul 19 13:06:42 devstack cinder-volume[87305]: DEBUG oslo_concurrency.lockutils [None req-5c672e01-b766-493b-b9c8-0763221627f0 None None] Lock "quobyte_ensure" acquired by "cinder.volume.drivers.quobyte.QuobyteDriver._ensure_shares_mounted" :: waited 0.000s {{(pid=87305) inner /opt/stack/data/venv/lib/python3.12/site-packages/oslo_concurrency/lockutils.py:525}}
Jul 19 13:06:42 devstack cinder-volume[87305]: DEBUG cinder.volume.drivers.quobyte [None req-5c672e01-b766-493b-b9c8-0763221627f0 None None] Quobyte Volume URL set to: {'osci02.corp.quobyte.com/cinder-vol-b0ee0b29-18c1-4df4-a476-7124b84771b4': None} {{(pid=87305) _load_shares_config /opt/stack/cinder/cinder/volume/drivers/quobyte.py:651}}
Jul 19 13:06:42 devstack cinder-volume[87305]: DEBUG cinder.volume.drivers.quobyte [None req-5c672e01-b766-493b-b9c8-0763221627f0 None None] Available shares ['osci02.corp.quobyte.com/cinder-vol-b0ee0b29-18c1-4df4-a476-7124b84771b4'] {{(pid=87305) _ensure_shares_mounted /opt/stack/cinder/cinder/volume/drivers/quobyte.py:681}}
Jul 19 13:06:42 devstack cinder-volume[87305]: DEBUG oslo_concurrency.lockutils [None req-5c672e01-b766-493b-b9c8-0763221627f0 None None] Lock "quobyte_ensure" "released" by "cinder.volume.drivers.quobyte.QuobyteDriver._ensure_shares_mounted" :: held 0.014s {{(pid=87305) inner /opt/stack/data/venv/lib/python3.12/site-packages/oslo_concurrency/lockutils.py:544}}
Jul 19 13:06:42 devstack cinder-volume[87305]: DEBUG oslo_concurrency.processutils [None req-5c672e01-b766-493b-b9c8-0763221627f0 None None] Running cmd (subprocess): sudo cinder-rootwrap /etc/cinder/rootwrap.conf df --portability --block-size 1 /opt/stack/data/cinder/mnt/aa05c62252ba54d57126d4f4e1890fcb {{(pid=87305) execute /opt/stack/data/venv/lib/python3.12/site-packages/oslo_concurrency/processutils.py:440}}
Jul 19 13:06:42 devstack sudo[92314]: quobyte : PWD=/ ; USER=root ; COMMAND=/opt/stack/data/venv/bin/cinder-rootwrap /etc/cinder/rootwrap.conf df --portability --block-size 1 /opt/stack/data/cinder/mnt/aa05c62252ba54d57126d4f4e1890fcb
Jul 19 13:06:42 devstack sudo[92314]: pam_unix(sudo:session): session opened for user root(uid=0) by (uid=1000)
Jul 19 13:06:42 devstack sudo[92312]: pam_unix(sudo:session): session closed for user root
Jul 19 13:06:42 devstack cinder-volume[87305]: DEBUG oslo_concurrency.processutils [None req-ad6743bc-a786-4205-84ef-828c6877521d tempest-GroupsV314Test-2124852993 None] CMD "/opt/stack/data/venv/bin/python3.12 -m oslo_concurrency.prlimit --as=1073741824 --cpu=60 -- sudo cinder-rootwrap /etc/cinder/rootwrap.conf env LC_ALL=C qemu-img info -f qcow2 --output=json --force-share /opt/stack/data/cinder/mnt/aa05c62252ba54d57126d4f4e1890fcb/volume-8c94940c-6ed1-4590-acc3-7bc8f32336a0" returned: 0 in 0.474s {{(pid=87305) execute /opt/stack/data/venv/lib/python3.12/site-packages/oslo_concurrency/processutils.py:468}}
Jul 19 13:06:42 devstack cinder-volume[87305]: DEBUG oslo_concurrency.processutils [None req-ad6743bc-a786-4205-84ef-828c6877521d tempest-GroupsV314Test-2124852993 None] Running cmd (subprocess): sudo cinder-rootwrap /etc/cinder/rootwrap.conf qemu-img create -f qcow2 -o backing_file=/opt/stack/data/cinder/mnt/aa05c62252ba54d57126d4f4e1890fcb/volume-8c94940c-6ed1-4590-acc3-7bc8f32336a0,backing_fmt=qcow2 /opt/stack/data/cinder/mnt/aa05c62252ba54d57126d4f4e1890fcb/volume-8c94940c-6ed1-4590-acc3-7bc8f32336a0.8fda78b2-ed51-45db-ad19-d341c5e75857 1G {{(pid=87305) execute /opt/stack/data/venv/lib/python3.12/site-packages/oslo_concurrency/processutils.py:440}}
Jul 19 13:06:42 devstack sudo[92319]: quobyte : PWD=/ ; USER=root ; COMMAND=/opt/stack/data/venv/bin/cinder-rootwrap /etc/cinder/rootwrap.conf qemu-img create -f qcow2 -o backing_file=/opt/stack/data/cinder/mnt/aa05c62252ba54d57126d4f4e1890fcb/volume-8c94940c-6ed1-4590-acc3-7bc8f32336a0,backing_fmt=qcow2 /opt/stack/data/cinder/mnt/aa05c62252ba54d57126d4f4e1890fcb/volume-8c94940c-6ed1-4590-acc3-7bc8f32336a0.8fda78b2-ed51-45db-ad19-d341c5e75857 1G
Jul 19 13:06:42 devstack sudo[92319]: pam_unix(sudo:session): session opened for user root(uid=0) by (uid=1000)
Jul 19 13:06:42 devstack sudo[92314]: pam_unix(sudo:session): session closed for user root
Jul 19 13:06:42 devstack cinder-volume[87305]: DEBUG oslo_concurrency.processutils [None req-5c672e01-b766-493b-b9c8-0763221627f0 None None] CMD "sudo cinder-rootwrap /etc/cinder/rootwrap.conf df --portability --block-size 1 /opt/stack/data/cinder/mnt/aa05c62252ba54d57126d4f4e1890fcb" returned: 0 in 0.324s {{(pid=87305) execute /opt/stack/data/venv/lib/python3.12/site-packages/oslo_concurrency/processutils.py:468}}
Jul 19 13:06:42 devstack cinder-volume[87305]: DEBUG cinder.manager [None req-5c672e01-b766-493b-b9c8-0763221627f0 None None] Notifying Schedulers of capabilities ... {{(pid=87305) _publish_service_capabilities /opt/stack/cinder/cinder/manager.py:219}}
Jul 19 13:06:42 devstack cinder-volume[87305]: DEBUG oslo_service.periodic_task [None req-5c672e01-b766-493b-b9c8-0763221627f0 None None] Running periodic task VolumeManager._thread_info {{(pid=87305) run_periodic_tasks /opt/stack/data/venv/lib/python3.12/site-packages/oslo_service/periodic_task.py:254}}
Jul 19 13:06:42 devstack cinder-volume[87305]: DEBUG cinder.volume.manager [None req-5c672e01-b766-493b-b9c8-0763221627f0 None None] thread count: 8 {{(pid=87305) _thread_info /opt/stack/cinder/cinder/volume/manager.py:5472}}
Jul 19 13:06:42 devstack cinder-volume[87305]: DEBUG cinder.volume.manager [None req-5c672e01-b766-493b-b9c8-0763221627f0 None None] thread info: [<_MainThread(MainThread, started 126812532818048)>, , , , , , , ] {{(pid=87305) _thread_info /opt/stack/cinder/cinder/volume/manager.py:5473}}
Jul 19 13:06:43 devstack sudo[92319]: pam_unix(sudo:session): session closed for user root
Jul 19 13:06:43 devstack cinder-volume[87305]: DEBUG oslo_concurrency.processutils [None req-ad6743bc-a786-4205-84ef-828c6877521d tempest-GroupsV314Test-2124852993 None] CMD "sudo cinder-rootwrap /etc/cinder/rootwrap.conf qemu-img create -f qcow2 -o backing_file=/opt/stack/data/cinder/mnt/aa05c62252ba54d57126d4f4e1890fcb/volume-8c94940c-6ed1-4590-acc3-7bc8f32336a0,backing_fmt=qcow2 /opt/stack/data/cinder/mnt/aa05c62252ba54d57126d4f4e1890fcb/volume-8c94940c-6ed1-4590-acc3-7bc8f32336a0.8fda78b2-ed51-45db-ad19-d341c5e75857 1G" returned: 0 in 0.544s {{(pid=87305) execute /opt/stack/data/venv/lib/python3.12/site-packages/oslo_concurrency/processutils.py:468}}
Jul 19 13:06:43 devstack cinder-volume[87305]: DEBUG oslo_concurrency.processutils [None req-ad6743bc-a786-4205-84ef-828c6877521d tempest-GroupsV314Test-2124852993 None] Running cmd (subprocess): sudo cinder-rootwrap /etc/cinder/rootwrap.conf qemu-img rebase -u -b volume-8c94940c-6ed1-4590-acc3-7bc8f32336a0 -F qcow2 /opt/stack/data/cinder/mnt/aa05c62252ba54d57126d4f4e1890fcb/volume-8c94940c-6ed1-4590-acc3-7bc8f32336a0.8fda78b2-ed51-45db-ad19-d341c5e75857 {{(pid=87305) execute /opt/stack/data/venv/lib/python3.12/site-packages/oslo_concurrency/processutils.py:440}}
Jul 19 13:06:43 devstack sudo[92326]: quobyte : PWD=/ ; USER=root ; COMMAND=/opt/stack/data/venv/bin/cinder-rootwrap /etc/cinder/rootwrap.conf qemu-img rebase -u -b volume-8c94940c-6ed1-4590-acc3-7bc8f32336a0 -F qcow2 /opt/stack/data/cinder/mnt/aa05c62252ba54d57126d4f4e1890fcb/volume-8c94940c-6ed1-4590-acc3-7bc8f32336a0.8fda78b2-ed51-45db-ad19-d341c5e75857
Jul 19 13:06:43 devstack sudo[92326]: pam_unix(sudo:session): session opened for user root(uid=0) by (uid=1000)
Jul 19 13:06:43 devstack sudo[92326]: pam_unix(sudo:session): session closed for user root
Jul 19 13:06:43 devstack cinder-volume[87305]: DEBUG oslo_concurrency.processutils [None req-ad6743bc-a786-4205-84ef-828c6877521d tempest-GroupsV314Test-2124852993 None] CMD "sudo cinder-rootwrap /etc/cinder/rootwrap.conf qemu-img rebase -u -b volume-8c94940c-6ed1-4590-acc3-7bc8f32336a0 -F qcow2 /opt/stack/data/cinder/mnt/aa05c62252ba54d57126d4f4e1890fcb/volume-8c94940c-6ed1-4590-acc3-7bc8f32336a0.8fda78b2-ed51-45db-ad19-d341c5e75857" returned: 0 in 0.378s {{(pid=87305) execute /opt/stack/data/venv/lib/python3.12/site-packages/oslo_concurrency/processutils.py:468}}
Jul 19 13:06:43 devstack cinder-volume[87305]: WARNING cinder.volume.drivers.remotefs [None req-ad6743bc-a786-4205-84ef-828c6877521d tempest-GroupsV314Test-2124852993 None] /opt/stack/data/cinder/mnt/aa05c62252ba54d57126d4f4e1890fcb/volume-8c94940c-6ed1-4590-acc3-7bc8f32336a0.8fda78b2-ed51-45db-ad19-d341c5e75857 is being set with open permissions: ugo+rw: NotImplementedError
Jul 19 13:06:43 devstack cinder-volume[87305]: DEBUG oslo_concurrency.processutils [None req-ad6743bc-a786-4205-84ef-828c6877521d tempest-GroupsV314Test-2124852993 None] Running cmd (subprocess): sudo cinder-rootwrap /etc/cinder/rootwrap.conf chmod ugo+rw /opt/stack/data/cinder/mnt/aa05c62252ba54d57126d4f4e1890fcb/volume-8c94940c-6ed1-4590-acc3-7bc8f32336a0.8fda78b2-ed51-45db-ad19-d341c5e75857 {{(pid=87305) execute /opt/stack/data/venv/lib/python3.12/site-packages/oslo_concurrency/processutils.py:440}}
Jul 19 13:06:43 devstack sudo[92331]: quobyte : PWD=/ ; USER=root ; COMMAND=/opt/stack/data/venv/bin/cinder-rootwrap /etc/cinder/rootwrap.conf chmod ugo+rw /opt/stack/data/cinder/mnt/aa05c62252ba54d57126d4f4e1890fcb/volume-8c94940c-6ed1-4590-acc3-7bc8f32336a0.8fda78b2-ed51-45db-ad19-d341c5e75857
Jul 19 13:06:43 devstack sudo[92331]: pam_unix(sudo:session): session opened for user root(uid=0) by (uid=1000)
Jul 19 13:06:43 devstack sudo[92331]: pam_unix(sudo:session): session closed for user root
Jul 19 13:06:43 devstack cinder-volume[87305]: DEBUG oslo_concurrency.processutils [None req-ad6743bc-a786-4205-84ef-828c6877521d tempest-GroupsV314Test-2124852993 None] CMD "sudo cinder-rootwrap /etc/cinder/rootwrap.conf chmod ugo+rw /opt/stack/data/cinder/mnt/aa05c62252ba54d57126d4f4e1890fcb/volume-8c94940c-6ed1-4590-acc3-7bc8f32336a0.8fda78b2-ed51-45db-ad19-d341c5e75857" returned: 0 in 0.335s {{(pid=87305) execute /opt/stack/data/venv/lib/python3.12/site-packages/oslo_concurrency/processutils.py:468}}
Jul 19 13:06:43 devstack cinder-volume[87305]: DEBUG oslo_concurrency.processutils [None req-ad6743bc-a786-4205-84ef-828c6877521d tempest-GroupsV314Test-2124852993 None] Running cmd (subprocess): sudo cinder-rootwrap /etc/cinder/rootwrap.conf truncate -s0 /opt/stack/data/cinder/mnt/aa05c62252ba54d57126d4f4e1890fcb/volume-8c94940c-6ed1-4590-acc3-7bc8f32336a0.info {{(pid=87305) execute /opt/stack/data/venv/lib/python3.12/site-packages/oslo_concurrency/processutils.py:440}}
Jul 19 13:06:43 devstack sudo[92334]: quobyte : PWD=/ ; USER=root ; COMMAND=/opt/stack/data/venv/bin/cinder-rootwrap /etc/cinder/rootwrap.conf truncate -s0 /opt/stack/data/cinder/mnt/aa05c62252ba54d57126d4f4e1890fcb/volume-8c94940c-6ed1-4590-acc3-7bc8f32336a0.info
Jul 19 13:06:43 devstack sudo[92334]: pam_unix(sudo:session): session opened for user root(uid=0) by (uid=1000)
Jul 19 13:06:44 devstack sudo[92334]: pam_unix(sudo:session): session closed for user root
Jul 19 13:06:44 devstack cinder-volume[87305]: DEBUG oslo_concurrency.processutils [None req-ad6743bc-a786-4205-84ef-828c6877521d tempest-GroupsV314Test-2124852993 None] CMD "sudo cinder-rootwrap /etc/cinder/rootwrap.conf truncate -s0 /opt/stack/data/cinder/mnt/aa05c62252ba54d57126d4f4e1890fcb/volume-8c94940c-6ed1-4590-acc3-7bc8f32336a0.info" returned: 0 in 0.285s {{(pid=87305) execute /opt/stack/data/venv/lib/python3.12/site-packages/oslo_concurrency/processutils.py:468}}
Jul 19 13:06:44 devstack cinder-volume[87305]: WARNING cinder.volume.drivers.remotefs [None req-ad6743bc-a786-4205-84ef-828c6877521d tempest-GroupsV314Test-2124852993 None] /opt/stack/data/cinder/mnt/aa05c62252ba54d57126d4f4e1890fcb/volume-8c94940c-6ed1-4590-acc3-7bc8f32336a0.info is being set with open permissions: ugo+rw: NotImplementedError
Jul 19 13:06:44 devstack cinder-volume[87305]: DEBUG oslo_concurrency.processutils [None req-ad6743bc-a786-4205-84ef-828c6877521d tempest-GroupsV314Test-2124852993 None] Running cmd (subprocess): sudo cinder-rootwrap /etc/cinder/rootwrap.conf chmod ugo+rw /opt/stack/data/cinder/mnt/aa05c62252ba54d57126d4f4e1890fcb/volume-8c94940c-6ed1-4590-acc3-7bc8f32336a0.info {{(pid=87305) execute /opt/stack/data/venv/lib/python3.12/site-packages/oslo_concurrency/processutils.py:440}}
Jul 19 13:06:44 devstack sudo[92337]: quobyte : PWD=/ ; USER=root ; COMMAND=/opt/stack/data/venv/bin/cinder-rootwrap /etc/cinder/rootwrap.conf chmod ugo+rw /opt/stack/data/cinder/mnt/aa05c62252ba54d57126d4f4e1890fcb/volume-8c94940c-6ed1-4590-acc3-7bc8f32336a0.info
Jul 19 13:06:44 devstack sudo[92337]: pam_unix(sudo:session): session opened for user root(uid=0) by (uid=1000)
Jul 19 13:06:44 devstack sudo[92337]: pam_unix(sudo:session): session closed for user root
Jul 19 13:06:44 devstack cinder-volume[87305]: DEBUG oslo_concurrency.processutils [None req-ad6743bc-a786-4205-84ef-828c6877521d tempest-GroupsV314Test-2124852993 None] CMD "sudo cinder-rootwrap /etc/cinder/rootwrap.conf chmod ugo+rw /opt/stack/data/cinder/mnt/aa05c62252ba54d57126d4f4e1890fcb/volume-8c94940c-6ed1-4590-acc3-7bc8f32336a0.info" returned: 0 in 0.322s {{(pid=87305) execute /opt/stack/data/venv/lib/python3.12/site-packages/oslo_concurrency/processutils.py:468}}
Jul 19 13:06:44 devstack cinder-volume[87305]: DEBUG cinder.coordination [None req-ad6743bc-a786-4205-84ef-828c6877521d tempest-GroupsV314Test-2124852993 None] Acquiring lock "cinder-quobyte-e3f29d23-2d5e-4fc6-94ef-dfc7cd7e31eb" by "_copy_volume_from_snapshot" {{(pid=87305) __acquire /opt/stack/cinder/cinder/coordination.py:138}}
Jul 19 13:06:44 devstack cinder-volume[87305]: DEBUG cinder.coordination [None req-ad6743bc-a786-4205-84ef-828c6877521d tempest-GroupsV314Test-2124852993 None] Lock "cinder-quobyte-e3f29d23-2d5e-4fc6-94ef-dfc7cd7e31eb" acquired by "_copy_volume_from_snapshot" :: waited 0.027s {{(pid=87305) __acquire /opt/stack/cinder/cinder/coordination.py:141}}
Jul 19 13:06:44 devstack cinder-volume[87305]: DEBUG cinder.volume.drivers.quobyte [None req-ad6743bc-a786-4205-84ef-828c6877521d tempest-GroupsV314Test-2124852993 None] snapshot: 8fda78b2-ed51-45db-ad19-d341c5e75857, volume: e3f29d23-2d5e-4fc6-94ef-dfc7cd7e31eb, {{(pid=87305) _copy_volume_from_snapshot /opt/stack/cinder/cinder/volume/drivers/quobyte.py:403}}
Jul 19 13:06:44 devstack cinder-volume[87305]: DEBUG oslo_concurrency.lockutils [None req-ad6743bc-a786-4205-84ef-828c6877521d tempest-GroupsV314Test-2124852993 None] Acquiring lock "quobyte_ensure" by "cinder.volume.drivers.quobyte.QuobyteDriver._ensure_shares_mounted" {{(pid=87305) inner /opt/stack/data/venv/lib/python3.12/site-packages/oslo_concurrency/lockutils.py:512}}
Jul 19 13:06:44 devstack cinder-volume[87305]: DEBUG oslo_concurrency.lockutils [None req-ad6743bc-a786-4205-84ef-828c6877521d tempest-GroupsV314Test-2124852993 None] Lock "quobyte_ensure" acquired by "cinder.volume.drivers.quobyte.QuobyteDriver._ensure_shares_mounted" :: waited 0.001s {{(pid=87305) inner /opt/stack/data/venv/lib/python3.12/site-packages/oslo_concurrency/lockutils.py:525}}
Jul 19 13:06:44 devstack cinder-volume[87305]: DEBUG cinder.volume.drivers.quobyte [None req-ad6743bc-a786-4205-84ef-828c6877521d tempest-GroupsV314Test-2124852993 None] Quobyte Volume URL set to: {'osci02.corp.quobyte.com/cinder-vol-b0ee0b29-18c1-4df4-a476-7124b84771b4': None} {{(pid=87305) _load_shares_config /opt/stack/cinder/cinder/volume/drivers/quobyte.py:651}}
Jul 19 13:06:44 devstack cinder-volume[87305]: DEBUG cinder.volume.drivers.quobyte [None req-ad6743bc-a786-4205-84ef-828c6877521d tempest-GroupsV314Test-2124852993 None] Available shares ['osci02.corp.quobyte.com/cinder-vol-b0ee0b29-18c1-4df4-a476-7124b84771b4'] {{(pid=87305) _ensure_shares_mounted /opt/stack/cinder/cinder/volume/drivers/quobyte.py:681}}
Jul 19 13:06:44 devstack cinder-volume[87305]: DEBUG oslo_concurrency.lockutils [None req-ad6743bc-a786-4205-84ef-828c6877521d tempest-GroupsV314Test-2124852993 None] Lock "quobyte_ensure" "released" by "cinder.volume.drivers.quobyte.QuobyteDriver._ensure_shares_mounted" :: held 0.005s {{(pid=87305) inner /opt/stack/data/venv/lib/python3.12/site-packages/oslo_concurrency/lockutils.py:544}}
Jul 19 13:06:44 devstack cinder-volume[87305]: DEBUG oslo.privsep.daemon [-] privsep: reply[f601c46f-9c17-4037-afaa-41f64ff9b671]: (4, 'qcow2') {{(pid=88583) _call_back /opt/stack/data/venv/lib/python3.12/site-packages/oslo_privsep/daemon.py:580}}
Jul 19 13:06:44 devstack cinder-volume[87305]: DEBUG oslo_concurrency.processutils [None req-ad6743bc-a786-4205-84ef-828c6877521d tempest-GroupsV314Test-2124852993 None] Running cmd (subprocess): /opt/stack/data/venv/bin/python3.12 -m oslo_concurrency.prlimit --as=1073741824 --cpu=60 -- sudo cinder-rootwrap /etc/cinder/rootwrap.conf env LC_ALL=C qemu-img info -f qcow2 --output=json --force-share /opt/stack/data/cinder/mnt/aa05c62252ba54d57126d4f4e1890fcb/volume-8c94940c-6ed1-4590-acc3-7bc8f32336a0.8fda78b2-ed51-45db-ad19-d341c5e75857 {{(pid=87305) execute /opt/stack/data/venv/lib/python3.12/site-packages/oslo_concurrency/processutils.py:440}}
Jul 19 13:06:44 devstack sudo[92341]: quobyte : PWD=/ ; USER=root ; COMMAND=/opt/stack/data/venv/bin/cinder-rootwrap /etc/cinder/rootwrap.conf env LC_ALL=C qemu-img info -f qcow2 --output=json --force-share /opt/stack/data/cinder/mnt/aa05c62252ba54d57126d4f4e1890fcb/volume-8c94940c-6ed1-4590-acc3-7bc8f32336a0.8fda78b2-ed51-45db-ad19-d341c5e75857
Jul 19 13:06:44 devstack sudo[92341]: pam_unix(sudo:session): session opened for user root(uid=0) by (uid=1000)
Jul 19 13:06:44 devstack sudo[92341]: pam_unix(sudo:session): session closed for user root
Jul 19 13:06:44 devstack cinder-volume[87305]: DEBUG oslo_concurrency.processutils [None req-ad6743bc-a786-4205-84ef-828c6877521d tempest-GroupsV314Test-2124852993 None] CMD "/opt/stack/data/venv/bin/python3.12 -m oslo_concurrency.prlimit --as=1073741824 --cpu=60 -- sudo cinder-rootwrap /etc/cinder/rootwrap.conf env LC_ALL=C qemu-img info -f qcow2 --output=json --force-share /opt/stack/data/cinder/mnt/aa05c62252ba54d57126d4f4e1890fcb/volume-8c94940c-6ed1-4590-acc3-7bc8f32336a0.8fda78b2-ed51-45db-ad19-d341c5e75857" returned: 0 in 0.395s {{(pid=87305) execute /opt/stack/data/venv/lib/python3.12/site-packages/oslo_concurrency/processutils.py:468}}
Jul 19 13:06:44 devstack cinder-volume[87305]: DEBUG cinder.volume.drivers.remotefs [None req-ad6743bc-a786-4205-84ef-828c6877521d tempest-GroupsV314Test-2124852993 None] Fetching qemu-img info with special backing_file_template: (/opt/stack/data/cinder/mnt/[0-9a-f]+/)?(volume-8c94940c-6ed1-4590-acc3-7bc8f32336a0(.(tmp-snap-)?[0-9a-f-]+)?|volume_from_snapshot_cache/(tmp-snap-)?[0-9a-f-]+(.(child-|parent-)[0-9a-f-]+)?)$ {{(pid=87305) _qemu_img_info_base /opt/stack/cinder/cinder/volume/drivers/remotefs.py:896}}
Jul 19 13:06:44 devstack cinder-volume[87305]: DEBUG cinder.volume.drivers.quobyte [None req-ad6743bc-a786-4205-84ef-828c6877521d tempest-GroupsV314Test-2124852993 None] will copy from snapshot at /opt/stack/data/cinder/mnt/aa05c62252ba54d57126d4f4e1890fcb/volume-8c94940c-6ed1-4590-acc3-7bc8f32336a0 {{(pid=87305) _copy_volume_from_snapshot /opt/stack/cinder/cinder/volume/drivers/quobyte.py:422}}
Jul 19 13:06:44 devstack cinder-volume[87305]: DEBUG cinder.volume.drivers.quobyte [None req-ad6743bc-a786-4205-84ef-828c6877521d tempest-GroupsV314Test-2124852993 None] Creating direct copy from snapshot {{(pid=87305) _copy_volume_from_snapshot /opt/stack/cinder/cinder/volume/drivers/quobyte.py:430}}
Jul 19 13:06:45 devstack cinder-volume[87305]: DEBUG oslo.privsep.daemon [-] privsep: reply[d9c287d0-edde-4938-bab4-2bf31a5ab440]: (4, 'qcow2') {{(pid=88583) _call_back /opt/stack/data/venv/lib/python3.12/site-packages/oslo_privsep/daemon.py:580}}
Jul 19 13:06:45 devstack cinder-volume[87305]: DEBUG oslo_concurrency.processutils [None req-ad6743bc-a786-4205-84ef-828c6877521d tempest-GroupsV314Test-2124852993 None] Running cmd (subprocess): /opt/stack/data/venv/bin/python3.12 -m oslo_concurrency.prlimit --as=1073741824 --cpu=60 -- sudo cinder-rootwrap /etc/cinder/rootwrap.conf env LC_ALL=C qemu-img info -f qcow2 --output=json /opt/stack/data/cinder/mnt/aa05c62252ba54d57126d4f4e1890fcb/volume-8c94940c-6ed1-4590-acc3-7bc8f32336a0 {{(pid=87305) execute /opt/stack/data/venv/lib/python3.12/site-packages/oslo_concurrency/processutils.py:440}}
Jul 19 13:06:45 devstack sudo[92346]: quobyte : PWD=/ ; USER=root ; COMMAND=/opt/stack/data/venv/bin/cinder-rootwrap /etc/cinder/rootwrap.conf env LC_ALL=C qemu-img info -f qcow2 --output=json /opt/stack/data/cinder/mnt/aa05c62252ba54d57126d4f4e1890fcb/volume-8c94940c-6ed1-4590-acc3-7bc8f32336a0
Jul 19 13:06:45 devstack sudo[92346]: pam_unix(sudo:session): session opened for user root(uid=0) by (uid=1000)
Jul 19 13:06:45 devstack sudo[92346]: pam_unix(sudo:session): session closed for user root
Jul 19 13:06:45 devstack cinder-volume[87305]: DEBUG oslo_concurrency.processutils [None req-ad6743bc-a786-4205-84ef-828c6877521d tempest-GroupsV314Test-2124852993 None] CMD "/opt/stack/data/venv/bin/python3.12 -m oslo_concurrency.prlimit --as=1073741824 --cpu=60 -- sudo cinder-rootwrap /etc/cinder/rootwrap.conf env LC_ALL=C qemu-img info -f qcow2 --output=json /opt/stack/data/cinder/mnt/aa05c62252ba54d57126d4f4e1890fcb/volume-8c94940c-6ed1-4590-acc3-7bc8f32336a0" returned: 0 in 0.402s {{(pid=87305) execute /opt/stack/data/venv/lib/python3.12/site-packages/oslo_concurrency/processutils.py:468}}
Jul 19 13:06:45 devstack cinder-volume[87305]: DEBUG cinder.utils [None req-ad6743bc-a786-4205-84ef-828c6877521d tempest-GroupsV314Test-2124852993 None] Path /opt/stack/data/cinder/mnt/aa05c62252ba54d57126d4f4e1890fcb/volume-e3f29d23-2d5e-4fc6-94ef-dfc7cd7e31eb not found in is_blk_device check {{(pid=87305) is_blk_device /opt/stack/cinder/cinder/utils.py:615}}
Jul 19 13:06:45 devstack cinder-volume[87305]: DEBUG oslo_concurrency.processutils [None req-ad6743bc-a786-4205-84ef-828c6877521d tempest-GroupsV314Test-2124852993 None] Running cmd (subprocess): sudo cinder-rootwrap /etc/cinder/rootwrap.conf qemu-img convert -O qcow2 /opt/stack/data/cinder/mnt/aa05c62252ba54d57126d4f4e1890fcb/volume-8c94940c-6ed1-4590-acc3-7bc8f32336a0 /opt/stack/data/cinder/mnt/aa05c62252ba54d57126d4f4e1890fcb/volume-e3f29d23-2d5e-4fc6-94ef-dfc7cd7e31eb {{(pid=87305) execute /opt/stack/data/venv/lib/python3.12/site-packages/oslo_concurrency/processutils.py:440}}
Jul 19 13:06:45 devstack sudo[92352]: quobyte : PWD=/ ; USER=root ; COMMAND=/opt/stack/data/venv/bin/cinder-rootwrap /etc/cinder/rootwrap.conf qemu-img convert -O qcow2 /opt/stack/data/cinder/mnt/aa05c62252ba54d57126d4f4e1890fcb/volume-8c94940c-6ed1-4590-acc3-7bc8f32336a0 /opt/stack/data/cinder/mnt/aa05c62252ba54d57126d4f4e1890fcb/volume-e3f29d23-2d5e-4fc6-94ef-dfc7cd7e31eb
Jul 19 13:06:45 devstack sudo[92352]: pam_unix(sudo:session): session opened for user root(uid=0) by (uid=1000)
Jul 19 13:06:52 devstack cinder-volume[87305]: DEBUG oslo_concurrency.processutils [None req-ad6743bc-a786-4205-84ef-828c6877521d tempest-GroupsV314Test-2124852993 None] CMD "sudo cinder-rootwrap /etc/cinder/rootwrap.conf qemu-img convert -O qcow2 /opt/stack/data/cinder/mnt/aa05c62252ba54d57126d4f4e1890fcb/volume-8c94940c-6ed1-4590-acc3-7bc8f32336a0 /opt/stack/data/cinder/mnt/aa05c62252ba54d57126d4f4e1890fcb/volume-e3f29d23-2d5e-4fc6-94ef-dfc7cd7e31eb" returned: 0 in 6.640s {{(pid=87305) execute /opt/stack/data/venv/lib/python3.12/site-packages/oslo_concurrency/processutils.py:468}}
Jul 19 13:06:52 devstack cinder-volume[87305]: DEBUG oslo.privsep.daemon [-] privsep: reply[0b7d319c-a40e-477c-9e4a-7ae23636139a]: (4, 'qcow2') {{(pid=88583) _call_back /opt/stack/data/venv/lib/python3.12/site-packages/oslo_privsep/daemon.py:580}}
Jul 19 13:06:52 devstack cinder-volume[87305]: DEBUG oslo_concurrency.processutils [None req-ad6743bc-a786-4205-84ef-828c6877521d tempest-GroupsV314Test-2124852993 None] Running cmd (subprocess): /opt/stack/data/venv/bin/python3.12 -m oslo_concurrency.prlimit --as=1073741824 --cpu=60 -- sudo cinder-rootwrap /etc/cinder/rootwrap.conf env LC_ALL=C qemu-img info -f qcow2 --output=json /opt/stack/data/cinder/mnt/aa05c62252ba54d57126d4f4e1890fcb/volume-8c94940c-6ed1-4590-acc3-7bc8f32336a0 {{(pid=87305) execute /opt/stack/data/venv/lib/python3.12/site-packages/oslo_concurrency/processutils.py:440}}
Jul 19 13:06:52 devstack cinder-volume[87305]: DEBUG cinder.volume.flows.manager.create_volume [None req-b9751da5-a5f4-4f20-99a3-2ded6e8389f0 tempest-AttachVolumeNegativeTest-1076077273 None] Volume reschedule parameters: True retry: {'num_attempts': 1, 'backends': ['devstack@QuobyteHD#QuobyteHD'], 'hosts': ['devstack@QuobyteHD#QuobyteHD']} {{(pid=87305) get_flow /opt/stack/cinder/cinder/volume/flows/manager/create_volume.py:1397}}
Jul 19 13:06:52 devstack sudo[92381]: quobyte : PWD=/ ; USER=root ; COMMAND=/opt/stack/data/venv/bin/cinder-rootwrap /etc/cinder/rootwrap.conf env LC_ALL=C qemu-img info -f qcow2 --output=json /opt/stack/data/cinder/mnt/aa05c62252ba54d57126d4f4e1890fcb/volume-8c94940c-6ed1-4590-acc3-7bc8f32336a0
Jul 19 13:06:52 devstack sudo[92381]: pam_unix(sudo:session): session opened for user root(uid=0) by (uid=1000)
Jul 19 13:06:52 devstack cinder-volume[87305]: DEBUG cinder.volume.manager [None req-b9751da5-a5f4-4f20-99a3-2ded6e8389f0 tempest-AttachVolumeNegativeTest-1076077273 None] Flow 'volume_create_manager' (a590bc58-477f-42b5-9a8d-49bf3f51ef74) transitioned into state 'RUNNING' from state 'PENDING' {{(pid=87305) _flow_receiver /opt/stack/data/venv/lib/python3.12/site-packages/taskflow/listeners/logging.py:160}}
Jul 19 13:06:52 devstack cinder-volume[87305]: DEBUG cinder.volume.manager [None req-b9751da5-a5f4-4f20-99a3-2ded6e8389f0 tempest-AttachVolumeNegativeTest-1076077273 None] Task 'cinder.volume.flows.manager.create_volume.ExtractVolumeRefTask;volume:create' (51e175ab-a766-45b9-87f6-2a79532f0b38) transitioned into state 'RUNNING' from state 'PENDING' {{(pid=87305) _task_receiver /opt/stack/data/venv/lib/python3.12/site-packages/taskflow/listeners/logging.py:242}}
Jul 19 13:06:52 devstack cinder-volume[87305]: DEBUG cinder.volume.manager [None req-b9751da5-a5f4-4f20-99a3-2ded6e8389f0 tempest-AttachVolumeNegativeTest-1076077273 None] Task 'cinder.volume.flows.manager.create_volume.ExtractVolumeRefTask;volume:create' (51e175ab-a766-45b9-87f6-2a79532f0b38) transitioned into state 'SUCCESS' from state 'RUNNING' with result 'Volume(_name_id=None,admin_metadata=,attach_status='detached',availability_zone='nova',bootable=False,cluster=,cluster_name=None,consistencygroup=,consistencygroup_id=None,created_at=2026-07-19T11:06:51Z,deleted=False,deleted_at=None,display_description=None,display_name='tempest-AttachVolumeNegativeTest-volume-95209830',ec2_id=None,encryption_key_id=None,glance_metadata=,group=,group_id=None,host='devstack@QuobyteHD#QuobyteHD',id=33420328-9d87-4114-9701-561c007c48e5,launched_at=None,metadata={},migration_status=None,multiattach=False,previous_status=None,project_id='da7a3e0d0e8440aeb6ec61b9475db3a9',provider_auth=None,provider_geometry=None,provider_id=None,provider_location=None,replication_driver_data=None,replication_extended_status=None,replication_status=None,scheduled_at=2026-07-19T11:06:52Z,service_uuid=None,shared_targets=True,size=1,snapshot_id=None,snapshots=,source_volid=None,status='creating',terminated_at=None,updated_at=2026-07-19T11:06:52Z,use_quota=True,user_id='15897bf333b54af7a099532c7f6c51ab',volume_attachment=VolumeAttachmentList,volume_type=VolumeType(decad947-f807-4c3c-a02b-93fa857ed507),volume_type_id=decad947-f807-4c3c-a02b-93fa857ed507)' {{(pid=87305) _task_receiver /opt/stack/data/venv/lib/python3.12/site-packages/taskflow/listeners/logging.py:218}}
Jul 19 13:06:52 devstack cinder-volume[87305]: DEBUG cinder.volume.manager [None req-b9751da5-a5f4-4f20-99a3-2ded6e8389f0 tempest-AttachVolumeNegativeTest-1076077273 None] Task 'cinder.volume.flows.manager.create_volume.OnFailureRescheduleTask;volume:create' (a5dbc1dc-85fe-438e-878f-29a43cb668e7) transitioned into state 'RUNNING' from state 'PENDING' {{(pid=87305) _task_receiver /opt/stack/data/venv/lib/python3.12/site-packages/taskflow/listeners/logging.py:242}}
Jul 19 13:06:52 devstack cinder-volume[87305]: DEBUG cinder.volume.manager [None req-b9751da5-a5f4-4f20-99a3-2ded6e8389f0 tempest-AttachVolumeNegativeTest-1076077273 None] Task 'cinder.volume.flows.manager.create_volume.OnFailureRescheduleTask;volume:create' (a5dbc1dc-85fe-438e-878f-29a43cb668e7) transitioned into state 'SUCCESS' from state 'RUNNING' with result 'None' {{(pid=87305) _task_receiver /opt/stack/data/venv/lib/python3.12/site-packages/taskflow/listeners/logging.py:218}}
Jul 19 13:06:52 devstack cinder-volume[87305]: DEBUG cinder.volume.manager [None req-b9751da5-a5f4-4f20-99a3-2ded6e8389f0 tempest-AttachVolumeNegativeTest-1076077273 None] Task 'cinder.volume.flows.manager.create_volume.ExtractVolumeSpecTask;volume:create' (c6608004-dc67-4f73-88ef-c14c8a606a38) transitioned into state 'RUNNING' from state 'PENDING' {{(pid=87305) _task_receiver /opt/stack/data/venv/lib/python3.12/site-packages/taskflow/listeners/logging.py:242}}
Jul 19 13:06:52 devstack cinder-volume[87305]: DEBUG cinder.volume.manager [None req-b9751da5-a5f4-4f20-99a3-2ded6e8389f0 tempest-AttachVolumeNegativeTest-1076077273 None] Task 'cinder.volume.flows.manager.create_volume.ExtractVolumeSpecTask;volume:create' (c6608004-dc67-4f73-88ef-c14c8a606a38) transitioned into state 'SUCCESS' from state 'RUNNING' with result '{'status': 'creating', 'type': 'raw', 'volume_id': '33420328-9d87-4114-9701-561c007c48e5', 'volume_name': 'volume-33420328-9d87-4114-9701-561c007c48e5', 'volume_size': 1}' {{(pid=87305) _task_receiver /opt/stack/data/venv/lib/python3.12/site-packages/taskflow/listeners/logging.py:218}}
Jul 19 13:06:52 devstack cinder-volume[87305]: DEBUG cinder.volume.manager [None req-b9751da5-a5f4-4f20-99a3-2ded6e8389f0 tempest-AttachVolumeNegativeTest-1076077273 None] Task 'cinder.volume.flows.manager.create_volume.NotifyVolumeActionTask;volume:create, create.start' (fef22943-bf9c-47d3-87e4-674afd3d706c) transitioned into state 'RUNNING' from state 'PENDING' {{(pid=87305) _task_receiver /opt/stack/data/venv/lib/python3.12/site-packages/taskflow/listeners/logging.py:242}}
Jul 19 13:06:52 devstack cinder-volume[87305]: DEBUG cinder.volume.manager [None req-b9751da5-a5f4-4f20-99a3-2ded6e8389f0 tempest-AttachVolumeNegativeTest-1076077273 None] Task 'cinder.volume.flows.manager.create_volume.NotifyVolumeActionTask;volume:create, create.start' (fef22943-bf9c-47d3-87e4-674afd3d706c) transitioned into state 'SUCCESS' from state 'RUNNING' with result 'None' {{(pid=87305) _task_receiver /opt/stack/data/venv/lib/python3.12/site-packages/taskflow/listeners/logging.py:218}}
Jul 19 13:06:52 devstack cinder-volume[87305]: DEBUG cinder.volume.manager [None req-b9751da5-a5f4-4f20-99a3-2ded6e8389f0 tempest-AttachVolumeNegativeTest-1076077273 None] Task 'cinder.volume.flows.manager.create_volume.CreateVolumeFromSpecTask;volume:create' (5b128a87-a21d-4ebb-90a4-570d3f507286) transitioned into state 'RUNNING' from state 'PENDING' {{(pid=87305) _task_receiver /opt/stack/data/venv/lib/python3.12/site-packages/taskflow/listeners/logging.py:242}}
Jul 19 13:06:52 devstack cinder-volume[87305]: INFO cinder.volume.flows.manager.create_volume [None req-b9751da5-a5f4-4f20-99a3-2ded6e8389f0 tempest-AttachVolumeNegativeTest-1076077273 None] Volume 33420328-9d87-4114-9701-561c007c48e5: being created as raw with specification: {'status': 'creating', 'volume_name': 'volume-33420328-9d87-4114-9701-561c007c48e5', 'volume_size': 1}
Jul 19 13:06:52 devstack cinder-volume[87305]: DEBUG oslo_concurrency.lockutils [None req-b9751da5-a5f4-4f20-99a3-2ded6e8389f0 tempest-AttachVolumeNegativeTest-1076077273 None] Acquiring lock "quobyte" by "cinder.volume.drivers.quobyte.QuobyteDriver.create_volume" {{(pid=87305) inner /opt/stack/data/venv/lib/python3.12/site-packages/oslo_concurrency/lockutils.py:512}}
Jul 19 13:06:52 devstack sudo[92381]: pam_unix(sudo:session): session closed for user root
Jul 19 13:06:52 devstack cinder-volume[87305]: DEBUG oslo_concurrency.processutils [None req-ad6743bc-a786-4205-84ef-828c6877521d tempest-GroupsV314Test-2124852993 None] CMD "/opt/stack/data/venv/bin/python3.12 -m oslo_concurrency.prlimit --as=1073741824 --cpu=60 -- sudo cinder-rootwrap /etc/cinder/rootwrap.conf env LC_ALL=C qemu-img info -f qcow2 --output=json /opt/stack/data/cinder/mnt/aa05c62252ba54d57126d4f4e1890fcb/volume-8c94940c-6ed1-4590-acc3-7bc8f32336a0" returned: 0 in 0.593s {{(pid=87305) execute /opt/stack/data/venv/lib/python3.12/site-packages/oslo_concurrency/processutils.py:468}}
Jul 19 13:06:52 devstack cinder-volume[87305]: DEBUG cinder.image.image_utils [None req-ad6743bc-a786-4205-84ef-828c6877521d tempest-GroupsV314Test-2124852993 None] Image conversion details: src /opt/stack/data/cinder/mnt/aa05c62252ba54d57126d4f4e1890fcb/volume-8c94940c-6ed1-4590-acc3-7bc8f32336a0, size 1024.00 MB, duration 6.64 sec, destination /opt/stack/data/cinder/mnt/aa05c62252ba54d57126d4f4e1890fcb/volume-e3f29d23-2d5e-4fc6-94ef-dfc7cd7e31eb {{(pid=87305) _convert_image /opt/stack/cinder/cinder/image/image_utils.py:536}}
Jul 19 13:06:52 devstack cinder-volume[87305]: INFO cinder.image.image_utils [None req-ad6743bc-a786-4205-84ef-828c6877521d tempest-GroupsV314Test-2124852993 None] Converted 1024.00 MB image at 154.17 MB/s
Jul 19 13:06:52 devstack cinder-volume[87305]: WARNING cinder.volume.drivers.remotefs [None req-ad6743bc-a786-4205-84ef-828c6877521d tempest-GroupsV314Test-2124852993 None] /opt/stack/data/cinder/mnt/aa05c62252ba54d57126d4f4e1890fcb/volume-e3f29d23-2d5e-4fc6-94ef-dfc7cd7e31eb is being set with open permissions: ugo+rw: NotImplementedError
Jul 19 13:06:52 devstack cinder-volume[87305]: DEBUG oslo_concurrency.processutils [None req-ad6743bc-a786-4205-84ef-828c6877521d tempest-GroupsV314Test-2124852993 None] Running cmd (subprocess): sudo cinder-rootwrap /etc/cinder/rootwrap.conf chmod ugo+rw /opt/stack/data/cinder/mnt/aa05c62252ba54d57126d4f4e1890fcb/volume-e3f29d23-2d5e-4fc6-94ef-dfc7cd7e31eb {{(pid=87305) execute /opt/stack/data/venv/lib/python3.12/site-packages/oslo_concurrency/processutils.py:440}}
Jul 19 13:06:52 devstack sudo[92388]: quobyte : PWD=/ ; USER=root ; COMMAND=/opt/stack/data/venv/bin/cinder-rootwrap /etc/cinder/rootwrap.conf chmod ugo+rw /opt/stack/data/cinder/mnt/aa05c62252ba54d57126d4f4e1890fcb/volume-e3f29d23-2d5e-4fc6-94ef-dfc7cd7e31eb
Jul 19 13:06:52 devstack sudo[92388]: pam_unix(sudo:session): session opened for user root(uid=0) by (uid=1000)
Jul 19 13:06:52 devstack sudo[92388]: pam_unix(sudo:session): session closed for user root
Jul 19 13:06:52 devstack cinder-volume[87305]: DEBUG oslo_concurrency.processutils [None req-ad6743bc-a786-4205-84ef-828c6877521d tempest-GroupsV314Test-2124852993 None] CMD "sudo cinder-rootwrap /etc/cinder/rootwrap.conf chmod ugo+rw /opt/stack/data/cinder/mnt/aa05c62252ba54d57126d4f4e1890fcb/volume-e3f29d23-2d5e-4fc6-94ef-dfc7cd7e31eb" returned: 0 in 0.252s {{(pid=87305) execute /opt/stack/data/venv/lib/python3.12/site-packages/oslo_concurrency/processutils.py:468}}
Jul 19 13:06:52 devstack cinder-volume[87305]: DEBUG cinder.coordination [None req-ad6743bc-a786-4205-84ef-828c6877521d tempest-GroupsV314Test-2124852993 None] Lock "cinder-quobyte-e3f29d23-2d5e-4fc6-94ef-dfc7cd7e31eb" released by "_copy_volume_from_snapshot" :: held 8.375s {{(pid=87305) __release /opt/stack/cinder/cinder/coordination.py:152}}
Jul 19 13:06:52 devstack cinder-volume[87305]: DEBUG cinder.coordination [None req-ad6743bc-a786-4205-84ef-828c6877521d tempest-GroupsV314Test-2124852993 None] Acquiring lock "cinder-quobyte-8fda78b2-ed51-45db-ad19-d341c5e75857" by "_delete_snapshot" {{(pid=87305) __acquire /opt/stack/cinder/cinder/coordination.py:138}}
Jul 19 13:06:52 devstack cinder-volume[87305]: DEBUG cinder.coordination [None req-ad6743bc-a786-4205-84ef-828c6877521d tempest-GroupsV314Test-2124852993 None] Lock "cinder-quobyte-8fda78b2-ed51-45db-ad19-d341c5e75857" acquired by "_delete_snapshot" :: waited 0.022s {{(pid=87305) __acquire /opt/stack/cinder/cinder/coordination.py:141}}
Jul 19 13:06:52 devstack cinder-volume[87305]: DEBUG cinder.volume.drivers.remotefs [None req-ad6743bc-a786-4205-84ef-828c6877521d tempest-GroupsV314Test-2124852993 None] Deleting offline snapshot 8fda78b2-ed51-45db-ad19-d341c5e75857 of volume 8c94940c-6ed1-4590-acc3-7bc8f32336a0 {{(pid=87305) _delete_snapshot /opt/stack/cinder/cinder/volume/drivers/remotefs.py:1288}}
Jul 19 13:06:53 devstack cinder-volume[87305]: DEBUG cinder.volume.drivers.remotefs [None req-ad6743bc-a786-4205-84ef-828c6877521d tempest-GroupsV314Test-2124852993 None] snapshot_file for this snap is: volume-8c94940c-6ed1-4590-acc3-7bc8f32336a0.8fda78b2-ed51-45db-ad19-d341c5e75857 {{(pid=87305) _delete_snapshot /opt/stack/cinder/cinder/volume/drivers/remotefs.py:1317}}
Jul 19 13:06:53 devstack cinder-volume[87305]: DEBUG oslo.privsep.daemon [-] privsep: reply[05a8d956-98c4-4d4d-80b4-8e1029aed333]: (4, 'qcow2') {{(pid=88583) _call_back /opt/stack/data/venv/lib/python3.12/site-packages/oslo_privsep/daemon.py:580}}
Jul 19 13:06:53 devstack cinder-volume[87305]: DEBUG oslo_concurrency.processutils [None req-ad6743bc-a786-4205-84ef-828c6877521d tempest-GroupsV314Test-2124852993 None] Running cmd (subprocess): /opt/stack/data/venv/bin/python3.12 -m oslo_concurrency.prlimit --as=1073741824 --cpu=60 -- sudo cinder-rootwrap /etc/cinder/rootwrap.conf env LC_ALL=C qemu-img info -f qcow2 --output=json --force-share /opt/stack/data/cinder/mnt/aa05c62252ba54d57126d4f4e1890fcb/volume-8c94940c-6ed1-4590-acc3-7bc8f32336a0.8fda78b2-ed51-45db-ad19-d341c5e75857 {{(pid=87305) execute /opt/stack/data/venv/lib/python3.12/site-packages/oslo_concurrency/processutils.py:440}}
Jul 19 13:06:53 devstack sudo[92391]: quobyte : PWD=/ ; USER=root ; COMMAND=/opt/stack/data/venv/bin/cinder-rootwrap /etc/cinder/rootwrap.conf env LC_ALL=C qemu-img info -f qcow2 --output=json --force-share /opt/stack/data/cinder/mnt/aa05c62252ba54d57126d4f4e1890fcb/volume-8c94940c-6ed1-4590-acc3-7bc8f32336a0.8fda78b2-ed51-45db-ad19-d341c5e75857
Jul 19 13:06:53 devstack sudo[92391]: pam_unix(sudo:session): session opened for user root(uid=0) by (uid=1000)
Jul 19 13:06:53 devstack sudo[92391]: pam_unix(sudo:session): session closed for user root
