Jul 13 20:32:35 devstack devstack@n-api.service[61482]: INFO nova.api.openstack.requestlog [req-1f6b8e69-b915-4042-82ba-2cc6489119c5 req-ac01eb84-d50e-440f-812a-c150409f4abb service nova] 192.168.122.212 "POST /compute/v2.1/os-server-external-events" status: 200 len: 185 microversion: 2.1 time: 0.066759
Jul 13 20:32:35 devstack devstack@n-api.service[61482]: [pid: 61482|app: 0|req: 103/199] 192.168.122.212 () {64 vars in 1321 bytes} [Mon Jul 13 20:32:35 2026] POST /compute/v2.1/os-server-external-events => generated 185 bytes in 68 msecs (HTTP/1.1 200) 9 headers in 357 bytes (1 switches on core 0)
Jul 13 20:32:35 devstack devstack@n-api.service[61481]: DEBUG nova.api.openstack.wsgi [None req-5e7fc473-6273-4663-83dc-45ef425857fb tempest-TaggedAttachmentsTest-1400386900 tempest-TaggedAttachmentsTest-1400386900-project-admin] Calling method '>' {{(pid=61481) _process_stack /opt/stack/nova/nova/api/openstack/wsgi.py:551}}
Jul 13 20:32:35 devstack devstack@n-api.service[61481]: DEBUG nova.compute.api [None req-5e7fc473-6273-4663-83dc-45ef425857fb tempest-TaggedAttachmentsTest-1400386900 tempest-TaggedAttachmentsTest-1400386900-project-admin] [instance: 50ed8814-003c-489f-8f14-9d2a10810fbc] Fetching instance by UUID {{(pid=61481) get /opt/stack/nova/nova/compute/api.py:3068}}
Jul 13 20:32:35 devstack devstack@n-api.service[61481]: DEBUG oslo_concurrency.lockutils [None req-5e7fc473-6273-4663-83dc-45ef425857fb tempest-TaggedAttachmentsTest-1400386900 tempest-TaggedAttachmentsTest-1400386900-project-admin] Acquiring lock "1e8fa896-dd4f-450b-9a7a-cd6322b69525" by "nova.context.set_target_cell..get_or_set_cached_cell_and_set_connections" {{(pid=61481) inner /opt/stack/data/venv/lib/python3.12/site-packages/oslo_concurrency/lockutils.py:511}}
Jul 13 20:32:35 devstack devstack@n-api.service[61481]: DEBUG oslo_concurrency.lockutils [None req-5e7fc473-6273-4663-83dc-45ef425857fb tempest-TaggedAttachmentsTest-1400386900 tempest-TaggedAttachmentsTest-1400386900-project-admin] Lock "1e8fa896-dd4f-450b-9a7a-cd6322b69525" acquired by "nova.context.set_target_cell..get_or_set_cached_cell_and_set_connections" :: waited 0.003s {{(pid=61481) inner /opt/stack/data/venv/lib/python3.12/site-packages/oslo_concurrency/lockutils.py:524}}
Jul 13 20:32:35 devstack devstack@n-api.service[61481]: DEBUG oslo_concurrency.lockutils [None req-5e7fc473-6273-4663-83dc-45ef425857fb tempest-TaggedAttachmentsTest-1400386900 tempest-TaggedAttachmentsTest-1400386900-project-admin] Lock "1e8fa896-dd4f-450b-9a7a-cd6322b69525" "released" by "nova.context.set_target_cell..get_or_set_cached_cell_and_set_connections" :: held 0.000s {{(pid=61481) inner /opt/stack/data/venv/lib/python3.12/site-packages/oslo_concurrency/lockutils.py:543}}
Jul 13 20:32:35 devstack devstack@n-api.service[61481]: DEBUG oslo_concurrency.lockutils [None req-5e7fc473-6273-4663-83dc-45ef425857fb tempest-TaggedAttachmentsTest-1400386900 tempest-TaggedAttachmentsTest-1400386900-project-admin] Acquiring lock "1e8fa896-dd4f-450b-9a7a-cd6322b69525" by "nova.context.set_target_cell..get_or_set_cached_cell_and_set_connections" {{(pid=61481) inner /opt/stack/data/venv/lib/python3.12/site-packages/oslo_concurrency/lockutils.py:511}}
Jul 13 20:32:35 devstack devstack@n-api.service[61481]: DEBUG oslo_concurrency.lockutils [None req-5e7fc473-6273-4663-83dc-45ef425857fb tempest-TaggedAttachmentsTest-1400386900 tempest-TaggedAttachmentsTest-1400386900-project-admin] Lock "1e8fa896-dd4f-450b-9a7a-cd6322b69525" acquired by "nova.context.set_target_cell..get_or_set_cached_cell_and_set_connections" :: waited 0.001s {{(pid=61481) inner /opt/stack/data/venv/lib/python3.12/site-packages/oslo_concurrency/lockutils.py:524}}
Jul 13 20:32:35 devstack devstack@n-api.service[61481]: DEBUG oslo_concurrency.lockutils [None req-5e7fc473-6273-4663-83dc-45ef425857fb tempest-TaggedAttachmentsTest-1400386900 tempest-TaggedAttachmentsTest-1400386900-project-admin] Lock "1e8fa896-dd4f-450b-9a7a-cd6322b69525" "released" by "nova.context.set_target_cell..get_or_set_cached_cell_and_set_connections" :: held 0.000s {{(pid=61481) inner /opt/stack/data/venv/lib/python3.12/site-packages/oslo_concurrency/lockutils.py:543}}
Jul 13 20:32:35 devstack devstack@n-api.service[61481]: INFO nova.api.openstack.requestlog [None req-5e7fc473-6273-4663-83dc-45ef425857fb tempest-TaggedAttachmentsTest-1400386900 tempest-TaggedAttachmentsTest-1400386900-project-admin] 192.168.122.212 "GET /compute/v2.1/servers/50ed8814-003c-489f-8f14-9d2a10810fbc/os-instance-actions/req-1dbd4d4a-3b8b-4f1f-b031-0f135040627c" status: 200 len: 474 microversion: 2.49 time: 0.367836
Jul 13 20:32:35 devstack devstack@n-api.service[61481]: [pid: 61481|app: 0|req: 97/200] 192.168.122.212 () {60 vars in 1462 bytes} [Mon Jul 13 20:32:35 2026] GET /compute/v2.1/servers/50ed8814-003c-489f-8f14-9d2a10810fbc/os-instance-actions/req-1dbd4d4a-3b8b-4f1f-b031-0f135040627c => generated 474 bytes in 370 msecs (HTTP/1.1 200) 9 headers in 359 bytes (1 switches on core 0)
Jul 13 20:32:35 devstack devstack@n-api.service[61482]: DEBUG nova.api.openstack.wsgi [None req-254c9361-40fc-448e-ae39-6f2cbd79512a tempest-ServersNegativeTestJSON-1562242241 tempest-ServersNegativeTestJSON-1562242241-project-member] Action: 'create', calling method: >, body: {"server": {"name": "tempest-ServersNegativeTestJSON-server-390133360", "imageRef": "a5c85faa-ccd2-446c-ac1c-c871b5183834", "flavorRef": "42", "networks": [{"uuid": "d0f3050f-d8b1-4084-b36b-e55158260f58"}]}} {{(pid=61482) _process_stack /opt/stack/nova/nova/api/openstack/wsgi.py:549}}
Jul 13 20:32:36 devstack devstack@n-api.service[61482]: DEBUG oslo_concurrency.lockutils [None req-254c9361-40fc-448e-ae39-6f2cbd79512a tempest-ServersNegativeTestJSON-1562242241 tempest-ServersNegativeTestJSON-1562242241-project-member] Acquiring lock "00000000-0000-0000-0000-000000000000" by "nova.context.set_target_cell..get_or_set_cached_cell_and_set_connections" {{(pid=61482) inner /opt/stack/data/venv/lib/python3.12/site-packages/oslo_concurrency/lockutils.py:511}}
Jul 13 20:32:36 devstack devstack@n-api.service[61482]: DEBUG oslo_concurrency.lockutils [None req-254c9361-40fc-448e-ae39-6f2cbd79512a tempest-ServersNegativeTestJSON-1562242241 tempest-ServersNegativeTestJSON-1562242241-project-member] Lock "00000000-0000-0000-0000-000000000000" acquired by "nova.context.set_target_cell..get_or_set_cached_cell_and_set_connections" :: waited 0.001s {{(pid=61482) inner /opt/stack/data/venv/lib/python3.12/site-packages/oslo_concurrency/lockutils.py:524}}
Jul 13 20:32:36 devstack devstack@n-api.service[61482]: DEBUG oslo_concurrency.lockutils [None req-254c9361-40fc-448e-ae39-6f2cbd79512a tempest-ServersNegativeTestJSON-1562242241 tempest-ServersNegativeTestJSON-1562242241-project-member] Lock "00000000-0000-0000-0000-000000000000" "released" by "nova.context.set_target_cell..get_or_set_cached_cell_and_set_connections" :: held 0.001s {{(pid=61482) inner /opt/stack/data/venv/lib/python3.12/site-packages/oslo_concurrency/lockutils.py:543}}
Jul 13 20:32:36 devstack devstack@n-api.service[61482]: DEBUG oslo_concurrency.lockutils [None req-254c9361-40fc-448e-ae39-6f2cbd79512a tempest-ServersNegativeTestJSON-1562242241 tempest-ServersNegativeTestJSON-1562242241-project-member] Acquiring lock "1e8fa896-dd4f-450b-9a7a-cd6322b69525" by "nova.context.set_target_cell..get_or_set_cached_cell_and_set_connections" {{(pid=61482) inner /opt/stack/data/venv/lib/python3.12/site-packages/oslo_concurrency/lockutils.py:511}}
Jul 13 20:32:36 devstack devstack@n-api.service[61482]: DEBUG oslo_concurrency.lockutils [None req-254c9361-40fc-448e-ae39-6f2cbd79512a tempest-ServersNegativeTestJSON-1562242241 tempest-ServersNegativeTestJSON-1562242241-project-member] Lock "1e8fa896-dd4f-450b-9a7a-cd6322b69525" acquired by "nova.context.set_target_cell..get_or_set_cached_cell_and_set_connections" :: waited 0.001s {{(pid=61482) inner /opt/stack/data/venv/lib/python3.12/site-packages/oslo_concurrency/lockutils.py:524}}
Jul 13 20:32:36 devstack devstack@n-api.service[61482]: DEBUG oslo_concurrency.lockutils [None req-254c9361-40fc-448e-ae39-6f2cbd79512a tempest-ServersNegativeTestJSON-1562242241 tempest-ServersNegativeTestJSON-1562242241-project-member] Lock "1e8fa896-dd4f-450b-9a7a-cd6322b69525" "released" by "nova.context.set_target_cell..get_or_set_cached_cell_and_set_connections" :: held 0.001s {{(pid=61482) inner /opt/stack/data/venv/lib/python3.12/site-packages/oslo_concurrency/lockutils.py:543}}
Jul 13 20:32:36 devstack devstack@n-api.service[61482]: DEBUG nova.network.neutron [None req-254c9361-40fc-448e-ae39-6f2cbd79512a tempest-ServersNegativeTestJSON-1562242241 tempest-ServersNegativeTestJSON-1562242241-project-member] validate_networks() for [('d0f3050f-d8b1-4084-b36b-e55158260f58', None, None, None, None, None)] {{(pid=61482) validate_networks /opt/stack/nova/nova/network/neutron.py:2686}}
Jul 13 20:32:36 devstack devstack@n-api.service[61482]: WARNING neutronclient.v2_0.client [None req-254c9361-40fc-448e-ae39-6f2cbd79512a tempest-ServersNegativeTestJSON-1562242241 tempest-ServersNegativeTestJSON-1562242241-project-member] The python binding code in neutronclient is deprecated in favor of OpenstackSDK, please use that as this will be removed in a future release.
Jul 13 20:32:36 devstack devstack@n-api.service[61482]: WARNING neutronclient.v2_0.client [None req-254c9361-40fc-448e-ae39-6f2cbd79512a tempest-ServersNegativeTestJSON-1562242241 tempest-ServersNegativeTestJSON-1562242241-project-member] The python binding code in neutronclient is deprecated in favor of OpenstackSDK, please use that as this will be removed in a future release.
Jul 13 20:32:36 devstack devstack@n-api.service[61482]: DEBUG nova.virt.hardware [None req-254c9361-40fc-448e-ae39-6f2cbd79512a tempest-ServersNegativeTestJSON-1562242241 tempest-ServersNegativeTestJSON-1562242241-project-member] Flavor limits 0:0:0 {{(pid=61482) get_cpu_topology_constraints /opt/stack/nova/nova/virt/hardware.py:488}}
Jul 13 20:32:36 devstack devstack@n-api.service[61482]: DEBUG nova.virt.hardware [None req-254c9361-40fc-448e-ae39-6f2cbd79512a tempest-ServersNegativeTestJSON-1562242241 tempest-ServersNegativeTestJSON-1562242241-project-member] Image limits 0:0:0 {{(pid=61482) get_cpu_topology_constraints /opt/stack/nova/nova/virt/hardware.py:492}}
Jul 13 20:32:36 devstack devstack@n-api.service[61482]: DEBUG nova.virt.hardware [None req-254c9361-40fc-448e-ae39-6f2cbd79512a tempest-ServersNegativeTestJSON-1562242241 tempest-ServersNegativeTestJSON-1562242241-project-member] Flavor pref 0:0:0 {{(pid=61482) get_cpu_topology_constraints /opt/stack/nova/nova/virt/hardware.py:528}}
Jul 13 20:32:36 devstack devstack@n-api.service[61482]: DEBUG nova.virt.hardware [None req-254c9361-40fc-448e-ae39-6f2cbd79512a tempest-ServersNegativeTestJSON-1562242241 tempest-ServersNegativeTestJSON-1562242241-project-member] Image pref 0:0:0 {{(pid=61482) get_cpu_topology_constraints /opt/stack/nova/nova/virt/hardware.py:532}}
Jul 13 20:32:36 devstack devstack@n-api.service[61482]: DEBUG nova.virt.hardware [None req-254c9361-40fc-448e-ae39-6f2cbd79512a tempest-ServersNegativeTestJSON-1562242241 tempest-ServersNegativeTestJSON-1562242241-project-member] Chose sockets=0, cores=0, threads=0; limits were sockets=65536, cores=65536, threads=65536 {{(pid=61482) get_cpu_topology_constraints /opt/stack/nova/nova/virt/hardware.py:570}}
Jul 13 20:32:36 devstack devstack@n-api.service[61482]: DEBUG oslo_concurrency.lockutils [None req-254c9361-40fc-448e-ae39-6f2cbd79512a tempest-ServersNegativeTestJSON-1562242241 tempest-ServersNegativeTestJSON-1562242241-project-member] Acquiring lock "00000000-0000-0000-0000-000000000000" by "nova.context.set_target_cell..get_or_set_cached_cell_and_set_connections" {{(pid=61482) inner /opt/stack/data/venv/lib/python3.12/site-packages/oslo_concurrency/lockutils.py:511}}
Jul 13 20:32:36 devstack devstack@n-api.service[61482]: DEBUG oslo_concurrency.lockutils [None req-254c9361-40fc-448e-ae39-6f2cbd79512a tempest-ServersNegativeTestJSON-1562242241 tempest-ServersNegativeTestJSON-1562242241-project-member] Lock "00000000-0000-0000-0000-000000000000" acquired by "nova.context.set_target_cell..get_or_set_cached_cell_and_set_connections" :: waited 0.001s {{(pid=61482) inner /opt/stack/data/venv/lib/python3.12/site-packages/oslo_concurrency/lockutils.py:524}}
Jul 13 20:32:36 devstack devstack@n-api.service[61482]: DEBUG oslo_concurrency.lockutils [None req-254c9361-40fc-448e-ae39-6f2cbd79512a tempest-ServersNegativeTestJSON-1562242241 tempest-ServersNegativeTestJSON-1562242241-project-member] Lock "00000000-0000-0000-0000-000000000000" "released" by "nova.context.set_target_cell..get_or_set_cached_cell_and_set_connections" :: held 0.001s {{(pid=61482) inner /opt/stack/data/venv/lib/python3.12/site-packages/oslo_concurrency/lockutils.py:543}}
Jul 13 20:32:36 devstack devstack@n-api.service[61482]: DEBUG oslo_concurrency.lockutils [None req-254c9361-40fc-448e-ae39-6f2cbd79512a tempest-ServersNegativeTestJSON-1562242241 tempest-ServersNegativeTestJSON-1562242241-project-member] Acquiring lock "1e8fa896-dd4f-450b-9a7a-cd6322b69525" by "nova.context.set_target_cell..get_or_set_cached_cell_and_set_connections" {{(pid=61482) inner /opt/stack/data/venv/lib/python3.12/site-packages/oslo_concurrency/lockutils.py:511}}
Jul 13 20:32:36 devstack devstack@n-api.service[61482]: DEBUG oslo_concurrency.lockutils [None req-254c9361-40fc-448e-ae39-6f2cbd79512a tempest-ServersNegativeTestJSON-1562242241 tempest-ServersNegativeTestJSON-1562242241-project-member] Lock "1e8fa896-dd4f-450b-9a7a-cd6322b69525" acquired by "nova.context.set_target_cell..get_or_set_cached_cell_and_set_connections" :: waited 0.001s {{(pid=61482) inner /opt/stack/data/venv/lib/python3.12/site-packages/oslo_concurrency/lockutils.py:524}}
Jul 13 20:32:36 devstack devstack@n-api.service[61482]: DEBUG oslo_concurrency.lockutils [None req-254c9361-40fc-448e-ae39-6f2cbd79512a tempest-ServersNegativeTestJSON-1562242241 tempest-ServersNegativeTestJSON-1562242241-project-member] Lock "1e8fa896-dd4f-450b-9a7a-cd6322b69525" "released" by "nova.context.set_target_cell..get_or_set_cached_cell_and_set_connections" :: held 0.001s {{(pid=61482) inner /opt/stack/data/venv/lib/python3.12/site-packages/oslo_concurrency/lockutils.py:543}}
Jul 13 20:32:36 devstack devstack@n-api.service[61482]: DEBUG nova.quota [None req-254c9361-40fc-448e-ae39-6f2cbd79512a tempest-ServersNegativeTestJSON-1562242241 tempest-ServersNegativeTestJSON-1562242241-project-member] Getting quotas for project 41440bf6aa8a4731893ae7c24a789b97. Resources: {'ram', 'instances', 'cores'} {{(pid=61482) _get_quotas /opt/stack/nova/nova/quota.py:389}}
Jul 13 20:32:36 devstack devstack@n-api.service[61482]: DEBUG nova.quota [None req-254c9361-40fc-448e-ae39-6f2cbd79512a tempest-ServersNegativeTestJSON-1562242241 tempest-ServersNegativeTestJSON-1562242241-project-member] Getting quotas for user 44ba73a141a542e6becc1dcc9e898ac4 and project 41440bf6aa8a4731893ae7c24a789b97. Resources: {'ram', 'instances', 'cores'} {{(pid=61482) _get_quotas /opt/stack/nova/nova/quota.py:379}}
Jul 13 20:32:36 devstack devstack@n-api.service[61482]: DEBUG nova.compute.api [None req-254c9361-40fc-448e-ae39-6f2cbd79512a tempest-ServersNegativeTestJSON-1562242241 tempest-ServersNegativeTestJSON-1562242241-project-member] Going to run 1 instances... {{(pid=61482) _provision_instances /opt/stack/nova/nova/compute/api.py:1480}}
Jul 13 20:32:36 devstack devstack@n-api.service[61481]: DEBUG nova.api.openstack.wsgi [None req-0cb2d2a7-7d2a-4a57-9e61-9398250fa42e tempest-TaggedAttachmentsTest-1400386900 tempest-TaggedAttachmentsTest-1400386900-project-admin] Calling method '>' {{(pid=61481) _process_stack /opt/stack/nova/nova/api/openstack/wsgi.py:551}}
Jul 13 20:32:36 devstack devstack@n-api.service[61482]: DEBUG nova.compute.api [None req-254c9361-40fc-448e-ae39-6f2cbd79512a tempest-ServersNegativeTestJSON-1562242241 tempest-ServersNegativeTestJSON-1562242241-project-member] [instance: e0d8b9b5-67ba-48cd-a1a2-0bc21c36c287] block_device_mapping [BlockDeviceMapping(attachment_id=,boot_index=0,connection_info=None,created_at=,delete_on_termination=True,deleted=,deleted_at=,destination_type='local',device_name=None,device_type='disk',disk_bus=None,encrypted=False,encryption_format=None,encryption_options=None,encryption_secret_uuid=None,guest_format=None,id=,image_id='a5c85faa-ccd2-446c-ac1c-c871b5183834',instance=,instance_uuid=,no_device=False,snapshot_id=None,source_type='image',tag=None,updated_at=,uuid=,volume_id=None,volume_size=None,volume_type=None)] {{(pid=61482) _bdm_validate_set_size_and_instance /opt/stack/nova/nova/compute/api.py:1942}}
Jul 13 20:32:36 devstack devstack@n-api.service[61481]: DEBUG nova.compute.api [None req-0cb2d2a7-7d2a-4a57-9e61-9398250fa42e tempest-TaggedAttachmentsTest-1400386900 tempest-TaggedAttachmentsTest-1400386900-project-admin] [instance: 50ed8814-003c-489f-8f14-9d2a10810fbc] Fetching instance by UUID {{(pid=61481) get /opt/stack/nova/nova/compute/api.py:3068}}
Jul 13 20:32:36 devstack devstack@n-api.service[61481]: DEBUG oslo_concurrency.lockutils [None req-0cb2d2a7-7d2a-4a57-9e61-9398250fa42e tempest-TaggedAttachmentsTest-1400386900 tempest-TaggedAttachmentsTest-1400386900-project-admin] Acquiring lock "1e8fa896-dd4f-450b-9a7a-cd6322b69525" by "nova.context.set_target_cell..get_or_set_cached_cell_and_set_connections" {{(pid=61481) inner /opt/stack/data/venv/lib/python3.12/site-packages/oslo_concurrency/lockutils.py:511}}
Jul 13 20:32:36 devstack devstack@n-api.service[61481]: DEBUG oslo_concurrency.lockutils [None req-0cb2d2a7-7d2a-4a57-9e61-9398250fa42e tempest-TaggedAttachmentsTest-1400386900 tempest-TaggedAttachmentsTest-1400386900-project-admin] Lock "1e8fa896-dd4f-450b-9a7a-cd6322b69525" acquired by "nova.context.set_target_cell..get_or_set_cached_cell_and_set_connections" :: waited 0.001s {{(pid=61481) inner /opt/stack/data/venv/lib/python3.12/site-packages/oslo_concurrency/lockutils.py:524}}
Jul 13 20:32:36 devstack devstack@n-api.service[61481]: DEBUG oslo_concurrency.lockutils [None req-0cb2d2a7-7d2a-4a57-9e61-9398250fa42e tempest-TaggedAttachmentsTest-1400386900 tempest-TaggedAttachmentsTest-1400386900-project-admin] Lock "1e8fa896-dd4f-450b-9a7a-cd6322b69525" "released" by "nova.context.set_target_cell..get_or_set_cached_cell_and_set_connections" :: held 0.002s {{(pid=61481) inner /opt/stack/data/venv/lib/python3.12/site-packages/oslo_concurrency/lockutils.py:543}}
Jul 13 20:32:36 devstack devstack@n-api.service[61481]: DEBUG oslo_concurrency.lockutils [None req-0cb2d2a7-7d2a-4a57-9e61-9398250fa42e tempest-TaggedAttachmentsTest-1400386900 tempest-TaggedAttachmentsTest-1400386900-project-admin] Acquiring lock "1e8fa896-dd4f-450b-9a7a-cd6322b69525" by "nova.context.set_target_cell..get_or_set_cached_cell_and_set_connections" {{(pid=61481) inner /opt/stack/data/venv/lib/python3.12/site-packages/oslo_concurrency/lockutils.py:511}}
Jul 13 20:32:36 devstack devstack@n-api.service[61481]: DEBUG oslo_concurrency.lockutils [None req-0cb2d2a7-7d2a-4a57-9e61-9398250fa42e tempest-TaggedAttachmentsTest-1400386900 tempest-TaggedAttachmentsTest-1400386900-project-admin] Lock "1e8fa896-dd4f-450b-9a7a-cd6322b69525" acquired by "nova.context.set_target_cell..get_or_set_cached_cell_and_set_connections" :: waited 0.001s {{(pid=61481) inner /opt/stack/data/venv/lib/python3.12/site-packages/oslo_concurrency/lockutils.py:524}}
Jul 13 20:32:36 devstack devstack@n-api.service[61481]: DEBUG oslo_concurrency.lockutils [None req-0cb2d2a7-7d2a-4a57-9e61-9398250fa42e tempest-TaggedAttachmentsTest-1400386900 tempest-TaggedAttachmentsTest-1400386900-project-admin] Lock "1e8fa896-dd4f-450b-9a7a-cd6322b69525" "released" by "nova.context.set_target_cell..get_or_set_cached_cell_and_set_connections" :: held 0.000s {{(pid=61481) inner /opt/stack/data/venv/lib/python3.12/site-packages/oslo_concurrency/lockutils.py:543}}
Jul 13 20:32:36 devstack devstack@n-api.service[61481]: INFO nova.api.openstack.requestlog [None req-0cb2d2a7-7d2a-4a57-9e61-9398250fa42e tempest-TaggedAttachmentsTest-1400386900 tempest-TaggedAttachmentsTest-1400386900-project-admin] 192.168.122.212 "GET /compute/v2.1/servers/50ed8814-003c-489f-8f14-9d2a10810fbc/os-instance-actions/req-1dbd4d4a-3b8b-4f1f-b031-0f135040627c" status: 200 len: 503 microversion: 2.49 time: 0.086120
Jul 13 20:32:36 devstack devstack@n-api.service[61481]: [pid: 61481|app: 0|req: 98/201] 192.168.122.212 () {60 vars in 1462 bytes} [Mon Jul 13 20:32:36 2026] GET /compute/v2.1/servers/50ed8814-003c-489f-8f14-9d2a10810fbc/os-instance-actions/req-1dbd4d4a-3b8b-4f1f-b031-0f135040627c => generated 503 bytes in 88 msecs (HTTP/1.1 200) 9 headers in 359 bytes (1 switches on core 0)
Jul 13 20:32:36 devstack devstack@n-api.service[61481]: DEBUG nova.api.openstack.wsgi [None req-d49ab3e6-333f-4220-82da-1037d5da73b7 tempest-TaggedAttachmentsTest-1400386900 tempest-TaggedAttachmentsTest-1400386900-project-admin] Calling method '>' {{(pid=61481) _process_stack /opt/stack/nova/nova/api/openstack/wsgi.py:551}}
Jul 13 20:32:36 devstack devstack@n-api.service[61481]: DEBUG nova.compute.api [None req-d49ab3e6-333f-4220-82da-1037d5da73b7 tempest-TaggedAttachmentsTest-1400386900 tempest-TaggedAttachmentsTest-1400386900-project-admin] [instance: 50ed8814-003c-489f-8f14-9d2a10810fbc] Fetching instance by UUID {{(pid=61481) get /opt/stack/nova/nova/compute/api.py:3068}}
Jul 13 20:32:36 devstack devstack@n-api.service[61482]: INFO nova.api.openstack.requestlog [None req-254c9361-40fc-448e-ae39-6f2cbd79512a tempest-ServersNegativeTestJSON-1562242241 tempest-ServersNegativeTestJSON-1562242241-project-member] 192.168.122.212 "POST /compute/v2.1/servers" status: 202 len: 388 microversion: 2.1 time: 1.294826
Jul 13 20:32:36 devstack devstack@n-api.service[61482]: [pid: 61482|app: 0|req: 104/202] 192.168.122.212 () {60 vars in 1149 bytes} [Mon Jul 13 20:32:35 2026] POST /compute/v2.1/servers => generated 388 bytes in 1298 msecs (HTTP/1.1 202) 10 headers in 455 bytes (1 switches on core 0)
Jul 13 20:32:36 devstack devstack@n-api.service[61481]: DEBUG oslo_concurrency.lockutils [None req-d49ab3e6-333f-4220-82da-1037d5da73b7 tempest-TaggedAttachmentsTest-1400386900 tempest-TaggedAttachmentsTest-1400386900-project-admin] Acquiring lock "1e8fa896-dd4f-450b-9a7a-cd6322b69525" by "nova.context.set_target_cell..get_or_set_cached_cell_and_set_connections" {{(pid=61481) inner /opt/stack/data/venv/lib/python3.12/site-packages/oslo_concurrency/lockutils.py:511}}
Jul 13 20:32:36 devstack devstack@n-api.service[61481]: DEBUG oslo_concurrency.lockutils [None req-d49ab3e6-333f-4220-82da-1037d5da73b7 tempest-TaggedAttachmentsTest-1400386900 tempest-TaggedAttachmentsTest-1400386900-project-admin] Lock "1e8fa896-dd4f-450b-9a7a-cd6322b69525" acquired by "nova.context.set_target_cell..get_or_set_cached_cell_and_set_connections" :: waited 0.001s {{(pid=61481) inner /opt/stack/data/venv/lib/python3.12/site-packages/oslo_concurrency/lockutils.py:524}}
Jul 13 20:32:36 devstack devstack@n-api.service[61481]: DEBUG oslo_concurrency.lockutils [None req-d49ab3e6-333f-4220-82da-1037d5da73b7 tempest-TaggedAttachmentsTest-1400386900 tempest-TaggedAttachmentsTest-1400386900-project-admin] Lock "1e8fa896-dd4f-450b-9a7a-cd6322b69525" "released" by "nova.context.set_target_cell..get_or_set_cached_cell_and_set_connections" :: held 0.002s {{(pid=61481) inner /opt/stack/data/venv/lib/python3.12/site-packages/oslo_concurrency/lockutils.py:543}}
Jul 13 20:32:36 devstack devstack@n-api.service[61481]: DEBUG oslo_concurrency.lockutils [None req-d49ab3e6-333f-4220-82da-1037d5da73b7 tempest-TaggedAttachmentsTest-1400386900 tempest-TaggedAttachmentsTest-1400386900-project-admin] Acquiring lock "1e8fa896-dd4f-450b-9a7a-cd6322b69525" by "nova.context.set_target_cell..get_or_set_cached_cell_and_set_connections" {{(pid=61481) inner /opt/stack/data/venv/lib/python3.12/site-packages/oslo_concurrency/lockutils.py:511}}
Jul 13 20:32:36 devstack devstack@n-api.service[61481]: DEBUG oslo_concurrency.lockutils [None req-d49ab3e6-333f-4220-82da-1037d5da73b7 tempest-TaggedAttachmentsTest-1400386900 tempest-TaggedAttachmentsTest-1400386900-project-admin] Lock "1e8fa896-dd4f-450b-9a7a-cd6322b69525" acquired by "nova.context.set_target_cell..get_or_set_cached_cell_and_set_connections" :: waited 0.001s {{(pid=61481) inner /opt/stack/data/venv/lib/python3.12/site-packages/oslo_concurrency/lockutils.py:524}}
Jul 13 20:32:36 devstack devstack@n-api.service[61481]: DEBUG oslo_concurrency.lockutils [None req-d49ab3e6-333f-4220-82da-1037d5da73b7 tempest-TaggedAttachmentsTest-1400386900 tempest-TaggedAttachmentsTest-1400386900-project-admin] Lock "1e8fa896-dd4f-450b-9a7a-cd6322b69525" "released" by "nova.context.set_target_cell..get_or_set_cached_cell_and_set_connections" :: held 0.001s {{(pid=61481) inner /opt/stack/data/venv/lib/python3.12/site-packages/oslo_concurrency/lockutils.py:543}}
Jul 13 20:32:36 devstack devstack@n-api.service[61482]: DEBUG nova.api.openstack.wsgi [None req-cd472c9c-3e5c-4fa6-b805-5e8eec7d5685 tempest-ServersNegativeTestJSON-1562242241 tempest-ServersNegativeTestJSON-1562242241-project-member] Calling method '>' {{(pid=61482) _process_stack /opt/stack/nova/nova/api/openstack/wsgi.py:551}}
Jul 13 20:32:36 devstack devstack@n-api.service[61482]: DEBUG nova.compute.api [None req-cd472c9c-3e5c-4fa6-b805-5e8eec7d5685 tempest-ServersNegativeTestJSON-1562242241 tempest-ServersNegativeTestJSON-1562242241-project-member] [instance: e0d8b9b5-67ba-48cd-a1a2-0bc21c36c287] Fetching instance by UUID {{(pid=61482) get /opt/stack/nova/nova/compute/api.py:3068}}
Jul 13 20:32:37 devstack devstack@n-api.service[61481]: INFO nova.api.openstack.requestlog [None req-d49ab3e6-333f-4220-82da-1037d5da73b7 tempest-TaggedAttachmentsTest-1400386900 tempest-TaggedAttachmentsTest-1400386900-project-admin] 192.168.122.212 "GET /compute/v2.1/servers/50ed8814-003c-489f-8f14-9d2a10810fbc/os-instance-actions/req-1dbd4d4a-3b8b-4f1f-b031-0f135040627c" status: 200 len: 503 microversion: 2.49 time: 0.085114
Jul 13 20:32:37 devstack devstack@n-api.service[61481]: [pid: 61481|app: 0|req: 99/203] 192.168.122.212 () {60 vars in 1462 bytes} [Mon Jul 13 20:32:36 2026] GET /compute/v2.1/servers/50ed8814-003c-489f-8f14-9d2a10810fbc/os-instance-actions/req-1dbd4d4a-3b8b-4f1f-b031-0f135040627c => generated 503 bytes in 88 msecs (HTTP/1.1 200) 9 headers in 359 bytes (1 switches on core 0)
Jul 13 20:32:37 devstack devstack@n-api.service[61482]: WARNING neutronclient.v2_0.client [None req-cd472c9c-3e5c-4fa6-b805-5e8eec7d5685 tempest-ServersNegativeTestJSON-1562242241 tempest-ServersNegativeTestJSON-1562242241-project-member] The python binding code in neutronclient is deprecated in favor of OpenstackSDK, please use that as this will be removed in a future release.
Jul 13 20:32:37 devstack devstack@n-api.service[61482]: DEBUG nova.policy [None req-cd472c9c-3e5c-4fa6-b805-5e8eec7d5685 tempest-ServersNegativeTestJSON-1562242241 tempest-ServersNegativeTestJSON-1562242241-project-member] Policy check for os_compute_api:os-extended-server-attributes failed with credentials {'is_admin': False, 'user_id': '44ba73a141a542e6becc1dcc9e898ac4', 'user_domain_id': 'default', 'system_scope': None, 'domain_id': None, 'project_id': '41440bf6aa8a4731893ae7c24a789b97', 'project_domain_id': 'default', 'roles': ['reader', 'member'], 'is_admin_project': True, 'service_user_id': None, 'service_user_domain_id': None, 'service_project_id': None, 'service_project_domain_id': None, 'service_roles': []} {{(pid=61482) authorize /opt/stack/nova/nova/policy.py:192}}
Jul 13 20:32:37 devstack devstack@n-api.service[61482]: INFO nova.api.openstack.requestlog [None req-cd472c9c-3e5c-4fa6-b805-5e8eec7d5685 tempest-ServersNegativeTestJSON-1562242241 tempest-ServersNegativeTestJSON-1562242241-project-member] 192.168.122.212 "GET /compute/v2.1/servers/e0d8b9b5-67ba-48cd-a1a2-0bc21c36c287" status: 200 len: 1230 microversion: 2.1 time: 0.167859
Jul 13 20:32:37 devstack devstack@n-api.service[61482]: [pid: 61482|app: 0|req: 105/204] 192.168.122.212 () {58 vars in 1238 bytes} [Mon Jul 13 20:32:36 2026] GET /compute/v2.1/servers/e0d8b9b5-67ba-48cd-a1a2-0bc21c36c287 => generated 1230 bytes in 173 msecs (HTTP/1.1 200) 9 headers in 358 bytes (1 switches on core 0)
Jul 13 20:32:37 devstack devstack@n-api.service[61481]: DEBUG nova.api.openstack.wsgi [req-6eb46436-caa7-44f0-9b83-d3cb8049d99f req-4e990a32-f0dc-417e-b0a1-3d53f7b7741b service nova] Action: 'create', calling method: >, body: {"events": [{"server_uuid": "50ed8814-003c-489f-8f14-9d2a10810fbc", "name": "network-vif-unplugged", "status": "completed", "tag": "9fc1e57f-3bfe-4d23-81b7-6c9ab002c721"}, {"server_uuid": "50ed8814-003c-489f-8f14-9d2a10810fbc", "name": "network-vif-deleted", "tag": "9fc1e57f-3bfe-4d23-81b7-6c9ab002c721"}]} {{(pid=61481) _process_stack /opt/stack/nova/nova/api/openstack/wsgi.py:549}}
Jul 13 20:32:37 devstack devstack@n-api.service[61482]: DEBUG nova.api.openstack.wsgi [None req-791f81b9-9a8e-42e4-bcff-36534dd714ef tempest-TaggedAttachmentsTest-1415945618 tempest-TaggedAttachmentsTest-1415945618-project-member] Calling method '>' {{(pid=61482) _process_stack /opt/stack/nova/nova/api/openstack/wsgi.py:551}}
Jul 13 20:32:37 devstack devstack@n-api.service[61481]: DEBUG oslo_concurrency.lockutils [req-6eb46436-caa7-44f0-9b83-d3cb8049d99f req-4e990a32-f0dc-417e-b0a1-3d53f7b7741b service nova] Acquiring lock "1e8fa896-dd4f-450b-9a7a-cd6322b69525" by "nova.context.set_target_cell..get_or_set_cached_cell_and_set_connections" {{(pid=61481) inner /opt/stack/data/venv/lib/python3.12/site-packages/oslo_concurrency/lockutils.py:511}}
Jul 13 20:32:37 devstack devstack@n-api.service[61481]: DEBUG oslo_concurrency.lockutils [req-6eb46436-caa7-44f0-9b83-d3cb8049d99f req-4e990a32-f0dc-417e-b0a1-3d53f7b7741b service nova] Lock "1e8fa896-dd4f-450b-9a7a-cd6322b69525" acquired by "nova.context.set_target_cell..get_or_set_cached_cell_and_set_connections" :: waited 0.003s {{(pid=61481) inner /opt/stack/data/venv/lib/python3.12/site-packages/oslo_concurrency/lockutils.py:524}}
Jul 13 20:32:37 devstack devstack@n-api.service[61481]: DEBUG oslo_concurrency.lockutils [req-6eb46436-caa7-44f0-9b83-d3cb8049d99f req-4e990a32-f0dc-417e-b0a1-3d53f7b7741b service nova] Lock "1e8fa896-dd4f-450b-9a7a-cd6322b69525" "released" by "nova.context.set_target_cell..get_or_set_cached_cell_and_set_connections" :: held 0.001s {{(pid=61481) inner /opt/stack/data/venv/lib/python3.12/site-packages/oslo_concurrency/lockutils.py:543}}
Jul 13 20:32:37 devstack devstack@n-api.service[61482]: DEBUG nova.compute.api [None req-791f81b9-9a8e-42e4-bcff-36534dd714ef tempest-TaggedAttachmentsTest-1415945618 tempest-TaggedAttachmentsTest-1415945618-project-member] [instance: 50ed8814-003c-489f-8f14-9d2a10810fbc] Fetching instance by UUID {{(pid=61482) get /opt/stack/nova/nova/compute/api.py:3068}}
Jul 13 20:32:37 devstack devstack@n-api.service[61482]: DEBUG oslo_concurrency.lockutils [None req-791f81b9-9a8e-42e4-bcff-36534dd714ef tempest-TaggedAttachmentsTest-1415945618 tempest-TaggedAttachmentsTest-1415945618-project-member] Acquiring lock "1e8fa896-dd4f-450b-9a7a-cd6322b69525" by "nova.context.set_target_cell..get_or_set_cached_cell_and_set_connections" {{(pid=61482) inner /opt/stack/data/venv/lib/python3.12/site-packages/oslo_concurrency/lockutils.py:511}}
Jul 13 20:32:37 devstack devstack@n-api.service[61482]: DEBUG oslo_concurrency.lockutils [None req-791f81b9-9a8e-42e4-bcff-36534dd714ef tempest-TaggedAttachmentsTest-1415945618 tempest-TaggedAttachmentsTest-1415945618-project-member] Lock "1e8fa896-dd4f-450b-9a7a-cd6322b69525" acquired by "nova.context.set_target_cell..get_or_set_cached_cell_and_set_connections" :: waited 0.001s {{(pid=61482) inner /opt/stack/data/venv/lib/python3.12/site-packages/oslo_concurrency/lockutils.py:524}}
Jul 13 20:32:37 devstack devstack@n-api.service[61482]: DEBUG oslo_concurrency.lockutils [None req-791f81b9-9a8e-42e4-bcff-36534dd714ef tempest-TaggedAttachmentsTest-1415945618 tempest-TaggedAttachmentsTest-1415945618-project-member] Lock "1e8fa896-dd4f-450b-9a7a-cd6322b69525" "released" by "nova.context.set_target_cell..get_or_set_cached_cell_and_set_connections" :: held 0.000s {{(pid=61482) inner /opt/stack/data/venv/lib/python3.12/site-packages/oslo_concurrency/lockutils.py:543}}
Jul 13 20:32:37 devstack devstack@n-api.service[61482]: DEBUG oslo_concurrency.lockutils [None req-791f81b9-9a8e-42e4-bcff-36534dd714ef tempest-TaggedAttachmentsTest-1415945618 tempest-TaggedAttachmentsTest-1415945618-project-member] Acquiring lock "1e8fa896-dd4f-450b-9a7a-cd6322b69525" by "nova.context.set_target_cell..get_or_set_cached_cell_and_set_connections" {{(pid=61482) inner /opt/stack/data/venv/lib/python3.12/site-packages/oslo_concurrency/lockutils.py:511}}
Jul 13 20:32:37 devstack devstack@n-api.service[61481]: INFO nova.api.openstack.compute.server_external_events [req-6eb46436-caa7-44f0-9b83-d3cb8049d99f req-4e990a32-f0dc-417e-b0a1-3d53f7b7741b service nova] Creating event network-vif-unplugged:9fc1e57f-3bfe-4d23-81b7-6c9ab002c721 for instance 50ed8814-003c-489f-8f14-9d2a10810fbc on devstack
Jul 13 20:32:37 devstack devstack@n-api.service[61482]: DEBUG oslo_concurrency.lockutils [None req-791f81b9-9a8e-42e4-bcff-36534dd714ef tempest-TaggedAttachmentsTest-1415945618 tempest-TaggedAttachmentsTest-1415945618-project-member] Lock "1e8fa896-dd4f-450b-9a7a-cd6322b69525" acquired by "nova.context.set_target_cell..get_or_set_cached_cell_and_set_connections" :: waited 0.001s {{(pid=61482) inner /opt/stack/data/venv/lib/python3.12/site-packages/oslo_concurrency/lockutils.py:524}}
Jul 13 20:32:37 devstack devstack@n-api.service[61482]: DEBUG oslo_concurrency.lockutils [None req-791f81b9-9a8e-42e4-bcff-36534dd714ef tempest-TaggedAttachmentsTest-1415945618 tempest-TaggedAttachmentsTest-1415945618-project-member] Lock "1e8fa896-dd4f-450b-9a7a-cd6322b69525" "released" by "nova.context.set_target_cell..get_or_set_cached_cell_and_set_connections" :: held 0.001s {{(pid=61482) inner /opt/stack/data/venv/lib/python3.12/site-packages/oslo_concurrency/lockutils.py:543}}
Jul 13 20:32:37 devstack devstack@n-api.service[61481]: INFO nova.api.openstack.compute.server_external_events [req-6eb46436-caa7-44f0-9b83-d3cb8049d99f req-4e990a32-f0dc-417e-b0a1-3d53f7b7741b service nova] Creating event network-vif-deleted:9fc1e57f-3bfe-4d23-81b7-6c9ab002c721 for instance 50ed8814-003c-489f-8f14-9d2a10810fbc on devstack
Jul 13 20:32:37 devstack devstack@n-api.service[61481]: DEBUG nova.compute.rpcapi [req-6eb46436-caa7-44f0-9b83-d3cb8049d99f req-4e990a32-f0dc-417e-b0a1-3d53f7b7741b service nova] RPC: Sending the message to topic: compute-alt {{(pid=61481) prepare_for_alt_rpcserver /opt/stack/nova/nova/compute/rpcapi.py:595}}
Jul 13 20:32:37 devstack devstack@n-api.service[61481]: INFO nova.api.openstack.requestlog [req-6eb46436-caa7-44f0-9b83-d3cb8049d99f req-4e990a32-f0dc-417e-b0a1-3d53f7b7741b service nova] 192.168.122.212 "POST /compute/v2.1/os-server-external-events" status: 200 len: 356 microversion: 2.1 time: 0.077765
Jul 13 20:32:37 devstack devstack@n-api.service[61481]: [pid: 61481|app: 0|req: 100/205] 192.168.122.212 () {64 vars in 1321 bytes} [Mon Jul 13 20:32:37 2026] POST /compute/v2.1/os-server-external-events => generated 356 bytes in 82 msecs (HTTP/1.1 200) 9 headers in 357 bytes (1 switches on core 0)
Jul 13 20:32:37 devstack devstack@n-api.service[61482]: INFO nova.api.openstack.requestlog [None req-791f81b9-9a8e-42e4-bcff-36534dd714ef tempest-TaggedAttachmentsTest-1415945618 tempest-TaggedAttachmentsTest-1415945618-project-member] 192.168.122.212 "GET /compute/v2.1/servers/50ed8814-003c-489f-8f14-9d2a10810fbc/os-volume_attachments" status: 200 len: 25 microversion: 2.49 time: 0.107438
Jul 13 20:32:37 devstack devstack@n-api.service[61482]: [pid: 61482|app: 0|req: 106/206] 192.168.122.212 () {60 vars in 1345 bytes} [Mon Jul 13 20:32:37 2026] GET /compute/v2.1/servers/50ed8814-003c-489f-8f14-9d2a10810fbc/os-volume_attachments => generated 25 bytes in 110 msecs (HTTP/1.1 200) 9 headers in 358 bytes (1 switches on core 0)
Jul 13 20:32:37 devstack devstack@n-api.service[61481]: DEBUG nova.api.openstack.wsgi [None req-4cb0cc52-50f8-4d2c-8134-7d1ac6c1a486 tempest-TaggedAttachmentsTest-1415945618 tempest-TaggedAttachmentsTest-1415945618-project-member] Calling method '>' {{(pid=61481) _process_stack /opt/stack/nova/nova/api/openstack/wsgi.py:551}}
Jul 13 20:32:37 devstack devstack@n-api.service[61481]: DEBUG nova.compute.api [None req-4cb0cc52-50f8-4d2c-8134-7d1ac6c1a486 tempest-TaggedAttachmentsTest-1415945618 tempest-TaggedAttachmentsTest-1415945618-project-member] [instance: 50ed8814-003c-489f-8f14-9d2a10810fbc] Fetching instance by UUID {{(pid=61481) get /opt/stack/nova/nova/compute/api.py:3068}}
Jul 13 20:32:37 devstack devstack@n-api.service[61481]: DEBUG oslo_concurrency.lockutils [None req-4cb0cc52-50f8-4d2c-8134-7d1ac6c1a486 tempest-TaggedAttachmentsTest-1415945618 tempest-TaggedAttachmentsTest-1415945618-project-member] Acquiring lock "1e8fa896-dd4f-450b-9a7a-cd6322b69525" by "nova.context.set_target_cell..get_or_set_cached_cell_and_set_connections" {{(pid=61481) inner /opt/stack/data/venv/lib/python3.12/site-packages/oslo_concurrency/lockutils.py:511}}
Jul 13 20:32:37 devstack devstack@n-api.service[61481]: DEBUG oslo_concurrency.lockutils [None req-4cb0cc52-50f8-4d2c-8134-7d1ac6c1a486 tempest-TaggedAttachmentsTest-1415945618 tempest-TaggedAttachmentsTest-1415945618-project-member] Lock "1e8fa896-dd4f-450b-9a7a-cd6322b69525" acquired by "nova.context.set_target_cell..get_or_set_cached_cell_and_set_connections" :: waited 0.001s {{(pid=61481) inner /opt/stack/data/venv/lib/python3.12/site-packages/oslo_concurrency/lockutils.py:524}}
Jul 13 20:32:37 devstack devstack@n-api.service[61481]: DEBUG oslo_concurrency.lockutils [None req-4cb0cc52-50f8-4d2c-8134-7d1ac6c1a486 tempest-TaggedAttachmentsTest-1415945618 tempest-TaggedAttachmentsTest-1415945618-project-member] Lock "1e8fa896-dd4f-450b-9a7a-cd6322b69525" "released" by "nova.context.set_target_cell..get_or_set_cached_cell_and_set_connections" :: held 0.000s {{(pid=61481) inner /opt/stack/data/venv/lib/python3.12/site-packages/oslo_concurrency/lockutils.py:543}}
Jul 13 20:32:37 devstack devstack@n-api.service[61481]: DEBUG oslo_concurrency.lockutils [None req-4cb0cc52-50f8-4d2c-8134-7d1ac6c1a486 tempest-TaggedAttachmentsTest-1415945618 tempest-TaggedAttachmentsTest-1415945618-project-member] Acquiring lock "1e8fa896-dd4f-450b-9a7a-cd6322b69525" by "nova.context.set_target_cell..get_or_set_cached_cell_and_set_connections" {{(pid=61481) inner /opt/stack/data/venv/lib/python3.12/site-packages/oslo_concurrency/lockutils.py:511}}
Jul 13 20:32:37 devstack devstack@n-api.service[61481]: DEBUG oslo_concurrency.lockutils [None req-4cb0cc52-50f8-4d2c-8134-7d1ac6c1a486 tempest-TaggedAttachmentsTest-1415945618 tempest-TaggedAttachmentsTest-1415945618-project-member] Lock "1e8fa896-dd4f-450b-9a7a-cd6322b69525" acquired by "nova.context.set_target_cell..get_or_set_cached_cell_and_set_connections" :: waited 0.000s {{(pid=61481) inner /opt/stack/data/venv/lib/python3.12/site-packages/oslo_concurrency/lockutils.py:524}}
Jul 13 20:32:37 devstack devstack@n-api.service[61481]: DEBUG oslo_concurrency.lockutils [None req-4cb0cc52-50f8-4d2c-8134-7d1ac6c1a486 tempest-TaggedAttachmentsTest-1415945618 tempest-TaggedAttachmentsTest-1415945618-project-member] Lock "1e8fa896-dd4f-450b-9a7a-cd6322b69525" "released" by "nova.context.set_target_cell..get_or_set_cached_cell_and_set_connections" :: held 0.000s {{(pid=61481) inner /opt/stack/data/venv/lib/python3.12/site-packages/oslo_concurrency/lockutils.py:543}}
Jul 13 20:32:37 devstack devstack@n-api.service[61481]: DEBUG nova.compute.api [None req-4cb0cc52-50f8-4d2c-8134-7d1ac6c1a486 tempest-TaggedAttachmentsTest-1415945618 tempest-TaggedAttachmentsTest-1415945618-project-member] [instance: 50ed8814-003c-489f-8f14-9d2a10810fbc] Going to try to terminate instance {{(pid=61481) delete /opt/stack/nova/nova/compute/api.py:2811}}
Jul 13 20:32:37 devstack devstack@n-api.service[61481]: INFO nova.api.openstack.requestlog [None req-4cb0cc52-50f8-4d2c-8134-7d1ac6c1a486 tempest-TaggedAttachmentsTest-1415945618 tempest-TaggedAttachmentsTest-1415945618-project-member] 192.168.122.212 "DELETE /compute/v2.1/servers/50ed8814-003c-489f-8f14-9d2a10810fbc" status: 204 len: 0 microversion: 2.49 time: 0.281208
Jul 13 20:32:37 devstack devstack@n-api.service[61481]: [pid: 61481|app: 0|req: 101/207] 192.168.122.212 () {60 vars in 1282 bytes} [Mon Jul 13 20:32:37 2026] DELETE /compute/v2.1/servers/50ed8814-003c-489f-8f14-9d2a10810fbc => generated 0 bytes in 284 msecs (HTTP/1.1 204) 9 headers in 365 bytes (1 switches on core 0)
Jul 13 20:32:37 devstack devstack@n-api.service[61482]: DEBUG nova.api.openstack.wsgi [None req-7c2be0a6-24a6-42b6-952c-886dcc02beeb tempest-TaggedAttachmentsTest-1415945618 tempest-TaggedAttachmentsTest-1415945618-project-member] Calling method '>' {{(pid=61482) _process_stack /opt/stack/nova/nova/api/openstack/wsgi.py:551}}
Jul 13 20:32:37 devstack devstack@n-api.service[61482]: DEBUG nova.compute.api [None req-7c2be0a6-24a6-42b6-952c-886dcc02beeb tempest-TaggedAttachmentsTest-1415945618 tempest-TaggedAttachmentsTest-1415945618-project-member] [instance: 50ed8814-003c-489f-8f14-9d2a10810fbc] Fetching instance by UUID {{(pid=61482) get /opt/stack/nova/nova/compute/api.py:3068}}
Jul 13 20:32:37 devstack devstack@n-api.service[61482]: DEBUG oslo_concurrency.lockutils [None req-7c2be0a6-24a6-42b6-952c-886dcc02beeb tempest-TaggedAttachmentsTest-1415945618 tempest-TaggedAttachmentsTest-1415945618-project-member] Acquiring lock "1e8fa896-dd4f-450b-9a7a-cd6322b69525" by "nova.context.set_target_cell..get_or_set_cached_cell_and_set_connections" {{(pid=61482) inner /opt/stack/data/venv/lib/python3.12/site-packages/oslo_concurrency/lockutils.py:511}}
Jul 13 20:32:37 devstack devstack@n-api.service[61482]: DEBUG oslo_concurrency.lockutils [None req-7c2be0a6-24a6-42b6-952c-886dcc02beeb tempest-TaggedAttachmentsTest-1415945618 tempest-TaggedAttachmentsTest-1415945618-project-member] Lock "1e8fa896-dd4f-450b-9a7a-cd6322b69525" acquired by "nova.context.set_target_cell..get_or_set_cached_cell_and_set_connections" :: waited 0.001s {{(pid=61482) inner /opt/stack/data/venv/lib/python3.12/site-packages/oslo_concurrency/lockutils.py:524}}
Jul 13 20:32:37 devstack devstack@n-api.service[61482]: DEBUG oslo_concurrency.lockutils [None req-7c2be0a6-24a6-42b6-952c-886dcc02beeb tempest-TaggedAttachmentsTest-1415945618 tempest-TaggedAttachmentsTest-1415945618-project-member] Lock "1e8fa896-dd4f-450b-9a7a-cd6322b69525" "released" by "nova.context.set_target_cell..get_or_set_cached_cell_and_set_connections" :: held 0.001s {{(pid=61482) inner /opt/stack/data/venv/lib/python3.12/site-packages/oslo_concurrency/lockutils.py:543}}
Jul 13 20:32:37 devstack devstack@n-api.service[61482]: DEBUG oslo_concurrency.lockutils [None req-7c2be0a6-24a6-42b6-952c-886dcc02beeb tempest-TaggedAttachmentsTest-1415945618 tempest-TaggedAttachmentsTest-1415945618-project-member] Acquiring lock "1e8fa896-dd4f-450b-9a7a-cd6322b69525" by "nova.context.set_target_cell..get_or_set_cached_cell_and_set_connections" {{(pid=61482) inner /opt/stack/data/venv/lib/python3.12/site-packages/oslo_concurrency/lockutils.py:511}}
Jul 13 20:32:37 devstack devstack@n-api.service[61482]: DEBUG oslo_concurrency.lockutils [None req-7c2be0a6-24a6-42b6-952c-886dcc02beeb tempest-TaggedAttachmentsTest-1415945618 tempest-TaggedAttachmentsTest-1415945618-project-member] Lock "1e8fa896-dd4f-450b-9a7a-cd6322b69525" acquired by "nova.context.set_target_cell..get_or_set_cached_cell_and_set_connections" :: waited 0.001s {{(pid=61482) inner /opt/stack/data/venv/lib/python3.12/site-packages/oslo_concurrency/lockutils.py:524}}
Jul 13 20:32:37 devstack devstack@n-api.service[61482]: DEBUG oslo_concurrency.lockutils [None req-7c2be0a6-24a6-42b6-952c-886dcc02beeb tempest-TaggedAttachmentsTest-1415945618 tempest-TaggedAttachmentsTest-1415945618-project-member] Lock "1e8fa896-dd4f-450b-9a7a-cd6322b69525" "released" by "nova.context.set_target_cell..get_or_set_cached_cell_and_set_connections" :: held 0.002s {{(pid=61482) inner /opt/stack/data/venv/lib/python3.12/site-packages/oslo_concurrency/lockutils.py:543}}
Jul 13 20:32:37 devstack devstack@n-api.service[61482]: WARNING neutronclient.v2_0.client [None req-7c2be0a6-24a6-42b6-952c-886dcc02beeb tempest-TaggedAttachmentsTest-1415945618 tempest-TaggedAttachmentsTest-1415945618-project-member] The python binding code in neutronclient is deprecated in favor of OpenstackSDK, please use that as this will be removed in a future release.
Jul 13 20:32:38 devstack devstack@n-api.service[61482]: DEBUG nova.policy [None req-7c2be0a6-24a6-42b6-952c-886dcc02beeb tempest-TaggedAttachmentsTest-1415945618 tempest-TaggedAttachmentsTest-1415945618-project-member] Policy check for os_compute_api:os-extended-server-attributes failed with credentials {'is_admin': False, 'user_id': '0e5931b9ce4748f6a6180f444e0dbd50', 'user_domain_id': 'default', 'system_scope': None, 'domain_id': None, 'project_id': '605a50ca52464d98a515cdf445841cbb', 'project_domain_id': 'default', 'roles': ['reader', 'member'], 'is_admin_project': True, 'service_user_id': None, 'service_user_domain_id': None, 'service_project_id': None, 'service_project_domain_id': None, 'service_roles': []} {{(pid=61482) authorize /opt/stack/nova/nova/policy.py:192}}
Jul 13 20:32:38 devstack devstack@n-api.service[61482]: DEBUG nova.policy [None req-7c2be0a6-24a6-42b6-952c-886dcc02beeb tempest-TaggedAttachmentsTest-1415945618 tempest-TaggedAttachmentsTest-1415945618-project-member] Policy check for os_compute_api:servers:show:host_status failed with credentials {'is_admin': False, 'user_id': '0e5931b9ce4748f6a6180f444e0dbd50', 'user_domain_id': 'default', 'system_scope': None, 'domain_id': None, 'project_id': '605a50ca52464d98a515cdf445841cbb', 'project_domain_id': 'default', 'roles': ['reader', 'member'], 'is_admin_project': True, 'service_user_id': None, 'service_user_domain_id': None, 'service_project_id': None, 'service_project_domain_id': None, 'service_roles': []} {{(pid=61482) authorize /opt/stack/nova/nova/policy.py:192}}
Jul 13 20:32:38 devstack devstack@n-api.service[61482]: DEBUG nova.policy [None req-7c2be0a6-24a6-42b6-952c-886dcc02beeb tempest-TaggedAttachmentsTest-1415945618 tempest-TaggedAttachmentsTest-1415945618-project-member] Policy check for os_compute_api:servers:show:host_status:unknown-only failed with credentials {'is_admin': False, 'user_id': '0e5931b9ce4748f6a6180f444e0dbd50', 'user_domain_id': 'default', 'system_scope': None, 'domain_id': None, 'project_id': '605a50ca52464d98a515cdf445841cbb', 'project_domain_id': 'default', 'roles': ['reader', 'member'], 'is_admin_project': True, 'service_user_id': None, 'service_user_domain_id': None, 'service_project_id': None, 'service_project_domain_id': None, 'service_roles': []} {{(pid=61482) authorize /opt/stack/nova/nova/policy.py:192}}
Jul 13 20:32:38 devstack devstack@n-api.service[61482]: INFO nova.api.openstack.requestlog [None req-7c2be0a6-24a6-42b6-952c-886dcc02beeb tempest-TaggedAttachmentsTest-1415945618 tempest-TaggedAttachmentsTest-1415945618-project-member] 192.168.122.212 "GET /compute/v2.1/servers/50ed8814-003c-489f-8f14-9d2a10810fbc" status: 200 len: 1766 microversion: 2.49 time: 0.421527
Jul 13 20:32:38 devstack devstack@n-api.service[61482]: [pid: 61482|app: 0|req: 107/208] 192.168.122.212 () {60 vars in 1279 bytes} [Mon Jul 13 20:32:37 2026] GET /compute/v2.1/servers/50ed8814-003c-489f-8f14-9d2a10810fbc => generated 1766 bytes in 424 msecs (HTTP/1.1 200) 9 headers in 360 bytes (1 switches on core 0)
Jul 13 20:32:38 devstack devstack@n-api.service[61481]: DEBUG nova.api.openstack.wsgi [None req-c0f6197b-96c6-4c0e-8a4a-1fa83751be68 tempest-ServersNegativeTestJSON-1562242241 tempest-ServersNegativeTestJSON-1562242241-project-member] Calling method '>' {{(pid=61481) _process_stack /opt/stack/nova/nova/api/openstack/wsgi.py:551}}
Jul 13 20:32:38 devstack devstack@n-api.service[61481]: DEBUG nova.compute.api [None req-c0f6197b-96c6-4c0e-8a4a-1fa83751be68 tempest-ServersNegativeTestJSON-1562242241 tempest-ServersNegativeTestJSON-1562242241-project-member] [instance: e0d8b9b5-67ba-48cd-a1a2-0bc21c36c287] Fetching instance by UUID {{(pid=61481) get /opt/stack/nova/nova/compute/api.py:3068}}
Jul 13 20:32:38 devstack devstack@n-api.service[61481]: DEBUG oslo_concurrency.lockutils [None req-c0f6197b-96c6-4c0e-8a4a-1fa83751be68 tempest-ServersNegativeTestJSON-1562242241 tempest-ServersNegativeTestJSON-1562242241-project-member] Acquiring lock "1e8fa896-dd4f-450b-9a7a-cd6322b69525" by "nova.context.set_target_cell..get_or_set_cached_cell_and_set_connections" {{(pid=61481) inner /opt/stack/data/venv/lib/python3.12/site-packages/oslo_concurrency/lockutils.py:511}}
Jul 13 20:32:38 devstack devstack@n-api.service[61481]: DEBUG oslo_concurrency.lockutils [None req-c0f6197b-96c6-4c0e-8a4a-1fa83751be68 tempest-ServersNegativeTestJSON-1562242241 tempest-ServersNegativeTestJSON-1562242241-project-member] Lock "1e8fa896-dd4f-450b-9a7a-cd6322b69525" acquired by "nova.context.set_target_cell..get_or_set_cached_cell_and_set_connections" :: waited 0.001s {{(pid=61481) inner /opt/stack/data/venv/lib/python3.12/site-packages/oslo_concurrency/lockutils.py:524}}
Jul 13 20:32:38 devstack devstack@n-api.service[61481]: DEBUG oslo_concurrency.lockutils [None req-c0f6197b-96c6-4c0e-8a4a-1fa83751be68 tempest-ServersNegativeTestJSON-1562242241 tempest-ServersNegativeTestJSON-1562242241-project-member] Lock "1e8fa896-dd4f-450b-9a7a-cd6322b69525" "released" by "nova.context.set_target_cell..get_or_set_cached_cell_and_set_connections" :: held 0.008s {{(pid=61481) inner /opt/stack/data/venv/lib/python3.12/site-packages/oslo_concurrency/lockutils.py:543}}
